66.249.74.166 - - [25/Feb/2025:12:03:43 +0530] "GET /wp-includes/js/dist/hooks.min.js?ver=4d63a3d491d11ffd8ac6 HTTP/1.1" 200 1571 "https://sarkariyojanaguru.xyz/pm-kisan-yojana-9-8-crore-farmers-got-2-thousand-rupees-on-the-19th-installment/" "Mozilla/5.0 (Linux; Android 6.0.1; Nexus 5X Build/MMB29P) AppleWebKit/537.36 (KHTML, like Gecko) Chrome/133.0.6943.53 Mobile Safari/537.36 (compatible; Google-InspectionTool/1.0)"
66.249.74.168 - - [25/Feb/2025:12:03:43 +0530] "GET /wp-content/plugins/contact-form-7/includes/css/styles.css?ver=6.0.3 HTTP/1.1" 200 890 "https://sarkariyojanaguru.xyz/pm-kisan-yojana-9-8-crore-farmers-got-2-thousand-rupees-on-the-19th-installment/" "Mozilla/5.0 (X11; Linux x86_64) AppleWebKit/537.36 (KHTML, like Gecko) Chrome/133.0.6943.53 Safari/537.36 (compatible; Google-InspectionTool/1.0)"
66.249.74.166 - - [25/Feb/2025:12:03:44 +0530] "GET /wp-content/plugins/contact-form-7/includes/js/index.js?ver=6.0.3 HTTP/1.1" 200 4008 "https://sarkariyojanaguru.xyz/pm-kisan-yojana-9-8-crore-farmers-got-2-thousand-rupees-on-the-19th-installment/" "Mozilla/5.0 (X11; Linux x86_64) AppleWebKit/537.36 (KHTML, like Gecko) Chrome/133.0.6943.53 Safari/537.36 (compatible; Google-InspectionTool/1.0)"
66.249.74.168 - - [25/Feb/2025:12:03:43 +0530] "GET /wp-content/uploads/2025/02/PM-Kisan-Yojana-9.8-crore-farmers-got-2-thousand-rupees-on-the-19th-installment-665x374.png HTTP/1.1" 200 405751 "https://sarkariyojanaguru.xyz/pm-kisan-yojana-9-8-crore-farmers-got-2-thousand-rupees-on-the-19th-installment/" "Mozilla/5.0 (X11; Linux x86_64) AppleWebKit/537.36 (KHTML, like Gecko) Chrome/133.0.6943.53 Safari/537.36 (compatible; Google-InspectionTool/1.0)"
66.249.74.167 - - [25/Feb/2025:12:04:11 +0530] "GET /wp-content/uploads/2025/02/Capture.png HTTP/1.1" 200 15211 "-" "Googlebot-Image/1.0"
66.249.74.166 - - [25/Feb/2025:12:02:12 +0530] "GET /pm-kisan-yojana-9-8-crore-farmers-got-2-thousand-rupees-on-the-19th-installment/ HTTP/1.1" 200 14610 "-" "Mozilla/5.0 (Linux; Android 6.0.1; Nexus 5X Build/MMB29P) AppleWebKit/537.36 (KHTML, like Gecko) Chrome/133.0.6943.126 Mobile Safari/537.36 (compatible; Google-InspectionTool/1.0;)"
66.249.74.166 - - [25/Feb/2025:12:02:12 +0530] "GET /wp-content/themes/iconic-one-pro/js/flexslider.css?ver=6.7.2 HTTP/1.1" 200 1484 "https://sarkariyojanaguru.xyz/pm-kisan-yojana-9-8-crore-farmers-got-2-thousand-rupees-on-the-19th-installment/" "Mozilla/5.0 (X11; Linux x86_64) AppleWebKit/537.36 (KHTML, like Gecko) Chrome/133.0.6943.53 Safari/537.36 (compatible; Google-InspectionTool/1.0)"
66.249.74.168 - - [25/Feb/2025:12:02:12 +0530] "GET /wp-content/themes/iconic-one-pro/fonts/font-awesome.min.css?ver=6.7.2 HTTP/1.1" 200 6283 "https://sarkariyojanaguru.xyz/pm-kisan-yojana-9-8-crore-farmers-got-2-thousand-rupees-on-the-19th-installment/" "Mozilla/5.0 (X11; Linux x86_64) AppleWebKit/537.36 (KHTML, like Gecko) Chrome/133.0.6943.53 Safari/537.36 (compatible; Google-InspectionTool/1.0)"
66.249.74.168 - - [25/Feb/2025:12:02:12 +0530] "GET /wp-includes/js/dist/i18n.min.js?ver=5e580eb46a90c2b997e6 HTTP/1.1" 200 3542 "https://sarkariyojanaguru.xyz/pm-kisan-yojana-9-8-crore-farmers-got-2-thousand-rupees-on-the-19th-installment/" "Mozilla/5.0 (X11; Linux x86_64) AppleWebKit/537.36 (KHTML, like Gecko) Chrome/133.0.6943.53 Safari/537.36 (compatible; Google-InspectionTool/1.0)"
66.249.74.166 - - [25/Feb/2025:12:02:13 +0530] "GET /wp-content/themes/iconic-one-pro/custom.css?ver=6.7.2 HTTP/1.1" 200 74 "https://sarkariyojanaguru.xyz/pm-kisan-yojana-9-8-crore-farmers-got-2-thousand-rupees-on-the-19th-installment/" "Mozilla/5.0 (Linux; Android 6.0.1; Nexus 5X Build/MMB29P) AppleWebKit/537.36 (KHTML, like Gecko) Chrome/133.0.6943.53 Mobile Safari/537.36 (compatible; Google-InspectionTool/1.0)"
66.249.74.166 - - [25/Feb/2025:12:02:13 +0530] "GET /wp-includes/js/dist/hooks.min.js?ver=4d63a3d491d11ffd8ac6 HTTP/1.1" 200 1571 "https://sarkariyojanaguru.xyz/pm-kisan-yojana-9-8-crore-farmers-got-2-thousand-rupees-on-the-19th-installment/" "Mozilla/5.0 (Linux; Android 6.0.1; Nexus 5X Build/MMB29P) AppleWebKit/537.36 (KHTML, like Gecko) Chrome/133.0.6943.53 Mobile Safari/537.36 (compatible; Google-InspectionTool/1.0)"
66.249.74.166 - - [25/Feb/2025:12:02:13 +0530] "GET /wp-includes/js/dist/i18n.min.js?ver=5e580eb46a90c2b997e6 HTTP/1.1" 200 3542 "https://sarkariyojanaguru.xyz/pm-kisan-yojana-9-8-crore-farmers-got-2-thousand-rupees-on-the-19th-installment/" "Mozilla/5.0 (Linux; Android 6.0.1; Nexus 5X Build/MMB29P) AppleWebKit/537.36 (KHTML, like Gecko) Chrome/133.0.6943.53 Mobile Safari/537.36 (compatible; Google-InspectionTool/1.0)"
66.249.74.166 - - [25/Feb/2025:12:02:13 +0530] "GET /wp-content/plugins/contact-form-7/includes/js/index.js?ver=6.0.3 HTTP/1.1" 200 4008 "https://sarkariyojanaguru.xyz/pm-kisan-yojana-9-8-crore-farmers-got-2-thousand-rupees-on-the-19th-installment/" "Mozilla/5.0 (Linux; Android 6.0.1; Nexus 5X Build/MMB29P) AppleWebKit/537.36 (KHTML, like Gecko) Chrome/133.0.6943.53 Mobile Safari/537.36 (compatible; Google-InspectionTool/1.0)"
66.249.74.167 - - [25/Feb/2025:12:02:13 +0530] "GET /wp-content/uploads/2025/02/PM-Kisan-Yojana-9.8-crore-farmers-got-2-thousand-rupees-on-the-19th-installment.png HTTP/1.1" 200 1402745 "https://sarkariyojanaguru.xyz/pm-kisan-yojana-9-8-crore-farmers-got-2-thousand-rupees-on-the-19th-installment/" "Mozilla/5.0 (Linux; Android 6.0.1; Nexus 5X Build/MMB29P) AppleWebKit/537.36 (KHTML, like Gecko) Chrome/133.0.6943.53 Mobile Safari/537.36 (compatible; Google-InspectionTool/1.0)"
66.249.74.167 - - [25/Feb/2025:12:02:12 +0530] "GET /wp-includes/js/jquery/jquery.min.js?ver=3.7.1 HTTP/1.1" 200 29744 "https://sarkariyojanaguru.xyz/pm-kisan-yojana-9-8-crore-farmers-got-2-thousand-rupees-on-the-19th-installment/" "Mozilla/5.0 (X11; Linux x86_64) AppleWebKit/537.36 (KHTML, like Gecko) Chrome/133.0.6943.53 Safari/537.36 (compatible; Google-InspectionTool/1.0)"
66.249.74.167 - - [25/Feb/2025:12:02:13 +0530] "GET /wp-includes/js/jquery/jquery.min.js?ver=3.7.1 HTTP/1.1" 200 29744 "https://sarkariyojanaguru.xyz/pm-kisan-yojana-9-8-crore-farmers-got-2-thousand-rupees-on-the-19th-installment/" "Mozilla/5.0 (Linux; Android 6.0.1; Nexus 5X Build/MMB29P) AppleWebKit/537.36 (KHTML, like Gecko) Chrome/133.0.6943.53 Mobile Safari/537.36 (compatible; Google-InspectionTool/1.0)"
66.249.74.168 - - [25/Feb/2025:12:02:12 +0530] "GET /wp-content/uploads/2025/02/PM-Kisan-Yojana-9.8-crore-farmers-got-2-thousand-rupees-on-the-19th-installment-1024x576.png HTTP/1.1" 200 864731 "https://sarkariyojanaguru.xyz/pm-kisan-yojana-9-8-crore-farmers-got-2-thousand-rupees-on-the-19th-installment/" "Mozilla/5.0 (X11; Linux x86_64) AppleWebKit/537.36 (KHTML, like Gecko) Chrome/133.0.6943.53 Safari/537.36 (compatible; Google-InspectionTool/1.0)"
66.249.74.168 - - [25/Feb/2025:12:02:13 +0530] "GET /wp-content/plugins/contact-form-7/includes/js/index.js?ver=6.0.3 HTTP/1.1" 200 4008 "https://sarkariyojanaguru.xyz/pm-kisan-yojana-9-8-crore-farmers-got-2-thousand-rupees-on-the-19th-installment/" "Mozilla/5.0 (X11; Linux x86_64) AppleWebKit/537.36 (KHTML, like Gecko) Chrome/133.0.6943.53 Safari/537.36 (compatible; Google-InspectionTool/1.0)"
66.249.74.168 - - [25/Feb/2025:12:02:13 +0530] "GET /wp-content/themes/iconic-one-pro/js/respond.min.js?ver=6.7.2 HTTP/1.1" 200 1880 "https://sarkariyojanaguru.xyz/pm-kisan-yojana-9-8-crore-farmers-got-2-thousand-rupees-on-the-19th-installment/" "Mozilla/5.0 (Linux; Android 6.0.1; Nexus 5X Build/MMB29P) AppleWebKit/537.36 (KHTML, like Gecko) Chrome/133.0.6943.53 Mobile Safari/537.36 (compatible; Google-InspectionTool/1.0)"
66.249.74.168 - - [25/Feb/2025:12:02:11 +0530] "GET /pm-kisan-yojana-9-8-crore-farmers-got-2-thousand-rupees-on-the-19th-installment/ HTTP/1.1" 200 14610 "-" "Mozilla/5.0 (compatible; Google-InspectionTool/1.0;)"
66.249.74.168 - - [25/Feb/2025:12:02:12 +0530] "GET /wp-includes/js/jquery/jquery-migrate.min.js?ver=3.4.1 HTTP/1.1" 200 4678 "https://sarkariyojanaguru.xyz/pm-kisan-yojana-9-8-crore-farmers-got-2-thousand-rupees-on-the-19th-installment/" "Mozilla/5.0 (X11; Linux x86_64) AppleWebKit/537.36 (KHTML, like Gecko) Chrome/133.0.6943.53 Safari/537.36 (compatible; Google-InspectionTool/1.0)"
66.249.74.166 - - [25/Feb/2025:12:02:12 +0530] "GET /wp-content/themes/iconic-one-pro/js/jquery.flexslider-min.js?ver=6.7.2 HTTP/1.1" 200 5056 "https://sarkariyojanaguru.xyz/pm-kisan-yojana-9-8-crore-farmers-got-2-thousand-rupees-on-the-19th-installment/" "Mozilla/5.0 (X11; Linux x86_64) AppleWebKit/537.36 (KHTML, like Gecko) Chrome/133.0.6943.53 Safari/537.36 (compatible; Google-InspectionTool/1.0)"
66.249.74.168 - - [25/Feb/2025:12:02:13 +0530] "GET /wp-content/plugins/contact-form-7/includes/css/styles.css?ver=6.0.3 HTTP/1.1" 200 890 "https://sarkariyojanaguru.xyz/pm-kisan-yojana-9-8-crore-farmers-got-2-thousand-rupees-on-the-19th-installment/" "Mozilla/5.0 (Linux; Android 6.0.1; Nexus 5X Build/MMB29P) AppleWebKit/537.36 (KHTML, like Gecko) Chrome/133.0.6943.53 Mobile Safari/537.36 (compatible; Google-InspectionTool/1.0)"
66.249.74.166 - - [25/Feb/2025:12:02:13 +0530] "GET /wp-content/themes/iconic-one-pro/fonts/font-awesome.min.css?ver=6.7.2 HTTP/1.1" 200 6283 "https://sarkariyojanaguru.xyz/pm-kisan-yojana-9-8-crore-farmers-got-2-thousand-rupees-on-the-19th-installment/" "Mozilla/5.0 (Linux; Android 6.0.1; Nexus 5X Build/MMB29P) AppleWebKit/537.36 (KHTML, like Gecko) Chrome/133.0.6943.53 Mobile Safari/537.36 (compatible; Google-InspectionTool/1.0)"
66.249.74.166 - - [25/Feb/2025:12:02:13 +0530] "GET /wp-content/plugins/contact-form-7/includes/swv/js/index.js?ver=6.0.3 HTTP/1.1" 200 3369 "https://sarkariyojanaguru.xyz/pm-kisan-yojana-9-8-crore-farmers-got-2-thousand-rupees-on-the-19th-installment/" "Mozilla/5.0 (X11; Linux x86_64) AppleWebKit/537.36 (KHTML, like Gecko) Chrome/133.0.6943.53 Safari/537.36 (compatible; Google-InspectionTool/1.0)"
66.249.74.166 - - [25/Feb/2025:12:02:12 +0530] "GET /wp-content/themes/iconic-one-pro/js/respond.min.js?ver=6.7.2 HTTP/1.1" 200 1880 "https://sarkariyojanaguru.xyz/pm-kisan-yojana-9-8-crore-farmers-got-2-thousand-rupees-on-the-19th-installment/" "Mozilla/5.0 (X11; Linux x86_64) AppleWebKit/537.36 (KHTML, like Gecko) Chrome/133.0.6943.53 Safari/537.36 (compatible; Google-InspectionTool/1.0)"
66.249.74.168 - - [25/Feb/2025:12:02:12 +0530] "GET /wp-content/themes/iconic-one-pro/js/flexslider-init.js?ver=6.7.2 HTTP/1.1" 200 292 "https://sarkariyojanaguru.xyz/pm-kisan-yojana-9-8-crore-farmers-got-2-thousand-rupees-on-the-19th-installment/" "Mozilla/5.0 (X11; Linux x86_64) AppleWebKit/537.36 (KHTML, like Gecko) Chrome/133.0.6943.53 Safari/537.36 (compatible; Google-InspectionTool/1.0)"
66.249.74.167 - - [25/Feb/2025:12:02:12 +0530] "GET /wp-includes/js/dist/hooks.min.js?ver=4d63a3d491d11ffd8ac6 HTTP/1.1" 200 1571 "https://sarkariyojanaguru.xyz/pm-kisan-yojana-9-8-crore-farmers-got-2-thousand-rupees-on-the-19th-installment/" "Mozilla/5.0 (X11; Linux x86_64) AppleWebKit/537.36 (KHTML, like Gecko) Chrome/133.0.6943.53 Safari/537.36 (compatible; Google-InspectionTool/1.0)"
66.249.74.168 - - [25/Feb/2025:12:02:13 +0530] "GET /wp-content/themes/iconic-one-pro/js/jquery.flexslider-min.js?ver=6.7.2 HTTP/1.1" 200 5056 "https://sarkariyojanaguru.xyz/pm-kisan-yojana-9-8-crore-farmers-got-2-thousand-rupees-on-the-19th-installment/" "Mozilla/5.0 (Linux; Android 6.0.1; Nexus 5X Build/MMB29P) AppleWebKit/537.36 (KHTML, like Gecko) Chrome/133.0.6943.53 Mobile Safari/537.36 (compatible; Google-InspectionTool/1.0)"
66.249.74.166 - - [25/Feb/2025:12:02:13 +0530] "GET /wp-content/themes/iconic-one-pro/js/flexslider-init.js?ver=6.7.2 HTTP/1.1" 200 292 "https://sarkariyojanaguru.xyz/pm-kisan-yojana-9-8-crore-farmers-got-2-thousand-rupees-on-the-19th-installment/" "Mozilla/5.0 (Linux; Android 6.0.1; Nexus 5X Build/MMB29P) AppleWebKit/537.36 (KHTML, like Gecko) Chrome/133.0.6943.53 Mobile Safari/537.36 (compatible; Google-InspectionTool/1.0)"
66.249.74.167 - - [25/Feb/2025:12:02:13 +0530] "GET /wp-includes/js/jquery/jquery-migrate.min.js?ver=3.4.1 HTTP/1.1" 200 4678 "https://sarkariyojanaguru.xyz/pm-kisan-yojana-9-8-crore-farmers-got-2-thousand-rupees-on-the-19th-installment/" "Mozilla/5.0 (Linux; Android 6.0.1; Nexus 5X Build/MMB29P) AppleWebKit/537.36 (KHTML, like Gecko) Chrome/133.0.6943.53 Mobile Safari/537.36 (compatible; Google-InspectionTool/1.0)"
66.249.74.168 - - [25/Feb/2025:12:02:13 +0530] "GET /wp-content/themes/iconic-one-pro/js/selectnav.js?ver=6.7.2 HTTP/1.1" 200 1402 "https://sarkariyojanaguru.xyz/pm-kisan-yojana-9-8-crore-farmers-got-2-thousand-rupees-on-the-19th-installment/" "Mozilla/5.0 (X11; Linux x86_64) AppleWebKit/537.36 (KHTML, like Gecko) Chrome/133.0.6943.53 Safari/537.36 (compatible; Google-InspectionTool/1.0)"
66.249.74.168 - - [25/Feb/2025:12:02:13 +0530] "GET /wp-includes/js/comment-reply.min.js?ver=6.7.2 HTTP/1.1" 200 1247 "https://sarkariyojanaguru.xyz/pm-kisan-yojana-9-8-crore-farmers-got-2-thousand-rupees-on-the-19th-installment/" "Mozilla/5.0 (X11; Linux x86_64) AppleWebKit/537.36 (KHTML, like Gecko) Chrome/133.0.6943.53 Safari/537.36 (compatible; Google-InspectionTool/1.0)"
66.249.74.167 - - [25/Feb/2025:12:02:17 +0530] "GET /wp-content/themes/iconic-one-pro/fonts/fontawesome-webfont.woff2?v=4.6.3 HTTP/1.1" 200 71896 "https://sarkariyojanaguru.xyz/wp-content/themes/iconic-one-pro/fonts/font-awesome.min.css?ver=6.7.2" "Mozilla/5.0 (X11; Linux x86_64) AppleWebKit/537.36 (KHTML, like Gecko) Chrome/133.0.6943.53 Safari/537.36 (compatible; Google-InspectionTool/1.0)"
66.249.74.167 - - [25/Feb/2025:12:02:13 +0530] "GET /wp-content/themes/iconic-one-pro/js/flexslider.css?ver=6.7.2 HTTP/1.1" 200 1484 "https://sarkariyojanaguru.xyz/pm-kisan-yojana-9-8-crore-farmers-got-2-thousand-rupees-on-the-19th-installment/" "Mozilla/5.0 (Linux; Android 6.0.1; Nexus 5X Build/MMB29P) AppleWebKit/537.36 (KHTML, like Gecko) Chrome/133.0.6943.53 Mobile Safari/537.36 (compatible; Google-InspectionTool/1.0)"
162.55.100.32 - - [25/Feb/2025:12:01:24 +0530] "HEAD /wp-content/uploads/2025/02/PM-Kisan-Yojana-9.8-crore-farmers-got-2-thousand-rupees-on-the-19th-installment.png HTTP/1.1" 200 0 "-" "WordPress/6.7.2; https://sarkariyojanaguru.xyz"
66.249.74.168 - - [25/Feb/2025:12:02:10 +0530] "GET /robots.txt HTTP/1.1" 200 61 "-" "Mozilla/5.0 (compatible; Googlebot/2.1; +http://www.google.com/bot.html)"
66.249.74.166 - - [25/Feb/2025:12:02:12 +0530] "GET /wp-content/plugins/contact-form-7/includes/css/styles.css?ver=6.0.3 HTTP/1.1" 200 890 "https://sarkariyojanaguru.xyz/pm-kisan-yojana-9-8-crore-farmers-got-2-thousand-rupees-on-the-19th-installment/" "Mozilla/5.0 (X11; Linux x86_64) AppleWebKit/537.36 (KHTML, like Gecko) Chrome/133.0.6943.53 Safari/537.36 (compatible; Google-InspectionTool/1.0)"
66.249.74.166 - - [25/Feb/2025:12:02:13 +0530] "GET /wp-content/uploads/2025/02/Capture.png HTTP/1.1" 200 15211 "https://sarkariyojanaguru.xyz/pm-kisan-yojana-9-8-crore-farmers-got-2-thousand-rupees-on-the-19th-installment/" "Mozilla/5.0 (Linux; Android 6.0.1; Nexus 5X Build/MMB29P) AppleWebKit/537.36 (KHTML, like Gecko) Chrome/133.0.6943.53 Mobile Safari/537.36 (compatible; Google-InspectionTool/1.0)"
66.249.74.166 - - [25/Feb/2025:12:02:13 +0530] "GET /wp-content/plugins/contact-form-7/includes/swv/js/index.js?ver=6.0.3 HTTP/1.1" 200 3369 "https://sarkariyojanaguru.xyz/pm-kisan-yojana-9-8-crore-farmers-got-2-thousand-rupees-on-the-19th-installment/" "Mozilla/5.0 (Linux; Android 6.0.1; Nexus 5X Build/MMB29P) AppleWebKit/537.36 (KHTML, like Gecko) Chrome/133.0.6943.53 Mobile Safari/537.36 (compatible; Google-InspectionTool/1.0)"
66.249.74.166 - - [25/Feb/2025:12:02:13 +0530] "GET /wp-content/themes/iconic-one-pro/js/selectnav.js?ver=6.7.2 HTTP/1.1" 200 1402 "https://sarkariyojanaguru.xyz/pm-kisan-yojana-9-8-crore-farmers-got-2-thousand-rupees-on-the-19th-installment/" "Mozilla/5.0 (Linux; Android 6.0.1; Nexus 5X Build/MMB29P) AppleWebKit/537.36 (KHTML, like Gecko) Chrome/133.0.6943.53 Mobile Safari/537.36 (compatible; Google-InspectionTool/1.0)"
66.249.74.166 - - [25/Feb/2025:12:02:13 +0530] "GET /wp-includes/js/comment-reply.min.js?ver=6.7.2 HTTP/1.1" 200 1247 "https://sarkariyojanaguru.xyz/pm-kisan-yojana-9-8-crore-farmers-got-2-thousand-rupees-on-the-19th-installment/" "Mozilla/5.0 (Linux; Android 6.0.1; Nexus 5X Build/MMB29P) AppleWebKit/537.36 (KHTML, like Gecko) Chrome/133.0.6943.53 Mobile Safari/537.36 (compatible; Google-InspectionTool/1.0)"
66.249.74.167 - - [25/Feb/2025:12:03:43 +0530] "GET /wp-content/themes/iconic-one-pro/js/flexslider.css?ver=6.7.2 HTTP/1.1" 200 1484 "https://sarkariyojanaguru.xyz/pm-kisan-yojana-9-8-crore-farmers-got-2-thousand-rupees-on-the-19th-installment/" "Mozilla/5.0 (Linux; Android 6.0.1; Nexus 5X Build/MMB29P) AppleWebKit/537.36 (KHTML, like Gecko) Chrome/133.0.6943.53 Mobile Safari/537.36 (compatible; Google-InspectionTool/1.0)"
66.249.74.167 - - [25/Feb/2025:12:03:43 +0530] "GET /wp-includes/css/dist/block-library/style.min.css?ver=6.7.2 HTTP/1.1" 200 14225 "https://sarkariyojanaguru.xyz/pm-kisan-yojana-9-8-crore-farmers-got-2-thousand-rupees-on-the-19th-installment/" "Mozilla/5.0 (Linux; Android 6.0.1; Nexus 5X Build/MMB29P) AppleWebKit/537.36 (KHTML, like Gecko) Chrome/133.0.6943.53 Mobile Safari/537.36 (compatible; Google-InspectionTool/1.0)"
66.249.74.168 - - [25/Feb/2025:12:03:43 +0530] "GET /wp-content/uploads/2025/02/Capture.png HTTP/1.1" 200 15211 "https://sarkariyojanaguru.xyz/pm-kisan-yojana-9-8-crore-farmers-got-2-thousand-rupees-on-the-19th-installment/" "Mozilla/5.0 (Linux; Android 6.0.1; Nexus 5X Build/MMB29P) AppleWebKit/537.36 (KHTML, like Gecko) Chrome/133.0.6943.53 Mobile Safari/537.36 (compatible; Google-InspectionTool/1.0)"
66.249.74.168 - - [25/Feb/2025:12:03:43 +0530] "GET /wp-includes/js/jquery/jquery-migrate.min.js?ver=3.4.1 HTTP/1.1" 200 4678 "https://sarkariyojanaguru.xyz/pm-kisan-yojana-9-8-crore-farmers-got-2-thousand-rupees-on-the-19th-installment/" "Mozilla/5.0 (Linux; Android 6.0.1; Nexus 5X Build/MMB29P) AppleWebKit/537.36 (KHTML, like Gecko) Chrome/133.0.6943.53 Mobile Safari/537.36 (compatible; Google-InspectionTool/1.0)"
66.249.74.168 - - [25/Feb/2025:12:03:43 +0530] "GET /wp-content/themes/iconic-one-pro/style.css?ver=6.7.2 HTTP/1.1" 200 10813 "https://sarkariyojanaguru.xyz/pm-kisan-yojana-9-8-crore-farmers-got-2-thousand-rupees-on-the-19th-installment/" "Mozilla/5.0 (Linux; Android 6.0.1; Nexus 5X Build/MMB29P) AppleWebKit/537.36 (KHTML, like Gecko) Chrome/133.0.6943.53 Mobile Safari/537.36 (compatible; Google-InspectionTool/1.0)"
66.249.74.166 - - [25/Feb/2025:12:05:01 +0530] "GET /wp-includes/js/jquery/jquery.min.js?ver=3.7.1 HTTP/1.1" 200 29744 "https://sarkariyojanaguru.xyz/pm-kisan-yojana-9-8-crore-farmers-got-2-thousand-rupees-on-the-19th-installment/" "Mozilla/5.0 (Linux; Android 6.0.1; Nexus 5X Build/MMB29P) AppleWebKit/537.36 (KHTML, like Gecko) Chrome/133.0.6943.53 Mobile Safari/537.36 (compatible; Googlebot/2.1; +http://www.google.com/bot.html)"
66.249.74.168 - - [25/Feb/2025:12:05:01 +0530] "GET /wp-content/plugins/contact-form-7/includes/css/styles.css?ver=6.0.3 HTTP/1.1" 200 890 "https://sarkariyojanaguru.xyz/pm-kisan-yojana-9-8-crore-farmers-got-2-thousand-rupees-on-the-19th-installment/" "Mozilla/5.0 (Linux; Android 6.0.1; Nexus 5X Build/MMB29P) AppleWebKit/537.36 (KHTML, like Gecko) Chrome/133.0.6943.53 Mobile Safari/537.36 (compatible; Googlebot/2.1; +http://www.google.com/bot.html)"
66.249.74.168 - - [25/Feb/2025:12:05:01 +0530] "GET /wp-includes/js/jquery/jquery-migrate.min.js?ver=3.4.1 HTTP/1.1" 200 4678 "https://sarkariyojanaguru.xyz/pm-kisan-yojana-9-8-crore-farmers-got-2-thousand-rupees-on-the-19th-installment/" "Mozilla/5.0 (Linux; Android 6.0.1; Nexus 5X Build/MMB29P) AppleWebKit/537.36 (KHTML, like Gecko) Chrome/133.0.6943.53 Mobile Safari/537.36 (compatible; Googlebot/2.1; +http://www.google.com/bot.html)"
66.249.74.168 - - [25/Feb/2025:12:05:02 +0530] "GET /wp-includes/js/comment-reply.min.js?ver=6.7.2 HTTP/1.1" 200 1247 "https://sarkariyojanaguru.xyz/pm-kisan-yojana-9-8-crore-farmers-got-2-thousand-rupees-on-the-19th-installment/" "Mozilla/5.0 (Linux; Android 6.0.1; Nexus 5X Build/MMB29P) AppleWebKit/537.36 (KHTML, like Gecko) Chrome/133.0.6943.53 Mobile Safari/537.36 (compatible; Googlebot/2.1; +http://www.google.com/bot.html)"
217.182.134.134 - - [25/Feb/2025:12:11:21 +0530] "GET /robots.txt HTTP/1.1" 200 67 "-" "Mozilla/5.0 (compatible; MJ12bot/v1.4.8; http://mj12bot.com/)"
217.182.134.134 - - [25/Feb/2025:12:11:31 +0530] "GET /post-office-yojana-every-month-you-will-get-a-profit-of-%E2%82%B9-9250-in-the-mis-scheme-of-the-post-office/ HTTP/1.1" 404 6853 "-" "Mozilla/5.0 (compatible; MJ12bot/v1.4.8; http://mj12bot.com/)"
203.150.37.151 - - [25/Feb/2025:12:59:55 +0530] "GET /wp-login.php HTTP/1.1" 200 2097 "http://sarkariyojanaguru.xyz/wp-login.php" "GRequests/0.10"
203.150.37.151 - - [25/Feb/2025:12:59:56 +0530] "GET /wp-admin/ HTTP/1.1" 302 0 "http://sarkariyojanaguru.xyz/wp-admin/" "GRequests/0.10"
203.150.37.151 - - [25/Feb/2025:12:59:57 +0530] "GET /wp-login.php?redirect_to=https%3A%2F%2Fsarkariyojanaguru.xyz%2Fwp-admin%2F&reauth=1 HTTP/1.1" 200 2097 "https://sarkariyojanaguru.xyz/wp-admin/" "GRequests/0.10"
203.150.37.151 - - [25/Feb/2025:12:59:51 +0530] "GET /wp-login.php HTTP/1.1" 200 2097 "http://sarkariyojanaguru.xyz/wp-login.php" "GRequests/0.10"
173.252.87.3 - - [25/Feb/2025:13:18:43 +0530] "GET /wp-content/uploads/2025/01/sarkari-yojana-guru-Pradhan-Mantri-Awas-Yojana-How-to-apply-online-PM-Awas-Yojana-list-eligibility.jpg HTTP/2" 404 28746 "-" "facebookexternalhit/1.1 (+http://www.facebook.com/externalhit_uatext.php)"
148.230.217.6 - - [25/Feb/2025:13:55:53 +0530] "GET /wp-login.php HTTP/1.1" 200 2097 "http://sarkariyojanaguru.xyz/wp-login.php" "GRequests/0.10"
148.230.217.6 - - [25/Feb/2025:13:55:54 +0530] "GET /wp-login.php HTTP/1.1" 200 2097 "http://sarkariyojanaguru.xyz/wp-login.php" "GRequests/0.10"
148.230.217.6 - - [25/Feb/2025:13:55:55 +0530] "GET /wp-admin/ HTTP/1.1" 302 0 "http://sarkariyojanaguru.xyz/wp-admin/" "GRequests/0.10"
148.230.217.6 - - [25/Feb/2025:13:55:55 +0530] "GET /wp-login.php?redirect_to=https%3A%2F%2Fsarkariyojanaguru.xyz%2Fwp-admin%2F&reauth=1 HTTP/1.1" 200 2097 "https://sarkariyojanaguru.xyz/wp-admin/" "GRequests/0.10"
152.59.83.157 - - [25/Feb/2025:14:12:12 +0530] "GET /wp-includes/js/dist/hooks.min.js?ver=4d63a3d491d11ffd8ac6 HTTP/1.1" 200 1571 "https://sarkariyojanaguru.xyz/" "Mozilla/5.0 (Windows NT 10.0; Win64; x64) AppleWebKit/537.36 (KHTML, like Gecko) Chrome/133.0.0.0 Safari/537.36"
152.59.83.157 - - [25/Feb/2025:14:12:12 +0530] "GET /wp-includes/js/dist/i18n.min.js?ver=5e580eb46a90c2b997e6 HTTP/1.1" 200 3542 "https://sarkariyojanaguru.xyz/" "Mozilla/5.0 (Windows NT 10.0; Win64; x64) AppleWebKit/537.36 (KHTML, like Gecko) Chrome/133.0.0.0 Safari/537.36"
152.59.83.157 - - [25/Feb/2025:14:12:12 +0530] "GET /wp-content/plugins/contact-form-7/includes/swv/js/index.js?ver=6.0.3 HTTP/1.1" 200 3369 "https://sarkariyojanaguru.xyz/" "Mozilla/5.0 (Windows NT 10.0; Win64; x64) AppleWebKit/537.36 (KHTML, like Gecko) Chrome/133.0.0.0 Safari/537.36"
152.59.83.157 - - [25/Feb/2025:14:12:12 +0530] "GET /wp-content/plugins/contact-form-7/includes/js/index.js?ver=6.0.3 HTTP/1.1" 200 4008 "https://sarkariyojanaguru.xyz/" "Mozilla/5.0 (Windows NT 10.0; Win64; x64) AppleWebKit/537.36 (KHTML, like Gecko) Chrome/133.0.0.0 Safari/537.36"
152.59.83.157 - - [25/Feb/2025:14:12:12 +0530] "GET /wp-content/themes/iconic-one-pro/js/selectnav.js?ver=6.7.2 HTTP/1.1" 200 1402 "https://sarkariyojanaguru.xyz/" "Mozilla/5.0 (Windows NT 10.0; Win64; x64) AppleWebKit/537.36 (KHTML, like Gecko) Chrome/133.0.0.0 Safari/537.36"
152.59.83.157 - - [25/Feb/2025:14:12:12 +0530] "GET /wp-content/uploads/2025/02/Sarkari-Yojana-Post-Offices-superhit-scheme-you-will-get-Rs-9250-every-month-200x140.jpg HTTP/1.1" 200 13529 "https://sarkariyojanaguru.xyz/" "Mozilla/5.0 (Windows NT 10.0; Win64; x64) AppleWebKit/537.36 (KHTML, like Gecko) Chrome/133.0.0.0 Safari/537.36"
152.59.83.157 - - [25/Feb/2025:14:12:12 +0530] "GET /wp-content/uploads/2025/02/Sarkari-Yojana-Pension-Status-How-to-Check-200x140.jpg HTTP/1.1" 200 11904 "https://sarkariyojanaguru.xyz/" "Mozilla/5.0 (Windows NT 10.0; Win64; x64) AppleWebKit/537.36 (KHTML, like Gecko) Chrome/133.0.0.0 Safari/537.36"
152.59.83.157 - - [25/Feb/2025:14:12:12 +0530] "GET /wp-content/themes/iconic-one-pro/fonts/fontawesome-webfont.woff2?v=4.6.3 HTTP/1.1" 200 71896 "https://sarkariyojanaguru.xyz/wp-content/themes/iconic-one-pro/fonts/font-awesome.min.css?ver=6.7.2" "Mozilla/5.0 (Windows NT 10.0; Win64; x64) AppleWebKit/537.36 (KHTML, like Gecko) Chrome/133.0.0.0 Safari/537.36"
152.59.83.157 - - [25/Feb/2025:14:12:12 +0530] "GET /wp-content/uploads/2025/02/download-1-200x140.webp HTTP/1.1" 200 6668 "https://sarkariyojanaguru.xyz/" "Mozilla/5.0 (Windows NT 10.0; Win64; x64) AppleWebKit/537.36 (KHTML, like Gecko) Chrome/133.0.0.0 Safari/537.36"
152.59.83.157 - - [25/Feb/2025:14:12:13 +0530] "GET /wp-includes/js/wp-emoji-release.min.js?ver=6.7.2 HTTP/1.1" 200 4676 "https://sarkariyojanaguru.xyz/" "Mozilla/5.0 (Windows NT 10.0; Win64; x64) AppleWebKit/537.36 (KHTML, like Gecko) Chrome/133.0.0.0 Safari/537.36"
152.59.83.157 - - [25/Feb/2025:14:12:15 +0530] "GET /favicon.ico HTTP/1.1" 404 1251 "https://sarkariyojanaguru.xyz/" "Mozilla/5.0 (Windows NT 10.0; Win64; x64) AppleWebKit/537.36 (KHTML, like Gecko) Chrome/133.0.0.0 Safari/537.36"
152.59.83.157 - - [25/Feb/2025:14:12:15 +0530] "GET /wp-content/uploads/2025/02/Sarkari-Yojana-Post-Offices-superhit-scheme-you-will-get-Rs-9250-every-month-658x300.jpg HTTP/1.1" 200 44016 "https://sarkariyojanaguru.xyz/" "Mozilla/5.0 (Windows NT 10.0; Win64; x64) AppleWebKit/537.36 (KHTML, like Gecko) Chrome/133.0.0.0 Safari/537.36"
152.59.83.157 - - [25/Feb/2025:14:12:15 +0530] "GET /wp-content/uploads/2025/02/download-658x300.webp HTTP/1.1" 200 49996 "https://sarkariyojanaguru.xyz/" "Mozilla/5.0 (Windows NT 10.0; Win64; x64) AppleWebKit/537.36 (KHTML, like Gecko) Chrome/133.0.0.0 Safari/537.36"
152.59.83.157 - - [25/Feb/2025:14:12:15 +0530] "GET /wp-content/uploads/2025/02/Sarkari-Yojana-Pension-Status-How-to-Check-658x300.jpg HTTP/1.1" 200 39246 "https://sarkariyojanaguru.xyz/" "Mozilla/5.0 (Windows NT 10.0; Win64; x64) AppleWebKit/537.36 (KHTML, like Gecko) Chrome/133.0.0.0 Safari/537.36"
152.59.83.157 - - [25/Feb/2025:14:12:10 +0530] "GET / HTTP/2" 200 10025 "https://www.google.com/" "Mozilla/5.0 (Windows NT 10.0; Win64; x64) AppleWebKit/537.36 (KHTML, like Gecko) Chrome/133.0.0.0 Safari/537.36"
152.59.83.157 - - [25/Feb/2025:14:12:11 +0530] "GET /wp-includes/css/dist/block-library/style.min.css?ver=6.7.2 HTTP/2" 200 14225 "https://sarkariyojanaguru.xyz/" "Mozilla/5.0 (Windows NT 10.0; Win64; x64) AppleWebKit/537.36 (KHTML, like Gecko) Chrome/133.0.0.0 Safari/537.36"
152.59.83.157 - - [25/Feb/2025:14:12:11 +0530] "GET /wp-content/plugins/contact-form-7/includes/css/styles.css?ver=6.0.3 HTTP/2" 200 890 "https://sarkariyojanaguru.xyz/" "Mozilla/5.0 (Windows NT 10.0; Win64; x64) AppleWebKit/537.36 (KHTML, like Gecko) Chrome/133.0.0.0 Safari/537.36"
152.59.83.157 - - [25/Feb/2025:14:12:11 +0530] "GET /wp-content/themes/iconic-one-pro/style.css?ver=6.7.2 HTTP/2" 200 10813 "https://sarkariyojanaguru.xyz/" "Mozilla/5.0 (Windows NT 10.0; Win64; x64) AppleWebKit/537.36 (KHTML, like Gecko) Chrome/133.0.0.0 Safari/537.36"
152.59.83.157 - - [25/Feb/2025:14:12:11 +0530] "GET /wp-content/themes/iconic-one-pro/custom.css?ver=6.7.2 HTTP/2" 200 74 "https://sarkariyojanaguru.xyz/" "Mozilla/5.0 (Windows NT 10.0; Win64; x64) AppleWebKit/537.36 (KHTML, like Gecko) Chrome/133.0.0.0 Safari/537.36"
152.59.83.157 - - [25/Feb/2025:14:12:12 +0530] "GET /wp-content/themes/iconic-one-pro/fonts/font-awesome.min.css?ver=6.7.2 HTTP/2" 200 6283 "https://sarkariyojanaguru.xyz/" "Mozilla/5.0 (Windows NT 10.0; Win64; x64) AppleWebKit/537.36 (KHTML, like Gecko) Chrome/133.0.0.0 Safari/537.36"
152.59.83.157 - - [25/Feb/2025:14:12:12 +0530] "GET /wp-content/themes/iconic-one-pro/js/flexslider.css?ver=6.7.2 HTTP/2" 200 1484 "https://sarkariyojanaguru.xyz/" "Mozilla/5.0 (Windows NT 10.0; Win64; x64) AppleWebKit/537.36 (KHTML, like Gecko) Chrome/133.0.0.0 Safari/537.36"
152.59.83.157 - - [25/Feb/2025:14:12:12 +0530] "GET /wp-includes/js/jquery/jquery.min.js?ver=3.7.1 HTTP/2" 200 29744 "https://sarkariyojanaguru.xyz/" "Mozilla/5.0 (Windows NT 10.0; Win64; x64) AppleWebKit/537.36 (KHTML, like Gecko) Chrome/133.0.0.0 Safari/537.36"
152.59.83.157 - - [25/Feb/2025:14:12:12 +0530] "GET /wp-includes/js/jquery/jquery-migrate.min.js?ver=3.4.1 HTTP/2" 200 4678 "https://sarkariyojanaguru.xyz/" "Mozilla/5.0 (Windows NT 10.0; Win64; x64) AppleWebKit/537.36 (KHTML, like Gecko) Chrome/133.0.0.0 Safari/537.36"
152.59.83.157 - - [25/Feb/2025:14:12:12 +0530] "GET /wp-content/themes/iconic-one-pro/js/respond.min.js?ver=6.7.2 HTTP/2" 200 1880 "https://sarkariyojanaguru.xyz/" "Mozilla/5.0 (Windows NT 10.0; Win64; x64) AppleWebKit/537.36 (KHTML, like Gecko) Chrome/133.0.0.0 Safari/537.36"
152.59.83.157 - - [25/Feb/2025:14:12:12 +0530] "GET /wp-content/themes/iconic-one-pro/js/jquery.flexslider-min.js?ver=6.7.2 HTTP/2" 200 5056 "https://sarkariyojanaguru.xyz/" "Mozilla/5.0 (Windows NT 10.0; Win64; x64) AppleWebKit/537.36 (KHTML, like Gecko) Chrome/133.0.0.0 Safari/537.36"
152.59.83.157 - - [25/Feb/2025:14:12:12 +0530] "GET /wp-content/themes/iconic-one-pro/js/flexslider-init.js?ver=6.7.2 HTTP/2" 200 292 "https://sarkariyojanaguru.xyz/" "Mozilla/5.0 (Windows NT 10.0; Win64; x64) AppleWebKit/537.36 (KHTML, like Gecko) Chrome/133.0.0.0 Safari/537.36"
152.59.83.157 - - [25/Feb/2025:14:12:12 +0530] "GET /wp-content/uploads/2025/02/Capture.png HTTP/2" 200 15211 "https://sarkariyojanaguru.xyz/" "Mozilla/5.0 (Windows NT 10.0; Win64; x64) AppleWebKit/537.36 (KHTML, like Gecko) Chrome/133.0.0.0 Safari/537.36"
152.59.83.157 - - [25/Feb/2025:14:12:12 +0530] "GET /wp-content/uploads/2025/02/PM-Kisan-Yojana-9.8-crore-farmers-got-2-thousand-rupees-on-the-19th-installment-200x140.png HTTP/2" 200 58017 "https://sarkariyojanaguru.xyz/" "Mozilla/5.0 (Windows NT 10.0; Win64; x64) AppleWebKit/537.36 (KHTML, like Gecko) Chrome/133.0.0.0 Safari/537.36"
205.210.31.238 - - [25/Feb/2025:14:35:14 +0530] "GET /wp-login.php HTTP/1.1" 200 6366 "http://162.55.100.32:80/wp-login.php" "Expanse, a Palo Alto Networks company, searches across the global IPv4 space multiple times per day to identify customers' presences on the Internet. If you would like to be excluded from our scans, please send IP addresses/domains to: scaninfo@paloaltonetworks.com"
84.247.172.191 - - [25/Feb/2025:14:39:28 +0530] "GET /robots.txt HTTP/1.1" 200 67 "-" "Mozilla/5.0 (compatible; MJ12bot/v1.4.8; http://mj12bot.com/)"
84.247.172.191 - - [25/Feb/2025:14:39:32 +0530] "GET /post-office-yojana-every-month-you-will-get-a-profit-of-%E2%82%B9-9250-in-the-mis-scheme-of-the-post-office/feed/ HTTP/1.1" 200 516 "-" "Mozilla/5.0 (compatible; MJ12bot/v1.4.8; http://mj12bot.com/)"
90.156.142.44 - - [25/Feb/2025:14:54:37 +0530] "GET /wp-login.php HTTP/1.1" 200 2097 "http://sarkariyojanaguru.xyz/wp-login.php" "GRequests/0.10"
90.156.142.44 - - [25/Feb/2025:14:54:40 +0530] "GET /wp-login.php HTTP/1.1" 200 2097 "http://sarkariyojanaguru.xyz/wp-login.php" "GRequests/0.10"
90.156.142.44 - - [25/Feb/2025:14:54:40 +0530] "GET /wp-admin/ HTTP/1.1" 302 0 "http://sarkariyojanaguru.xyz/wp-admin/" "GRequests/0.10"
90.156.142.44 - - [25/Feb/2025:14:54:41 +0530] "GET /wp-login.php?redirect_to=https%3A%2F%2Fsarkariyojanaguru.xyz%2Fwp-admin%2F&reauth=1 HTTP/1.1" 200 2097 "https://sarkariyojanaguru.xyz/wp-admin/" "GRequests/0.10"
69.171.231.8 - - [25/Feb/2025:15:15:45 +0530] "GET /wp-content/uploads/2025/01/sarkari-yojana-guru-Pradhan-Mantri-Awas-Yojana-How-to-apply-online-PM-Awas-Yojana-list-eligibility.jpg HTTP/2" 404 28746 "-" "facebookexternalhit/1.1 (+http://www.facebook.com/externalhit_uatext.php)"
69.171.231.113 - - [25/Feb/2025:15:15:56 +0530] "GET /pradhan-mantri-awas-yojana-how-to-apply-online-pm-awas-yojana-list-eligibility/ HTTP/2" 404 28746 "-" "facebookexternalhit/1.1 (+http://www.facebook.com/externalhit_uatext.php)"
69.63.184.114 - - [25/Feb/2025:15:16:13 +0530] "GET /pradhan-mantri-awas-yojana-how-to-apply-online-pm-awas-yojana-list-eligibility/ HTTP/2" 404 28746 "-" "facebookexternalhit/1.1 (+http://www.facebook.com/externalhit_uatext.php)"
31.13.103.3 - - [25/Feb/2025:15:30:47 +0530] "GET /wp-content/uploads/2025/01/sarkari-yojana-guru-Pradhan-Mantri-Awas-Yojana-How-to-apply-online-PM-Awas-Yojana-list-eligibility.jpg HTTP/2" 404 28746 "-" "facebookexternalhit/1.1 (+http://www.facebook.com/externalhit_uatext.php)"
172.213.193.80 - - [25/Feb/2025:15:51:59 +0530] "GET /wp-login.php HTTP/1.1" 200 2097 "http://sarkariyojanaguru.xyz/wp-login.php" "GRequests/0.10"
172.213.193.80 - - [25/Feb/2025:15:52:00 +0530] "GET /wp-login.php HTTP/1.1" 200 2097 "http://sarkariyojanaguru.xyz/wp-login.php" "GRequests/0.10"
172.213.193.80 - - [25/Feb/2025:15:52:00 +0530] "GET /wp-admin/ HTTP/1.1" 302 0 "http://sarkariyojanaguru.xyz/wp-admin/" "GRequests/0.10"
172.213.193.80 - - [25/Feb/2025:15:52:00 +0530] "GET /wp-login.php?redirect_to=https%3A%2F%2Fsarkariyojanaguru.xyz%2Fwp-admin%2F&reauth=1 HTTP/1.1" 200 2097 "https://sarkariyojanaguru.xyz/wp-admin/" "GRequests/0.10"
152.59.83.157 - - [25/Feb/2025:17:04:27 +0530] "GET /wp-content/uploads/2025/02/download-1-658x300.webp HTTP/2" 200 35954 "https://sarkariyojanaguru.xyz/" "Mozilla/5.0 (Windows NT 10.0; Win64; x64) AppleWebKit/537.36 (KHTML, like Gecko) Chrome/133.0.0.0 Safari/537.36"
78.153.140.222 - - [25/Feb/2025:17:25:35 +0530] "GET /.env.production HTTP/1.1" 301 0 "-" "Mozilla/5.0 (Windows NT 6.3; WOW64) AppleWebKit/537.36 (KHTML, like Gecko) Chrome/51.0.2704.84 Safari/537.36"
78.153.140.222 - - [25/Feb/2025:17:25:39 +0530] "GET /app_dev.php/_profiler/open?file=app/config/parameters.yml HTTP/1.1" 301 0 "-" "Mozilla/5.0 (Macintosh; Intel Mac OS X 10_13_6) AppleWebKit/605.1.15 (KHTML, like Gecko) Version/12.0 Safari/605.1.15"
78.153.140.222 - - [25/Feb/2025:17:25:40 +0530] "GET /.env.production HTTP/1.1" 404 28746 "-" "Mozilla/4.0 (Compatible; Windows NT 5.1; MSIE 6.0) (compatible; MSIE 6.0; Windows NT 5.1; .NET CLR 1.1.4322; .NET CLR 2.0.50727)"
78.153.140.222 - - [25/Feb/2025:17:25:43 +0530] "GET /crm/.env HTTP/1.1" 301 0 "-" "Mozilla/5.0 (X11; Linux x86_64) AppleWebKit/537.36 (KHTML, like Gecko) Chrome/58.0.3029.81 Safari/537.36"
78.153.140.222 - - [25/Feb/2025:17:25:45 +0530] "GET /app/.env HTTP/1.1" 404 28746 "-" "Mozilla/5.0 (X11; U; Linux x86_64; en-US; rv:1.9.0.1) Gecko/2008110312 Gentoo Firefox/3.0.1"
78.153.140.222 - - [25/Feb/2025:17:26:04 +0530] "GET /vendor/.env HTTP/1.1" 404 28746 "-" "Mozilla/5.0 (Windows NT 6.3; WOW64) AppleWebKit/537.36 (KHTML, like Gecko) Chrome/43.0.2357.45 Safari/537.36 OPR/30.0.1835.26 (Edition beta)"
78.153.140.222 - - [25/Feb/2025:17:25:31 +0530] "GET /.env HTTP/1.1" 301 0 "-" "Opera/9.80 (Windows NT 5.1; U; ru) Presto/2.10.289 Version/12.02"
78.153.140.222 - - [25/Feb/2025:17:25:52 +0530] "GET /backend/.env HTTP/1.1" 404 28746 "-" "Opera/9.01 (Windows NT 5.1; U; en)"
78.153.140.222 - - [25/Feb/2025:17:26:04 +0530] "GET /pinfo.php HTTP/1.1" 404 28746 "-" "MOT-A1200i/R532L4_G_11.40.1AR Mozilla/4.0 (compatible; MSIE 6.0; Linux; Motorola A1200i;nnn) Profile/MIDP-2.0 Configuration/CLDC-1.1 Opera 8.00"
78.153.140.222 - - [25/Feb/2025:17:25:47 +0530] "GET /app_dev.php/_profiler/open?file=app/config/parameters.yml HTTP/1.1" 404 28746 "-" "Mozilla/4.0 (compatible; MSIE 8.0; Windows NT 6.1; WOW64; Trident/4.0; SLCC2; .NET CLR 2.0.50727; .NET CLR 3.5.30729; .NET CLR 3.0.30729; Media Center PC 6.0; .NET4.0C; .NET4.0E; AskTbARS/5.8.0.12304)"
78.153.140.222 - - [25/Feb/2025:17:25:58 +0530] "GET /credentials HTTP/1.1" 404 28746 "-" "Mozilla/4.0 (compatible; MSIE 5.0; Linux 2.4.10-4GB i686) Opera 6.11 [en]"
78.153.140.222 - - [25/Feb/2025:17:26:02 +0530] "GET /infos/ HTTP/1.1" 404 28746 "-" "More Opera 6.05 user agents strings -->>"
78.153.140.222 - - [25/Feb/2025:17:25:34 +0530] "GET /.env.example HTTP/1.1" 301 0 "-" "Mozilla/4.0 (compatible; MSIE 8.0; Windows NT 5.1; Trident/7.0; rv:11.0; .NET CLR 2.0.50727; .NET CLR 3.0.04506.30; .NET CLR 3.0.04506.648)"
78.153.140.222 - - [25/Feb/2025:17:25:42 +0530] "GET /credentials HTTP/1.1" 301 0 "-" "Mozilla/4.0 (compatible; MSIE 7.0; Windows NT 6.2; WOW64; Trident/6.0; .NET4.0E; .NET4.0C; .NET CLR 3.5.30729; .NET CLR 2.0.50727; .NET CLR 3.0.30729; InfoPath.3)"
78.153.140.222 - - [25/Feb/2025:17:25:50 +0530] "GET /app_dev.php/_profiler/phpinfo HTTP/1.1" 404 28746 "-" "Mozilla/4.0 (compatible; MSIE 6.0; Windows CE; IEMobile 6.12; Microsoft ZuneHD 4.3)"
78.153.140.222 - - [25/Feb/2025:17:25:56 +0530] "GET /core/.env HTTP/1.1" 404 28746 "-" "Mozilla/5.0 (X11; CrOS x86_64 9000.82.0) AppleWebKit/537.36 (KHTML, like Gecko) Chrome/56.0.2924.87 Safari/537.36"
78.153.140.222 - - [25/Feb/2025:17:25:59 +0530] "GET /crm/.env HTTP/1.1" 404 28746 "-" "Mozilla/5.0 (Linux; U; Android 4.4.2; en-us; SCH-I605 Build/KOT49H) AppleWebKit/534.30 (KHTML, like Gecko) Version/4.0 Mobile Safari/534.30"
78.153.140.222 - - [25/Feb/2025:17:25:35 +0530] "GET /.aws/credentials HTTP/1.1" 404 28746 "-" "Mozilla/5.0 (X11; U; Linux i686; it; rv:1.9.0.4) Gecko/2008111217 Red Hat Firefox/3.0.4"
78.153.140.222 - - [25/Feb/2025:17:25:37 +0530] "GET /.env.example HTTP/1.1" 404 28746 "-" "Mozilla/5.0 (Windows NT 6.1; WOW64) AppleWebKit/537.36 (KHTML, like Gecko) Chrome/56.0.2924.87 Safari/537.36 OPR/43.0.2442.991"
78.153.140.222 - - [25/Feb/2025:17:25:40 +0530] "GET /app_dev.php/_profiler/phpinfo HTTP/1.1" 301 0 "-" "Mozilla/5.0 (X11; CrOS x86_64 9592.94.0) AppleWebKit/537.36 (KHTML, like Gecko) Chrome/60.0.3112.114 Safari/537.36"
78.153.140.222 - - [25/Feb/2025:17:25:41 +0530] "GET /backend/.env HTTP/1.1" 301 0 "-" "Mozilla/5.0 (Windows NT 6.1) AppleWebKit/537.36 (KHTML, like Gecko) Chrome/39.5.2171.95 Safari/537.36"
78.153.140.222 - - [25/Feb/2025:17:25:41 +0530] "GET /admin/.env HTTP/1.1" 404 28746 "-" "Mozilla/5.0 (Windows; U; Windows NT 6.0; en-US) AppleWebKit/532.0 (KHTML, like Gecko) Chrome/3.0.195.27 Safari/532.0"
78.153.140.222 - - [25/Feb/2025:17:25:44 +0530] "GET /demo/.env HTTP/1.1" 301 0 "-" "Mozilla/5.0 (Windows NT 6.3; WOW64; rv:55.0) Gecko/20100101 Firefox/55.0"
78.153.140.222 - - [25/Feb/2025:17:25:48 +0530] "GET /vendor/.env HTTP/1.1" 301 0 "-" "Mozilla/5.0 (Windows NT 10.0) AppleWebKit/537.36 (KHTML, like Gecko) Chrome/60.0.3112.90 Safari/537.36 OPR/47.0.2631.80"
78.153.140.222 - - [25/Feb/2025:17:25:32 +0530] "GET /.env HTTP/1.1" 404 28746 "-" "Mozilla/5.0 (Windows NT 6.1; Win64; x64; rv:45.0) Gecko/20100101 Firefox/45.0"
78.153.140.222 - - [25/Feb/2025:17:25:33 +0530] "GET /.aws/credentials HTTP/1.1" 301 0 "-" "Mozilla/5.0 (Linux; U; Android 2.3.4; en-us; ADR6400L 4G Build/GRJ22) AppleWebKit/533.1 (KHTML, like Gecko) Version/4.0 Mobile Safari/533.1"
78.153.140.222 - - [25/Feb/2025:17:25:37 +0530] "GET /api/.env HTTP/1.1" 301 0 "-" "Mozilla/5.0 (Linux; Android 7.0; SAMSUNG SM-G930W8 Build/NRD90M) AppleWebKit/537.36 (KHTML, like Gecko) SamsungBrowser/5.4 Chrome/51.0.2704.106 Mobile Safari/537.36"
78.153.140.222 - - [25/Feb/2025:17:25:45 +0530] "GET /info/ HTTP/1.1" 301 0 "-" "Opera/6.01 (Windows XP; U) [de]"
78.153.140.222 - - [25/Feb/2025:17:25:47 +0530] "GET /pinfo.php HTTP/1.1" 301 0 "-" "Mozilla/4.0 (compatible; MSIE 7.0; Windows NT 6.1; WOW64; Trident/5.0; SLCC2; .NET CLR 2.0.50727; .NET CLR 3.5.30729; .NET CLR 3.0.30729; Media Center PC 6.0; InfoPath.3)"
78.153.140.222 - - [25/Feb/2025:17:26:00 +0530] "GET /demo/.env HTTP/1.1" 404 28746 "-" "Mozilla/5.0 (X11; Ubuntu; Linux x86_64; rv:48.0) Gecko/20100101 Firefox/48.0"
78.153.140.222 - - [25/Feb/2025:17:26:01 +0530] "GET /info/ HTTP/1.1" 404 28746 "-" "Mozilla/5.0 (Linux; Android 7.0; SM-G950F Build/NRD90M) AppleWebKit/537.36 (KHTML, like Gecko) Chrome/63.0.3239.111 Mobile Safari/537.36"
78.153.140.222 - - [25/Feb/2025:17:25:37 +0530] "GET /admin/.env HTTP/1.1" 301 0 "-" "Mozilla/5.0 (X11; U; Linux i686; en-US) AppleWebKit/533.3 (KHTML, like Gecko) Chrome/5.0.358.0 Safari/533.3"
78.153.140.222 - - [25/Feb/2025:17:25:38 +0530] "GET /app/.env HTTP/1.1" 301 0 "-" "Mozilla/5.0 (Windows NT 6.3; Win64; x64; Trident/7.0; MAGWJS; rv:11.0) like Gecko"
78.153.140.222 - - [25/Feb/2025:17:25:42 +0530] "GET /core/.env HTTP/1.1" 301 0 "-" "Mozilla/5.0 (X11; U; Linux x86_64; sv-SE; rv:1.9.0.7) Gecko/2009030423 Ubuntu/8.10 (intrepid) Firefox/3.0.7"
78.153.140.222 - - [25/Feb/2025:17:25:43 +0530] "GET /api/.env HTTP/1.1" 404 28746 "-" "Mozilla/5.0 (Windows; U; Windows NT 6.1; en-US) AppleWebKit/532.0 (KHTML, like Gecko) Chrome/3.0.195.4 Safari/532.0"
78.153.140.222 - - [25/Feb/2025:17:25:46 +0530] "GET /infos/ HTTP/1.1" 301 0 "-" "Chrome/15.0.860.0 (Windows; U; Windows NT 6.0; en-US) AppleWebKit/533.20.25 (KHTML, like Gecko) Version/15.0.860.0"
162.55.100.32 - - [25/Feb/2025:18:06:43 +0530] "POST /wp-cron.php?doing_wp_cron=1740487003.3932969570159912109375 HTTP/1.1" 200 0 "-" "WordPress/6.7.2; https://sarkariyojanaguru.xyz"
90.156.142.44 - - [25/Feb/2025:18:07:57 +0530] "GET /wp-login.php HTTP/1.1" 200 2098 "http://sarkariyojanaguru.xyz/wp-login.php" "GRequests/0.10"
90.156.142.44 - - [25/Feb/2025:18:07:57 +0530] "GET /wp-admin/ HTTP/1.1" 302 0 "http://sarkariyojanaguru.xyz/wp-admin/" "GRequests/0.10"
90.156.142.44 - - [25/Feb/2025:18:07:57 +0530] "GET /wp-login.php?redirect_to=https%3A%2F%2Fsarkariyojanaguru.xyz%2Fwp-admin%2F&reauth=1 HTTP/1.1" 200 2098 "https://sarkariyojanaguru.xyz/wp-admin/" "GRequests/0.10"
90.156.142.44 - - [25/Feb/2025:18:07:56 +0530] "GET /wp-login.php HTTP/1.1" 200 2098 "http://sarkariyojanaguru.xyz/wp-login.php" "GRequests/0.10"
31.13.103.5 - - [25/Feb/2025:18:06:43 +0530] "GET /wp-content/uploads/2025/01/sarkari-yojana-guru-Pradhan-Mantri-Awas-Yojana-How-to-apply-online-PM-Awas-Yojana-list-eligibility.jpg HTTP/2" 404 28746 "-" "facebookexternalhit/1.1 (+http://www.facebook.com/externalhit_uatext.php)"
66.220.149.2 - - [25/Feb/2025:18:10:51 +0530] "GET /pradhan-mantri-awas-yojana-how-to-apply-online-pm-awas-yojana-list-eligibility/ HTTP/2" 404 28746 "-" "facebookexternalhit/1.1 (+http://www.facebook.com/externalhit_uatext.php)"
66.220.149.6 - - [25/Feb/2025:18:10:51 +0530] "GET /pradhan-mantri-awas-yojana-how-to-apply-online-pm-awas-yojana-list-eligibility/ HTTP/2" 404 28746 "-" "facebookexternalhit/1.1 (+http://www.facebook.com/externalhit_uatext.php)"
66.220.149.18 - - [25/Feb/2025:18:10:51 +0530] "GET /pradhan-mantri-awas-yojana-how-to-apply-online-pm-awas-yojana-list-eligibility/ HTTP/2" 404 28746 "-" "facebookexternalhit/1.1 (+http://www.facebook.com/externalhit_uatext.php)"
66.220.149.7 - - [25/Feb/2025:18:10:51 +0530] "GET /pradhan-mantri-awas-yojana-how-to-apply-online-pm-awas-yojana-list-eligibility/ HTTP/2" 404 28746 "-" "facebookexternalhit/1.1 (+http://www.facebook.com/externalhit_uatext.php)"
173.252.87.23 - - [25/Feb/2025:20:08:58 +0530] "GET /wp-content/uploads/2025/01/sarkari-yojana-guru-Pradhan-Mantri-Awas-Yojana-How-to-apply-online-PM-Awas-Yojana-list-eligibility.jpg HTTP/2" 404 28746 "-" "facebookexternalhit/1.1 (+http://www.facebook.com/externalhit_uatext.php)"
162.55.100.32 - - [25/Feb/2025:20:08:59 +0530] "POST /wp-cron.php?doing_wp_cron=1740494338.9222528934478759765625 HTTP/1.1" 200 0 "-" "WordPress/6.7.2; https://sarkariyojanaguru.xyz"
69.63.184.5 - - [25/Feb/2025:22:04:14 +0530] "GET /robots.txt HTTP/2" 200 67 "-" "facebookexternalhit/1.1 (+http://www.facebook.com/externalhit_uatext.php)"
69.63.184.112 - - [25/Feb/2025:22:04:15 +0530] "GET /pradhan-mantri-awas-yojana-how-to-apply-online-pm-awas-yojana-list-eligibility/ HTTP/2" 404 28746 "-" "facebookexternalhit/1.1 (+http://www.facebook.com/externalhit_uatext.php)"
69.63.184.15 - - [25/Feb/2025:22:04:15 +0530] "GET /pradhan-mantri-awas-yojana-how-to-apply-online-pm-awas-yojana-list-eligibility/ HTTP/2" 404 28746 "-" "facebookexternalhit/1.1 (+http://www.facebook.com/externalhit_uatext.php)"
23.27.145.0 - - [25/Feb/2025:22:04:12 +0530] "GET / HTTP/1.1" 200 11761 "-" "Mozilla/5.0 (X11; Linux i686; rv:109.0) Gecko/20100101 Firefox/120.0"
69.63.184.8 - - [25/Feb/2025:22:04:14 +0530] "GET /robots.txt HTTP/2" 200 67 "-" "facebookexternalhit/1.1 (+http://www.facebook.com/externalhit_uatext.php)"
31.13.103.115 - - [25/Feb/2025:22:20:39 +0530] "GET /wp-content/uploads/2025/01/sarkari-yojana-guru-Pradhan-Mantri-Awas-Yojana-How-to-apply-online-PM-Awas-Yojana-list-eligibility.jpg HTTP/2" 404 28746 "-" "facebookexternalhit/1.1 (+http://www.facebook.com/externalhit_uatext.php)"
51.222.253.1 - - [25/Feb/2025:22:21:01 +0530] "GET /sarkari-yojana-post-offices-superhit-scheme-you-will-get-rs-9250-every-month/feed/ HTTP/2" 200 539 "-" "Mozilla/5.0 (compatible; AhrefsBot/7.0; +http://ahrefs.com/robot/)"
69.63.184.15 - - [25/Feb/2025:22:04:15 +0530] "GET /pradhan-mantri-awas-yojana-how-to-apply-online-pm-awas-yojana-list-eligibility/ HTTP/2" 404 28746 "-" "facebookexternalhit/1.1 (+http://www.facebook.com/externalhit_uatext.php)"
157.55.39.225 - - [25/Feb/2025:22:27:46 +0530] "GET /robots.txt HTTP/2" 200 61 "-" "Mozilla/5.0 AppleWebKit/537.36 (KHTML, like Gecko; compatible; bingbot/2.0; +http://www.bing.com/bingbot.htm) Chrome/116.0.1938.76 Safari/537.36"
66.220.149.7 - - [25/Feb/2025:22:01:40 +0530] "GET /wp-content/uploads/2025/01/sarkari-yojana-guru-Pradhan-Mantri-Awas-Yojana-How-to-apply-online-PM-Awas-Yojana-list-eligibility.jpg HTTP/2" 404 28746 "-" "facebookexternalhit/1.1 (+http://www.facebook.com/externalhit_uatext.php)"
51.222.253.1 - - [25/Feb/2025:22:21:00 +0530] "GET /robots.txt HTTP/2" 200 61 "-" "Mozilla/5.0 (compatible; AhrefsBot/7.0; +http://ahrefs.com/robot/)"
162.55.100.32 - - [25/Feb/2025:22:01:41 +0530] "POST /wp-cron.php?doing_wp_cron=1740501101.1210789680480957031250 HTTP/1.1" 200 0 "-" "WordPress/6.7.2; https://sarkariyojanaguru.xyz"
69.63.184.8 - - [25/Feb/2025:22:04:14 +0530] "GET /robots.txt HTTP/2" 200 67 "-" "facebookexternalhit/1.1 (+http://www.facebook.com/externalhit_uatext.php)"
66.220.149.17 - - [25/Feb/2025:21:40:46 +0530] "GET /wp-content/uploads/2025/01/sarkari-yojana-guru-Pradhan-Mantri-Awas-Yojana-How-to-apply-online-PM-Awas-Yojana-list-eligibility.jpg HTTP/2" 404 28746 "-" "facebookexternalhit/1.1 (+http://www.facebook.com/externalhit_uatext.php)"
69.63.184.114 - - [25/Feb/2025:22:04:15 +0530] "GET /pradhan-mantri-awas-yojana-how-to-apply-online-pm-awas-yojana-list-eligibility/ HTTP/2" 404 28746 "-" "facebookexternalhit/1.1 (+http://www.facebook.com/externalhit_uatext.php)"
173.252.95.20 - - [25/Feb/2025:23:01:18 +0530] "GET /pradhan-mantri-awas-yojana-how-to-apply-online-pm-awas-yojana-list-eligibility/ HTTP/2" 404 28746 "-" "facebookexternalhit/1.1 (+http://www.facebook.com/externalhit_uatext.php)"
162.55.100.32 - - [25/Feb/2025:23:01:17 +0530] "POST /wp-cron.php?doing_wp_cron=1740504677.7937788963317871093750 HTTP/1.1" 200 0 "-" "WordPress/6.7.2; https://sarkariyojanaguru.xyz"
173.252.95.5 - - [25/Feb/2025:23:01:17 +0530] "GET /pradhan-mantri-awas-yojana-how-to-apply-online-pm-awas-yojana-list-eligibility/ HTTP/2" 404 28746 "-" "facebookexternalhit/1.1 (+http://www.facebook.com/externalhit_uatext.php)"
173.252.95.26 - - [25/Feb/2025:23:01:18 +0530] "GET /pradhan-mantri-awas-yojana-how-to-apply-online-pm-awas-yojana-list-eligibility/ HTTP/2" 404 28746 "-" "facebookexternalhit/1.1 (+http://www.facebook.com/externalhit_uatext.php)"
173.252.95.6 - - [25/Feb/2025:23:01:18 +0530] "GET /pradhan-mantri-awas-yojana-how-to-apply-online-pm-awas-yojana-list-eligibility/ HTTP/2" 404 28746 "-" "facebookexternalhit/1.1 (+http://www.facebook.com/externalhit_uatext.php)"
69.171.231.1 - - [25/Feb/2025:23:21:48 +0530] "GET /wp-content/uploads/2025/01/sarkari-yojana-guru-Pradhan-Mantri-Awas-Yojana-How-to-apply-online-PM-Awas-Yojana-list-eligibility.jpg HTTP/2" 404 28746 "-" "facebookexternalhit/1.1 (+http://www.facebook.com/externalhit_uatext.php)"
162.55.100.32 - - [25/Feb/2025:23:55:39 +0530] "POST /wp-cron.php?doing_wp_cron=1740507939.8644840717315673828125 HTTP/1.1" 200 0 "-" "WordPress/6.7.2; https://sarkariyojanaguru.xyz"
69.171.249.114 - - [25/Feb/2025:23:55:39 +0530] "GET /pradhan-mantri-awas-yojana-how-to-apply-online-pm-awas-yojana-list-eligibility/ HTTP/2" 404 28746 "-" "facebookexternalhit/1.1 (+http://www.facebook.com/externalhit_uatext.php)"
173.252.127.115 - - [25/Feb/2025:23:49:42 +0530] "GET /pradhan-mantri-awas-yojana-how-to-apply-online-pm-awas-yojana-list-eligibility/ HTTP/2" 404 28746 "-" "facebookexternalhit/1.1 (+http://www.facebook.com/externalhit_uatext.php)"
135.125.180.135 - - [25/Feb/2025:23:57:27 +0530] "GET /wp-login.php HTTP/1.1" 200 2098 "http://sarkariyojanaguru.xyz/wp-login.php" "GRequests/0.10"
135.125.180.135 - - [25/Feb/2025:23:57:28 +0530] "GET /wp-admin/ HTTP/1.1" 302 0 "http://sarkariyojanaguru.xyz/wp-admin/" "GRequests/0.10"
135.125.180.135 - - [25/Feb/2025:23:57:28 +0530] "GET /wp-login.php?redirect_to=https%3A%2F%2Fsarkariyojanaguru.xyz%2Fwp-admin%2F&reauth=1 HTTP/1.1" 200 2098 "https://sarkariyojanaguru.xyz/wp-admin/" "GRequests/0.10"
135.125.180.135 - - [25/Feb/2025:23:57:27 +0530] "GET /wp-login.php HTTP/1.1" 200 2098 "http://sarkariyojanaguru.xyz/wp-login.php" "GRequests/0.10"
51.222.253.1 - - [26/Feb/2025:00:16:00 +0530] "GET /category/bank-yojana/feed/ HTTP/2" 200 525 "-" "Mozilla/5.0 (compatible; AhrefsBot/7.0; +http://ahrefs.com/robot/)"
147.182.185.38 - - [26/Feb/2025:00:40:04 +0530] "GET /wp-admin/user/ HTTP/1.1" 302 0 "binance.com" "Mozilla/5.0 (Windows NT 10.0; Win64; x64) AppleWebKit/537.36 (KHTML, like Gecko) Chrome/90.0.4430.85 Safari/537.36"
147.182.185.38 - - [26/Feb/2025:00:40:04 +0530] "GET /wp-login.php?redirect_to=https%3A%2F%2Fsarkariyojanaguru.xyz%2Fwp-admin%2Fuser%2F&reauth=1 HTTP/1.1" 200 2101 "binance.com" "Mozilla/5.0 (Windows NT 10.0; Win64; x64) AppleWebKit/537.36 (KHTML, like Gecko) Chrome/90.0.4430.85 Safari/537.36"
