66.249.74.166 - - [08/Mar/2025:08:20:37 +0530] "GET /robots.txt HTTP/1.1" 200 61 "-" "Mozilla/5.0 (compatible; Googlebot/2.1; +http://www.google.com/bot.html)"
71.26.103.237 - - [08/Mar/2025:06:52:20 +0530] "POST /wp-comments-post.php HTTP/1.1" 200 1159 "-" "Mozilla/5.0 (Macintosh; Intel Mac OS X 10_15_7) AppleWebKit/537.36 (KHTML, like Gecko) Chrome/133.0.0.0 Safari/537.36"
80.85.245.5 - - [08/Mar/2025:06:52:23 +0530] "GET /sarkari-yojana-pension-status-how-to-check/feed/ HTTP/1.1" 200 538 "-" "Mozilla/5.0 (Macintosh; Intel Mac OS X 10_15_7) AppleWebKit/537.36 (KHTML, like Gecko) Chrome/133.0.0.0 Safari/537.36"
71.26.103.237 - - [08/Mar/2025:06:52:34 +0530] "POST /contact-us/ HTTP/1.1" 200 8399 "-" "Mozilla/5.0 (Macintosh; Intel Mac OS X 10_15_7) AppleWebKit/537.36 (KHTML, like Gecko) Chrome/133.0.0.0 Safari/537.36"
66.249.74.166 - - [08/Mar/2025:08:20:48 +0530] "GET /bihar-mahila-sahayata-yojana-2025-women-get-assistance-of-rs-25000-know-benefits-and-process/ HTTP/1.1" 404 6853 "-" "Mozilla/5.0 (Linux; Android 6.0.1; Nexus 5X Build/MMB29P) AppleWebKit/537.36 (KHTML, like Gecko) Chrome/133.0.6943.53 Mobile Safari/537.36 (compatible; Googlebot/2.1; +http://www.google.com/bot.html)"
104.131.173.179 - - [08/Mar/2025:12:26:05 +0530] "GET /wp-admin/user/ HTTP/1.1" 302 0 "binance.com" "Mozilla/5.0 (Windows NT 10.0; Win64; x64) AppleWebKit/537.36 (KHTML, like Gecko) Chrome/90.0.4430.85 Safari/537.36"
104.131.173.179 - - [08/Mar/2025:12:26:06 +0530] "GET /wp-login.php?redirect_to=https%3A%2F%2Fsarkariyojanaguru.xyz%2Fwp-admin%2Fuser%2F&reauth=1 HTTP/1.1" 200 2101 "binance.com" "Mozilla/5.0 (Windows NT 10.0; Win64; x64) AppleWebKit/537.36 (KHTML, like Gecko) Chrome/90.0.4430.85 Safari/537.36"
104.131.173.179 - - [08/Mar/2025:12:25:58 +0530] "GET /wp-admin/network/ HTTP/1.1" 302 0 "binance.com" "Mozilla/5.0 (Windows NT 10.0; Win64; x64) AppleWebKit/537.36 (KHTML, like Gecko) Chrome/90.0.4430.85 Safari/537.36"
104.131.173.179 - - [08/Mar/2025:12:25:59 +0530] "GET /wp-login.php?redirect_to=https%3A%2F%2Fsarkariyojanaguru.xyz%2Fwp-admin%2Fnetwork%2F&reauth=1 HTTP/1.1" 200 2103 "binance.com" "Mozilla/5.0 (Windows NT 10.0; Win64; x64) AppleWebKit/537.36 (KHTML, like Gecko) Chrome/90.0.4430.85 Safari/537.36"
143.198.178.24 - - [08/Mar/2025:12:56:25 +0530] "GET /wp-content/plugins/ph-file-manager/wp-file.php HTTP/1.1" 404 7627 "www.google.com" "Mozlila/5.0 (Linux; Android 7.0; SM-G892A Bulid/NRD90M; wv) AppleWebKit/537.36 (KHTML, like Gecko) Version/4.0 Chrome/60.0.3112.107 Moblie Safari/537.36"
143.198.178.24 - - [08/Mar/2025:12:56:56 +0530] "GET /wp-content/themes/travel/issue.php HTTP/1.1" 404 7627 "www.google.com" "Mozlila/5.0 (Linux; Android 7.0; SM-G892A Bulid/NRD90M; wv) AppleWebKit/537.36 (KHTML, like Gecko) Version/4.0 Chrome/60.0.3112.107 Moblie Safari/537.36"
143.198.178.24 - - [08/Mar/2025:12:56:27 +0530] "GET /wp-content/plugins/root-file-manager/wp-file.php HTTP/1.1" 404 7627 "www.google.com" "Mozlila/5.0 (Linux; Android 7.0; SM-G892A Bulid/NRD90M; wv) AppleWebKit/537.36 (KHTML, like Gecko) Version/4.0 Chrome/60.0.3112.107 Moblie Safari/537.36"
143.198.178.24 - - [08/Mar/2025:12:56:09 +0530] "GET /wp-content/plugins/pwnd/pwnd.php HTTP/1.1" 404 7627 "www.google.com" "Mozlila/5.0 (Linux; Android 7.0; SM-G892A Bulid/NRD90M; wv) AppleWebKit/537.36 (KHTML, like Gecko) Version/4.0 Chrome/60.0.3112.107 Moblie Safari/537.36"
143.198.178.24 - - [08/Mar/2025:12:57:01 +0530] "GET /wp-content/themes/jaida/lang.php HTTP/1.1" 404 7627 "www.google.com" "Mozlila/5.0 (Linux; Android 7.0; SM-G892A Bulid/NRD90M; wv) AppleWebKit/537.36 (KHTML, like Gecko) Version/4.0 Chrome/60.0.3112.107 Moblie Safari/537.36"
5.133.192.131 - - [08/Mar/2025:13:15:44 +0530] "GET / HTTP/1.1" 200 11755 "-" "Mozilla/5.0 (Windows NT 10.0; Win64; x64) AppleWebKit/537.36 (KHTML, like Gecko) Chrome/105.0.0.0 Safari/537.36"
5.133.192.131 - - [08/Mar/2025:13:15:46 +0530] "GET /favicon.ico HTTP/1.1" 404 1251 "-" "Mozilla/5.0 (Windows NT 10.0; Win64; x64) AppleWebKit/537.36 (KHTML, like Gecko) Chrome/105.0.0.0 Safari/537.36"
207.46.13.230 - - [08/Mar/2025:15:48:31 +0530] "GET /robots.txt HTTP/2" 200 61 "-" "Mozilla/5.0 AppleWebKit/537.36 (KHTML, like Gecko; compatible; bingbot/2.0; +http://www.bing.com/bingbot.htm) Chrome/116.0.1938.76 Safari/537.36"
173.252.79.2 - - [08/Mar/2025:17:48:55 +0530] "GET /wp-content/uploads/2025/01/Post-Office-PPF-Scheme.png HTTP/2" 404 28746 "-" "facebookexternalhit/1.1 (+http://www.facebook.com/externalhit_uatext.php)"
78.153.140.218 - - [08/Mar/2025:21:47:57 +0530] "GET /admin/.env HTTP/1.1" 301 0 "-" "Mozilla/5.0 (X11; U; Linux i686; en-GB; rv:1.9.0.10) Gecko/2009042513 Ubuntu/8.04 (hardy) Firefox/3.0.10"
78.153.140.218 - - [08/Mar/2025:21:48:00 +0530] "GET /.env.example HTTP/1.1" 404 28746 "-" "Mozilla/5.0 (X11; U; Linux i686 (x86_64); en-US; rv:1.8.0.6) Gecko/20060728 SUSE/1.5.0.6-1.2 Firefox/1.5.0.6"
78.153.140.218 - - [08/Mar/2025:21:48:05 +0530] "GET /app/.env HTTP/1.1" 301 0 "-" "Mozilla/5.0 (Macintosh; U; Intel Mac OS X 10_6; nl-nl) AppleWebKit/531.9 (KHTML, like Gecko) Version/4.0.3 Safari/531.9"
78.153.140.218 - - [08/Mar/2025:21:48:11 +0530] "GET /api/.env HTTP/1.1" 404 28746 "-" "Mozilla/5.0 (iPhone; CPU iPhone OS 11_1_1 like Mac OS X) AppleWebKit/604.3.5 (KHTML, like Gecko) Version/11.0 Mobile/15B150 Safari/604.1"
78.153.140.218 - - [08/Mar/2025:21:48:14 +0530] "GET /credentials HTTP/1.1" 301 0 "-" "Mozilla/5.0 (Linux; U; Android 4.0.4; en-us; GT-S6012 Build/IMM76D) AppleWebKit/534.30 (KHTML, like Gecko) Version/4.0 Mobile Safari/534.30"
78.153.140.218 - - [08/Mar/2025:21:48:21 +0530] "GET /infos/ HTTP/1.1" 301 0 "-" "Mozilla/5.0 (Macintosh; Intel Mac OS X 10_11_6) AppleWebKit/537.36 (KHTML, like Gecko) Chrome/52.0.2743.60 Safari/537.36 OPR/39.0.2256.30 (Edition beta)"
78.153.140.218 - - [08/Mar/2025:21:47:53 +0530] "GET /.env.example HTTP/1.1" 301 0 "-" "Mozilla/5.0 (Windows NT 6.1) AppleWebKit/537.36 (KHTML, like Gecko) Chrome/52.2743.82 Safari/537.36 OPR/39.0.2256.43"
78.153.140.218 - - [08/Mar/2025:21:47:55 +0530] "GET /.env.production HTTP/1.1" 301 0 "-" "More Opera 9.00 user agents strings -->>"
78.153.140.218 - - [08/Mar/2025:21:48:07 +0530] "GET /admin/.env HTTP/1.1" 404 28746 "-" "Opera/9.63 (Windows NT 5.1; U; pt-BR) Presto/2.1.1"
78.153.140.218 - - [08/Mar/2025:21:48:11 +0530] "GET /core/.env HTTP/1.1" 301 0 "-" "Opera/9.02 (Windows NT 5.0; U; en)"
78.153.140.218 - - [08/Mar/2025:21:48:17 +0530] "GET /app_dev.php/_profiler/open?file=app/config/parameters.yml HTTP/1.1" 404 28746 "-" "Mozilla/5.0 (X11; U; x86_64 Linux; en_US; rv:1.7.12) Gecko/20050915 Firefox/1.0.7"
78.153.140.218 - - [08/Mar/2025:21:48:23 +0530] "GET /backend/.env HTTP/1.1" 404 28746 "-" "Mozilla/5.0 (X11; U; Linux i686; pl-PL; rv:1.8.0.5) Gecko/20060731 Ubuntu/dapper-security Firefox/1.5.0.5 Mnenhy/0.7.4.666"
78.153.140.218 - - [08/Mar/2025:21:48:37 +0530] "GET /infos/ HTTP/1.1" 404 28746 "-" "Mozilla/5.0 (Macintosh; Intel Mac OS X 10_13_3) AppleWebKit/604.5.2 (KHTML, like Gecko) Version/11.0.3 Safari/604.5.2"
78.153.140.218 - - [08/Mar/2025:21:47:48 +0530] "GET /.env HTTP/1.1" 301 0 "-" "Opera/9.63 (Windows NT 6.1; U; en) Presto/2.1.1"
78.153.140.218 - - [08/Mar/2025:21:48:10 +0530] "GET /backend/.env HTTP/1.1" 301 0 "-" "Mozilla/5.0 (Windows NT 6.1; WOW64) AppleWebKit/537.36 (KHTML, like Gecko) Chrome/52.0.2743.82 Safari/537.36 OPR/39.0.2256.43"
78.153.140.218 - - [08/Mar/2025:21:48:14 +0530] "GET /app/.env HTTP/1.1" 404 28746 "-" "Mozilla/5.0 (Macintosh; Intel Mac OS X 10_6_8) AppleWebKit/534.59.10 (KHTML, like Gecko) Version/4.0.3 Safari/531.9"
78.153.140.218 - - [08/Mar/2025:21:48:17 +0530] "GET /demo/.env HTTP/1.1" 301 0 "-" "Mozilla/4.0 (compatible; MSIE 8.0; Windows NT 5.1; Trident/4.0; .NET CLR 2.0.50727; .NET CLR 3.0.4506.2152; .NET CLR 3.5.30729; AskTbHKCIE/5.15.15.35882; BOIE8;ENUS)"
78.153.140.218 - - [08/Mar/2025:21:48:26 +0530] "GET /credentials HTTP/1.1" 404 28746 "-" "Mozilla/5.0 (iPhone; CPU iPhone OS 11_1_2 like Mac OS X) AppleWebKit/604.3.5 (KHTML, like Gecko) Version/11.0 Mobile/15B202 Safari/604.1"
78.153.140.218 - - [08/Mar/2025:21:47:50 +0530] "GET /.aws/credentials HTTP/1.1" 301 0 "-" "Mozilla/5.0 (Windows NT 5.1; U; en; rv:1.8.0) Gecko/20060728 Firefox/1.5.0 Opera 9.26"
78.153.140.218 - - [08/Mar/2025:21:47:54 +0530] "GET /.aws/credentials HTTP/1.1" 404 28746 "-" "Mozilla/5.0 (Linux; U; Android 4.4.2; en-gb; SM-T211 Build/KOT49H) AppleWebKit/534.30 (KHTML, like Gecko) Version/4.0 Safari/534.30"
78.153.140.218 - - [08/Mar/2025:21:48:03 +0530] "GET /.env.production HTTP/1.1" 404 28746 "-" "Mozilla/5.0 (Windows; U; Windows NT 6.1; en-US; rv:1.9.2.3) Gecko/20100401 Firefox/3.6.3 (.NET CLR 3.5.30729)"
78.153.140.218 - - [08/Mar/2025:21:48:32 +0530] "GET /demo/.env HTTP/1.1" 404 28746 "-" "Mozilla/5.0 (Linux; U; Android 2.3.3; en-au; GT-I9100T Build/GINGERBREAD) AppleWebKit/533.1 (KHTML, like Gecko) Version/4.0 Mobile Safari/533.1"
78.153.140.218 - - [08/Mar/2025:21:48:39 +0530] "GET /pinfo.php HTTP/1.1" 404 28746 "-" "Mozilla/5.0 (Macintosh; Intel Mac OS X 10_8_2) AppleWebKit/537.13 (KHTML, like Gecko) Chrome/24.0.1290.1 Safari/537.13"
78.153.140.218 - - [08/Mar/2025:21:48:33 +0530] "GET /info/ HTTP/1.1" 404 28746 "-" "Opera/9.63 (Windows NT 6.0; U; fr) Presto/2.1.1"
78.153.140.218 - - [08/Mar/2025:21:47:48 +0530] "GET /.env HTTP/1.1" 404 28746 "-" "Mozilla/5.0 (Windows; U; Windows NT 5.1; en-US) AppleWebKit/532.0 (KHTML, like Gecko) Chrome/4.0.212.0 Safari/532.0"
78.153.140.218 - - [08/Mar/2025:21:48:07 +0530] "GET /app_dev.php/_profiler/open?file=app/config/parameters.yml HTTP/1.1" 301 0 "-" "Mozilla/5.0 (Linux; Android 6.0.1; SM-T350 Build/MMB29M) AppleWebKit/537.36 (KHTML, like Gecko) Chrome/52.0.2743.98 Safari/537.36"
78.153.140.218 - - [08/Mar/2025:21:48:19 +0530] "GET /app_dev.php/_profiler/phpinfo HTTP/1.1" 404 28746 "-" "Mozilla/5.0 (Windows NT 6.1; WOW64) AppleWebKit/538.1 (KHTML, like Gecko) Safari/538.1"
78.153.140.218 - - [08/Mar/2025:21:48:27 +0530] "GET /crm/.env HTTP/1.1" 404 28746 "-" "Mozilla/4.0 (compatible; MSIE 6.0; Windows NT 6.0; en) Opera 9.50"
78.153.140.218 - - [08/Mar/2025:21:48:42 +0530] "GET /vendor/.env HTTP/1.1" 404 28746 "-" "Mozilla/5.0 (Windows NT 6.1; WOW64; rv:14.0) Gecko/20100101 Firefox/14.0"
78.153.140.218 - - [08/Mar/2025:21:48:16 +0530] "GET /crm/.env HTTP/1.1" 301 0 "-" "Mozilla/5.0 (Windows NT 10.0; Win64; x64) AppleWebKit/537.36 (KHTML, like Gecko) Chrome/73.0.3683.103 Safari/537.36"
78.153.140.218 - - [08/Mar/2025:21:48:00 +0530] "GET /api/.env HTTP/1.1" 301 0 "-" "Nokia6630/1.0 (2.3.129) SymbianOS/8.0 Series60/2.6 Profile/MIDP-2.0 Configuration/CLDC-1.1"
78.153.140.218 - - [08/Mar/2025:21:48:08 +0530] "GET /app_dev.php/_profiler/phpinfo HTTP/1.1" 301 0 "-" "Mozilla/5.0 (Windows NT 6.2) AppleWebKit/537.36 (KHTML, like Gecko) Chrome/28.0.1500.95 Safari/537.36 OPR/15.0.1147.153"
78.153.140.218 - - [08/Mar/2025:21:48:18 +0530] "GET /info/ HTTP/1.1" 301 0 "-" "Mozilla/5.0 (Linux; Android 5.0.1; SAMSUNG GT-I9505 Build/LRX22C) AppleWebKit/537.36 (KHTML, like Gecko) SamsungBrowser/5.4 Chrome/51.0.2704.106 Mobile Safari/537.36"
78.153.140.218 - - [08/Mar/2025:21:48:25 +0530] "GET /core/.env HTTP/1.1" 404 28746 "-" "Mozilla/5.0 (Linux; U; Android 2.3.5; en-us; HTC-A9192/1.0 Build/GRJ90) AppleWebKit/533.1 (KHTML, like Gecko) Version/4.0 Mobile Safari/533.1"
173.252.95.20 - - [08/Mar/2025:22:07:03 +0530] "GET /wp-content/uploads/2025/01/sarkari-yojana-guru-Pradhan-Mantri-Awas-Yojana-How-to-apply-online-PM-Awas-Yojana-list-eligibility.jpg HTTP/2" 404 28746 "-" "facebookexternalhit/1.1 (+http://www.facebook.com/externalhit_uatext.php)"
173.252.83.113 - - [08/Mar/2025:22:07:04 +0530] "GET /wp-content/uploads/2025/01/Sarkari-Yojana-Government-will-give-houses-to-the-homeless-know-who-will-be-eligible-for-the-schem.jpg HTTP/2" 404 28746 "-" "facebookexternalhit/1.1 (+http://www.facebook.com/externalhit_uatext.php)"
173.252.83.11 - - [08/Mar/2025:22:07:10 +0530] "GET /wp-content/uploads/2025/01/Post-Office-PPF-Scheme.png HTTP/2" 404 28746 "-" "facebookexternalhit/1.1 (+http://www.facebook.com/externalhit_uatext.php)"
173.252.83.113 - - [08/Mar/2025:22:07:05 +0530] "GET /wp-content/uploads/2025/01/Post-Office-PPF-Scheme.png HTTP/2" 404 28746 "-" "facebookexternalhit/1.1 (+http://www.facebook.com/externalhit_uatext.php)"
173.252.83.6 - - [08/Mar/2025:22:07:07 +0530] "GET /robots.txt HTTP/2" 200 67 "-" "facebookexternalhit/1.1 (+http://www.facebook.com/externalhit_uatext.php)"
173.252.83.6 - - [08/Mar/2025:22:07:08 +0530] "GET /wp-content/uploads/2025/01/Post-Office-PPF-Scheme.png HTTP/2" 404 28746 "-" "facebookexternalhit/1.1 (+http://www.facebook.com/externalhit_uatext.php)"
173.252.83.114 - - [08/Mar/2025:22:07:00 +0530] "GET /wp-content/uploads/2025/01/sarkari-yojana-guru-Pradhan-Mantri-Awas-Yojana-How-to-apply-online-PM-Awas-Yojana-list-eligibility.jpg HTTP/2" 404 28746 "-" "facebookexternalhit/1.1 (+http://www.facebook.com/externalhit_uatext.php)"
31.13.115.8 - - [08/Mar/2025:22:16:39 +0530] "GET /wp-content/uploads/2025/01/Post-Office-PPF-Scheme.png HTTP/2" 404 28746 "-" "facebookexternalhit/1.1 (+http://www.facebook.com/externalhit_uatext.php)"
162.55.100.32 - - [08/Mar/2025:23:04:07 +0530] "POST /wp-cron.php?doing_wp_cron=1741455247.6546280384063720703125 HTTP/1.1" 200 0 "-" "WordPress/6.7.2; https://sarkariyojanaguru.xyz"
147.124.199.138 - - [08/Mar/2025:23:04:07 +0530] "GET /.well-known/security.txt HTTP/2" 404 7633 "-" "Go-http-client/2.0"
35.196.190.249 - - [09/Mar/2025:00:08:32 +0530] "GET /.git/config HTTP/1.1" 403 1242 "-" "-"
69.171.251.3 - - [09/Mar/2025:00:41:02 +0530] "GET /wp-content/uploads/2025/01/sarkari-yojana-guru-Pradhan-Mantri-Awas-Yojana-How-to-apply-online-PM-Awas-Yojana-list-eligibility.jpg HTTP/2" 404 28746 "-" "facebookexternalhit/1.1 (+http://www.facebook.com/externalhit_uatext.php)"
69.171.231.6 - - [09/Mar/2025:00:57:31 +0530] "GET /pradhan-mantri-awas-yojana-how-to-apply-online-pm-awas-yojana-list-eligibility/ HTTP/2" 404 28746 "-" "facebookexternalhit/1.1 (+http://www.facebook.com/externalhit_uatext.php)"
35.196.190.249 - - [09/Mar/2025:01:59:22 +0530] "GET /.git/config HTTP/1.1" 403 1242 "-" "-"
31.13.103.7 - - [09/Mar/2025:00:57:44 +0530] "GET /pradhan-mantri-awas-yojana-how-to-apply-online-pm-awas-yojana-list-eligibility/ HTTP/2" 404 28746 "-" "facebookexternalhit/1.1 (+http://www.facebook.com/externalhit_uatext.php)"
205.210.31.56 - - [09/Mar/2025:00:23:07 +0530] "GET / HTTP/1.1" 200 60797 "-" "-"
195.116.155.83 - - [09/Mar/2025:03:19:21 +0530] "POST /wp-comments-post.php HTTP/1.1" 200 0 "-" "Mozilla/5.0 (Windows NT 10.0; Win64; x64) AppleWebKit/537.36 (KHTML, like Gecko) Chrome/120.0.0.0 Safari/537.36"
195.116.155.83 - - [09/Mar/2025:03:19:25 +0530] "POST /wp-comments-post.php HTTP/1.1" 200 1159 "-" "Mozilla/5.0 (Macintosh; Intel Mac OS X 10_15_7) AppleWebKit/537.36 (KHTML, like Gecko) Chrome/133.0.0.0 Safari/537.36"
80.85.245.5 - - [09/Mar/2025:03:19:17 +0530] "GET / HTTP/1.1" 200 11755 "-" "Mozilla/5.0 (Macintosh; Intel Mac OS X 10_15_7) AppleWebKit/537.36 (KHTML, like Gecko) Chrome/133.0.0.0 Safari/537.36"
80.85.245.5 - - [09/Mar/2025:03:19:19 +0530] "GET /sarkari-yojana-pension-status-how-to-check/ HTTP/1.1" 200 623780 "-" "Mozilla/5.0 (Macintosh; Intel Mac OS X 10_15_7) AppleWebKit/537.36 (KHTML, like Gecko) Chrome/133.0.0.0 Safari/537.36"
80.85.245.5 - - [09/Mar/2025:03:19:25 +0530] "GET /sarkari-yojana-pension-status-how-to-check/feed/ HTTP/1.1" 200 538 "-" "Mozilla/5.0 (Macintosh; Intel Mac OS X 10_15_7) AppleWebKit/537.36 (KHTML, like Gecko) Chrome/133.0.0.0 Safari/537.36"
195.116.155.83 - - [09/Mar/2025:03:19:47 +0530] "POST /contact-us/ HTTP/1.1" 200 8399 "-" "Mozilla/5.0 (Macintosh; Intel Mac OS X 10_15_7) AppleWebKit/537.36 (KHTML, like Gecko) Chrome/133.0.0.0 Safari/537.36"
162.55.100.32 - - [09/Mar/2025:03:19:18 +0530] "POST /wp-cron.php?doing_wp_cron=1741470558.7365040779113769531250 HTTP/1.1" 200 0 "-" "WordPress/6.7.2; https://sarkariyojanaguru.xyz"
195.116.155.83 - - [09/Mar/2025:03:19:26 +0530] "POST /wp-comments-post.php HTTP/1.1" 200 0 "-" "Mozilla/5.0 (Windows NT 10.0; Win64; x64) AppleWebKit/537.36 (KHTML, like Gecko) Chrome/120.0.0.0 Safari/537.36"
80.85.245.5 - - [09/Mar/2025:03:19:45 +0530] "GET /sarkari-yojana-pension-status-how-to-check/ HTTP/1.1" 200 623780 "-" "Mozilla/5.0 (Macintosh; Intel Mac OS X 10_15_7) AppleWebKit/537.36 (KHTML, like Gecko) Chrome/133.0.0.0 Safari/537.36"
80.85.245.5 - - [09/Mar/2025:03:19:45 +0530] "GET /contact-us/ HTTP/1.1" 200 8371 "-" "Mozilla/5.0 (Macintosh; Intel Mac OS X 10_15_7) AppleWebKit/537.36 (KHTML, like Gecko) Chrome/133.0.0.0 Safari/537.36"
195.116.155.83 - - [09/Mar/2025:03:19:47 +0530] "POST /contact-us/ HTTP/1.1" 200 8371 "-" "Mozilla/5.0 (Windows NT 10.0; Win64; x64) AppleWebKit/537.36 (KHTML, like Gecko) Chrome/120.0.0.0 Safari/537.36"
80.85.245.5 - - [09/Mar/2025:03:19:19 +0530] "GET /comments/feed/ HTTP/1.1" 200 517 "-" "Mozilla/5.0 (Macintosh; Intel Mac OS X 10_15_7) AppleWebKit/537.36 (KHTML, like Gecko) Chrome/133.0.0.0 Safari/537.36"
195.116.155.83 - - [09/Mar/2025:03:19:20 +0530] "POST /wp-comments-post.php HTTP/1.1" 200 1159 "-" "Mozilla/5.0 (Macintosh; Intel Mac OS X 10_15_7) AppleWebKit/537.36 (KHTML, like Gecko) Chrome/133.0.0.0 Safari/537.36"
80.85.245.5 - - [09/Mar/2025:03:19:25 +0530] "GET /sarkari-yojana-pension-status-how-to-check/ HTTP/1.1" 200 623954 "-" "Mozilla/5.0 (Macintosh; Intel Mac OS X 10_15_7) AppleWebKit/537.36 (KHTML, like Gecko) Chrome/133.0.0.0 Safari/537.36"
162.142.125.200 - - [09/Mar/2025:03:27:42 +0530] "GET / HTTP/1.1" 200 11755 "-" "Mozilla/5.0 (compatible; CensysInspect/1.1; +https://about.censys.io/)"
162.142.125.200 - - [09/Mar/2025:03:27:48 +0530] "GET /favicon.ico HTTP/1.1" 404 1251 "-" "Mozilla/5.0 (compatible; CensysInspect/1.1; +https://about.censys.io/)"
162.142.125.200 - - [09/Mar/2025:03:28:28 +0530] "GET /favicon.ico HTTP/1.1" 404 1251 "-" "Mozilla/5.0 (compatible; CensysInspect/1.1; +https://about.censys.io/)"
51.222.253.4 - - [09/Mar/2025:04:48:03 +0530] "GET /pm-kisan-yojana-9-8-crore-farmers-got-2-thousand-rupees-on-the-19th-installment/ HTTP/2" 200 14610 "-" "Mozilla/5.0 (compatible; AhrefsBot/7.0; +http://ahrefs.com/robot/)"
159.65.186.62 - - [09/Mar/2025:03:55:13 +0530] "GET /wp-admin/user/ HTTP/1.1" 302 0 "binance.com" "Mozilla/5.0 (Windows NT 10.0; Win64; x64) AppleWebKit/537.36 (KHTML, like Gecko) Chrome/90.0.4430.85 Safari/537.36"
159.65.186.62 - - [09/Mar/2025:03:55:14 +0530] "GET /wp-login.php?redirect_to=https%3A%2F%2Fsarkariyojanaguru.xyz%2Fwp-admin%2Fuser%2F&reauth=1 HTTP/1.1" 200 2101 "binance.com" "Mozilla/5.0 (Windows NT 10.0; Win64; x64) AppleWebKit/537.36 (KHTML, like Gecko) Chrome/90.0.4430.85 Safari/537.36"
159.65.186.62 - - [09/Mar/2025:03:55:10 +0530] "GET /wp-admin/network/ HTTP/1.1" 302 0 "binance.com" "Mozilla/5.0 (Windows NT 10.0; Win64; x64) AppleWebKit/537.36 (KHTML, like Gecko) Chrome/90.0.4430.85 Safari/537.36"
159.65.186.62 - - [09/Mar/2025:03:55:10 +0530] "GET /wp-login.php?redirect_to=https%3A%2F%2Fsarkariyojanaguru.xyz%2Fwp-admin%2Fnetwork%2F&reauth=1 HTTP/1.1" 200 2103 "binance.com" "Mozilla/5.0 (Windows NT 10.0; Win64; x64) AppleWebKit/537.36 (KHTML, like Gecko) Chrome/90.0.4430.85 Safari/537.36"
162.142.125.200 - - [09/Mar/2025:03:26:59 +0530] "GET / HTTP/1.1" 301 0 "-" "Mozilla/5.0 (compatible; CensysInspect/1.1; +https://about.censys.io/)"
51.222.253.15 - - [09/Mar/2025:04:48:00 +0530] "GET /robots.txt HTTP/2" 200 61 "-" "Mozilla/5.0 (compatible; AhrefsBot/7.0; +http://ahrefs.com/robot/)"
51.222.253.5 - - [09/Mar/2025:06:35:05 +0530] "GET /wp-comments-post.php HTTP/2" 405 0 "-" "Mozilla/5.0 (compatible; AhrefsBot/7.0; +http://ahrefs.com/robot/)"
64.23.171.120 - - [09/Mar/2025:08:01:40 +0530] "GET / HTTP/1.1" 200 11755 "-" "Mozilla/5.0 (compatible)"
64.23.171.120 - - [09/Mar/2025:08:01:45 +0530] "GET /favicon.ico HTTP/1.1" 404 1251 "https://sarkariyojanaguru.xyz/" "Mozilla/5.0 (compatible)"
51.222.253.14 - - [09/Mar/2025:08:33:33 +0530] "GET /sarkari-yojana-post-offices-superhit-scheme-you-will-get-rs-9250-every-month/ HTTP/2" 200 481018 "-" "Mozilla/5.0 (compatible; AhrefsBot/7.0; +http://ahrefs.com/robot/)"
173.252.127.12 - - [09/Mar/2025:09:37:57 +0530] "GET /wp-content/uploads/2025/01/sarkari-yojana-guru-Pradhan-Mantri-Awas-Yojana-How-to-apply-online-PM-Awas-Yojana-list-eligibility.jpg HTTP/2" 404 28746 "-" "facebookexternalhit/1.1 (+http://www.facebook.com/externalhit_uatext.php)"
173.252.83.7 - - [09/Mar/2025:09:37:58 +0530] "GET /wp-content/uploads/2025/01/Sarkari-Yojana-Government-will-give-houses-to-the-homeless-know-who-will-be-eligible-for-the-schem.jpg HTTP/2" 404 28746 "-" "facebookexternalhit/1.1 (+http://www.facebook.com/externalhit_uatext.php)"
173.252.83.114 - - [09/Mar/2025:09:37:58 +0530] "GET /wp-content/uploads/2025/01/Post-Office-PPF-Scheme.png HTTP/2" 404 28746 "-" "facebookexternalhit/1.1 (+http://www.facebook.com/externalhit_uatext.php)"
173.252.83.8 - - [09/Mar/2025:09:37:56 +0530] "GET /wp-content/uploads/2025/01/sarkari-yojana-guru-Pradhan-Mantri-Awas-Yojana-How-to-apply-online-PM-Awas-Yojana-list-eligibility.jpg HTTP/2" 404 28746 "-" "facebookexternalhit/1.1 (+http://www.facebook.com/externalhit_uatext.php)"
31.13.127.116 - - [09/Mar/2025:09:37:59 +0530] "GET /wp-content/uploads/2025/01/Post-Office-PPF-Scheme.png HTTP/2" 404 28746 "-" "facebookexternalhit/1.1 (+http://www.facebook.com/externalhit_uatext.php)"
162.55.100.32 - - [09/Mar/2025:10:27:40 +0530] "POST /wp-cron.php?doing_wp_cron=1741496259.8824179172515869140625 HTTP/1.1" 200 0 "-" "WordPress/6.7.2; https://sarkariyojanaguru.xyz"
51.222.253.20 - - [09/Mar/2025:10:27:38 +0530] "GET /category/sarkari-yojana/feed/ HTTP/2" 200 2240584 "-" "Mozilla/5.0 (compatible; AhrefsBot/7.0; +http://ahrefs.com/robot/)"
195.191.219.132 - - [09/Mar/2025:12:08:34 +0530] "GET /robots.txt HTTP/1.1" 200 61 "-" "Mozilla/5.0 (compatible; MJ12bot/v2.0.0; http://mj12bot.com/)"
195.191.219.132 - - [09/Mar/2025:12:08:35 +0530] "GET / HTTP/1.1" 200 10025 "-" "Mozilla/5.0 (compatible; MJ12bot/v2.0.0; http://mj12bot.com/)"
207.46.13.230 - - [09/Mar/2025:12:18:22 +0530] "GET /robots.txt HTTP/2" 200 61 "-" "Mozilla/5.0 AppleWebKit/537.36 (KHTML, like Gecko; compatible; bingbot/2.0; +http://www.bing.com/bingbot.htm) Chrome/116.0.1938.76 Safari/537.36"
81.17.57.144 - - [09/Mar/2025:18:46:16 +0530] "GET /robots.txt HTTP/1.1" 200 67 "-" "Mozilla/5.0 (compatible; MJ12bot/v1.4.8; http://mj12bot.com/)"
81.17.57.144 - - [09/Mar/2025:18:46:18 +0530] "GET /post-office-yojana-every-month-you-will-get-a-profit-of-%E2%82%B9-9250-in-the-mis-scheme-of-the-post-office/feed/ HTTP/1.1" 200 516 "-" "Mozilla/5.0 (compatible; MJ12bot/v1.4.8; http://mj12bot.com/)"
195.191.219.130 - - [09/Mar/2025:19:56:13 +0530] "GET /robots.txt HTTP/1.1" 200 61 "-" "Mozilla/5.0 (compatible; MJ12bot/v2.0.0; http://mj12bot.com/)"
195.191.219.130 - - [09/Mar/2025:19:56:14 +0530] "GET /sarkari-yojana-through-this-scheme-farmers-will-get-an-amount-of-%E2%82%B9-6000-every-year/ HTTP/1.1" 404 6853 "-" "Mozilla/5.0 (compatible; MJ12bot/v2.0.0; http://mj12bot.com/)"
5.255.231.173 - - [09/Mar/2025:20:30:29 +0530] "GET /robots.txt HTTP/1.1" 200 67 "-" "Mozilla/5.0 (compatible; YandexBot/3.0; +http://yandex.com/bots)"
5.255.231.102 - - [09/Mar/2025:20:30:30 +0530] "GET /post-sitemap.xml HTTP/1.1" 200 655 "-" "Mozilla/5.0 (compatible; YandexBot/3.0; +http://yandex.com/bots)"
162.55.100.32 - - [09/Mar/2025:19:56:13 +0530] "POST /wp-cron.php?doing_wp_cron=1741530373.7874400615692138671875 HTTP/1.1" 200 0 "-" "WordPress/6.7.2; https://sarkariyojanaguru.xyz"
69.171.231.7 - - [09/Mar/2025:22:07:45 +0530] "GET /robots.txt HTTP/2" 200 67 "-" "facebookexternalhit/1.1 (+http://www.facebook.com/externalhit_uatext.php)"
157.245.210.253 - - [09/Mar/2025:22:34:13 +0530] "GET /wp-admin/user/ HTTP/1.1" 302 0 "binance.com" "Mozilla/5.0 (Windows NT 10.0; Win64; x64) AppleWebKit/537.36 (KHTML, like Gecko) Chrome/90.0.4430.85 Safari/537.36"
157.245.210.253 - - [09/Mar/2025:22:34:14 +0530] "GET /wp-login.php?redirect_to=https%3A%2F%2Fsarkariyojanaguru.xyz%2Fwp-admin%2Fuser%2F&reauth=1 HTTP/1.1" 200 2101 "binance.com" "Mozilla/5.0 (Windows NT 10.0; Win64; x64) AppleWebKit/537.36 (KHTML, like Gecko) Chrome/90.0.4430.85 Safari/537.36"
69.171.231.7 - - [09/Mar/2025:22:28:29 +0530] "GET /wp-content/uploads/2025/01/Sarkari-Yojana-Government-will-give-houses-to-the-homeless-know-who-will-be-eligible-for-the-schem.jpg HTTP/2" 404 28746 "-" "facebookexternalhit/1.1 (+http://www.facebook.com/externalhit_uatext.php)"
157.245.210.253 - - [09/Mar/2025:22:34:12 +0530] "GET /wp-admin/network/ HTTP/1.1" 302 0 "binance.com" "Mozilla/5.0 (Windows NT 10.0; Win64; x64) AppleWebKit/537.36 (KHTML, like Gecko) Chrome/90.0.4430.85 Safari/537.36"
157.245.210.253 - - [09/Mar/2025:22:34:12 +0530] "GET /wp-login.php?redirect_to=https%3A%2F%2Fsarkariyojanaguru.xyz%2Fwp-admin%2Fnetwork%2F&reauth=1 HTTP/1.1" 200 2104 "binance.com" "Mozilla/5.0 (Windows NT 10.0; Win64; x64) AppleWebKit/537.36 (KHTML, like Gecko) Chrome/90.0.4430.85 Safari/537.36"
45.157.54.35 - - [09/Mar/2025:22:49:20 +0530] "POST /xmlrpc.php HTTP/2" 200 403 "-" "Mozilla/5.0 (Windows NT 10.0; Win64; x64) AppleWebKit/537.36 (KHTML, like Gecko) Chrome/127.0.0.0 Safari/537.36"
69.171.231.4 - - [09/Mar/2025:22:28:31 +0530] "GET /wp-content/uploads/2025/01/Sarkari-Yojana-Government-will-give-houses-to-the-homeless-know-who-will-be-eligible-for-the-schem.jpg HTTP/2" 404 28746 "-" "facebookexternalhit/1.1 (+http://www.facebook.com/externalhit_uatext.php)"
173.252.87.5 - - [09/Mar/2025:22:07:48 +0530] "GET /robots.txt HTTP/1.1" 200 70 "-" "facebookexternalhit/1.1 (+http://www.facebook.com/externalhit_uatext.php)"
162.55.100.32 - - [09/Mar/2025:22:07:47 +0530] "POST /wp-cron.php?doing_wp_cron=1741538267.4741919040679931640625 HTTP/1.1" 200 0 "-" "WordPress/6.7.2; https://sarkariyojanaguru.xyz"
45.157.54.35 - - [09/Mar/2025:22:49:11 +0530] "POST /xmlrpc.php HTTP/2" 200 403 "-" "Mozilla/5.0 (Windows NT 10.0; Win64; x64) AppleWebKit/537.36 (KHTML, like Gecko) Chrome/127.0.0.0 Safari/537.36"
51.222.253.8 - - [09/Mar/2025:23:32:45 +0530] "GET / HTTP/2" 200 10025 "-" "Mozilla/5.0 (compatible; AhrefsBot/7.0; +http://ahrefs.com/robot/)"
54.36.148.135 - - [09/Mar/2025:23:32:37 +0530] "GET /robots.txt HTTP/2" 200 61 "-" "Mozilla/5.0 (compatible; AhrefsBot/7.0; +http://ahrefs.com/robot/)"
162.55.100.32 - - [09/Mar/2025:23:32:43 +0530] "POST /wp-cron.php?doing_wp_cron=1741543363.5650470256805419921875 HTTP/1.1" 200 0 "-" "WordPress/6.7.2; https://sarkariyojanaguru.xyz"
195.191.219.130 - - [10/Mar/2025:00:20:33 +0530] "GET /robots.txt HTTP/1.1" 200 61 "-" "Mozilla/5.0 (compatible; MJ12bot/v2.0.0; http://mj12bot.com/)"
195.191.219.130 - - [10/Mar/2025:00:20:35 +0530] "GET /sarkari-yojana-through-this-scheme-farmers-will-get-an-amount-of-%E2%82%B9-6000-every-year/feed/ HTTP/1.1" 200 503 "-" "Mozilla/5.0 (compatible; MJ12bot/v2.0.0; http://mj12bot.com/)"
162.55.100.32 - - [10/Mar/2025:01:04:28 +0530] "POST /wp-cron.php?doing_wp_cron=1741548868.0352070331573486328125 HTTP/1.1" 200 0 "-" "WordPress/6.7.2; https://sarkariyojanaguru.xyz"
54.38.85.17 - - [10/Mar/2025:01:04:27 +0530] "GET /robots.txt HTTP/1.1" 200 67 "-" "Mozilla/5.0 (compatible; MJ12bot/v1.4.8; http://mj12bot.com/)"
54.38.85.17 - - [10/Mar/2025:01:04:33 +0530] "GET /post-office-yojana-every-month-you-will-get-a-profit-of-%E2%82%B9-9250-in-the-mis-scheme-of-the-post-office/ HTTP/1.1" 404 6853 "-" "Mozilla/5.0 (compatible; MJ12bot/v1.4.8; http://mj12bot.com/)"
186.4.255.247 - - [10/Mar/2025:04:24:47 +0530] "POST /wp-comments-post.php HTTP/1.1" 200 0 "-" "Mozilla/5.0 (Windows NT 10.0; Win64; x64) AppleWebKit/537.36 (KHTML, like Gecko) Chrome/120.0.0.0 Safari/537.36"
91.246.41.166 - - [10/Mar/2025:04:24:35 +0530] "GET /comments/feed/ HTTP/1.1" 200 517 "-" "Mozilla/5.0 (Macintosh; Intel Mac OS X 10_15_7) AppleWebKit/537.36 (KHTML, like Gecko) Chrome/133.0.0.0 Safari/537.36"
162.55.100.32 - - [10/Mar/2025:04:24:33 +0530] "POST /wp-cron.php?doing_wp_cron=1741560873.2209889888763427734375 HTTP/1.1" 200 0 "-" "WordPress/6.7.2; https://sarkariyojanaguru.xyz"
91.246.41.166 - - [10/Mar/2025:04:24:43 +0530] "GET /sarkari-yojana-pension-status-how-to-check/ HTTP/1.1" 200 623780 "-" "Mozilla/5.0 (Macintosh; Intel Mac OS X 10_15_7) AppleWebKit/537.36 (KHTML, like Gecko) Chrome/133.0.0.0 Safari/537.36"
91.246.41.166 - - [10/Mar/2025:04:24:26 +0530] "GET / HTTP/1.1" 200 11755 "-" "Mozilla/5.0 (Macintosh; Intel Mac OS X 10_15_7) AppleWebKit/537.36 (KHTML, like Gecko) Chrome/133.0.0.0 Safari/537.36"
186.4.255.247 - - [10/Mar/2025:04:24:59 +0530] "POST /contact-us/ HTTP/1.1" 200 8371 "-" "Mozilla/5.0 (Windows NT 10.0; Win64; x64) AppleWebKit/537.36 (KHTML, like Gecko) Chrome/120.0.0.0 Safari/537.36"
91.246.41.166 - - [10/Mar/2025:04:24:35 +0530] "GET /sarkari-yojana-pension-status-how-to-check/ HTTP/1.1" 200 623954 "-" "Mozilla/5.0 (Macintosh; Intel Mac OS X 10_15_7) AppleWebKit/537.36 (KHTML, like Gecko) Chrome/133.0.0.0 Safari/537.36"
91.246.41.166 - - [10/Mar/2025:04:24:53 +0530] "GET /sarkari-yojana-pension-status-how-to-check/ HTTP/1.1" 200 623780 "-" "Mozilla/5.0 (Macintosh; Intel Mac OS X 10_15_7) AppleWebKit/537.36 (KHTML, like Gecko) Chrome/133.0.0.0 Safari/537.36"
186.4.255.247 - - [10/Mar/2025:04:24:45 +0530] "POST /wp-comments-post.php HTTP/1.1" 200 1159 "-" "Mozilla/5.0 (Macintosh; Intel Mac OS X 10_15_7) AppleWebKit/537.36 (KHTML, like Gecko) Chrome/133.0.0.0 Safari/537.36"
91.246.41.166 - - [10/Mar/2025:04:24:54 +0530] "GET /contact-us/ HTTP/1.1" 200 8371 "-" "Mozilla/5.0 (Macintosh; Intel Mac OS X 10_15_7) AppleWebKit/537.36 (KHTML, like Gecko) Chrome/133.0.0.0 Safari/537.36"
186.4.255.247 - - [10/Mar/2025:04:24:57 +0530] "POST /contact-us/ HTTP/1.1" 200 8399 "-" "Mozilla/5.0 (Macintosh; Intel Mac OS X 10_15_7) AppleWebKit/537.36 (KHTML, like Gecko) Chrome/133.0.0.0 Safari/537.36"
186.4.255.247 - - [10/Mar/2025:04:24:38 +0530] "POST /wp-comments-post.php HTTP/1.1" 200 1159 "-" "Mozilla/5.0 (Macintosh; Intel Mac OS X 10_15_7) AppleWebKit/537.36 (KHTML, like Gecko) Chrome/133.0.0.0 Safari/537.36"
51.222.253.10 - - [10/Mar/2025:02:33:56 +0530] "GET / HTTP/2" 200 10027 "-" "Mozilla/5.0 (compatible; AhrefsBot/7.0; +http://ahrefs.com/robot/)"
186.4.255.247 - - [10/Mar/2025:04:24:40 +0530] "POST /wp-comments-post.php HTTP/1.1" 200 0 "-" "Mozilla/5.0 (Windows NT 10.0; Win64; x64) AppleWebKit/537.36 (KHTML, like Gecko) Chrome/120.0.0.0 Safari/537.36"
91.246.41.166 - - [10/Mar/2025:04:24:43 +0530] "GET /sarkari-yojana-pension-status-how-to-check/feed/ HTTP/1.1" 200 538 "-" "Mozilla/5.0 (Macintosh; Intel Mac OS X 10_15_7) AppleWebKit/537.36 (KHTML, like Gecko) Chrome/133.0.0.0 Safari/537.36"
49.13.222.154 - - [10/Mar/2025:05:42:51 +0530] "GET / HTTP/2" 200 10025 "-" "Mozilla/5.0 (Windows NT 10.0; Win64; x64) AppleWebKit/537.36 (KHTML, like Gecko) Chrome/131.0.0.0 Safari/537.36"
49.13.222.154 - - [10/Mar/2025:05:42:52 +0530] "GET /wp-includes/css/dist/block-library/style.min.css?ver=6.7.2 HTTP/2" 200 14225 "https://sarkariyojanaguru.xyz/" "Mozilla/5.0 (Windows NT 10.0; Win64; x64) AppleWebKit/537.36 (KHTML, like Gecko) Chrome/131.0.0.0 Safari/537.36"
49.13.222.154 - - [10/Mar/2025:05:42:52 +0530] "GET /wp-content/plugins/contact-form-7/includes/css/styles.css?ver=6.0.3 HTTP/2" 200 890 "https://sarkariyojanaguru.xyz/" "Mozilla/5.0 (Windows NT 10.0; Win64; x64) AppleWebKit/537.36 (KHTML, like Gecko) Chrome/131.0.0.0 Safari/537.36"
49.13.222.154 - - [10/Mar/2025:05:42:52 +0530] "GET /wp-content/themes/iconic-one-pro/style.css?ver=6.7.2 HTTP/2" 200 10813 "https://sarkariyojanaguru.xyz/" "Mozilla/5.0 (Windows NT 10.0; Win64; x64) AppleWebKit/537.36 (KHTML, like Gecko) Chrome/131.0.0.0 Safari/537.36"
49.13.222.154 - - [10/Mar/2025:05:42:52 +0530] "GET /wp-content/themes/iconic-one-pro/custom.css?ver=6.7.2 HTTP/2" 200 74 "https://sarkariyojanaguru.xyz/" "Mozilla/5.0 (Windows NT 10.0; Win64; x64) AppleWebKit/537.36 (KHTML, like Gecko) Chrome/131.0.0.0 Safari/537.36"
49.13.222.154 - - [10/Mar/2025:05:42:52 +0530] "GET /wp-content/themes/iconic-one-pro/fonts/font-awesome.min.css?ver=6.7.2 HTTP/2" 200 6283 "https://sarkariyojanaguru.xyz/" "Mozilla/5.0 (Windows NT 10.0; Win64; x64) AppleWebKit/537.36 (KHTML, like Gecko) Chrome/131.0.0.0 Safari/537.36"
49.13.222.154 - - [10/Mar/2025:05:42:52 +0530] "GET /wp-content/themes/iconic-one-pro/js/flexslider.css?ver=6.7.2 HTTP/2" 200 1484 "https://sarkariyojanaguru.xyz/" "Mozilla/5.0 (Windows NT 10.0; Win64; x64) AppleWebKit/537.36 (KHTML, like Gecko) Chrome/131.0.0.0 Safari/537.36"
49.13.222.154 - - [10/Mar/2025:05:42:52 +0530] "GET /wp-includes/js/jquery/jquery.min.js?ver=3.7.1 HTTP/2" 200 29744 "https://sarkariyojanaguru.xyz/" "Mozilla/5.0 (Windows NT 10.0; Win64; x64) AppleWebKit/537.36 (KHTML, like Gecko) Chrome/131.0.0.0 Safari/537.36"
49.13.222.154 - - [10/Mar/2025:05:42:52 +0530] "GET /wp-includes/js/jquery/jquery-migrate.min.js?ver=3.4.1 HTTP/2" 200 4678 "https://sarkariyojanaguru.xyz/" "Mozilla/5.0 (Windows NT 10.0; Win64; x64) AppleWebKit/537.36 (KHTML, like Gecko) Chrome/131.0.0.0 Safari/537.36"
49.13.222.154 - - [10/Mar/2025:05:42:52 +0530] "GET /wp-content/themes/iconic-one-pro/js/respond.min.js?ver=6.7.2 HTTP/2" 200 1880 "https://sarkariyojanaguru.xyz/" "Mozilla/5.0 (Windows NT 10.0; Win64; x64) AppleWebKit/537.36 (KHTML, like Gecko) Chrome/131.0.0.0 Safari/537.36"
49.13.222.154 - - [10/Mar/2025:05:42:52 +0530] "GET /wp-content/themes/iconic-one-pro/js/jquery.flexslider-min.js?ver=6.7.2 HTTP/2" 200 5056 "https://sarkariyojanaguru.xyz/" "Mozilla/5.0 (Windows NT 10.0; Win64; x64) AppleWebKit/537.36 (KHTML, like Gecko) Chrome/131.0.0.0 Safari/537.36"
49.13.222.154 - - [10/Mar/2025:05:42:52 +0530] "GET /wp-content/themes/iconic-one-pro/js/flexslider-init.js?ver=6.7.2 HTTP/2" 200 292 "https://sarkariyojanaguru.xyz/" "Mozilla/5.0 (Windows NT 10.0; Win64; x64) AppleWebKit/537.36 (KHTML, like Gecko) Chrome/131.0.0.0 Safari/537.36"
49.13.222.154 - - [10/Mar/2025:05:42:52 +0530] "GET /wp-content/uploads/2025/02/Capture.png HTTP/2" 200 15211 "https://sarkariyojanaguru.xyz/" "Mozilla/5.0 (Windows NT 10.0; Win64; x64) AppleWebKit/537.36 (KHTML, like Gecko) Chrome/131.0.0.0 Safari/537.36"
49.13.222.154 - - [10/Mar/2025:05:42:52 +0530] "GET /wp-content/uploads/2025/02/PM-Kisan-Yojana-9.8-crore-farmers-got-2-thousand-rupees-on-the-19th-installment-200x140.png HTTP/2" 200 58017 "https://sarkariyojanaguru.xyz/" "Mozilla/5.0 (Windows NT 10.0; Win64; x64) AppleWebKit/537.36 (KHTML, like Gecko) Chrome/131.0.0.0 Safari/537.36"
195.191.219.130 - - [10/Mar/2025:05:41:51 +0530] "GET /robots.txt HTTP/1.1" 200 61 "-" "Mozilla/5.0 (compatible; MJ12bot/v2.0.0; http://mj12bot.com/)"
195.191.219.130 - - [10/Mar/2025:05:41:53 +0530] "GET /post-office-yojana-every-month-you-will-get-a-profit-of-%E2%82%B9-9250-in-the-mis-scheme-of-the-post-office/ HTTP/1.1" 404 6853 "-" "Mozilla/5.0 (compatible; MJ12bot/v2.0.0; http://mj12bot.com/)"
91.201.113.132 - - [10/Mar/2025:10:03:12 +0530] "POST /wp-comments-post.php HTTP/1.0" 302 0 "https://sarkariyojanaguru.xyz/pm-kisan-yojana-9-8-crore-farmers-got-2-thousand-rupees-on-the-19th-installment/" "Mozilla/5.0 (Windows NT 10.0; Win64; x64) AppleWebKit/537.36 (KHTML, like Gecko) Chrome/129.0.0.0 Safari/537.36"
91.201.113.132 - - [10/Mar/2025:10:03:13 +0530] "GET /pm-kisan-yojana-9-8-crore-farmers-got-2-thousand-rupees-on-the-19th-installment/ HTTP/1.0" 200 69148 "https://sarkariyojanaguru.xyz/pm-kisan-yojana-9-8-crore-farmers-got-2-thousand-rupees-on-the-19th-installment/#comment-4" "Mozilla/5.0 (Windows NT 10.0; Win64; x64) AppleWebKit/537.36 (KHTML, like Gecko) Chrome/129.0.0.0 Safari/537.36"
91.201.113.132 - - [10/Mar/2025:10:03:12 +0530] "GET /pm-kisan-yojana-9-8-crore-farmers-got-2-thousand-rupees-on-the-19th-installment/ HTTP/1.0" 200 66839 "https://sarkariyojanaguru.xyz/pm-kisan-yojana-9-8-crore-farmers-got-2-thousand-rupees-on-the-19th-installment/" "Mozilla/5.0 (Windows NT 10.0; Win64; x64) AppleWebKit/537.36 (KHTML, like Gecko) Chrome/129.0.0.0 Safari/537.36"
38.137.58.173 - - [10/Mar/2025:11:25:12 +0530] "GET /sapp-wp-signon.php?pass=ccd4w9qvbssbcgcnwg5gyp2onyjg94ln HTTP/2" 302 0 "https://server596.iseencloud.net:2083/" "Mozilla/5.0 (Windows NT 10.0; Win64; x64) AppleWebKit/537.36 (KHTML, like Gecko) Chrome/133.0.0.0 Safari/537.36"
38.137.58.173 - - [10/Mar/2025:11:25:12 +0530] "GET /sapp-wp-signon.php?pass=ccd4w9qvbssbcgcnwg5gyp2onyjg94ln&FLUSH_CACHE=1 HTTP/2" 302 0 "https://server596.iseencloud.net:2083/" "Mozilla/5.0 (Windows NT 10.0; Win64; x64) AppleWebKit/537.36 (KHTML, like Gecko) Chrome/133.0.0.0 Safari/537.36"
38.137.58.173 - - [10/Mar/2025:11:25:12 +0530] "GET /wp-admin/ HTTP/2" 200 23177 "https://server596.iseencloud.net:2083/" "Mozilla/5.0 (Windows NT 10.0; Win64; x64) AppleWebKit/537.36 (KHTML, like Gecko) Chrome/133.0.0.0 Safari/537.36"
38.137.58.173 - - [10/Mar/2025:11:25:13 +0530] "GET /wp-content/plugins/siteseo/assets/css/admin-bar.css?ver=1.1.4 HTTP/2" 200 1203 "https://sarkariyojanaguru.xyz/wp-admin/" "Mozilla/5.0 (Windows NT 10.0; Win64; x64) AppleWebKit/537.36 (KHTML, like Gecko) Chrome/133.0.0.0 Safari/537.36"
38.137.58.173 - - [10/Mar/2025:11:25:13 +0530] "GET /wp-content/plugins/insert-headers-and-footers/build/admin-bar.css?ver=8afeca4aaad1d56fefb41623b6b7b000 HTTP/2" 200 561 "https://sarkariyojanaguru.xyz/wp-admin/" "Mozilla/5.0 (Windows NT 10.0; Win64; x64) AppleWebKit/537.36 (KHTML, like Gecko) Chrome/133.0.0.0 Safari/537.36"
38.137.58.173 - - [10/Mar/2025:11:25:13 +0530] "GET /wp-includes/js/thickbox/thickbox.css?ver=6.7.2 HTTP/2" 200 824 "https://sarkariyojanaguru.xyz/wp-admin/" "Mozilla/5.0 (Windows NT 10.0; Win64; x64) AppleWebKit/537.36 (KHTML, like Gecko) Chrome/133.0.0.0 Safari/537.36"
38.137.58.173 - - [10/Mar/2025:11:25:13 +0530] "GET /wp-admin/load-scripts.php?c=1&load%5Bchunk_0%5D=jquery-core,jquery-migrate,utils&ver=6.7.2 HTTP/2" 200 36184 "https://sarkariyojanaguru.xyz/wp-admin/" "Mozilla/5.0 (Windows NT 10.0; Win64; x64) AppleWebKit/537.36 (KHTML, like Gecko) Chrome/133.0.0.0 Safari/537.36"
38.137.58.173 - - [10/Mar/2025:11:25:13 +0530] "GET /wp-content/themes/iconic-one-pro/themonic/options//img/menu_icon.png HTTP/2" 200 420 "https://sarkariyojanaguru.xyz/wp-admin/" "Mozilla/5.0 (Windows NT 10.0; Win64; x64) AppleWebKit/537.36 (KHTML, like Gecko) Chrome/133.0.0.0 Safari/537.36"
38.137.58.173 - - [10/Mar/2025:11:25:13 +0530] "GET /wp-admin/load-styles.php?c=1&dir=ltr&load%5Bchunk_0%5D=dashicons,admin-bar,site-health,common,forms,admin-menu,dashboard,list-tables,edit,revisions,media,themes,about,nav-menus,wp-poi&load%5Bchunk_1%5D=nter,widgets,site-icon,l10n,buttons,wp-auth-check&ver=6.7.2 HTTP/2" 200 104993 "https://sarkariyojanaguru.xyz/wp-admin/" "Mozilla/5.0 (Windows NT 10.0; Win64; x64) AppleWebKit/537.36 (KHTML, like Gecko) Chrome/133.0.0.0 Safari/537.36"
38.137.58.173 - - [10/Mar/2025:11:25:13 +0530] "GET /wp-content/plugins/siteseo/assets/img/logo-24.svg HTTP/2" 200 2159 "https://sarkariyojanaguru.xyz/wp-admin/" "Mozilla/5.0 (Windows NT 10.0; Win64; x64) AppleWebKit/537.36 (KHTML, like Gecko) Chrome/133.0.0.0 Safari/537.36"
38.137.58.173 - - [10/Mar/2025:11:25:14 +0530] "GET /wp-content/plugins/pagelayer/images/pagelayer-logo-19.png HTTP/2" 200 1512 "https://sarkariyojanaguru.xyz/wp-admin/" "Mozilla/5.0 (Windows NT 10.0; Win64; x64) AppleWebKit/537.36 (KHTML, like Gecko) Chrome/133.0.0.0 Safari/537.36"
38.137.58.173 - - [10/Mar/2025:11:25:14 +0530] "GET /wp-content/plugins/speedycache/assets/images/icon.svg HTTP/2" 200 1896 "https://sarkariyojanaguru.xyz/wp-admin/" "Mozilla/5.0 (Windows NT 10.0; Win64; x64) AppleWebKit/537.36 (KHTML, like Gecko) Chrome/133.0.0.0 Safari/537.36"
38.137.58.173 - - [10/Mar/2025:11:25:14 +0530] "GET /wp-content/plugins/pagelayer/images/pagelayer-logo-256.png HTTP/2" 200 6854 "https://sarkariyojanaguru.xyz/wp-admin/" "Mozilla/5.0 (Windows NT 10.0; Win64; x64) AppleWebKit/537.36 (KHTML, like Gecko) Chrome/133.0.0.0 Safari/537.36"
38.137.58.173 - - [10/Mar/2025:11:25:14 +0530] "GET /wp-includes/css/editor.min.css?ver=6.7.2 HTTP/2" 200 5614 "https://sarkariyojanaguru.xyz/wp-admin/" "Mozilla/5.0 (Windows NT 10.0; Win64; x64) AppleWebKit/537.36 (KHTML, like Gecko) Chrome/133.0.0.0 Safari/537.36"
38.137.58.173 - - [10/Mar/2025:11:25:14 +0530] "GET /wp-content/plugins/siteseo/assets/css/classic-editor.css?ver=1.1.4 HTTP/2" 200 566 "https://sarkariyojanaguru.xyz/wp-admin/" "Mozilla/5.0 (Windows NT 10.0; Win64; x64) AppleWebKit/537.36 (KHTML, like Gecko) Chrome/133.0.0.0 Safari/537.36"
38.137.58.173 - - [10/Mar/2025:11:25:14 +0530] "GET /wp-admin/load-scripts.php?c=1&load%5Bchunk_0%5D=hoverIntent,wp-dom-ready,wp-hooks&ver=6.7.2 HTTP/2" 200 2400 "https://sarkariyojanaguru.xyz/wp-admin/" "Mozilla/5.0 (Windows NT 10.0; Win64; x64) AppleWebKit/537.36 (KHTML, like Gecko) Chrome/133.0.0.0 Safari/537.36"
38.137.58.173 - - [10/Mar/2025:11:25:14 +0530] "GET /wp-includes/js/dist/i18n.min.js?ver=5e580eb46a90c2b997e6 HTTP/2" 200 3542 "https://sarkariyojanaguru.xyz/wp-admin/" "Mozilla/5.0 (Windows NT 10.0; Win64; x64) AppleWebKit/537.36 (KHTML, like Gecko) Chrome/133.0.0.0 Safari/537.36"
38.137.58.173 - - [10/Mar/2025:11:25:14 +0530] "GET /wp-includes/js/dist/a11y.min.js?ver=3156534cc54473497e14 HTTP/2" 200 827 "https://sarkariyojanaguru.xyz/wp-admin/" "Mozilla/5.0 (Windows NT 10.0; Win64; x64) AppleWebKit/537.36 (KHTML, like Gecko) Chrome/133.0.0.0 Safari/537.36"
38.137.58.173 - - [10/Mar/2025:11:25:14 +0530] "GET /wp-admin/js/common.min.js?ver=6.7.2 HTTP/2" 200 7435 "https://sarkariyojanaguru.xyz/wp-admin/" "Mozilla/5.0 (Windows NT 10.0; Win64; x64) AppleWebKit/537.36 (KHTML, like Gecko) Chrome/133.0.0.0 Safari/537.36"
38.137.58.173 - - [10/Mar/2025:11:25:14 +0530] "GET /wp-content/plugins/insert-headers-and-footers/build/admin-bar.js?ver=8afeca4aaad1d56fefb41623b6b7b000 HTTP/2" 200 461 "https://sarkariyojanaguru.xyz/wp-admin/" "Mozilla/5.0 (Windows NT 10.0; Win64; x64) AppleWebKit/537.36 (KHTML, like Gecko) Chrome/133.0.0.0 Safari/537.36"
38.137.58.173 - - [10/Mar/2025:11:25:14 +0530] "GET /wp-includes/js/hoverintent-js.min.js?ver=2.2.1 HTTP/2" 200 665 "https://sarkariyojanaguru.xyz/wp-admin/" "Mozilla/5.0 (Windows NT 10.0; Win64; x64) AppleWebKit/537.36 (KHTML, like Gecko) Chrome/133.0.0.0 Safari/537.36"
38.137.58.173 - - [10/Mar/2025:11:25:14 +0530] "GET /wp-includes/js/admin-bar.min.js?ver=6.7.2 HTTP/2" 200 1223 "https://sarkariyojanaguru.xyz/wp-admin/" "Mozilla/5.0 (Windows NT 10.0; Win64; x64) AppleWebKit/537.36 (KHTML, like Gecko) Chrome/133.0.0.0 Safari/537.36"
38.137.58.173 - - [10/Mar/2025:11:25:14 +0530] "GET /wp-includes/js/clipboard.min.js?ver=2.0.11 HTTP/2" 200 2989 "https://sarkariyojanaguru.xyz/wp-admin/" "Mozilla/5.0 (Windows NT 10.0; Win64; x64) AppleWebKit/537.36 (KHTML, like Gecko) Chrome/133.0.0.0 Safari/537.36"
38.137.58.173 - - [10/Mar/2025:11:25:14 +0530] "GET /wp-includes/js/underscore.min.js?ver=1.13.7 HTTP/2" 200 7197 "https://sarkariyojanaguru.xyz/wp-admin/" "Mozilla/5.0 (Windows NT 10.0; Win64; x64) AppleWebKit/537.36 (KHTML, like Gecko) Chrome/133.0.0.0 Safari/537.36"
38.137.58.173 - - [10/Mar/2025:11:25:14 +0530] "GET /wp-includes/js/wp-util.min.js?ver=6.7.2 HTTP/2" 200 690 "https://sarkariyojanaguru.xyz/wp-admin/" "Mozilla/5.0 (Windows NT 10.0; Win64; x64) AppleWebKit/537.36 (KHTML, like Gecko) Chrome/133.0.0.0 Safari/537.36"
38.137.58.173 - - [10/Mar/2025:11:25:14 +0530] "GET /wp-includes/js/api-request.min.js?ver=6.7.2 HTTP/2" 200 530 "https://sarkariyojanaguru.xyz/wp-admin/" "Mozilla/5.0 (Windows NT 10.0; Win64; x64) AppleWebKit/537.36 (KHTML, like Gecko) Chrome/133.0.0.0 Safari/537.36"
38.137.58.173 - - [10/Mar/2025:11:25:14 +0530] "GET /wp-includes/js/dist/vendor/wp-polyfill.min.js?ver=3.15.0 HTTP/2" 200 13180 "https://sarkariyojanaguru.xyz/wp-admin/" "Mozilla/5.0 (Windows NT 10.0; Win64; x64) AppleWebKit/537.36 (KHTML, like Gecko) Chrome/133.0.0.0 Safari/537.36"
38.137.58.173 - - [10/Mar/2025:11:25:14 +0530] "GET /wp-includes/js/dist/url.min.js?ver=e87eb76272a3a08402d2 HTTP/2" 200 3588 "https://sarkariyojanaguru.xyz/wp-admin/" "Mozilla/5.0 (Windows NT 10.0; Win64; x64) AppleWebKit/537.36 (KHTML, like Gecko) Chrome/133.0.0.0 Safari/537.36"
38.137.58.173 - - [10/Mar/2025:11:25:14 +0530] "GET /wp-admin/js/site-health.min.js?ver=6.7.2 HTTP/2" 200 2019 "https://sarkariyojanaguru.xyz/wp-admin/" "Mozilla/5.0 (Windows NT 10.0; Win64; x64) AppleWebKit/537.36 (KHTML, like Gecko) Chrome/133.0.0.0 Safari/537.36"
38.137.58.173 - - [10/Mar/2025:11:25:14 +0530] "GET /wp-includes/js/wp-ajax-response.min.js?ver=6.7.2 HTTP/2" 200 976 "https://sarkariyojanaguru.xyz/wp-admin/" "Mozilla/5.0 (Windows NT 10.0; Win64; x64) AppleWebKit/537.36 (KHTML, like Gecko) Chrome/133.0.0.0 Safari/537.36"
38.137.58.173 - - [10/Mar/2025:11:25:14 +0530] "GET /wp-includes/js/jquery/jquery.color.min.js?ver=3.0.0 HTTP/2" 200 2641 "https://sarkariyojanaguru.xyz/wp-admin/" "Mozilla/5.0 (Windows NT 10.0; Win64; x64) AppleWebKit/537.36 (KHTML, like Gecko) Chrome/133.0.0.0 Safari/537.36"
38.137.58.173 - - [10/Mar/2025:11:25:14 +0530] "GET /wp-includes/js/wp-lists.min.js?ver=6.7.2 HTTP/2" 200 2359 "https://sarkariyojanaguru.xyz/wp-admin/" "Mozilla/5.0 (Windows NT 10.0; Win64; x64) AppleWebKit/537.36 (KHTML, like Gecko) Chrome/133.0.0.0 Safari/537.36"
38.137.58.173 - - [10/Mar/2025:11:25:14 +0530] "GET /wp-includes/js/quicktags.min.js?ver=6.7.2 HTTP/2" 200 3331 "https://sarkariyojanaguru.xyz/wp-admin/" "Mozilla/5.0 (Windows NT 10.0; Win64; x64) AppleWebKit/537.36 (KHTML, like Gecko) Chrome/133.0.0.0 Safari/537.36"
38.137.58.173 - - [10/Mar/2025:11:25:14 +0530] "GET /wp-includes/js/jquery/jquery.query.js?ver=2.2.3 HTTP/2" 200 1534 "https://sarkariyojanaguru.xyz/wp-admin/" "Mozilla/5.0 (Windows NT 10.0; Win64; x64) AppleWebKit/537.36 (KHTML, like Gecko) Chrome/133.0.0.0 Safari/537.36"
38.137.58.173 - - [10/Mar/2025:11:25:14 +0530] "GET /wp-admin/js/edit-comments.min.js?ver=6.7.2 HTTP/2" 200 4878 "https://sarkariyojanaguru.xyz/wp-admin/" "Mozilla/5.0 (Windows NT 10.0; Win64; x64) AppleWebKit/537.36 (KHTML, like Gecko) Chrome/133.0.0.0 Safari/537.36"
38.137.58.173 - - [10/Mar/2025:11:25:14 +0530] "GET /wp-includes/js/jquery/ui/core.min.js?ver=1.13.3 HTTP/2" 200 6811 "https://sarkariyojanaguru.xyz/wp-admin/" "Mozilla/5.0 (Windows NT 10.0; Win64; x64) AppleWebKit/537.36 (KHTML, like Gecko) Chrome/133.0.0.0 Safari/537.36"
38.137.58.173 - - [10/Mar/2025:11:25:14 +0530] "GET /wp-includes/js/jquery/ui/mouse.min.js?ver=1.13.3 HTTP/2" 200 1012 "https://sarkariyojanaguru.xyz/wp-admin/" "Mozilla/5.0 (Windows NT 10.0; Win64; x64) AppleWebKit/537.36 (KHTML, like Gecko) Chrome/133.0.0.0 Safari/537.36"
38.137.58.173 - - [10/Mar/2025:11:25:14 +0530] "GET /wp-includes/js/jquery/ui/sortable.min.js?ver=1.13.3 HTTP/2" 200 6358 "https://sarkariyojanaguru.xyz/wp-admin/" "Mozilla/5.0 (Windows NT 10.0; Win64; x64) AppleWebKit/537.36 (KHTML, like Gecko) Chrome/133.0.0.0 Safari/537.36"
38.137.58.173 - - [10/Mar/2025:11:25:14 +0530] "GET /wp-admin/js/postbox.min.js?ver=6.7.2 HTTP/2" 200 2053 "https://sarkariyojanaguru.xyz/wp-admin/" "Mozilla/5.0 (Windows NT 10.0; Win64; x64) AppleWebKit/537.36 (KHTML, like Gecko) Chrome/133.0.0.0 Safari/537.36"
38.137.58.173 - - [10/Mar/2025:11:25:14 +0530] "GET /wp-includes/js/dist/deprecated.min.js?ver=e1f84915c5e8ae38964c HTTP/2" 200 409 "https://sarkariyojanaguru.xyz/wp-admin/" "Mozilla/5.0 (Windows NT 10.0; Win64; x64) AppleWebKit/537.36 (KHTML, like Gecko) Chrome/133.0.0.0 Safari/537.36"
38.137.58.173 - - [10/Mar/2025:11:25:14 +0530] "GET /wp-admin/js/dashboard.min.js?ver=6.7.2 HTTP/2" 200 2835 "https://sarkariyojanaguru.xyz/wp-admin/" "Mozilla/5.0 (Windows NT 10.0; Win64; x64) AppleWebKit/537.36 (KHTML, like Gecko) Chrome/133.0.0.0 Safari/537.36"
38.137.58.173 - - [10/Mar/2025:11:25:14 +0530] "GET /wp-includes/js/thickbox/thickbox.js?ver=3.1-20121105 HTTP/2" 200 4013 "https://sarkariyojanaguru.xyz/wp-admin/" "Mozilla/5.0 (Windows NT 10.0; Win64; x64) AppleWebKit/537.36 (KHTML, like Gecko) Chrome/133.0.0.0 Safari/537.36"
38.137.58.173 - - [10/Mar/2025:11:25:14 +0530] "GET /wp-admin/js/plugin-install.min.js?ver=6.7.2 HTTP/2" 200 903 "https://sarkariyojanaguru.xyz/wp-admin/" "Mozilla/5.0 (Windows NT 10.0; Win64; x64) AppleWebKit/537.36 (KHTML, like Gecko) Chrome/133.0.0.0 Safari/537.36"
38.137.58.173 - - [10/Mar/2025:11:25:14 +0530] "GET /wp-includes/js/wp-sanitize.min.js?ver=6.7.2 HTTP/2" 200 236 "https://sarkariyojanaguru.xyz/wp-admin/" "Mozilla/5.0 (Windows NT 10.0; Win64; x64) AppleWebKit/537.36 (KHTML, like Gecko) Chrome/133.0.0.0 Safari/537.36"
38.137.58.173 - - [10/Mar/2025:11:25:14 +0530] "GET /wp-admin/js/updates.min.js?ver=6.7.2 HTTP/2" 200 9910 "https://sarkariyojanaguru.xyz/wp-admin/" "Mozilla/5.0 (Windows NT 10.0; Win64; x64) AppleWebKit/537.36 (KHTML, like Gecko) Chrome/133.0.0.0 Safari/537.36"
38.137.58.173 - - [10/Mar/2025:11:25:14 +0530] "GET /wp-includes/js/shortcode.min.js?ver=6.7.2 HTTP/2" 200 1078 "https://sarkariyojanaguru.xyz/wp-admin/" "Mozilla/5.0 (Windows NT 10.0; Win64; x64) AppleWebKit/537.36 (KHTML, like Gecko) Chrome/133.0.0.0 Safari/537.36"
38.137.58.173 - - [10/Mar/2025:11:25:14 +0530] "GET /wp-admin/js/media-upload.min.js?ver=6.7.2 HTTP/2" 200 540 "https://sarkariyojanaguru.xyz/wp-admin/" "Mozilla/5.0 (Windows NT 10.0; Win64; x64) AppleWebKit/537.36 (KHTML, like Gecko) Chrome/133.0.0.0 Safari/537.36"
38.137.58.173 - - [10/Mar/2025:11:25:14 +0530] "GET /wp-admin/js/svg-painter.js?ver=6.7.2 HTTP/2" 200 1111 "https://sarkariyojanaguru.xyz/wp-admin/" "Mozilla/5.0 (Windows NT 10.0; Win64; x64) AppleWebKit/537.36 (KHTML, like Gecko) Chrome/133.0.0.0 Safari/537.36"
38.137.58.173 - - [10/Mar/2025:11:25:14 +0530] "GET /wp-includes/js/heartbeat.min.js?ver=6.7.2 HTTP/2" 200 1947 "https://sarkariyojanaguru.xyz/wp-admin/" "Mozilla/5.0 (Windows NT 10.0; Win64; x64) AppleWebKit/537.36 (KHTML, like Gecko) Chrome/133.0.0.0 Safari/537.36"
