147.182.185.38 - - [26/Feb/2025:00:40:00 +0530] "GET /wp-admin/network/ HTTP/1.1" 302 0 "binance.com" "Mozilla/5.0 (Windows NT 10.0; Win64; x64) AppleWebKit/537.36 (KHTML, like Gecko) Chrome/90.0.4430.85 Safari/537.36"
147.182.185.38 - - [26/Feb/2025:00:40:01 +0530] "GET /wp-login.php?redirect_to=https%3A%2F%2Fsarkariyojanaguru.xyz%2Fwp-admin%2Fnetwork%2F&reauth=1 HTTP/1.1" 200 2103 "binance.com" "Mozilla/5.0 (Windows NT 10.0; Win64; x64) AppleWebKit/537.36 (KHTML, like Gecko) Chrome/90.0.4430.85 Safari/537.36"
91.201.115.174 - - [26/Feb/2025:01:01:54 +0530] "GET /contact-us/ HTTP/1.1" 200 8377 "-" "Mozilla/5.0 (Macintosh; Intel Mac OS X 10_15_7) AppleWebKit/537.36 (KHTML, like Gecko) Chrome/133.0.0.0 Safari/537.36"
102.132.20.198 - - [26/Feb/2025:01:02:05 +0530] "POST /contact-us/ HTTP/1.1" 200 8371 "-" "Mozilla/5.0 (Windows NT 10.0; Win64; x64) AppleWebKit/537.36 (KHTML, like Gecko) Chrome/120.0.0.0 Safari/537.36"
69.63.189.113 - - [26/Feb/2025:01:28:35 +0530] "GET /pradhan-mantri-awas-yojana-how-to-apply-online-pm-awas-yojana-list-eligibility/ HTTP/2" 404 28746 "-" "facebookexternalhit/1.1 (+http://www.facebook.com/externalhit_uatext.php)"
51.222.253.8 - - [26/Feb/2025:02:02:06 +0530] "GET /list-of-all-indian-government-schemes-for-upsc/ HTTP/2" 404 6855 "-" "Mozilla/5.0 (compatible; AhrefsBot/7.0; +http://ahrefs.com/robot/)"
91.201.115.174 - - [26/Feb/2025:01:01:16 +0530] "GET /sarkari-yojana-pension-status-how-to-check/ HTTP/1.1" 200 623780 "-" "Mozilla/5.0 (Macintosh; Intel Mac OS X 10_15_7) AppleWebKit/537.36 (KHTML, like Gecko) Chrome/133.0.0.0 Safari/537.36"
173.252.83.5 - - [26/Feb/2025:01:28:18 +0530] "GET /wp-content/uploads/2025/01/sarkari-yojana-guru-Pradhan-Mantri-Awas-Yojana-How-to-apply-online-PM-Awas-Yojana-list-eligibility.jpg HTTP/2" 404 28746 "-" "facebookexternalhit/1.1 (+http://www.facebook.com/externalhit_uatext.php)"
91.201.115.174 - - [26/Feb/2025:01:01:49 +0530] "GET /sarkari-yojana-pension-status-how-to-check/ HTTP/1.1" 200 623247 "-" "Mozilla/5.0 (Macintosh; Intel Mac OS X 10_15_7) AppleWebKit/537.36 (KHTML, like Gecko) Chrome/133.0.0.0 Safari/537.36"
102.132.20.198 - - [26/Feb/2025:01:01:15 +0530] "POST /wp-comments-post.php HTTP/1.1" 200 0 "-" "Mozilla/5.0 (Windows NT 10.0; Win64; x64) AppleWebKit/537.36 (KHTML, like Gecko) Chrome/120.0.0.0 Safari/537.36"
91.201.115.174 - - [26/Feb/2025:01:01:15 +0530] "GET /sarkari-yojana-pension-status-how-to-check/feed/ HTTP/1.1" 200 538 "-" "Mozilla/5.0 (Macintosh; Intel Mac OS X 10_15_7) AppleWebKit/537.36 (KHTML, like Gecko) Chrome/133.0.0.0 Safari/537.36"
162.241.181.223 - - [26/Feb/2025:01:08:11 +0530] "GET /wp-login.php HTTP/1.1" 200 2098 "http://sarkariyojanaguru.xyz/wp-login.php" "GRequests/0.10"
69.63.189.8 - - [26/Feb/2025:01:28:35 +0530] "GET /pradhan-mantri-awas-yojana-how-to-apply-online-pm-awas-yojana-list-eligibility/ HTTP/2" 404 28746 "-" "facebookexternalhit/1.1 (+http://www.facebook.com/externalhit_uatext.php)"
91.201.115.174 - - [26/Feb/2025:01:01:05 +0530] "GET / HTTP/1.1" 200 11755 "-" "Mozilla/5.0 (Macintosh; Intel Mac OS X 10_15_7) AppleWebKit/537.36 (KHTML, like Gecko) Chrome/133.0.0.0 Safari/537.36"
91.201.115.174 - - [26/Feb/2025:01:01:06 +0530] "GET /comments/feed/ HTTP/1.1" 200 517 "-" "Mozilla/5.0 (Macintosh; Intel Mac OS X 10_15_7) AppleWebKit/537.36 (KHTML, like Gecko) Chrome/133.0.0.0 Safari/537.36"
69.63.189.6 - - [26/Feb/2025:01:28:35 +0530] "GET /pradhan-mantri-awas-yojana-how-to-apply-online-pm-awas-yojana-list-eligibility/ HTTP/2" 404 28746 "-" "facebookexternalhit/1.1 (+http://www.facebook.com/externalhit_uatext.php)"
162.55.100.32 - - [26/Feb/2025:01:01:05 +0530] "POST /wp-cron.php?doing_wp_cron=1740511865.9234530925750732421875 HTTP/1.1" 200 0 "-" "WordPress/6.7.2; https://sarkariyojanaguru.xyz"
91.201.115.174 - - [26/Feb/2025:01:01:06 +0530] "GET /sarkari-yojana-pension-status-how-to-check/ HTTP/1.1" 200 623954 "-" "Mozilla/5.0 (Macintosh; Intel Mac OS X 10_15_7) AppleWebKit/537.36 (KHTML, like Gecko) Chrome/133.0.0.0 Safari/537.36"
102.132.20.198 - - [26/Feb/2025:01:01:14 +0530] "POST /wp-comments-post.php HTTP/1.1" 200 1159 "-" "Mozilla/5.0 (Macintosh; Intel Mac OS X 10_15_7) AppleWebKit/537.36 (KHTML, like Gecko) Chrome/133.0.0.0 Safari/537.36"
102.132.20.198 - - [26/Feb/2025:01:01:26 +0530] "POST /wp-comments-post.php HTTP/1.1" 200 1159 "-" "Mozilla/5.0 (Macintosh; Intel Mac OS X 10_15_7) AppleWebKit/537.36 (KHTML, like Gecko) Chrome/133.0.0.0 Safari/537.36"
162.241.181.223 - - [26/Feb/2025:01:08:12 +0530] "GET /wp-login.php HTTP/1.1" 200 2098 "http://sarkariyojanaguru.xyz/wp-login.php" "GRequests/0.10"
162.241.181.223 - - [26/Feb/2025:01:08:13 +0530] "GET /wp-admin/ HTTP/1.1" 302 0 "http://sarkariyojanaguru.xyz/wp-admin/" "GRequests/0.10"
162.241.181.223 - - [26/Feb/2025:01:08:13 +0530] "GET /wp-login.php?redirect_to=https%3A%2F%2Fsarkariyojanaguru.xyz%2Fwp-admin%2F&reauth=1 HTTP/1.1" 200 2098 "https://sarkariyojanaguru.xyz/wp-admin/" "GRequests/0.10"
87.250.224.55 - - [26/Feb/2025:02:36:41 +0530] "GET /sarkari-yojana-bihar-2025-list-latest-government-schemes/ HTTP/1.1" 404 7633 "-" "Mozilla/5.0 (compatible; YandexBot/3.0; +http://yandex.com/bots)"
5.255.231.107 - - [26/Feb/2025:02:36:41 +0530] "GET /robots.txt HTTP/1.1" 200 67 "-" "Mozilla/5.0 (compatible; YandexBot/3.0; +http://yandex.com/bots)"
74.116.41.42 - - [26/Feb/2025:03:08:49 +0530] "GET /wp-login.php HTTP/1.1" 200 2098 "http://sarkariyojanaguru.xyz/wp-login.php" "GRequests/0.10"
74.116.41.42 - - [26/Feb/2025:03:08:49 +0530] "GET /wp-admin/ HTTP/1.1" 302 0 "http://sarkariyojanaguru.xyz/wp-admin/" "GRequests/0.10"
74.116.41.42 - - [26/Feb/2025:03:08:49 +0530] "GET /wp-login.php?redirect_to=https%3A%2F%2Fsarkariyojanaguru.xyz%2Fwp-admin%2F&reauth=1 HTTP/1.1" 200 2098 "https://sarkariyojanaguru.xyz/wp-admin/" "GRequests/0.10"
66.249.74.166 - - [26/Feb/2025:04:32:23 +0530] "GET /category-sitemap1.xml HTTP/1.1" 200 239 "-" "Mozilla/5.0 (compatible; Googlebot/2.1; +http://www.google.com/bot.html)"
51.222.253.6 - - [26/Feb/2025:05:37:43 +0530] "GET /sarkari-yojana-how-to-apply-for-ration-card-where-to-check-status-know-step-by-step-method-here/ HTTP/2" 404 6853 "-" "Mozilla/5.0 (compatible; AhrefsBot/7.0; +http://ahrefs.com/robot/)"
66.249.74.168 - - [26/Feb/2025:04:32:22 +0530] "GET /robots.txt HTTP/1.1" 200 61 "-" "Mozilla/5.0 (compatible; Googlebot/2.1; +http://www.google.com/bot.html)"
51.222.253.16 - - [26/Feb/2025:03:46:46 +0530] "GET /post-office-yojana-every-month-you-will-get-a-profit-of-%E2%82%B9-9250-in-the-mis-scheme-of-the-post-office/ HTTP/2" 404 6855 "-" "Mozilla/5.0 (compatible; AhrefsBot/7.0; +http://ahrefs.com/robot/)"
74.116.41.42 - - [26/Feb/2025:03:08:48 +0530] "GET /wp-login.php HTTP/1.1" 200 2098 "http://sarkariyojanaguru.xyz/wp-login.php" "GRequests/0.10"
162.55.100.32 - - [26/Feb/2025:07:51:35 +0530] "POST /wp-cron.php?doing_wp_cron=1740536495.2709760665893554687500 HTTP/1.1" 200 0 "-" "WordPress/6.7.2; https://sarkariyojanaguru.xyz"
31.13.127.18 - - [26/Feb/2025:08:12:04 +0530] "GET /wp-content/uploads/2025/01/sarkari-yojana-guru-Pradhan-Mantri-Awas-Yojana-How-to-apply-online-PM-Awas-Yojana-list-eligibility.jpg HTTP/2" 404 28746 "-" "facebookexternalhit/1.1 (+http://www.facebook.com/externalhit_uatext.php)"
148.230.217.6 - - [26/Feb/2025:07:56:35 +0530] "GET /wp-login.php HTTP/1.1" 200 2098 "http://sarkariyojanaguru.xyz/wp-login.php" "GRequests/0.10"
66.249.74.167 - - [26/Feb/2025:07:51:35 +0530] "GET /post-sitemap1.xml HTTP/1.1" 200 587 "-" "Mozilla/5.0 (compatible; Googlebot/2.1; +http://www.google.com/bot.html)"
66.249.74.168 - - [26/Feb/2025:07:51:29 +0530] "GET /robots.txt HTTP/1.1" 200 61 "-" "Mozilla/5.0 (compatible; Googlebot/2.1; +http://www.google.com/bot.html)"
189.148.202.234 - - [26/Feb/2025:07:56:37 +0530] "GET /wp-login.php HTTP/1.1" 200 2098 "http://sarkariyojanaguru.xyz/wp-login.php" "GRequests/0.10"
189.148.202.234 - - [26/Feb/2025:07:56:38 +0530] "GET /wp-admin/ HTTP/1.1" 302 0 "http://sarkariyojanaguru.xyz/wp-admin/" "GRequests/0.10"
189.148.202.234 - - [26/Feb/2025:07:56:38 +0530] "GET /wp-login.php?redirect_to=https%3A%2F%2Fsarkariyojanaguru.xyz%2Fwp-admin%2F&reauth=1 HTTP/1.1" 200 2098 "https://sarkariyojanaguru.xyz/wp-admin/" "GRequests/0.10"
66.249.74.166 - - [26/Feb/2025:08:17:42 +0530] "GET /bihar-mahila-sahayata-yojana-2025-women-get-assistance-of-rs-25000-know-benefits-and-process/ HTTP/1.1" 404 6855 "-" "Mozilla/5.0 (Linux; Android 6.0.1; Nexus 5X Build/MMB29P) AppleWebKit/537.36 (KHTML, like Gecko) Chrome/133.0.6943.53 Mobile Safari/537.36 (compatible; Googlebot/2.1; +http://www.google.com/bot.html)"
152.59.83.157 - - [26/Feb/2025:09:57:17 +0530] "GET /wp-includes/js/dist/hooks.min.js?ver=4d63a3d491d11ffd8ac6 HTTP/1.1" 200 1571 "https://sarkariyojanaguru.xyz/" "Mozilla/5.0 (Windows NT 10.0; Win64; x64) AppleWebKit/537.36 (KHTML, like Gecko) Chrome/133.0.0.0 Safari/537.36"
152.59.83.157 - - [26/Feb/2025:09:57:17 +0530] "GET /wp-includes/js/dist/i18n.min.js?ver=5e580eb46a90c2b997e6 HTTP/1.1" 200 3542 "https://sarkariyojanaguru.xyz/" "Mozilla/5.0 (Windows NT 10.0; Win64; x64) AppleWebKit/537.36 (KHTML, like Gecko) Chrome/133.0.0.0 Safari/537.36"
152.59.83.157 - - [26/Feb/2025:09:57:17 +0530] "GET /wp-content/plugins/contact-form-7/includes/swv/js/index.js?ver=6.0.3 HTTP/1.1" 200 3369 "https://sarkariyojanaguru.xyz/" "Mozilla/5.0 (Windows NT 10.0; Win64; x64) AppleWebKit/537.36 (KHTML, like Gecko) Chrome/133.0.0.0 Safari/537.36"
152.59.83.157 - - [26/Feb/2025:09:57:17 +0530] "GET /wp-content/plugins/contact-form-7/includes/js/index.js?ver=6.0.3 HTTP/1.1" 200 4008 "https://sarkariyojanaguru.xyz/" "Mozilla/5.0 (Windows NT 10.0; Win64; x64) AppleWebKit/537.36 (KHTML, like Gecko) Chrome/133.0.0.0 Safari/537.36"
152.59.83.157 - - [26/Feb/2025:09:57:17 +0530] "GET /wp-content/themes/iconic-one-pro/js/selectnav.js?ver=6.7.2 HTTP/1.1" 200 1402 "https://sarkariyojanaguru.xyz/" "Mozilla/5.0 (Windows NT 10.0; Win64; x64) AppleWebKit/537.36 (KHTML, like Gecko) Chrome/133.0.0.0 Safari/537.36"
152.59.83.157 - - [26/Feb/2025:09:57:17 +0530] "GET /wp-content/uploads/2025/02/Sarkari-Yojana-Post-Offices-superhit-scheme-you-will-get-Rs-9250-every-month-200x140.jpg HTTP/1.1" 200 13529 "https://sarkariyojanaguru.xyz/" "Mozilla/5.0 (Windows NT 10.0; Win64; x64) AppleWebKit/537.36 (KHTML, like Gecko) Chrome/133.0.0.0 Safari/537.36"
152.59.83.157 - - [26/Feb/2025:09:57:17 +0530] "GET /wp-content/themes/iconic-one-pro/fonts/fontawesome-webfont.woff2?v=4.6.3 HTTP/1.1" 200 71896 "https://sarkariyojanaguru.xyz/wp-content/themes/iconic-one-pro/fonts/font-awesome.min.css?ver=6.7.2" "Mozilla/5.0 (Windows NT 10.0; Win64; x64) AppleWebKit/537.36 (KHTML, like Gecko) Chrome/133.0.0.0 Safari/537.36"
152.59.83.157 - - [26/Feb/2025:09:57:18 +0530] "GET /wp-content/uploads/2025/02/Sarkari-Yojana-Pension-Status-How-to-Check-200x140.jpg HTTP/1.1" 200 11904 "https://sarkariyojanaguru.xyz/" "Mozilla/5.0 (Windows NT 10.0; Win64; x64) AppleWebKit/537.36 (KHTML, like Gecko) Chrome/133.0.0.0 Safari/537.36"
152.59.83.157 - - [26/Feb/2025:09:57:18 +0530] "GET /wp-content/uploads/2025/02/download-1-200x140.webp HTTP/1.1" 200 6668 "https://sarkariyojanaguru.xyz/" "Mozilla/5.0 (Windows NT 10.0; Win64; x64) AppleWebKit/537.36 (KHTML, like Gecko) Chrome/133.0.0.0 Safari/537.36"
152.59.83.157 - - [26/Feb/2025:09:57:18 +0530] "GET /wp-includes/js/wp-emoji-release.min.js?ver=6.7.2 HTTP/1.1" 200 4676 "https://sarkariyojanaguru.xyz/" "Mozilla/5.0 (Windows NT 10.0; Win64; x64) AppleWebKit/537.36 (KHTML, like Gecko) Chrome/133.0.0.0 Safari/537.36"
152.59.83.157 - - [26/Feb/2025:09:57:20 +0530] "GET /wp-content/uploads/2025/02/Sarkari-Yojana-Post-Offices-superhit-scheme-you-will-get-Rs-9250-every-month-658x300.jpg HTTP/1.1" 200 44016 "https://sarkariyojanaguru.xyz/" "Mozilla/5.0 (Windows NT 10.0; Win64; x64) AppleWebKit/537.36 (KHTML, like Gecko) Chrome/133.0.0.0 Safari/537.36"
152.59.83.157 - - [26/Feb/2025:09:57:20 +0530] "GET /wp-content/uploads/2025/02/Sarkari-Yojana-Pension-Status-How-to-Check-658x300.jpg HTTP/1.1" 200 39246 "https://sarkariyojanaguru.xyz/" "Mozilla/5.0 (Windows NT 10.0; Win64; x64) AppleWebKit/537.36 (KHTML, like Gecko) Chrome/133.0.0.0 Safari/537.36"
152.59.83.157 - - [26/Feb/2025:09:57:20 +0530] "GET /wp-content/uploads/2025/02/download-658x300.webp HTTP/1.1" 200 49996 "https://sarkariyojanaguru.xyz/" "Mozilla/5.0 (Windows NT 10.0; Win64; x64) AppleWebKit/537.36 (KHTML, like Gecko) Chrome/133.0.0.0 Safari/537.36"
159.203.99.24 - - [26/Feb/2025:10:33:52 +0530] "GET /wp-login.php HTTP/1.1" 200 2098 "-" "Mozilla/5.0"
159.203.99.24 - - [26/Feb/2025:10:33:52 +0530] "GET /?author=1 HTTP/1.1" 301 0 "-" "Mozilla/5.0"
159.203.99.24 - - [26/Feb/2025:10:33:52 +0530] "GET /?author=2 HTTP/1.1" 200 7658 "-" "Mozilla/5.0"
159.203.99.24 - - [26/Feb/2025:10:33:53 +0530] "GET /?author=3 HTTP/1.1" 200 7661 "-" "Mozilla/5.0"
159.203.99.24 - - [26/Feb/2025:10:33:53 +0530] "GET /?author=4 HTTP/1.1" 404 7627 "-" "Mozilla/5.0"
4.227.36.33 - - [26/Feb/2025:10:28:08 +0530] "GET /robots.txt HTTP/2" 301 0 "-" "Mozilla/5.0 AppleWebKit/537.36 (KHTML, like Gecko; compatible; GPTBot/1.2; +https://openai.com/gptbot)"
149.202.86.190 - - [26/Feb/2025:10:27:51 +0530] "GET /robots.txt HTTP/1.1" 200 67 "-" "Mozilla/5.0 (compatible; MJ12bot/v1.4.8; http://mj12bot.com/)"
149.202.86.190 - - [26/Feb/2025:10:28:03 +0530] "GET /sarkari-yojana-through-this-scheme-farmers-will-get-an-amount-of-%E2%82%B9-6000-every-year/ HTTP/1.1" 404 6853 "-" "Mozilla/5.0 (compatible; MJ12bot/v1.4.8; http://mj12bot.com/)"
66.249.74.167 - - [26/Feb/2025:09:54:50 +0530] "GET /robots.txt HTTP/1.1" 200 61 "-" "Mozilla/5.0 (compatible; Googlebot/2.1; +http://www.google.com/bot.html)"
152.59.83.157 - - [26/Feb/2025:09:57:15 +0530] "GET / HTTP/2" 200 10025 "https://www.google.com/" "Mozilla/5.0 (Windows NT 10.0; Win64; x64) AppleWebKit/537.36 (KHTML, like Gecko) Chrome/133.0.0.0 Safari/537.36"
152.59.83.157 - - [26/Feb/2025:09:57:16 +0530] "GET /wp-includes/css/dist/block-library/style.min.css?ver=6.7.2 HTTP/2" 200 14225 "https://sarkariyojanaguru.xyz/" "Mozilla/5.0 (Windows NT 10.0; Win64; x64) AppleWebKit/537.36 (KHTML, like Gecko) Chrome/133.0.0.0 Safari/537.36"
152.59.83.157 - - [26/Feb/2025:09:57:16 +0530] "GET /wp-content/plugins/contact-form-7/includes/css/styles.css?ver=6.0.3 HTTP/2" 200 890 "https://sarkariyojanaguru.xyz/" "Mozilla/5.0 (Windows NT 10.0; Win64; x64) AppleWebKit/537.36 (KHTML, like Gecko) Chrome/133.0.0.0 Safari/537.36"
152.59.83.157 - - [26/Feb/2025:09:57:16 +0530] "GET /wp-content/themes/iconic-one-pro/style.css?ver=6.7.2 HTTP/2" 200 10813 "https://sarkariyojanaguru.xyz/" "Mozilla/5.0 (Windows NT 10.0; Win64; x64) AppleWebKit/537.36 (KHTML, like Gecko) Chrome/133.0.0.0 Safari/537.36"
152.59.83.157 - - [26/Feb/2025:09:57:16 +0530] "GET /wp-content/themes/iconic-one-pro/custom.css?ver=6.7.2 HTTP/2" 200 74 "https://sarkariyojanaguru.xyz/" "Mozilla/5.0 (Windows NT 10.0; Win64; x64) AppleWebKit/537.36 (KHTML, like Gecko) Chrome/133.0.0.0 Safari/537.36"
152.59.83.157 - - [26/Feb/2025:09:57:16 +0530] "GET /wp-content/themes/iconic-one-pro/fonts/font-awesome.min.css?ver=6.7.2 HTTP/2" 200 6283 "https://sarkariyojanaguru.xyz/" "Mozilla/5.0 (Windows NT 10.0; Win64; x64) AppleWebKit/537.36 (KHTML, like Gecko) Chrome/133.0.0.0 Safari/537.36"
152.59.83.157 - - [26/Feb/2025:09:57:16 +0530] "GET /wp-content/themes/iconic-one-pro/js/flexslider.css?ver=6.7.2 HTTP/2" 200 1484 "https://sarkariyojanaguru.xyz/" "Mozilla/5.0 (Windows NT 10.0; Win64; x64) AppleWebKit/537.36 (KHTML, like Gecko) Chrome/133.0.0.0 Safari/537.36"
152.59.83.157 - - [26/Feb/2025:09:57:16 +0530] "GET /wp-includes/js/jquery/jquery.min.js?ver=3.7.1 HTTP/2" 200 29744 "https://sarkariyojanaguru.xyz/" "Mozilla/5.0 (Windows NT 10.0; Win64; x64) AppleWebKit/537.36 (KHTML, like Gecko) Chrome/133.0.0.0 Safari/537.36"
152.59.83.157 - - [26/Feb/2025:09:57:16 +0530] "GET /wp-includes/js/jquery/jquery-migrate.min.js?ver=3.4.1 HTTP/2" 200 4678 "https://sarkariyojanaguru.xyz/" "Mozilla/5.0 (Windows NT 10.0; Win64; x64) AppleWebKit/537.36 (KHTML, like Gecko) Chrome/133.0.0.0 Safari/537.36"
152.59.83.157 - - [26/Feb/2025:09:57:16 +0530] "GET /wp-content/themes/iconic-one-pro/js/respond.min.js?ver=6.7.2 HTTP/2" 200 1880 "https://sarkariyojanaguru.xyz/" "Mozilla/5.0 (Windows NT 10.0; Win64; x64) AppleWebKit/537.36 (KHTML, like Gecko) Chrome/133.0.0.0 Safari/537.36"
152.59.83.157 - - [26/Feb/2025:09:57:16 +0530] "GET /wp-content/themes/iconic-one-pro/js/jquery.flexslider-min.js?ver=6.7.2 HTTP/2" 200 5056 "https://sarkariyojanaguru.xyz/" "Mozilla/5.0 (Windows NT 10.0; Win64; x64) AppleWebKit/537.36 (KHTML, like Gecko) Chrome/133.0.0.0 Safari/537.36"
152.59.83.157 - - [26/Feb/2025:09:57:16 +0530] "GET /wp-content/themes/iconic-one-pro/js/flexslider-init.js?ver=6.7.2 HTTP/2" 200 292 "https://sarkariyojanaguru.xyz/" "Mozilla/5.0 (Windows NT 10.0; Win64; x64) AppleWebKit/537.36 (KHTML, like Gecko) Chrome/133.0.0.0 Safari/537.36"
152.59.83.157 - - [26/Feb/2025:09:57:16 +0530] "GET /wp-content/uploads/2025/02/Capture.png HTTP/2" 200 15211 "https://sarkariyojanaguru.xyz/" "Mozilla/5.0 (Windows NT 10.0; Win64; x64) AppleWebKit/537.36 (KHTML, like Gecko) Chrome/133.0.0.0 Safari/537.36"
152.59.83.157 - - [26/Feb/2025:09:57:16 +0530] "GET /wp-content/uploads/2025/02/PM-Kisan-Yojana-9.8-crore-farmers-got-2-thousand-rupees-on-the-19th-installment-200x140.png HTTP/2" 200 58017 "https://sarkariyojanaguru.xyz/" "Mozilla/5.0 (Windows NT 10.0; Win64; x64) AppleWebKit/537.36 (KHTML, like Gecko) Chrome/133.0.0.0 Safari/537.36"
66.249.74.166 - - [26/Feb/2025:09:54:57 +0530] "GET /government-scheme-bihar-2025-bihar-government-scheme-list-released/ HTTP/1.1" 200 509402 "-" "Mozilla/5.0 (compatible; Googlebot/2.1; +http://www.google.com/bot.html)"
20.171.207.218 - - [26/Feb/2025:10:28:13 +0530] "GET / HTTP/2" 301 0 "-" "Mozilla/5.0 AppleWebKit/537.36 (KHTML, like Gecko; compatible; GPTBot/1.2; +https://openai.com/gptbot)"
152.59.83.157 - - [26/Feb/2025:09:57:27 +0530] "GET /wp-content/uploads/2025/02/download-1-658x300.webp HTTP/1.1" 200 35954 "https://sarkariyojanaguru.xyz/" "Mozilla/5.0 (Windows NT 10.0; Win64; x64) AppleWebKit/537.36 (KHTML, like Gecko) Chrome/133.0.0.0 Safari/537.36"
162.55.100.32 - - [26/Feb/2025:09:54:54 +0530] "POST /wp-cron.php?doing_wp_cron=1740543894.1668770313262939453125 HTTP/1.1" 200 0 "-" "WordPress/6.7.2; https://sarkariyojanaguru.xyz"
4.227.36.33 - - [26/Feb/2025:10:28:13 +0530] "GET /robots.txt HTTP/2" 200 61 "https://www.sarkariyojanaguru.xyz/robots.txt" "Mozilla/5.0 AppleWebKit/537.36 (KHTML, like Gecko; compatible; GPTBot/1.2; +https://openai.com/gptbot)"
189.148.202.234 - - [26/Feb/2025:10:55:32 +0530] "GET /wp-login.php HTTP/1.1" 200 2098 "http://sarkariyojanaguru.xyz/wp-login.php" "GRequests/0.10"
51.222.253.8 - - [26/Feb/2025:10:40:38 +0530] "GET /government-scheme-bihar-2025-bihar-government-scheme-list-released/ HTTP/2" 200 509232 "-" "Mozilla/5.0 (compatible; AhrefsBot/7.0; +http://ahrefs.com/robot/)"
189.148.202.234 - - [26/Feb/2025:10:55:34 +0530] "GET /wp-login.php HTTP/1.1" 200 2098 "http://sarkariyojanaguru.xyz/wp-login.php" "GRequests/0.10"
189.148.202.234 - - [26/Feb/2025:10:55:35 +0530] "GET /wp-admin/ HTTP/1.1" 302 0 "http://sarkariyojanaguru.xyz/wp-admin/" "GRequests/0.10"
189.148.202.234 - - [26/Feb/2025:10:55:35 +0530] "GET /wp-login.php?redirect_to=https%3A%2F%2Fsarkariyojanaguru.xyz%2Fwp-admin%2F&reauth=1 HTTP/1.1" 200 2098 "https://sarkariyojanaguru.xyz/wp-admin/" "GRequests/0.10"
54.36.149.22 - - [26/Feb/2025:10:40:36 +0530] "GET /robots.txt HTTP/2" 200 61 "-" "Mozilla/5.0 (compatible; AhrefsBot/7.0; +http://ahrefs.com/robot/)"
34.84.133.54 - - [26/Feb/2025:12:01:52 +0530] "GET /wp-login.php HTTP/1.1" 200 2098 "http://sarkariyojanaguru.xyz/wp-login.php" "GRequests/0.10"
34.84.133.54 - - [26/Feb/2025:12:01:57 +0530] "GET /wp-admin/ HTTP/1.1" 302 0 "http://sarkariyojanaguru.xyz/wp-admin/" "GRequests/0.10"
34.84.133.54 - - [26/Feb/2025:12:01:57 +0530] "GET /wp-login.php?redirect_to=https%3A%2F%2Fsarkariyojanaguru.xyz%2Fwp-admin%2F&reauth=1 HTTP/1.1" 200 2098 "https://sarkariyojanaguru.xyz/wp-admin/" "GRequests/0.10"
34.84.133.54 - - [26/Feb/2025:12:01:54 +0530] "GET /wp-login.php HTTP/1.1" 200 2098 "http://sarkariyojanaguru.xyz/wp-login.php" "GRequests/0.10"
31.13.127.2 - - [26/Feb/2025:12:17:35 +0530] "GET /wp-content/uploads/2025/01/sarkari-yojana-guru-Pradhan-Mantri-Awas-Yojana-How-to-apply-online-PM-Awas-Yojana-list-eligibility.jpg HTTP/2" 404 28746 "-" "facebookexternalhit/1.1 (+http://www.facebook.com/externalhit_uatext.php)"
31.13.103.8 - - [26/Feb/2025:12:17:58 +0530] "GET /pradhan-mantri-awas-yojana-how-to-apply-online-pm-awas-yojana-list-eligibility/ HTTP/2" 404 28746 "-" "facebookexternalhit/1.1 (+http://www.facebook.com/externalhit_uatext.php)"
31.13.103.5 - - [26/Feb/2025:12:17:58 +0530] "GET /pradhan-mantri-awas-yojana-how-to-apply-online-pm-awas-yojana-list-eligibility/ HTTP/2" 404 28746 "-" "facebookexternalhit/1.1 (+http://www.facebook.com/externalhit_uatext.php)"
31.13.103.8 - - [26/Feb/2025:12:17:58 +0530] "GET /pradhan-mantri-awas-yojana-how-to-apply-online-pm-awas-yojana-list-eligibility/ HTTP/2" 404 28746 "-" "facebookexternalhit/1.1 (+http://www.facebook.com/externalhit_uatext.php)"
159.203.99.24 - - [26/Feb/2025:12:32:49 +0530] "POST /wp-login.php HTTP/1.1" 200 6604 "-" "Mozilla/5.0"
159.203.99.24 - - [26/Feb/2025:12:32:49 +0530] "POST /wp-login.php HTTP/1.1" 200 6604 "-" "Mozilla/5.0"
159.203.99.24 - - [26/Feb/2025:12:32:49 +0530] "POST /wp-login.php HTTP/1.1" 200 6604 "-" "Mozilla/5.0"
51.222.253.18 - - [26/Feb/2025:12:41:06 +0530] "GET /category/pm-kisaan-yojana/feed/ HTTP/2" 200 6592 "-" "Mozilla/5.0 (compatible; AhrefsBot/7.0; +http://ahrefs.com/robot/)"
162.55.100.32 - - [26/Feb/2025:13:23:31 +0530] "POST /wp-cron.php?doing_wp_cron=1740556410.9485900402069091796875 HTTP/1.1" 200 0 "-" "WordPress/6.7.2; https://sarkariyojanaguru.xyz"
159.203.99.24 - - [26/Feb/2025:13:23:26 +0530] "POST /wp-login.php HTTP/1.1" 200 6604 "-" "Mozilla/5.0"
159.203.99.24 - - [26/Feb/2025:13:23:26 +0530] "POST /wp-login.php HTTP/1.1" 200 6604 "-" "Mozilla/5.0"
159.203.99.24 - - [26/Feb/2025:13:23:26 +0530] "POST /wp-login.php HTTP/1.1" 200 6604 "-" "Mozilla/5.0"
38.62.224.40 - - [26/Feb/2025:13:39:51 +0530] "GET /wp-login.php HTTP/1.1" 200 2098 "http://sarkariyojanaguru.xyz/wp-login.php" "GRequests/0.10"
38.62.224.40 - - [26/Feb/2025:13:39:52 +0530] "GET /wp-login.php HTTP/1.1" 200 2098 "http://sarkariyojanaguru.xyz/wp-login.php" "GRequests/0.10"
38.62.224.40 - - [26/Feb/2025:13:39:52 +0530] "GET /wp-admin/ HTTP/1.1" 302 0 "http://sarkariyojanaguru.xyz/wp-admin/" "GRequests/0.10"
38.62.224.40 - - [26/Feb/2025:13:39:52 +0530] "GET /wp-login.php?redirect_to=https%3A%2F%2Fsarkariyojanaguru.xyz%2Fwp-admin%2F&reauth=1 HTTP/1.1" 200 2098 "https://sarkariyojanaguru.xyz/wp-admin/" "GRequests/0.10"
51.20.107.119 - - [26/Feb/2025:13:59:18 +0530] "GET /wp-login.php HTTP/1.1" 200 2098 "-" "Mozilla/5.0"
51.20.107.119 - - [26/Feb/2025:13:59:18 +0530] "GET /?author=1 HTTP/1.1" 301 0 "-" "Mozilla/5.0"
51.20.107.119 - - [26/Feb/2025:13:59:19 +0530] "GET /?author=2 HTTP/1.1" 200 7658 "-" "Mozilla/5.0"
51.20.107.119 - - [26/Feb/2025:13:59:19 +0530] "GET /?author=3 HTTP/1.1" 200 7668 "-" "Mozilla/5.0"
51.20.107.119 - - [26/Feb/2025:13:59:19 +0530] "GET /?author=4 HTTP/1.1" 404 7633 "-" "Mozilla/5.0"
159.203.99.24 - - [26/Feb/2025:14:13:48 +0530] "POST /wp-login.php HTTP/1.1" 200 6604 "-" "Mozilla/5.0"
159.203.99.24 - - [26/Feb/2025:14:13:48 +0530] "POST /wp-login.php HTTP/1.1" 200 6604 "-" "Mozilla/5.0"
159.203.99.24 - - [26/Feb/2025:14:13:48 +0530] "POST /wp-login.php HTTP/1.1" 200 6604 "-" "Mozilla/5.0"
87.250.224.43 - - [26/Feb/2025:14:32:27 +0530] "GET /robots.txt HTTP/1.1" 200 67 "-" "Mozilla/5.0 (compatible; YandexBot/3.0; +http://yandex.com/bots)"
213.180.203.5 - - [26/Feb/2025:14:32:33 +0530] "GET /wp-content/uploads/2025/01/cropped-Capture-32x32.png HTTP/1.1" 404 7633 "-" "Mozilla/5.0 (compatible; YandexFavicons/1.0; +http://yandex.com/bots)"
95.108.213.241 - - [26/Feb/2025:14:32:33 +0530] "GET /wp-content/uploads/2025/01/cropped-Capture-192x192.png HTTP/1.1" 404 7633 "-" "Mozilla/5.0 (compatible; YandexFavicons/1.0; +http://yandex.com/bots)"
213.180.203.44 - - [26/Feb/2025:14:32:34 +0530] "GET /wp-content/uploads/2025/01/cropped-Capture-180x180.png HTTP/1.1" 404 7627 "-" "Mozilla/5.0 (compatible; YandexFavicons/1.0; +http://yandex.com/bots)"
51.222.253.17 - - [26/Feb/2025:14:48:42 +0530] "GET /sarkari-yojana-guru-in-vishwakarma-yojana-2025/feed/ HTTP/2" 200 488 "-" "Mozilla/5.0 (compatible; AhrefsBot/7.0; +http://ahrefs.com/robot/)"
66.220.149.3 - - [26/Feb/2025:14:58:57 +0530] "GET /wp-content/uploads/2025/01/sarkari-yojana-guru-Pradhan-Mantri-Awas-Yojana-How-to-apply-online-PM-Awas-Yojana-list-eligibility.jpg HTTP/2" 404 28746 "-" "facebookexternalhit/1.1 (+http://www.facebook.com/externalhit_uatext.php)"
69.171.249.114 - - [26/Feb/2025:14:59:19 +0530] "GET /pradhan-mantri-awas-yojana-how-to-apply-online-pm-awas-yojana-list-eligibility/ HTTP/2" 404 28746 "-" "facebookexternalhit/1.1 (+http://www.facebook.com/externalhit_uatext.php)"
69.171.249.1 - - [26/Feb/2025:14:59:19 +0530] "GET /pradhan-mantri-awas-yojana-how-to-apply-online-pm-awas-yojana-list-eligibility/ HTTP/2" 404 28746 "-" "facebookexternalhit/1.1 (+http://www.facebook.com/externalhit_uatext.php)"
69.171.249.9 - - [26/Feb/2025:14:59:19 +0530] "GET /pradhan-mantri-awas-yojana-how-to-apply-online-pm-awas-yojana-list-eligibility/ HTTP/2" 404 28746 "-" "facebookexternalhit/1.1 (+http://www.facebook.com/externalhit_uatext.php)"
69.171.249.6 - - [26/Feb/2025:14:59:19 +0530] "GET /pradhan-mantri-awas-yojana-how-to-apply-online-pm-awas-yojana-list-eligibility/ HTTP/2" 404 28746 "-" "facebookexternalhit/1.1 (+http://www.facebook.com/externalhit_uatext.php)"
159.203.99.24 - - [26/Feb/2025:15:04:47 +0530] "POST /wp-login.php HTTP/1.1" 200 6604 "-" "Mozilla/5.0"
159.203.99.24 - - [26/Feb/2025:15:04:47 +0530] "POST /wp-login.php HTTP/1.1" 200 6604 "-" "Mozilla/5.0"
159.203.99.24 - - [26/Feb/2025:15:04:47 +0530] "POST /wp-login.php HTTP/1.1" 200 6604 "-" "Mozilla/5.0"
35.91.91.40 - - [26/Feb/2025:15:17:44 +0530] "GET / HTTP/1.1" 200 11755 "-" "Mozilla/5.0 (Windows NT 10.0; Win64; x64)AppleWebKit/537.36 (KHTML, like Gecko) Chrome/66.0.3359.181 Safari/537.36"
162.55.100.32 - - [26/Feb/2025:15:56:07 +0530] "POST /wp-cron.php?doing_wp_cron=1740565567.0954480171203613281250 HTTP/1.1" 200 0 "-" "WordPress/6.7.2; https://sarkariyojanaguru.xyz"
159.203.99.24 - - [26/Feb/2025:15:56:05 +0530] "POST /wp-login.php HTTP/1.1" 200 6604 "-" "Mozilla/5.0"
31.13.103.124 - - [26/Feb/2025:15:44:32 +0530] "GET /wp-content/uploads/2025/01/sarkari-yojana-guru-Pradhan-Mantri-Awas-Yojana-How-to-apply-online-PM-Awas-Yojana-list-eligibility.jpg HTTP/2" 404 28746 "-" "facebookexternalhit/1.1 (+http://www.facebook.com/externalhit_uatext.php)"
162.55.100.32 - - [26/Feb/2025:15:56:07 +0530] "POST /wp-cron.php?doing_wp_cron=1740565567.0962500572204589843750 HTTP/1.1" 200 0 "-" "WordPress/6.7.2; https://sarkariyojanaguru.xyz"
159.203.99.24 - - [26/Feb/2025:15:56:05 +0530] "POST /wp-login.php HTTP/1.1" 200 6604 "-" "Mozilla/5.0"
159.203.99.24 - - [26/Feb/2025:15:56:05 +0530] "POST /wp-login.php HTTP/1.1" 200 6604 "-" "Mozilla/5.0"
159.203.99.24 - - [26/Feb/2025:16:47:52 +0530] "POST /wp-login.php HTTP/1.1" 200 6564 "-" "Mozilla/5.0"
159.203.99.24 - - [26/Feb/2025:16:47:52 +0530] "POST /wp-login.php HTTP/1.1" 200 6564 "-" "Mozilla/5.0"
159.203.99.24 - - [26/Feb/2025:16:47:52 +0530] "POST /wp-login.php HTTP/1.1" 200 6564 "-" "Mozilla/5.0"
51.222.253.9 - - [26/Feb/2025:17:01:09 +0530] "GET /pm-kisan-yojana-9-8-crore-farmers-got-2-thousand-rupees-on-the-19th-installment/ HTTP/2" 200 14610 "-" "Mozilla/5.0 (compatible; AhrefsBot/7.0; +http://ahrefs.com/robot/)"
159.203.99.24 - - [26/Feb/2025:17:40:17 +0530] "POST /wp-login.php HTTP/1.1" 200 6564 "-" "Mozilla/5.0"
159.203.99.24 - - [26/Feb/2025:17:40:17 +0530] "POST /wp-login.php HTTP/1.1" 200 6564 "-" "Mozilla/5.0"
159.203.99.24 - - [26/Feb/2025:17:40:17 +0530] "POST /wp-login.php HTTP/1.1" 200 6564 "-" "Mozilla/5.0"
159.203.99.24 - - [26/Feb/2025:18:33:04 +0530] "POST /wp-login.php HTTP/1.1" 200 6564 "-" "Mozilla/5.0"
159.203.99.24 - - [26/Feb/2025:18:33:04 +0530] "POST /wp-login.php HTTP/1.1" 200 6564 "-" "Mozilla/5.0"
159.203.99.24 - - [26/Feb/2025:18:33:04 +0530] "POST /wp-login.php HTTP/1.1" 200 6564 "-" "Mozilla/5.0"
142.93.223.158 - - [26/Feb/2025:19:01:17 +0530] "GET / HTTP/1.1" 301 0 "-" "Mozilla/5.0 (compatible)"
142.93.223.158 - - [26/Feb/2025:19:01:24 +0530] "GET /ads.txt HTTP/1.1" 301 0 "-" "Mozilla/5.0 (compatible)"
51.222.253.14 - - [26/Feb/2025:19:09:15 +0530] "GET /pm-kisan-yojana-9-8-crore-farmers-got-2-thousand-rupees-on-the-19th-installment/feed/ HTTP/2" 200 625 "-" "Mozilla/5.0 (compatible; AhrefsBot/7.0; +http://ahrefs.com/robot/)"
159.203.99.24 - - [26/Feb/2025:19:25:26 +0530] "POST /wp-login.php HTTP/1.1" 200 6564 "-" "Mozilla/5.0"
159.203.99.24 - - [26/Feb/2025:19:25:26 +0530] "POST /wp-login.php HTTP/1.1" 200 6564 "-" "Mozilla/5.0"
159.203.99.24 - - [26/Feb/2025:19:25:26 +0530] "POST /wp-login.php HTTP/1.1" 200 6564 "-" "Mozilla/5.0"
152.56.143.37 - - [26/Feb/2025:19:37:46 +0530] "GET /wp-content/themes/iconic-one-pro/custom.css?ver=6.7.2 HTTP/1.1" 200 74 "-" "Mozilla/5.0 (Linux; Android 10; K) AppleWebKit/537.36 (KHTML, like Gecko) Chrome/130.0.0.0 Mobile Safari/537.36"
152.56.143.37 - - [26/Feb/2025:19:37:47 +0530] "GET /wp-content/themes/iconic-one-pro/fonts/font-awesome.min.css?ver=6.7.2 HTTP/1.1" 200 6283 "-" "Mozilla/5.0 (Linux; Android 10; K) AppleWebKit/537.36 (KHTML, like Gecko) Chrome/130.0.0.0 Mobile Safari/537.36"
152.56.143.37 - - [26/Feb/2025:19:37:47 +0530] "GET /wp-content/themes/iconic-one-pro/js/flexslider.css?ver=6.7.2 HTTP/1.1" 200 1484 "-" "Mozilla/5.0 (Linux; Android 10; K) AppleWebKit/537.36 (KHTML, like Gecko) Chrome/130.0.0.0 Mobile Safari/537.36"
152.56.143.37 - - [26/Feb/2025:19:37:48 +0530] "GET /wp-content/themes/iconic-one-pro/js/respond.min.js?ver=6.7.2 HTTP/1.1" 200 1880 "https://sarkariyojanaguru.xyz/" "Mozilla/5.0 (Linux; Android 10; K) AppleWebKit/537.36 (KHTML, like Gecko) Chrome/130.0.0.0 Mobile Safari/537.36"
152.56.143.37 - - [26/Feb/2025:19:37:48 +0530] "GET /wp-content/themes/iconic-one-pro/js/flexslider-init.js?ver=6.7.2 HTTP/1.1" 200 292 "https://sarkariyojanaguru.xyz/" "Mozilla/5.0 (Linux; Android 10; K) AppleWebKit/537.36 (KHTML, like Gecko) Chrome/130.0.0.0 Mobile Safari/537.36"
152.56.143.37 - - [26/Feb/2025:19:37:48 +0530] "GET /wp-includes/js/jquery/jquery.min.js?ver=3.7.1 HTTP/1.1" 200 29744 "https://sarkariyojanaguru.xyz/" "Mozilla/5.0 (Linux; Android 10; K) AppleWebKit/537.36 (KHTML, like Gecko) Chrome/130.0.0.0 Mobile Safari/537.36"
152.56.143.37 - - [26/Feb/2025:19:37:48 +0530] "GET /wp-includes/js/jquery/jquery-migrate.min.js?ver=3.4.1 HTTP/1.1" 200 4678 "https://sarkariyojanaguru.xyz/" "Mozilla/5.0 (Linux; Android 10; K) AppleWebKit/537.36 (KHTML, like Gecko) Chrome/130.0.0.0 Mobile Safari/537.36"
152.56.143.37 - - [26/Feb/2025:19:37:48 +0530] "GET /wp-content/themes/iconic-one-pro/js/jquery.flexslider-min.js?ver=6.7.2 HTTP/1.1" 200 5056 "https://sarkariyojanaguru.xyz/" "Mozilla/5.0 (Linux; Android 10; K) AppleWebKit/537.36 (KHTML, like Gecko) Chrome/130.0.0.0 Mobile Safari/537.36"
152.56.143.37 - - [26/Feb/2025:19:37:48 +0530] "GET /wp-includes/js/dist/hooks.min.js?ver=4d63a3d491d11ffd8ac6 HTTP/1.1" 200 1571 "https://sarkariyojanaguru.xyz/" "Mozilla/5.0 (Linux; Android 10; K) AppleWebKit/537.36 (KHTML, like Gecko) Chrome/130.0.0.0 Mobile Safari/537.36"
152.56.143.37 - - [26/Feb/2025:19:37:48 +0530] "GET /wp-content/uploads/2025/02/Capture.png HTTP/1.1" 200 15211 "https://sarkariyojanaguru.xyz/" "Mozilla/5.0 (Linux; Android 10; K) AppleWebKit/537.36 (KHTML, like Gecko) Chrome/130.0.0.0 Mobile Safari/537.36"
152.56.143.37 - - [26/Feb/2025:19:37:48 +0530] "GET /wp-content/uploads/2025/02/Sarkari-Yojana-Post-Offices-superhit-scheme-you-will-get-Rs-9250-every-month-1024x540.jpg HTTP/1.1" 200 93192 "https://sarkariyojanaguru.xyz/" "Mozilla/5.0 (Linux; Android 10; K) AppleWebKit/537.36 (KHTML, like Gecko) Chrome/130.0.0.0 Mobile Safari/537.36"
152.56.143.37 - - [26/Feb/2025:19:37:49 +0530] "GET /wp-includes/js/dist/i18n.min.js?ver=5e580eb46a90c2b997e6 HTTP/1.1" 200 3542 "https://sarkariyojanaguru.xyz/" "Mozilla/5.0 (Linux; Android 10; K) AppleWebKit/537.36 (KHTML, like Gecko) Chrome/130.0.0.0 Mobile Safari/537.36"
152.56.143.37 - - [26/Feb/2025:19:37:49 +0530] "GET /wp-content/plugins/contact-form-7/includes/swv/js/index.js?ver=6.0.3 HTTP/1.1" 200 3369 "https://sarkariyojanaguru.xyz/" "Mozilla/5.0 (Linux; Android 10; K) AppleWebKit/537.36 (KHTML, like Gecko) Chrome/130.0.0.0 Mobile Safari/537.36"
152.56.143.37 - - [26/Feb/2025:19:37:49 +0530] "GET /wp-content/plugins/contact-form-7/includes/js/index.js?ver=6.0.3 HTTP/1.1" 200 4008 "https://sarkariyojanaguru.xyz/" "Mozilla/5.0 (Linux; Android 10; K) AppleWebKit/537.36 (KHTML, like Gecko) Chrome/130.0.0.0 Mobile Safari/537.36"
137.184.30.231 - - [26/Feb/2025:20:04:20 +0530] "GET /wp-content/themes/travel/issue.php HTTP/1.1" 404 7627 "www.google.com" "Mozlila/5.0 (Linux; Android 7.0; SM-G892A Bulid/NRD90M; wv) AppleWebKit/537.36 (KHTML, like Gecko) Version/4.0 Chrome/60.0.3112.107 Moblie Safari/537.36"
137.184.30.231 - - [26/Feb/2025:20:03:28 +0530] "GET /wp-content/plugins/root-file-manager/wp-file.php HTTP/1.1" 404 7627 "www.google.com" "Mozlila/5.0 (Linux; Android 7.0; SM-G892A Bulid/NRD90M; wv) AppleWebKit/537.36 (KHTML, like Gecko) Version/4.0 Chrome/60.0.3112.107 Moblie Safari/537.36"
137.184.30.231 - - [26/Feb/2025:20:04:30 +0530] "GET /wp-content/themes/jaida/lang.php HTTP/1.1" 404 7627 "www.google.com" "Mozlila/5.0 (Linux; Android 7.0; SM-G892A Bulid/NRD90M; wv) AppleWebKit/537.36 (KHTML, like Gecko) Version/4.0 Chrome/60.0.3112.107 Moblie Safari/537.36"
152.56.143.37 - - [26/Feb/2025:19:37:49 +0530] "GET /wp-content/themes/iconic-one-pro/js/selectnav.js?ver=6.7.2 HTTP/1.1" 200 1402 "https://sarkariyojanaguru.xyz/" "Mozilla/5.0 (Linux; Android 10; K) AppleWebKit/537.36 (KHTML, like Gecko) Chrome/130.0.0.0 Mobile Safari/537.36"
152.56.143.37 - - [26/Feb/2025:19:37:48 +0530] "GET /wp-content/uploads/2025/02/PM-Kisan-Yojana-9.8-crore-farmers-got-2-thousand-rupees-on-the-19th-installment-1024x576.png HTTP/1.1" 200 864731 "https://sarkariyojanaguru.xyz/" "Mozilla/5.0 (Linux; Android 10; K) AppleWebKit/537.36 (KHTML, like Gecko) Chrome/130.0.0.0 Mobile Safari/537.36"
152.56.143.37 - - [26/Feb/2025:19:37:49 +0530] "GET /wp-content/uploads/2025/02/Sarkari-Yojana-Pension-Status-How-to-Check-1024x540.jpg HTTP/1.1" 200 80069 "https://sarkariyojanaguru.xyz/" "Mozilla/5.0 (Linux; Android 10; K) AppleWebKit/537.36 (KHTML, like Gecko) Chrome/130.0.0.0 Mobile Safari/537.36"
152.56.143.37 - - [26/Feb/2025:19:37:49 +0530] "GET /wp-content/uploads/2025/02/download-1-1024x563.webp HTTP/1.1" 200 97436 "https://sarkariyojanaguru.xyz/" "Mozilla/5.0 (Linux; Android 10; K) AppleWebKit/537.36 (KHTML, like Gecko) Chrome/130.0.0.0 Mobile Safari/537.36"
152.56.143.37 - - [26/Feb/2025:19:37:49 +0530] "GET /wp-content/uploads/2025/02/download-1024x563.webp HTTP/1.1" 200 114902 "https://sarkariyojanaguru.xyz/" "Mozilla/5.0 (Linux; Android 10; K) AppleWebKit/537.36 (KHTML, like Gecko) Chrome/130.0.0.0 Mobile Safari/537.36"
152.56.143.37 - - [26/Feb/2025:19:37:51 +0530] "GET /favicon.ico HTTP/1.1" 404 1251 "https://sarkariyojanaguru.xyz/" "Mozilla/5.0 (Linux; Android 10; K) AppleWebKit/537.36 (KHTML, like Gecko) Chrome/130.0.0.0 Mobile Safari/537.36"
152.56.143.37 - - [26/Feb/2025:19:37:51 +0530] "GET /wp-content/uploads/2025/02/Sarkari-Yojana-Post-Offices-superhit-scheme-you-will-get-Rs-9250-every-month-658x300.jpg HTTP/1.1" 200 44016 "https://sarkariyojanaguru.xyz/" "Mozilla/5.0 (Linux; Android 10; K) AppleWebKit/537.36 (KHTML, like Gecko) Chrome/130.0.0.0 Mobile Safari/537.36"
152.56.143.37 - - [26/Feb/2025:19:37:51 +0530] "GET /wp-content/uploads/2025/02/Sarkari-Yojana-Pension-Status-How-to-Check-658x300.jpg HTTP/1.1" 200 39246 "https://sarkariyojanaguru.xyz/" "Mozilla/5.0 (Linux; Android 10; K) AppleWebKit/537.36 (KHTML, like Gecko) Chrome/130.0.0.0 Mobile Safari/537.36"
152.56.143.37 - - [26/Feb/2025:19:37:51 +0530] "GET /wp-content/uploads/2025/02/download-1-658x300.webp HTTP/1.1" 200 35954 "https://sarkariyojanaguru.xyz/" "Mozilla/5.0 (Linux; Android 10; K) AppleWebKit/537.36 (KHTML, like Gecko) Chrome/130.0.0.0 Mobile Safari/537.36"
152.56.143.37 - - [26/Feb/2025:19:37:51 +0530] "GET /wp-content/uploads/2025/02/download-658x300.webp HTTP/1.1" 200 49996 "https://sarkariyojanaguru.xyz/" "Mozilla/5.0 (Linux; Android 10; K) AppleWebKit/537.36 (KHTML, like Gecko) Chrome/130.0.0.0 Mobile Safari/537.36"
152.56.143.37 - - [26/Feb/2025:19:37:45 +0530] "GET /wp-includes/css/dist/block-library/style.min.css?ver=6.7.2 HTTP/2" 200 14225 "-" "Mozilla/5.0 (Linux; Android 10; K) AppleWebKit/537.36 (KHTML, like Gecko) Chrome/130.0.0.0 Mobile Safari/537.36"
152.56.143.37 - - [26/Feb/2025:19:37:45 +0530] "GET /wp-content/plugins/contact-form-7/includes/css/styles.css?ver=6.0.3 HTTP/2" 200 890 "-" "Mozilla/5.0 (Linux; Android 10; K) AppleWebKit/537.36 (KHTML, like Gecko) Chrome/130.0.0.0 Mobile Safari/537.36"
152.56.143.37 - - [26/Feb/2025:19:37:46 +0530] "GET /wp-content/themes/iconic-one-pro/style.css?ver=6.7.2 HTTP/2" 200 10813 "-" "Mozilla/5.0 (Linux; Android 10; K) AppleWebKit/537.36 (KHTML, like Gecko) Chrome/130.0.0.0 Mobile Safari/537.36"
152.56.143.37 - - [26/Feb/2025:19:37:45 +0530] "GET / HTTP/2" 200 10189 "https://www.google.com/" "Mozilla/5.0 (Linux; Android 10; K) AppleWebKit/537.36 (KHTML, like Gecko) Chrome/130.0.0.0 Mobile Safari/537.36"
137.184.30.231 - - [26/Feb/2025:20:03:02 +0530] "GET /wp-content/plugins/pwnd/pwnd.php HTTP/1.1" 404 7627 "www.google.com" "Mozlila/5.0 (Linux; Android 7.0; SM-G892A Bulid/NRD90M; wv) AppleWebKit/537.36 (KHTML, like Gecko) Version/4.0 Chrome/60.0.3112.107 Moblie Safari/537.36"
137.184.30.231 - - [26/Feb/2025:20:03:25 +0530] "GET /wp-content/plugins/ph-file-manager/wp-file.php HTTP/1.1" 404 7627 "www.google.com" "Mozlila/5.0 (Linux; Android 7.0; SM-G892A Bulid/NRD90M; wv) AppleWebKit/537.36 (KHTML, like Gecko) Version/4.0 Chrome/60.0.3112.107 Moblie Safari/537.36"
102.216.69.146 - - [26/Feb/2025:20:10:49 +0530] "POST /wp-comments-post.php HTTP/1.1" 200 0 "-" "Mozilla/5.0 (Windows NT 10.0; Win64; x64) AppleWebKit/537.36 (KHTML, like Gecko) Chrome/120.0.0.0 Safari/537.36"
80.85.247.161 - - [26/Feb/2025:20:10:15 +0530] "GET /comments/feed/ HTTP/1.1" 200 517 "-" "Mozilla/5.0 (Macintosh; Intel Mac OS X 10_15_7) AppleWebKit/537.36 (KHTML, like Gecko) Chrome/133.0.0.0 Safari/537.36"
80.85.247.161 - - [26/Feb/2025:20:10:17 +0530] "GET /sarkari-yojana-pension-status-how-to-check/ HTTP/1.1" 200 623886 "-" "Mozilla/5.0 (Macintosh; Intel Mac OS X 10_15_7) AppleWebKit/537.36 (KHTML, like Gecko) Chrome/133.0.0.0 Safari/537.36"
80.85.247.161 - - [26/Feb/2025:20:10:57 +0530] "GET /sarkari-yojana-pension-status-how-to-check/ HTTP/1.1" 200 623480 "-" "Mozilla/5.0 (Macintosh; Intel Mac OS X 10_15_7) AppleWebKit/537.36 (KHTML, like Gecko) Chrome/133.0.0.0 Safari/537.36"
80.85.247.161 - - [26/Feb/2025:20:11:00 +0530] "GET /contact-us/ HTTP/1.1" 200 8371 "-" "Mozilla/5.0 (Macintosh; Intel Mac OS X 10_15_7) AppleWebKit/537.36 (KHTML, like Gecko) Chrome/133.0.0.0 Safari/537.36"
102.216.69.146 - - [26/Feb/2025:20:10:37 +0530] "POST /wp-comments-post.php HTTP/1.1" 200 1159 "-" "Mozilla/5.0 (Macintosh; Intel Mac OS X 10_15_7) AppleWebKit/537.36 (KHTML, like Gecko) Chrome/133.0.0.0 Safari/537.36"
102.216.69.146 - - [26/Feb/2025:20:10:40 +0530] "POST /wp-comments-post.php HTTP/1.1" 200 0 "-" "Mozilla/5.0 (Windows NT 10.0; Win64; x64) AppleWebKit/537.36 (KHTML, like Gecko) Chrome/120.0.0.0 Safari/537.36"
80.85.247.161 - - [26/Feb/2025:20:10:42 +0530] "GET /sarkari-yojana-pension-status-how-to-check/ HTTP/1.1" 200 623780 "-" "Mozilla/5.0 (Macintosh; Intel Mac OS X 10_15_7) AppleWebKit/537.36 (KHTML, like Gecko) Chrome/133.0.0.0 Safari/537.36"
102.216.69.146 - - [26/Feb/2025:20:10:47 +0530] "POST /wp-comments-post.php HTTP/1.1" 200 1159 "-" "Mozilla/5.0 (Macintosh; Intel Mac OS X 10_15_7) AppleWebKit/537.36 (KHTML, like Gecko) Chrome/133.0.0.0 Safari/537.36"
80.85.247.161 - - [26/Feb/2025:20:10:07 +0530] "GET / HTTP/1.1" 200 11755 "-" "Mozilla/5.0 (Macintosh; Intel Mac OS X 10_15_7) AppleWebKit/537.36 (KHTML, like Gecko) Chrome/133.0.0.0 Safari/537.36"
80.85.247.161 - - [26/Feb/2025:20:10:42 +0530] "GET /sarkari-yojana-pension-status-how-to-check/feed/ HTTP/1.1" 200 538 "-" "Mozilla/5.0 (Macintosh; Intel Mac OS X 10_15_7) AppleWebKit/537.36 (KHTML, like Gecko) Chrome/133.0.0.0 Safari/537.36"
102.216.69.146 - - [26/Feb/2025:20:11:03 +0530] "POST /contact-us/ HTTP/1.1" 200 8399 "-" "Mozilla/5.0 (Macintosh; Intel Mac OS X 10_15_7) AppleWebKit/537.36 (KHTML, like Gecko) Chrome/133.0.0.0 Safari/537.36"
159.203.99.24 - - [26/Feb/2025:20:19:01 +0530] "POST /wp-login.php HTTP/1.1" 200 6564 "-" "Mozilla/5.0"
159.203.99.24 - - [26/Feb/2025:20:19:00 +0530] "POST /wp-login.php HTTP/1.1" 200 6564 "-" "Mozilla/5.0"
137.184.48.49 - - [26/Feb/2025:20:26:49 +0530] "GET /wp-admin/network/ HTTP/1.1" 302 0 "binance.com" "Mozilla/5.0 (Windows NT 10.0; Win64; x64) AppleWebKit/537.36 (KHTML, like Gecko) Chrome/90.0.4430.85 Safari/537.36"
137.184.48.49 - - [26/Feb/2025:20:26:50 +0530] "GET /wp-login.php?redirect_to=https%3A%2F%2Fsarkariyojanaguru.xyz%2Fwp-admin%2Fnetwork%2F&reauth=1 HTTP/1.1" 200 2104 "binance.com" "Mozilla/5.0 (Windows NT 10.0; Win64; x64) AppleWebKit/537.36 (KHTML, like Gecko) Chrome/90.0.4430.85 Safari/537.36"
137.184.48.49 - - [26/Feb/2025:20:26:51 +0530] "GET /wp-admin/user/ HTTP/1.1" 302 0 "binance.com" "Mozilla/5.0 (Windows NT 10.0; Win64; x64) AppleWebKit/537.36 (KHTML, like Gecko) Chrome/90.0.4430.85 Safari/537.36"
137.184.48.49 - - [26/Feb/2025:20:26:52 +0530] "GET /wp-login.php?redirect_to=https%3A%2F%2Fsarkariyojanaguru.xyz%2Fwp-admin%2Fuser%2F&reauth=1 HTTP/1.1" 200 2102 "binance.com" "Mozilla/5.0 (Windows NT 10.0; Win64; x64) AppleWebKit/537.36 (KHTML, like Gecko) Chrome/90.0.4430.85 Safari/537.36"
159.203.99.24 - - [26/Feb/2025:20:19:00 +0530] "POST /wp-login.php HTTP/1.1" 200 6564 "-" "Mozilla/5.0"
162.55.100.32 - - [26/Feb/2025:21:05:22 +0530] "POST /wp-cron.php?doing_wp_cron=1740584122.4526989459991455078125 HTTP/1.1" 200 0 "-" "WordPress/6.7.2; https://sarkariyojanaguru.xyz"
51.222.253.20 - - [26/Feb/2025:21:05:18 +0530] "GET /comments/feed/ HTTP/2" 200 464 "-" "Mozilla/5.0 (compatible; AhrefsBot/7.0; +http://ahrefs.com/robot/)"
152.56.143.203 - - [26/Feb/2025:21:12:17 +0530] "GET /favicon.ico HTTP/1.1" 404 1251 "https://sarkariyojanaguru.xyz/" "Mozilla/5.0 (Linux; Android 10; K) AppleWebKit/537.36 (KHTML, like Gecko) Chrome/130.0.0.0 Mobile Safari/537.36"
159.203.99.24 - - [26/Feb/2025:21:12:05 +0530] "POST /wp-login.php HTTP/1.1" 200 6564 "-" "Mozilla/5.0"
159.203.99.24 - - [26/Feb/2025:21:12:05 +0530] "POST /wp-login.php HTTP/1.1" 200 6564 "-" "Mozilla/5.0"
51.20.107.119 - - [26/Feb/2025:21:11:21 +0530] "POST /wp-login.php HTTP/1.1" 200 6604 "-" "Mozilla/5.0"
51.20.107.119 - - [26/Feb/2025:21:11:21 +0530] "POST /wp-login.php HTTP/1.1" 200 6604 "-" "Mozilla/5.0"
51.20.107.119 - - [26/Feb/2025:21:11:21 +0530] "POST /wp-login.php HTTP/1.1" 200 6604 "-" "Mozilla/5.0"
159.203.99.24 - - [26/Feb/2025:21:12:05 +0530] "POST /wp-login.php HTTP/1.1" 200 6564 "-" "Mozilla/5.0"
51.20.107.119 - - [26/Feb/2025:21:28:32 +0530] "POST /wp-login.php HTTP/1.1" 200 6604 "-" "Mozilla/5.0"
51.20.107.119 - - [26/Feb/2025:21:28:32 +0530] "POST /wp-login.php HTTP/1.1" 200 6604 "-" "Mozilla/5.0"
51.20.107.119 - - [26/Feb/2025:21:28:32 +0530] "POST /wp-login.php HTTP/1.1" 200 6604 "-" "Mozilla/5.0"
159.203.99.24 - - [26/Feb/2025:22:06:18 +0530] "POST /wp-login.php HTTP/1.1" 200 6564 "-" "Mozilla/5.0"
159.203.99.24 - - [26/Feb/2025:22:06:18 +0530] "POST /wp-login.php HTTP/1.1" 200 6564 "-" "Mozilla/5.0"
135.125.180.135 - - [26/Feb/2025:21:48:46 +0530] "GET /wp-login.php HTTP/1.1" 200 2099 "http://sarkariyojanaguru.xyz/wp-login.php" "GRequests/0.10"
51.20.107.119 - - [26/Feb/2025:22:03:49 +0530] "POST /wp-login.php HTTP/1.1" 200 6604 "-" "Mozilla/5.0"
159.203.99.24 - - [26/Feb/2025:22:06:18 +0530] "POST /wp-login.php HTTP/1.1" 200 6564 "-" "Mozilla/5.0"
51.20.107.119 - - [26/Feb/2025:21:46:06 +0530] "POST /wp-login.php HTTP/1.1" 200 6604 "-" "Mozilla/5.0"
51.20.107.119 - - [26/Feb/2025:21:46:06 +0530] "POST /wp-login.php HTTP/1.1" 200 6604 "-" "Mozilla/5.0"
51.20.107.119 - - [26/Feb/2025:21:46:06 +0530] "POST /wp-login.php HTTP/1.1" 200 6604 "-" "Mozilla/5.0"
130.185.154.69 - - [26/Feb/2025:21:56:44 +0530] "GET / HTTP/1.1" 200 11755 "-" "Mozilla/5.0 (X11; U; Linux i686; de; rv:1.8.1.13) Gecko/20080325 Ubuntu/7.10 (gutsy) Firefox/52.0.2"
51.20.107.119 - - [26/Feb/2025:22:03:49 +0530] "POST /wp-login.php HTTP/1.1" 200 6604 "-" "Mozilla/5.0"
51.20.107.119 - - [26/Feb/2025:22:03:49 +0530] "POST /wp-login.php HTTP/1.1" 200 6604 "-" "Mozilla/5.0"
162.55.100.32 - - [26/Feb/2025:21:46:09 +0530] "POST /wp-cron.php?doing_wp_cron=1740586568.8364870548248291015625 HTTP/1.1" 200 0 "-" "WordPress/6.7.2; https://sarkariyojanaguru.xyz"
135.125.180.135 - - [26/Feb/2025:21:48:48 +0530] "GET /wp-login.php HTTP/1.1" 200 2099 "http://sarkariyojanaguru.xyz/wp-login.php" "GRequests/0.10"
135.125.180.135 - - [26/Feb/2025:21:48:50 +0530] "GET /wp-admin/ HTTP/1.1" 302 0 "http://sarkariyojanaguru.xyz/wp-admin/" "GRequests/0.10"
135.125.180.135 - - [26/Feb/2025:21:48:51 +0530] "GET /wp-login.php?redirect_to=https%3A%2F%2Fsarkariyojanaguru.xyz%2Fwp-admin%2F&reauth=1 HTTP/1.1" 200 2099 "https://sarkariyojanaguru.xyz/wp-admin/" "GRequests/0.10"
162.55.100.32 - - [26/Feb/2025:21:56:46 +0530] "POST /wp-cron.php?doing_wp_cron=1740587205.8488240242004394531250 HTTP/1.1" 200 0 "-" "WordPress/6.7.2; https://sarkariyojanaguru.xyz"
51.20.107.119 - - [26/Feb/2025:22:21:44 +0530] "POST /wp-login.php HTTP/1.1" 200 6566 "-" "Mozilla/5.0"
51.20.107.119 - - [26/Feb/2025:22:21:44 +0530] "POST /wp-login.php HTTP/1.1" 200 6566 "-" "Mozilla/5.0"
51.20.107.119 - - [26/Feb/2025:22:57:43 +0530] "POST /wp-login.php HTTP/1.1" 200 6564 "-" "Mozilla/5.0"
51.20.107.119 - - [26/Feb/2025:22:57:43 +0530] "POST /wp-login.php HTTP/1.1" 200 6564 "-" "Mozilla/5.0"
159.203.99.24 - - [26/Feb/2025:22:59:00 +0530] "POST /wp-login.php HTTP/1.1" 200 6564 "-" "Mozilla/5.0"
51.20.107.119 - - [26/Feb/2025:22:39:37 +0530] "POST /wp-login.php HTTP/1.1" 200 6604 "-" "Mozilla/5.0"
51.20.107.119 - - [26/Feb/2025:22:57:43 +0530] "POST /wp-login.php HTTP/1.1" 200 6564 "-" "Mozilla/5.0"
51.222.253.18 - - [26/Feb/2025:23:05:28 +0530] "GET / HTTP/2" 200 10025 "-" "Mozilla/5.0 (compatible; AhrefsBot/7.0; +http://ahrefs.com/robot/)"
51.20.107.119 - - [26/Feb/2025:22:39:37 +0530] "POST /wp-login.php HTTP/1.1" 200 6604 "-" "Mozilla/5.0"
162.55.100.32 - - [26/Feb/2025:22:57:46 +0530] "POST /wp-cron.php?doing_wp_cron=1740590865.8148519992828369140625 HTTP/1.1" 200 0 "-" "WordPress/6.7.2; https://sarkariyojanaguru.xyz"
159.203.99.24 - - [26/Feb/2025:22:59:00 +0530] "POST /wp-login.php HTTP/1.1" 200 6564 "-" "Mozilla/5.0"
159.203.99.24 - - [26/Feb/2025:22:59:00 +0530] "POST /wp-login.php HTTP/1.1" 200 6564 "-" "Mozilla/5.0"
31.13.127.18 - - [26/Feb/2025:22:31:26 +0530] "GET /wp-content/uploads/2025/01/sarkari-yojana-guru-Pradhan-Mantri-Awas-Yojana-How-to-apply-online-PM-Awas-Yojana-list-eligibility.jpg HTTP/2" 404 28746 "-" "facebookexternalhit/1.1 (+http://www.facebook.com/externalhit_uatext.php)"
51.20.107.119 - - [26/Feb/2025:22:21:44 +0530] "POST /wp-login.php HTTP/1.1" 200 6604 "-" "Mozilla/5.0"
51.20.107.119 - - [26/Feb/2025:22:39:37 +0530] "POST /wp-login.php HTTP/1.1" 200 6604 "-" "Mozilla/5.0"
51.222.253.11 - - [26/Feb/2025:23:05:25 +0530] "GET /robots.txt HTTP/2" 200 61 "-" "Mozilla/5.0 (compatible; AhrefsBot/7.0; +http://ahrefs.com/robot/)"
51.20.107.119 - - [26/Feb/2025:23:16:29 +0530] "POST /wp-login.php HTTP/1.1" 200 6564 "-" "Mozilla/5.0"
51.20.107.119 - - [26/Feb/2025:23:16:30 +0530] "POST /wp-login.php HTTP/1.1" 200 6564 "-" "Mozilla/5.0"
51.20.107.119 - - [26/Feb/2025:23:16:29 +0530] "POST /wp-login.php HTTP/1.1" 200 6564 "-" "Mozilla/5.0"
31.13.115.114 - - [26/Feb/2025:23:38:39 +0530] "GET /robots.txt HTTP/2" 200 67 "-" "facebookexternalhit/1.1 (+http://www.facebook.com/externalhit_uatext.php)"
31.13.115.10 - - [26/Feb/2025:23:38:39 +0530] "GET /robots.txt HTTP/2" 200 67 "-" "facebookexternalhit/1.1 (+http://www.facebook.com/externalhit_uatext.php)"
66.220.149.25 - - [26/Feb/2025:23:38:21 +0530] "GET /wp-content/uploads/2025/01/sarkari-yojana-guru-Pradhan-Mantri-Awas-Yojana-How-to-apply-online-PM-Awas-Yojana-list-eligibility.jpg HTTP/2" 404 28746 "-" "facebookexternalhit/1.1 (+http://www.facebook.com/externalhit_uatext.php)"
31.13.115.115 - - [26/Feb/2025:23:38:47 +0530] "GET /pradhan-mantri-awas-yojana-how-to-apply-online-pm-awas-yojana-list-eligibility/ HTTP/2" 404 28746 "-" "facebookexternalhit/1.1 (+http://www.facebook.com/externalhit_uatext.php)"
31.13.115.112 - - [26/Feb/2025:23:38:38 +0530] "GET /robots.txt HTTP/2" 200 67 "-" "facebookexternalhit/1.1 (+http://www.facebook.com/externalhit_uatext.php)"
31.13.115.112 - - [26/Feb/2025:23:38:47 +0530] "GET /pradhan-mantri-awas-yojana-how-to-apply-online-pm-awas-yojana-list-eligibility/ HTTP/2" 404 28746 "-" "facebookexternalhit/1.1 (+http://www.facebook.com/externalhit_uatext.php)"
51.20.107.119 - - [26/Feb/2025:23:35:53 +0530] "POST /wp-login.php HTTP/1.1" 200 6564 "-" "Mozilla/5.0"
31.13.115.1 - - [26/Feb/2025:23:38:47 +0530] "GET /pradhan-mantri-awas-yojana-how-to-apply-online-pm-awas-yojana-list-eligibility/ HTTP/2" 404 28746 "-" "facebookexternalhit/1.1 (+http://www.facebook.com/externalhit_uatext.php)"
51.20.107.119 - - [26/Feb/2025:23:35:53 +0530] "POST /wp-login.php HTTP/1.1" 200 6564 "-" "Mozilla/5.0"
