152.56.68.76 - - [14/Mar/2025:07:46:54 +0530] "GET /wp-includes/css/dashicons.min.css?ver=6.7.2&wp-mce-49110-20201110 HTTP/2" 200 35110 "https://sarkariyojanaguru.xyz/wp-admin/post-new.php" "Mozilla/5.0 (Windows NT 10.0; Win64; x64) AppleWebKit/537.36 (KHTML, like Gecko) Chrome/133.0.0.0 Safari/537.36"
152.56.68.76 - - [14/Mar/2025:07:46:54 +0530] "GET /wp-includes/js/tinymce/skins/lightgray/skin.min.css?wp-mce-49110-20201110 HTTP/2" 200 8110 "https://sarkariyojanaguru.xyz/wp-admin/post-new.php" "Mozilla/5.0 (Windows NT 10.0; Win64; x64) AppleWebKit/537.36 (KHTML, like Gecko) Chrome/133.0.0.0 Safari/537.36"
152.56.68.76 - - [14/Mar/2025:07:46:54 +0530] "GET /wp-includes/js/tinymce/skins/wordpress/wp-content.css?ver=6.7.2&wp-mce-49110-20201110 HTTP/2" 200 2392 "https://sarkariyojanaguru.xyz/wp-admin/post-new.php" "Mozilla/5.0 (Windows NT 10.0; Win64; x64) AppleWebKit/537.36 (KHTML, like Gecko) Chrome/133.0.0.0 Safari/537.36"
152.56.68.76 - - [14/Mar/2025:08:09:05 +0530] "POST /wp-admin/admin-ajax.php HTTP/2" 200 51 "https://sarkariyojanaguru.xyz/wp-admin/post-new.php" "Mozilla/5.0 (Windows NT 10.0; Win64; x64) AppleWebKit/537.36 (KHTML, like Gecko) Chrome/133.0.0.0 Safari/537.36"
52.66.203.243 - - [14/Mar/2025:08:13:51 +0530] "POST /wp-login.php HTTP/1.1" 200 6564 "-" "Mozilla/5.0"
152.56.68.76 - - [14/Mar/2025:07:45:29 +0530] "GET /wp-admin/edit.php?paged=1&trashed=5&ids=56%2C47%2C44%2C19%2C14&locked=0 HTTP/2" 200 13910 "https://sarkariyojanaguru.xyz/wp-admin/edit.php" "Mozilla/5.0 (Windows NT 10.0; Win64; x64) AppleWebKit/537.36 (KHTML, like Gecko) Chrome/133.0.0.0 Safari/537.36"
152.56.68.76 - - [14/Mar/2025:07:45:30 +0530] "POST /wp-admin/admin-ajax.php HTTP/2" 200 51 "https://sarkariyojanaguru.xyz/wp-admin/edit.php?paged=1" "Mozilla/5.0 (Windows NT 10.0; Win64; x64) AppleWebKit/537.36 (KHTML, like Gecko) Chrome/133.0.0.0 Safari/537.36"
152.56.68.76 - - [14/Mar/2025:07:45:32 +0530] "GET /wp-admin/edit.php?post_status=trash&post_type=post HTTP/2" 200 17872 "https://sarkariyojanaguru.xyz/wp-admin/edit.php?paged=1" "Mozilla/5.0 (Windows NT 10.0; Win64; x64) AppleWebKit/537.36 (KHTML, like Gecko) Chrome/133.0.0.0 Safari/537.36"
152.56.68.76 - - [14/Mar/2025:07:45:33 +0530] "POST /wp-admin/admin-ajax.php HTTP/2" 200 51 "https://sarkariyojanaguru.xyz/wp-admin/edit.php?post_status=trash&post_type=post" "Mozilla/5.0 (Windows NT 10.0; Win64; x64) AppleWebKit/537.36 (KHTML, like Gecko) Chrome/133.0.0.0 Safari/537.36"
152.56.68.76 - - [14/Mar/2025:07:45:43 +0530] "POST /wp-admin/admin-ajax.php HTTP/2" 200 51 "https://sarkariyojanaguru.xyz/wp-admin/edit.php?post_status=trash&post_type=post" "Mozilla/5.0 (Windows NT 10.0; Win64; x64) AppleWebKit/537.36 (KHTML, like Gecko) Chrome/133.0.0.0 Safari/537.36"
152.56.68.76 - - [14/Mar/2025:07:45:35 +0530] "GET /wp-admin/edit.php?s=&post_status=trash&post_type=post&_wpnonce=0d55605a3c&_wp_http_referer=%2Fwp-admin%2Fedit.php%3Fpost_status%3Dtrash%26post_type%3Dpost&action=-1&m=0&cat=0&delete_all=Empty+Trash&paged=1&action2=-1 HTTP/2" 302 0 "https://sarkariyojanaguru.xyz/wp-admin/edit.php?post_status=trash&post_type=post" "Mozilla/5.0 (Windows NT 10.0; Win64; x64) AppleWebKit/537.36 (KHTML, like Gecko) Chrome/133.0.0.0 Safari/537.36"
152.56.68.76 - - [14/Mar/2025:07:45:47 +0530] "GET /wp-admin/edit.php?post_status=trash&post_type=post&paged=1&deleted=5 HTTP/2" 200 13887 "https://sarkariyojanaguru.xyz/wp-admin/edit.php?post_status=trash&post_type=post" "Mozilla/5.0 (Windows NT 10.0; Win64; x64) AppleWebKit/537.36 (KHTML, like Gecko) Chrome/133.0.0.0 Safari/537.36"
152.56.68.76 - - [14/Mar/2025:07:45:47 +0530] "POST /wp-admin/admin-ajax.php HTTP/2" 200 51 "https://sarkariyojanaguru.xyz/wp-admin/edit.php?post_status=trash&post_type=post&paged=1" "Mozilla/5.0 (Windows NT 10.0; Win64; x64) AppleWebKit/537.36 (KHTML, like Gecko) Chrome/133.0.0.0 Safari/537.36"
152.56.68.76 - - [14/Mar/2025:07:48:55 +0530] "POST /wp-admin/admin-ajax.php HTTP/2" 200 51 "https://sarkariyojanaguru.xyz/wp-admin/post-new.php" "Mozilla/5.0 (Windows NT 10.0; Win64; x64) AppleWebKit/537.36 (KHTML, like Gecko) Chrome/133.0.0.0 Safari/537.36"
152.56.68.76 - - [14/Mar/2025:07:56:59 +0530] "POST /wp-admin/admin-ajax.php HTTP/2" 200 51 "https://sarkariyojanaguru.xyz/wp-admin/post-new.php" "Mozilla/5.0 (Windows NT 10.0; Win64; x64) AppleWebKit/537.36 (KHTML, like Gecko) Chrome/133.0.0.0 Safari/537.36"
162.55.100.32 - - [14/Mar/2025:08:54:25 +0530] "POST /wp-cron.php?doing_wp_cron=1741922665.6022310256958007812500 HTTP/1.1" 200 0 "-" "WordPress/6.7.2; https://sarkariyojanaguru.xyz"
152.56.68.76 - - [14/Mar/2025:09:03:56 +0530] "POST /wp-admin/admin-ajax.php HTTP/2" 200 51 "https://sarkariyojanaguru.xyz/wp-admin/post-new.php" "Mozilla/5.0 (Windows NT 10.0; Win64; x64) AppleWebKit/537.36 (KHTML, like Gecko) Chrome/133.0.0.0 Safari/537.36"
152.56.68.76 - - [14/Mar/2025:09:05:55 +0530] "POST /wp-admin/admin-ajax.php HTTP/2" 200 51 "https://sarkariyojanaguru.xyz/wp-admin/post-new.php" "Mozilla/5.0 (Windows NT 10.0; Win64; x64) AppleWebKit/537.36 (KHTML, like Gecko) Chrome/133.0.0.0 Safari/537.36"
148.251.153.114 - - [14/Mar/2025:07:40:41 +0530] "HEAD / HTTP/2" 200 0 "-" "-"
152.56.68.76 - - [14/Mar/2025:07:52:57 +0530] "POST /wp-admin/admin-ajax.php HTTP/2" 200 51 "https://sarkariyojanaguru.xyz/wp-admin/post-new.php" "Mozilla/5.0 (Windows NT 10.0; Win64; x64) AppleWebKit/537.36 (KHTML, like Gecko) Chrome/133.0.0.0 Safari/537.36"
152.56.68.76 - - [14/Mar/2025:07:59:00 +0530] "POST /wp-admin/admin-ajax.php HTTP/2" 200 51 "https://sarkariyojanaguru.xyz/wp-admin/post-new.php" "Mozilla/5.0 (Windows NT 10.0; Win64; x64) AppleWebKit/537.36 (KHTML, like Gecko) Chrome/133.0.0.0 Safari/537.36"
152.56.68.76 - - [14/Mar/2025:08:01:01 +0530] "POST /wp-admin/admin-ajax.php HTTP/2" 200 51 "https://sarkariyojanaguru.xyz/wp-admin/post-new.php" "Mozilla/5.0 (Windows NT 10.0; Win64; x64) AppleWebKit/537.36 (KHTML, like Gecko) Chrome/133.0.0.0 Safari/537.36"
152.56.68.76 - - [14/Mar/2025:08:11:06 +0530] "POST /wp-admin/admin-ajax.php HTTP/2" 200 51 "https://sarkariyojanaguru.xyz/wp-admin/post-new.php" "Mozilla/5.0 (Windows NT 10.0; Win64; x64) AppleWebKit/537.36 (KHTML, like Gecko) Chrome/133.0.0.0 Safari/537.36"
152.56.68.76 - - [14/Mar/2025:09:09:58 +0530] "POST /wp-admin/admin-ajax.php HTTP/2" 200 51 "https://sarkariyojanaguru.xyz/wp-admin/post-new.php" "Mozilla/5.0 (Windows NT 10.0; Win64; x64) AppleWebKit/537.36 (KHTML, like Gecko) Chrome/133.0.0.0 Safari/537.36"
152.56.68.76 - - [14/Mar/2025:09:14:00 +0530] "POST /wp-admin/admin-ajax.php HTTP/2" 200 51 "https://sarkariyojanaguru.xyz/wp-admin/post-new.php" "Mozilla/5.0 (Windows NT 10.0; Win64; x64) AppleWebKit/537.36 (KHTML, like Gecko) Chrome/133.0.0.0 Safari/537.36"
152.56.68.76 - - [14/Mar/2025:09:20:03 +0530] "POST /wp-admin/admin-ajax.php HTTP/2" 200 51 "https://sarkariyojanaguru.xyz/wp-admin/post-new.php" "Mozilla/5.0 (Windows NT 10.0; Win64; x64) AppleWebKit/537.36 (KHTML, like Gecko) Chrome/133.0.0.0 Safari/537.36"
52.66.203.243 - - [14/Mar/2025:09:34:55 +0530] "POST /wp-login.php HTTP/1.1" 200 6564 "-" "Mozilla/5.0"
152.56.68.76 - - [14/Mar/2025:09:18:02 +0530] "POST /wp-admin/admin-ajax.php HTTP/2" 200 51 "https://sarkariyojanaguru.xyz/wp-admin/post-new.php" "Mozilla/5.0 (Windows NT 10.0; Win64; x64) AppleWebKit/537.36 (KHTML, like Gecko) Chrome/133.0.0.0 Safari/537.36"
162.55.100.32 - - [14/Mar/2025:09:29:46 +0530] "POST /wp-cron.php?doing_wp_cron=1741924786.3040359020233154296875 HTTP/1.1" 200 0 "-" "WordPress/6.7.2; https://sarkariyojanaguru.xyz"
66.220.149.6 - - [14/Mar/2025:09:30:06 +0530] "GET /pradhan-mantri-awas-yojana-how-to-apply-online-pm-awas-yojana-list-eligibility/ HTTP/2" 404 26332 "-" "facebookexternalhit/1.1 (+http://www.facebook.com/externalhit_uatext.php)"
152.56.68.76 - - [14/Mar/2025:09:16:00 +0530] "POST /wp-admin/admin-ajax.php HTTP/2" 200 51 "https://sarkariyojanaguru.xyz/wp-admin/post-new.php" "Mozilla/5.0 (Windows NT 10.0; Win64; x64) AppleWebKit/537.36 (KHTML, like Gecko) Chrome/133.0.0.0 Safari/537.36"
152.56.68.76 - - [14/Mar/2025:09:11:58 +0530] "POST /wp-admin/admin-ajax.php HTTP/2" 200 51 "https://sarkariyojanaguru.xyz/wp-admin/post-new.php" "Mozilla/5.0 (Windows NT 10.0; Win64; x64) AppleWebKit/537.36 (KHTML, like Gecko) Chrome/133.0.0.0 Safari/537.36"
31.13.115.2 - - [14/Mar/2025:09:29:45 +0530] "GET /wp-content/uploads/2025/01/sarkari-yojana-guru-Pradhan-Mantri-Awas-Yojana-How-to-apply-online-PM-Awas-Yojana-list-eligibility.jpg HTTP/2" 404 26332 "-" "facebookexternalhit/1.1 (+http://www.facebook.com/externalhit_uatext.php)"
162.55.100.32 - - [14/Mar/2025:10:15:28 +0530] "POST /wp-cron.php?doing_wp_cron=1741927528.0572650432586669921875 HTTP/1.1" 200 0 "-" "WordPress/6.7.2; https://sarkariyojanaguru.xyz"
57.141.0.7 - - [14/Mar/2025:11:40:45 +0530] "GET /sarkari-yojana-guru-in-vishwakarma-yojana-2025/ HTTP/2" 404 26332 "-" "meta-externalagent/1.1 (+https://developers.facebook.com/docs/sharing/webmasters/crawler)"
52.66.203.243 - - [14/Mar/2025:11:37:00 +0530] "POST /wp-login.php HTTP/1.1" 200 6564 "-" "Mozilla/5.0"
162.55.100.32 - - [14/Mar/2025:10:51:24 +0530] "POST /wp-cron.php?doing_wp_cron=1741929683.4407489299774169921875 HTTP/1.1" 200 0 "-" "WordPress/6.7.2; https://sarkariyojanaguru.xyz"
138.246.253.7 - - [14/Mar/2025:10:51:19 +0530] "HEAD / HTTP/3" 200 0 "-" "quic-go-HTTP/3"
52.66.203.243 - - [14/Mar/2025:10:55:51 +0530] "POST /wp-login.php HTTP/1.1" 200 6564 "-" "Mozilla/5.0"
52.66.203.243 - - [14/Mar/2025:10:15:24 +0530] "POST /wp-login.php HTTP/1.1" 200 6564 "-" "Mozilla/5.0"
52.66.203.243 - - [14/Mar/2025:12:18:26 +0530] "POST /wp-login.php HTTP/1.1" 200 6564 "-" "Mozilla/5.0"
52.66.203.243 - - [14/Mar/2025:13:38:03 +0530] "POST /wp-login.php HTTP/1.1" 200 6564 "-" "Mozilla/5.0"
38.137.16.176 - - [14/Mar/2025:13:04:20 +0530] "POST /wp-admin/admin-ajax.php HTTP/2" 200 51 "https://sarkariyojanaguru.xyz/wp-admin/post-new.php" "Mozilla/5.0 (Windows NT 10.0; Win64; x64) AppleWebKit/537.36 (KHTML, like Gecko) Chrome/133.0.0.0 Safari/537.36"
52.66.203.243 - - [14/Mar/2025:12:59:51 +0530] "POST /wp-login.php HTTP/1.1" 200 6564 "-" "Mozilla/5.0"
35.93.94.230 - - [14/Mar/2025:12:54:45 +0530] "GET /robots.txt HTTP/2" 200 70 "-" "Mozilla/5.0 (compatible; wpbot/1.3; +https://forms.gle/ajBaxygz9jSR8p8G9)"
35.93.94.230 - - [14/Mar/2025:12:54:51 +0530] "GET / HTTP/2" 200 7477 "-" "Mozilla/5.0 (compatible; wpbot/1.3; +https://forms.gle/ajBaxygz9jSR8p8G9)"
162.55.100.32 - - [14/Mar/2025:14:12:53 +0530] "POST /wp-cron.php?doing_wp_cron=1741941772.7744340896606445312500 HTTP/1.1" 200 0 "-" "WordPress/6.7.2; https://sarkariyojanaguru.xyz"
52.66.203.243 - - [14/Mar/2025:14:12:51 +0530] "POST /wp-login.php HTTP/1.1" 200 6564 "-" "Mozilla/5.0"
162.55.100.32 - - [14/Mar/2025:12:54:51 +0530] "POST /wp-cron.php?doing_wp_cron=1741937091.3952260017395019531250 HTTP/1.1" 200 0 "-" "WordPress/6.7.2; https://sarkariyojanaguru.xyz"
57.141.0.9 - - [14/Mar/2025:12:42:36 +0530] "GET /sarkari-yojana-guru-in-vishwakarma-yojana-2025/ HTTP/2" 404 26332 "-" "meta-externalagent/1.1 (+https://developers.facebook.com/docs/sharing/webmasters/crawler)"
162.55.100.32 - - [14/Mar/2025:12:18:27 +0530] "POST /wp-cron.php?doing_wp_cron=1741934906.9891219139099121093750 HTTP/1.1" 200 0 "-" "WordPress/6.7.2; https://sarkariyojanaguru.xyz"
52.66.203.243 - - [14/Mar/2025:14:47:33 +0530] "POST /wp-login.php HTTP/1.1" 200 6564 "-" "Mozilla/5.0"
162.55.100.32 - - [14/Mar/2025:14:51:30 +0530] "POST /wp-cron.php?doing_wp_cron=1741944090.7026209831237792968750 HTTP/1.1" 200 0 "-" "WordPress/6.7.2; https://sarkariyojanaguru.xyz"
51.222.253.7 - - [14/Mar/2025:14:51:33 +0530] "GET /pm-kisan-yojana-9-8-crore-farmers-got-2-thousand-rupees-on-the-19th-installment/ HTTP/2" 404 6330 "-" "Mozilla/5.0 (compatible; AhrefsBot/7.0; +http://ahrefs.com/robot/)"
51.222.253.19 - - [14/Mar/2025:14:51:30 +0530] "GET /robots.txt HTTP/2" 200 61 "-" "Mozilla/5.0 (compatible; AhrefsBot/7.0; +http://ahrefs.com/robot/)"
54.188.37.93 - - [14/Mar/2025:14:57:36 +0530] "GET / HTTP/1.1" 200 7477 "-" "Mozilla/5.0 (Windows NT 10.0; Win64; x64)AppleWebKit/537.36 (KHTML, like Gecko) Chrome/66.0.3359.181 Safari/537.36"
159.89.239.152 - - [14/Mar/2025:15:09:58 +0530] "GET /wp-admin/network/ HTTP/1.1" 302 0 "binance.com" "Mozilla/5.0 (Windows NT 10.0; Win64; x64) AppleWebKit/537.36 (KHTML, like Gecko) Chrome/90.0.4430.85 Safari/537.36"
159.89.239.152 - - [14/Mar/2025:15:09:59 +0530] "GET /wp-login.php?redirect_to=https%3A%2F%2Fsarkariyojanaguru.xyz%2Fwp-admin%2Fnetwork%2F&reauth=1 HTTP/1.1" 200 2104 "binance.com" "Mozilla/5.0 (Windows NT 10.0; Win64; x64) AppleWebKit/537.36 (KHTML, like Gecko) Chrome/90.0.4430.85 Safari/537.36"
159.89.239.152 - - [14/Mar/2025:15:10:00 +0530] "GET /wp-admin/user/ HTTP/1.1" 302 0 "binance.com" "Mozilla/5.0 (Windows NT 10.0; Win64; x64) AppleWebKit/537.36 (KHTML, like Gecko) Chrome/90.0.4430.85 Safari/537.36"
159.89.239.152 - - [14/Mar/2025:15:10:00 +0530] "GET /wp-login.php?redirect_to=https%3A%2F%2Fsarkariyojanaguru.xyz%2Fwp-admin%2Fuser%2F&reauth=1 HTTP/1.1" 200 2102 "binance.com" "Mozilla/5.0 (Windows NT 10.0; Win64; x64) AppleWebKit/537.36 (KHTML, like Gecko) Chrome/90.0.4430.85 Safari/537.36"
52.66.203.243 - - [14/Mar/2025:15:25:37 +0530] "POST /wp-login.php HTTP/1.1" 200 6564 "-" "Mozilla/5.0"
185.147.125.18 - - [14/Mar/2025:16:04:19 +0530] "GET /contact-us/ HTTP/1.0" 200 29825 "https://sarkariyojanaguru.xyz/contact-us/" "Mozilla/5.0 (Windows NT 10.0; Win64; x64) AppleWebKit/537.36 (KHTML, like Gecko) Chrome/131.0.0.0 Safari/537.36"
185.147.125.18 - - [14/Mar/2025:16:04:19 +0530] "POST /contact-us/ HTTP/1.0" 200 29915 "https://sarkariyojanaguru.xyz/contact-us/" "Mozilla/5.0 (Windows NT 10.0; Win64; x64) AppleWebKit/537.36 (KHTML, like Gecko) Chrome/131.0.0.0 Safari/537.36"
52.66.203.243 - - [14/Mar/2025:16:07:01 +0530] "POST /wp-login.php HTTP/1.1" 200 6564 "-" "Mozilla/5.0"
92.255.57.39 - - [14/Mar/2025:16:42:13 +0530] "POST /contact-us/ HTTP/1.0" 200 29915 "https://sarkariyojanaguru.xyz/contact-us/" "Mozilla/5.0 (Windows NT 10.0; Win64; x64) AppleWebKit/537.36 (KHTML, like Gecko) Chrome/129.0.0.0 Safari/537.36"
92.255.57.39 - - [14/Mar/2025:16:42:12 +0530] "GET /contact-us/ HTTP/1.0" 200 29825 "https://sarkariyojanaguru.xyz/contact-us/" "Mozilla/5.0 (Windows NT 10.0; Win64; x64) AppleWebKit/537.36 (KHTML, like Gecko) Chrome/129.0.0.0 Safari/537.36"
52.66.203.243 - - [14/Mar/2025:16:48:03 +0530] "POST /wp-login.php HTTP/1.1" 200 6563 "-" "Mozilla/5.0"
162.55.100.32 - - [14/Mar/2025:17:12:09 +0530] "POST /wp-cron.php?doing_wp_cron=1741952529.2208108901977539062500 HTTP/1.1" 200 0 "-" "WordPress/6.7.2; https://sarkariyojanaguru.xyz"
20.171.207.166 - - [14/Mar/2025:17:12:18 +0530] "GET / HTTP/2" 200 6684 "-" "Mozilla/5.0 AppleWebKit/537.36 (KHTML, like Gecko; compatible; GPTBot/1.2; +https://openai.com/gptbot)"
4.227.36.61 - - [14/Mar/2025:17:12:08 +0530] "GET /robots.txt HTTP/2" 200 61 "-" "Mozilla/5.0 AppleWebKit/537.36 (KHTML, like Gecko; compatible; GPTBot/1.2; +https://openai.com/gptbot)"
51.222.253.2 - - [14/Mar/2025:17:28:49 +0530] "GET /sarkari-yojana-post-offices-superhit-scheme-you-will-get-rs-9250-every-month/ HTTP/2" 404 6332 "-" "Mozilla/5.0 (compatible; AhrefsBot/7.0; +http://ahrefs.com/robot/)"
52.66.203.243 - - [14/Mar/2025:17:28:34 +0530] "POST /wp-login.php HTTP/1.1" 200 6563 "-" "Mozilla/5.0"
52.66.203.243 - - [14/Mar/2025:18:09:25 +0530] "POST /wp-login.php HTTP/1.1" 200 6563 "-" "Mozilla/5.0"
162.55.100.32 - - [14/Mar/2025:18:09:26 +0530] "POST /wp-cron.php?doing_wp_cron=1741955966.6208090782165527343750 HTTP/1.1" 200 0 "-" "WordPress/6.7.2; https://sarkariyojanaguru.xyz"
185.7.214.130 - - [14/Mar/2025:20:52:29 +0530] "POST /contact-us/ HTTP/1.0" 200 29915 "https://sarkariyojanaguru.xyz/contact-us/" "Mozilla/5.0 (Windows NT 10.0; Win64; x64) AppleWebKit/537.36 (KHTML, like Gecko) Chrome/131.0.0.0 Safari/537.36"
185.7.214.130 - - [14/Mar/2025:20:52:25 +0530] "GET /contact-us/ HTTP/1.0" 200 29825 "https://sarkariyojanaguru.xyz/contact-us/" "Mozilla/5.0 (Windows NT 10.0; Win64; x64) AppleWebKit/537.36 (KHTML, like Gecko) Chrome/131.0.0.0 Safari/537.36"
51.222.253.3 - - [14/Mar/2025:20:47:38 +0530] "GET / HTTP/2" 200 6684 "-" "Mozilla/5.0 (compatible; AhrefsBot/7.0; +http://ahrefs.com/robot/)"
213.180.203.136 - - [14/Mar/2025:21:10:44 +0530] "GET /sarkari-yojana-government-will-give-houses-to-the-homeless-know-who-will-be-eligible-for-the-schem/ HTTP/1.1" 404 7051 "-" "Mozilla/5.0 (compatible; YandexBot/3.0; +http://yandex.com/bots)"
162.55.100.32 - - [14/Mar/2025:23:14:00 +0530] "POST /wp-cron.php?doing_wp_cron=1741974239.6700539588928222656250 HTTP/1.1" 200 0 "-" "WordPress/6.7.2; https://sarkariyojanaguru.xyz"
162.55.100.32 - - [15/Mar/2025:00:10:49 +0530] "POST /wp-cron.php?doing_wp_cron=1741977649.1695740222930908203125 HTTP/1.1" 200 0 "-" "WordPress/6.7.2; https://sarkariyojanaguru.xyz"
51.222.253.6 - - [15/Mar/2025:00:10:42 +0530] "GET /sitemaps.xml HTTP/2" 200 244 "-" "Mozilla/5.0 (compatible; AhrefsBot/7.0; +http://ahrefs.com/robot/)"
185.247.137.67 - - [14/Mar/2025:23:13:55 +0530] "GET / HTTP/1.1" 200 7469 "-" "Mozilla/5.0 (compatible; InternetMeasurement/1.0; +https://internet-measurement.com/)"
5.255.231.144 - - [14/Mar/2025:21:10:42 +0530] "GET /robots.txt HTTP/1.1" 200 67 "-" "Mozilla/5.0 (compatible; YandexBot/3.0; +http://yandex.com/bots)"
162.55.100.32 - - [15/Mar/2025:01:04:26 +0530] "GET / HTTP/1.1" 200 7477 "-" "WordPress/6.7.2; https://sarkariyojanaguru.xyz"
162.55.100.32 - - [15/Mar/2025:01:04:26 +0530] "GET / HTTP/1.1" 200 7477 "-" "WordPress/6.7.2; https://sarkariyojanaguru.xyz"
179.43.191.19 - - [15/Mar/2025:02:22:31 +0530] "GET / HTTP/1.1" 200 0 "https://google.com" "Mozilla/5.0 (Windows NT 10.0; Win64; x64) AppleWebKit/537.36 (KHTML, like Gecko) Chrome/116.0.0.0 Safari/537.36"
162.55.100.32 - - [15/Mar/2025:01:04:26 +0530] "GET / HTTP/1.1" 200 7477 "-" "WordPress/6.7.2; https://sarkariyojanaguru.xyz"
23.27.145.113 - - [15/Mar/2025:02:53:53 +0530] "GET / HTTP/1.1" 200 7477 "-" "Mozilla/5.0 (X11; Linux i686; rv:109.0) Gecko/20100101 Firefox/120.0"
162.55.100.32 - - [15/Mar/2025:01:04:25 +0530] "GET / HTTP/1.1" 200 7477 "-" "WordPress/6.7.2; https://sarkariyojanaguru.xyz"
173.239.218.192 - - [15/Mar/2025:03:14:14 +0530] "GET /wp-login.php HTTP/2" 200 2098 "http://sarkariyojanaguru.xyz/login.php" "Go-http-client/2.0"
216.24.210.59 - - [15/Mar/2025:03:16:37 +0530] "GET /wp-admin/network/about.php HTTP/2" 302 0 "http://sarkariyojanaguru.xyz/wp-admin/network/about.php" "Go-http-client/2.0"
216.24.210.59 - - [15/Mar/2025:03:16:38 +0530] "GET /wp-login.php?redirect_to=https%3A%2F%2Fsarkariyojanaguru.xyz%2Fwp-admin%2Fnetwork%2Fabout.php&reauth=1 HTTP/2" 200 2116 "https://sarkariyojanaguru.xyz/wp-admin/network/about.php" "Go-http-client/2.0"
216.24.210.59 - - [15/Mar/2025:03:16:54 +0530] "GET /wp-admin/network/admin.php HTTP/2" 302 0 "http://sarkariyojanaguru.xyz/wp-admin/network/admin.php" "Go-http-client/2.0"
216.24.210.59 - - [15/Mar/2025:03:16:54 +0530] "GET /wp-login.php?redirect_to=https%3A%2F%2Fsarkariyojanaguru.xyz%2Fwp-admin%2Fnetwork%2Fadmin.php&reauth=1 HTTP/2" 200 2115 "https://sarkariyojanaguru.xyz/wp-admin/network/admin.php" "Go-http-client/2.0"
216.24.210.59 - - [15/Mar/2025:03:17:11 +0530] "GET /wp-admin/user/index.php HTTP/2" 302 0 "http://sarkariyojanaguru.xyz/wp-admin/user/index.php" "Go-http-client/2.0"
216.24.210.59 - - [15/Mar/2025:03:17:12 +0530] "GET /wp-login.php?redirect_to=https%3A%2F%2Fsarkariyojanaguru.xyz%2Fwp-admin%2Fuser%2Findex.php&reauth=1 HTTP/2" 200 2113 "https://sarkariyojanaguru.xyz/wp-admin/user/index.php" "Go-http-client/2.0"
216.24.210.59 - - [15/Mar/2025:03:17:20 +0530] "GET /wp-admin/about.php HTTP/2" 302 0 "http://sarkariyojanaguru.xyz/wp-admin/about.php" "Go-http-client/2.0"
216.24.210.59 - - [15/Mar/2025:03:17:21 +0530] "GET /wp-login.php?redirect_to=https%3A%2F%2Fsarkariyojanaguru.xyz%2Fwp-admin%2Fabout.php&reauth=1 HTTP/2" 200 2111 "https://sarkariyojanaguru.xyz/wp-admin/about.php" "Go-http-client/2.0"
216.24.210.59 - - [15/Mar/2025:03:17:22 +0530] "GET /wp-login.php?action=register HTTP/2" 302 0 "http://sarkariyojanaguru.xyz/wp-signup.php" "Go-http-client/2.0"
216.24.210.59 - - [15/Mar/2025:03:17:23 +0530] "GET /wp-login.php?registration=disabled HTTP/2" 200 2175 "https://sarkariyojanaguru.xyz/wp-login.php?action=register" "Go-http-client/2.0"
216.24.210.59 - - [15/Mar/2025:03:17:36 +0530] "GET /wp-admin/admin.php HTTP/2" 302 0 "http://sarkariyojanaguru.xyz/wp-admin/admin.php" "Go-http-client/2.0"
216.24.210.59 - - [15/Mar/2025:03:17:37 +0530] "GET /wp-login.php?redirect_to=https%3A%2F%2Fsarkariyojanaguru.xyz%2Fwp-admin%2Fadmin.php&reauth=1 HTTP/2" 200 2109 "https://sarkariyojanaguru.xyz/wp-admin/admin.php" "Go-http-client/2.0"
193.186.4.142 - - [15/Mar/2025:07:40:21 +0530] "GET / HTTP/2" 200 0 "https://www.google.com/" "Mozilla/5.0 (Windows NT 10.0; Win64; x64) AppleWebKit/537.36 (KHTML, like Gecko) Chrome/134.0.0.0 Safari/537.36"
213.180.203.251 - - [15/Mar/2025:04:58:38 +0530] "GET /sarkari-yojana-bihar-2025-list-which-schemes-have-been-started-in-bihar/ HTTP/1.1" 404 7044 "-" "Mozilla/5.0 (compatible; YandexBot/3.0; +http://yandex.com/bots)"
66.220.149.115 - - [15/Mar/2025:05:57:36 +0530] "GET /wp-content/uploads/2025/01/sarkari-yojana-guru-Pradhan-Mantri-Awas-Yojana-How-to-apply-online-PM-Awas-Yojana-list-eligibility.jpg HTTP/2" 404 26332 "-" "facebookexternalhit/1.1 (+http://www.facebook.com/externalhit_uatext.php)"
31.13.103.3 - - [15/Mar/2025:05:58:10 +0530] "GET /robots.txt HTTP/1.1" 200 70 "-" "facebookexternalhit/1.1 (+http://www.facebook.com/externalhit_uatext.php)"
72.14.201.157 - - [15/Mar/2025:07:40:56 +0530] "GET / HTTP/2" 200 6684 "https://www.google.com/" "Mozilla/5.0 (Windows NT 10.0; Win64; x64) AppleWebKit/537.36 (KHTML, like Gecko) Chrome/134.0.0.0 Safari/537.36"
152.56.68.141 - - [15/Mar/2025:07:40:58 +0530] "GET / HTTP/2" 200 6684 "https://www.google.com/" "Mozilla/5.0 (Windows NT 10.0; Win64; x64) AppleWebKit/537.36 (KHTML, like Gecko) Chrome/134.0.0.0 Safari/537.36"
152.56.68.141 - - [15/Mar/2025:07:40:59 +0530] "GET /wp-includes/css/dist/block-library/style.min.css?ver=6.7.2 HTTP/2" 200 14225 "https://sarkariyojanaguru.xyz/" "Mozilla/5.0 (Windows NT 10.0; Win64; x64) AppleWebKit/537.36 (KHTML, like Gecko) Chrome/134.0.0.0 Safari/537.36"
152.56.68.141 - - [15/Mar/2025:07:40:59 +0530] "GET /wp-content/plugins/contact-form-7/includes/css/styles.css?ver=6.0.3 HTTP/2" 200 890 "https://sarkariyojanaguru.xyz/" "Mozilla/5.0 (Windows NT 10.0; Win64; x64) AppleWebKit/537.36 (KHTML, like Gecko) Chrome/134.0.0.0 Safari/537.36"
152.56.68.141 - - [15/Mar/2025:07:40:59 +0530] "GET /wp-content/themes/iconic-one-pro/style.css?ver=6.7.2 HTTP/2" 200 10813 "https://sarkariyojanaguru.xyz/" "Mozilla/5.0 (Windows NT 10.0; Win64; x64) AppleWebKit/537.36 (KHTML, like Gecko) Chrome/134.0.0.0 Safari/537.36"
152.56.68.141 - - [15/Mar/2025:07:40:59 +0530] "GET /wp-content/themes/iconic-one-pro/custom.css?ver=6.7.2 HTTP/2" 200 74 "https://sarkariyojanaguru.xyz/" "Mozilla/5.0 (Windows NT 10.0; Win64; x64) AppleWebKit/537.36 (KHTML, like Gecko) Chrome/134.0.0.0 Safari/537.36"
152.56.68.141 - - [15/Mar/2025:07:40:59 +0530] "GET /wp-content/themes/iconic-one-pro/fonts/font-awesome.min.css?ver=6.7.2 HTTP/2" 200 6283 "https://sarkariyojanaguru.xyz/" "Mozilla/5.0 (Windows NT 10.0; Win64; x64) AppleWebKit/537.36 (KHTML, like Gecko) Chrome/134.0.0.0 Safari/537.36"
152.56.68.141 - - [15/Mar/2025:07:40:59 +0530] "GET /wp-content/themes/iconic-one-pro/js/flexslider.css?ver=6.7.2 HTTP/2" 200 1484 "https://sarkariyojanaguru.xyz/" "Mozilla/5.0 (Windows NT 10.0; Win64; x64) AppleWebKit/537.36 (KHTML, like Gecko) Chrome/134.0.0.0 Safari/537.36"
152.56.68.141 - - [15/Mar/2025:07:40:59 +0530] "GET /wp-includes/js/jquery/jquery.min.js?ver=3.7.1 HTTP/2" 200 29744 "https://sarkariyojanaguru.xyz/" "Mozilla/5.0 (Windows NT 10.0; Win64; x64) AppleWebKit/537.36 (KHTML, like Gecko) Chrome/134.0.0.0 Safari/537.36"
152.56.68.141 - - [15/Mar/2025:07:40:59 +0530] "GET /wp-includes/js/jquery/jquery-migrate.min.js?ver=3.4.1 HTTP/2" 200 4678 "https://sarkariyojanaguru.xyz/" "Mozilla/5.0 (Windows NT 10.0; Win64; x64) AppleWebKit/537.36 (KHTML, like Gecko) Chrome/134.0.0.0 Safari/537.36"
152.56.68.141 - - [15/Mar/2025:07:40:59 +0530] "GET /wp-content/themes/iconic-one-pro/js/respond.min.js?ver=6.7.2 HTTP/2" 200 1880 "https://sarkariyojanaguru.xyz/" "Mozilla/5.0 (Windows NT 10.0; Win64; x64) AppleWebKit/537.36 (KHTML, like Gecko) Chrome/134.0.0.0 Safari/537.36"
152.56.68.141 - - [15/Mar/2025:07:40:59 +0530] "GET /wp-content/themes/iconic-one-pro/js/jquery.flexslider-min.js?ver=6.7.2 HTTP/2" 200 5056 "https://sarkariyojanaguru.xyz/" "Mozilla/5.0 (Windows NT 10.0; Win64; x64) AppleWebKit/537.36 (KHTML, like Gecko) Chrome/134.0.0.0 Safari/537.36"
143.198.179.122 - - [15/Mar/2025:06:09:22 +0530] "GET / HTTP/1.1" 200 7477 "-" "Mozilla/5.0 (compatible)"
143.198.179.122 - - [15/Mar/2025:06:09:28 +0530] "GET /favicon.ico HTTP/1.1" 404 1251 "https://sarkariyojanaguru.xyz/" "Mozilla/5.0 (compatible)"
162.55.100.32 - - [15/Mar/2025:04:58:38 +0530] "POST /wp-cron.php?doing_wp_cron=1741994918.2912230491638183593750 HTTP/1.1" 200 0 "-" "WordPress/6.7.2; https://sarkariyojanaguru.xyz"
64.233.173.229 - - [15/Mar/2025:07:40:19 +0530] "GET /.well-known/traffic-advice HTTP/1.1" 404 7044 "-" "Chrome Privacy Preserving Prefetch Proxy"
152.56.68.141 - - [15/Mar/2025:07:40:59 +0530] "GET /wp-content/themes/iconic-one-pro/js/flexslider-init.js?ver=6.7.2 HTTP/2" 200 292 "https://sarkariyojanaguru.xyz/" "Mozilla/5.0 (Windows NT 10.0; Win64; x64) AppleWebKit/537.36 (KHTML, like Gecko) Chrome/134.0.0.0 Safari/537.36"
152.56.68.141 - - [15/Mar/2025:07:40:59 +0530] "GET /wp-content/uploads/2025/02/Capture.png HTTP/2" 200 15211 "https://sarkariyojanaguru.xyz/" "Mozilla/5.0 (Windows NT 10.0; Win64; x64) AppleWebKit/537.36 (KHTML, like Gecko) Chrome/134.0.0.0 Safari/537.36"
152.56.68.141 - - [15/Mar/2025:07:40:59 +0530] "GET /wp-includes/js/dist/hooks.min.js?ver=4d63a3d491d11ffd8ac6 HTTP/2" 200 1571 "https://sarkariyojanaguru.xyz/" "Mozilla/5.0 (Windows NT 10.0; Win64; x64) AppleWebKit/537.36 (KHTML, like Gecko) Chrome/134.0.0.0 Safari/537.36"
152.56.68.141 - - [15/Mar/2025:07:41:00 +0530] "GET /wp-content/plugins/contact-form-7/includes/swv/js/index.js?ver=6.0.3 HTTP/2" 200 3369 "https://sarkariyojanaguru.xyz/" "Mozilla/5.0 (Windows NT 10.0; Win64; x64) AppleWebKit/537.36 (KHTML, like Gecko) Chrome/134.0.0.0 Safari/537.36"
152.56.68.141 - - [15/Mar/2025:07:41:00 +0530] "GET /wp-content/plugins/contact-form-7/includes/js/index.js?ver=6.0.3 HTTP/2" 200 4008 "https://sarkariyojanaguru.xyz/" "Mozilla/5.0 (Windows NT 10.0; Win64; x64) AppleWebKit/537.36 (KHTML, like Gecko) Chrome/134.0.0.0 Safari/537.36"
152.56.68.141 - - [15/Mar/2025:07:41:00 +0530] "GET /wp-content/themes/iconic-one-pro/js/selectnav.js?ver=6.7.2 HTTP/2" 200 1402 "https://sarkariyojanaguru.xyz/" "Mozilla/5.0 (Windows NT 10.0; Win64; x64) AppleWebKit/537.36 (KHTML, like Gecko) Chrome/134.0.0.0 Safari/537.36"
152.56.68.141 - - [15/Mar/2025:07:41:00 +0530] "GET /wp-content/themes/iconic-one-pro/fonts/fontawesome-webfont.woff2?v=4.6.3 HTTP/2" 200 71896 "https://sarkariyojanaguru.xyz/wp-content/themes/iconic-one-pro/fonts/font-awesome.min.css?ver=6.7.2" "Mozilla/5.0 (Windows NT 10.0; Win64; x64) AppleWebKit/537.36 (KHTML, like Gecko) Chrome/134.0.0.0 Safari/537.36"
152.56.68.141 - - [15/Mar/2025:07:41:01 +0530] "GET /favicon.ico HTTP/2" 404 1251 "https://sarkariyojanaguru.xyz/" "Mozilla/5.0 (Windows NT 10.0; Win64; x64) AppleWebKit/537.36 (KHTML, like Gecko) Chrome/134.0.0.0 Safari/537.36"
213.180.203.63 - - [15/Mar/2025:04:58:37 +0530] "GET /robots.txt HTTP/1.1" 200 67 "-" "Mozilla/5.0 (compatible; YandexBot/3.0; +http://yandex.com/bots)"
51.222.253.18 - - [15/Mar/2025:03:37:59 +0530] "GET /category/sarkari-yojana-2025/feed/ HTTP/2" 200 516 "-" "Mozilla/5.0 (compatible; AhrefsBot/7.0; +http://ahrefs.com/robot/)"
162.55.100.32 - - [15/Mar/2025:05:57:39 +0530] "POST /wp-cron.php?doing_wp_cron=1741998459.1877288818359375000000 HTTP/1.1" 200 0 "-" "WordPress/6.7.2; https://sarkariyojanaguru.xyz"
162.55.100.32 - - [15/Mar/2025:07:40:26 +0530] "POST /wp-cron.php?doing_wp_cron=1742004626.3343219757080078125000 HTTP/1.1" 200 0 "-" "WordPress/6.7.2; https://sarkariyojanaguru.xyz"
173.239.218.200 - - [15/Mar/2025:03:12:18 +0530] "GET /wp-admin/network/index.php HTTP/2" 302 0 "http://sarkariyojanaguru.xyz/wp-admin/network/index.php" "Go-http-client/2.0"
173.239.218.200 - - [15/Mar/2025:03:12:20 +0530] "GET /wp-login.php?redirect_to=https%3A%2F%2Fsarkariyojanaguru.xyz%2Fwp-admin%2Fnetwork%2Findex.php&reauth=1 HTTP/2" 200 2115 "https://sarkariyojanaguru.xyz/wp-admin/network/index.php" "Go-http-client/2.0"
51.222.253.20 - - [15/Mar/2025:10:08:51 +0530] "GET /sample-page/feed/ HTTP/2" 200 451 "-" "Mozilla/5.0 (compatible; AhrefsBot/7.0; +http://ahrefs.com/robot/)"
162.55.100.32 - - [15/Mar/2025:10:08:57 +0530] "POST /wp-cron.php?doing_wp_cron=1742013537.4847071170806884765625 HTTP/1.1" 200 0 "-" "WordPress/6.7.2; https://sarkariyojanaguru.xyz"