159.65.177.157 - - [10/Mar/2025:23:33:27 +0530] "POST /wp-login.php HTTP/1.1" 200 6604 "-" "Mozilla/5.0"
159.65.177.157 - - [11/Mar/2025:00:34:22 +0530] "POST /wp-login.php HTTP/1.1" 200 6564 "-" "Mozilla/5.0"
198.44.133.117 - - [11/Mar/2025:00:33:39 +0530] "POST /xmlrpc.php HTTP/2" 200 403 "-" "Mozilla/5.0 (Windows NT 10.0; Win64; x64) AppleWebKit/537.36 (KHTML, like Gecko) Chrome/133.0.0.0 Safari/537.36"
185.9.19.107 - - [11/Mar/2025:01:48:52 +0530] "POST /xmlrpc.php HTTP/2" 200 403 "-" "Mozilla/5.0 (Windows NT 10.0; Win64; x64) AppleWebKit/537.36 (KHTML, like Gecko) Chrome/133.0.0.0 Safari/537.36"
162.55.100.32 - - [11/Mar/2025:01:04:38 +0530] "POST /wp-cron.php?doing_wp_cron=1741635278.2188050746917724609375 HTTP/1.1" 200 0 "-" "WordPress/6.7.2; https://sarkariyojanaguru.xyz"
159.65.177.157 - - [11/Mar/2025:01:35:06 +0530] "POST /wp-login.php HTTP/1.1" 200 6564 "-" "Mozilla/5.0"
159.65.177.157 - - [11/Mar/2025:01:04:37 +0530] "POST /wp-login.php HTTP/1.1" 200 6564 "-" "Mozilla/5.0"
51.222.253.8 - - [11/Mar/2025:01:59:38 +0530] "GET /comments/feed/ HTTP/2" 200 464 "-" "Mozilla/5.0 (compatible; AhrefsBot/7.0; +http://ahrefs.com/robot/)"
37.120.210.219 - - [11/Mar/2025:02:13:18 +0530] "POST /xmlrpc.php HTTP/2" 200 403 "-" "Mozilla/5.0 (Windows NT 10.0; Win64; x64) AppleWebKit/537.36 (KHTML, like Gecko) Chrome/133.0.0.0 Safari/537.36"
162.55.100.32 - - [11/Mar/2025:01:59:46 +0530] "POST /wp-cron.php?doing_wp_cron=1741638585.9237220287322998046875 HTTP/1.1" 200 0 "-" "WordPress/6.7.2; https://sarkariyojanaguru.xyz"
159.65.177.157 - - [11/Mar/2025:02:05:19 +0530] "POST /wp-login.php HTTP/1.1" 200 6564 "-" "Mozilla/5.0"
162.55.100.32 - - [11/Mar/2025:04:00:41 +0530] "POST /wp-cron.php?doing_wp_cron=1741645841.0090129375457763671875 HTTP/1.1" 200 0 "-" "WordPress/6.7.2; https://sarkariyojanaguru.xyz"
202.182.96.224 - - [11/Mar/2025:03:34:00 +0530] "GET /wp-login.php HTTP/1.1" 200 2098 "-" "Mozilla/5.0"
202.182.96.224 - - [11/Mar/2025:03:34:01 +0530] "GET /?author=1 HTTP/1.1" 301 0 "-" "Mozilla/5.0"
202.182.96.224 - - [11/Mar/2025:03:34:03 +0530] "GET /?author=2 HTTP/1.1" 404 7627 "-" "Mozilla/5.0"
213.152.161.10 - - [11/Mar/2025:04:00:40 +0530] "POST /xmlrpc.php HTTP/2" 200 403 "-" "Mozilla/5.0 (Windows NT 10.0; Win64; x64) AppleWebKit/537.36 (KHTML, like Gecko) Chrome/133.0.0.0 Safari/537.36"
162.55.100.32 - - [11/Mar/2025:05:31:28 +0530] "POST /wp-cron.php?doing_wp_cron=1741651288.1303379535675048828125 HTTP/1.1" 200 0 "-" "WordPress/6.7.2; https://sarkariyojanaguru.xyz"
62.102.148.154 - - [11/Mar/2025:05:31:22 +0530] "POST /xmlrpc.php HTTP/2" 200 403 "-" "Mozilla/5.0 (Windows NT 10.0; Win64; x64) AppleWebKit/537.36 (KHTML, like Gecko) Chrome/133.0.0.0 Safari/537.36"
64.42.179.35 - - [11/Mar/2025:04:40:08 +0530] "POST /xmlrpc.php HTTP/2" 200 403 "-" "Mozilla/5.0 (Windows NT 10.0; Win64; x64) AppleWebKit/537.36 (KHTML, like Gecko) Chrome/133.0.0.0 Safari/537.36"
45.77.8.249 - - [11/Mar/2025:06:22:41 +0530] "POST /xmlrpc.php HTTP/1.1" 200 232 "www.google.com" "Mozilla/5.0 (Windows NT 6.1; WOW64; rv:40.0) Gecko/20100101 Firefox/40.1"
45.77.8.249 - - [11/Mar/2025:06:23:10 +0530] "POST /xmlrpc.php HTTP/1.1" 200 232 "www.google.com" "Mozilla/5.0 (Macintosh; Intel Mac OS X 10.15; rv:114.0) Gecko/20100101 Firefox/114.0"
45.77.8.249 - - [11/Mar/2025:06:23:16 +0530] "POST /xmlrpc.php HTTP/1.1" 200 232 "www.google.com" "Mozilla/5.0 (Linux; U; Android 8.1.0; en-us; Redmi 4X Build/O11019) AppleWebKit/537.36 (KHTML, like Gecko) Version/4.0 Chrome/66.0.3359.126 Mobile Safari/537.36"
45.77.8.249 - - [11/Mar/2025:06:28:47 +0530] "GET /?author=9 HTTP/1.1" 404 7633 "www.google.com" "Mozilla/5.0 (iPad; CPU OS 16_0 like Mac OS X) AppleWebKit/605.1.15 (KHTML, like Gecko) Version/16.0 Mobile/15E148 Safari/604.1"
45.77.8.249 - - [11/Mar/2025:06:28:53 +0530] "GET /?author=11 HTTP/1.1" 404 7633 "www.google.com" "Mozilla/5.0 (X11; Linux x86_64) AppleWebKit/537.36 (KHTML, like Gecko) Chrome/114.0.0.0 Safari/537.36"
45.77.8.249 - - [11/Mar/2025:06:29:37 +0530] "POST /xmlrpc.php HTTP/1.1" 200 232 "www.google.com" "Mozilla/5.0 (Windows NT 10.0; Win64; x64) AppleWebKit/537.36 (KHTML, like Gecko) Chrome/91.0.4472.124 Safari/537.36 OPR/77.0.4054.172"
45.77.8.249 - - [11/Mar/2025:06:29:44 +0530] "POST /xmlrpc.php HTTP/1.1" 200 232 "www.google.com" "Mozilla/5.0 (Windows NT 6.1; Win64; x64) AppleWebKit/537.36 (KHTML, like Gecko) Chrome/89.0.4389.82 Safari/537.36"
45.77.8.249 - - [11/Mar/2025:06:29:47 +0530] "POST /xmlrpc.php HTTP/1.1" 200 232 "www.google.com" "Mozilla/5.0 (Linux; Android 10; Pixel 4) AppleWebKit/537.36 (KHTML, like Gecko) Chrome/91.0.4472.124 Mobile Safari/537.36"
45.77.8.249 - - [11/Mar/2025:06:30:04 +0530] "POST /xmlrpc.php HTTP/1.1" 200 232 "www.google.com" "Mozilla/5.0 (Linux; Android 10; Pixel 4) AppleWebKit/537.36 (KHTML, like Gecko) Chrome/91.0.4472.124 Mobile Safari/537.36"
45.77.8.249 - - [11/Mar/2025:06:21:13 +0530] "POST /xmlrpc.php HTTP/1.1" 200 232 "www.google.com" "Mozilla/5.0 (compatible; bingbot/2.0; +http://www.bing.com/bingbot.htm)"
45.77.8.249 - - [11/Mar/2025:06:21:46 +0530] "POST /xmlrpc.php HTTP/1.1" 200 232 "www.google.com" "DuckDuckBot/1.1; (+http://duckduckgo.com/duckduckbot.html)"
45.77.8.249 - - [11/Mar/2025:06:22:09 +0530] "POST /xmlrpc.php HTTP/1.1" 200 232 "www.google.com" "Mozilla/5.0 (iPhone; CPU iPhone OS 16_0 like Mac OS X) AppleWebKit/605.1.15 (KHTML, like Gecko) Version/16.0 Mobile/15E148 Safari/604.1"
45.77.8.249 - - [11/Mar/2025:06:22:20 +0530] "POST /xmlrpc.php HTTP/1.1" 200 232 "www.google.com" "Mozilla/5.0 (Windows NT 10.0; Win64; x64) AppleWebKit/537.36 (KHTML, like Gecko) Chrome/91.0.4472.124 Safari/537.36 Edg/91.0.864.64"
45.77.8.249 - - [11/Mar/2025:06:22:30 +0530] "POST /xmlrpc.php HTTP/1.1" 200 232 "www.google.com" "Mozilla/5.0 (Linux; Android 13; SM-G991B) AppleWebKit/537.36 (KHTML, like Gecko) Chrome/114.0.0.0 Mobile Safari/537.36"
45.77.8.249 - - [11/Mar/2025:06:22:54 +0530] "POST /xmlrpc.php HTTP/1.1" 200 232 "www.google.com" "Mozilla/5.0 (Linux; Android 13; Pixel 6 Pro) AppleWebKit/537.36 (KHTML, like Gecko) Chrome/114.0.0.0 Mobile Safari/537.36"
45.77.8.249 - - [11/Mar/2025:06:28:06 +0530] "GET /wp-admin/ HTTP/1.1" 302 0 "www.google.com" "DuckDuckBot/1.1; (+http://duckduckgo.com/duckduckbot.html)"
45.77.8.249 - - [11/Mar/2025:06:28:07 +0530] "GET /wp-login.php?redirect_to=https%3A%2F%2Fsarkariyojanaguru.xyz%2Fwp-admin%2F&reauth=1 HTTP/1.1" 200 2097 "www.google.com" "DuckDuckBot/1.1; (+http://duckduckgo.com/duckduckbot.html)"
45.77.8.249 - - [11/Mar/2025:06:28:28 +0530] "GET /?author=4 HTTP/1.1" 404 7633 "www.google.com" "Mozilla/5.0 (Linux; Android 8.0; Nexus 5X) AppleWebKit/537.36 (KHTML, like Gecko) Chrome/62.0.3202.94 Mobile Safari/537.36"
45.77.8.249 - - [11/Mar/2025:06:28:36 +0530] "GET /?author=6 HTTP/1.1" 404 7633 "www.google.com" "Mozilla/5.0 (Macintosh; Intel Mac OS X 10_15_7) AppleWebKit/605.1.15 (KHTML, like Gecko) Version/14.0 Safari/605.1.15"
45.77.8.249 - - [11/Mar/2025:06:28:56 +0530] "GET /?author=12 HTTP/1.1" 404 7627 "www.google.com" "Mozilla/5.0 (Linux; Android 11; SM-G973F) AppleWebKit/537.36 (KHTML, like Gecko) SamsungBrowser/15.0 Chrome/87.0.4280.101 Mobile Safari/537.36"
45.77.8.249 - - [11/Mar/2025:06:29:00 +0530] "GET /?author=13 HTTP/1.1" 404 7633 "www.google.com" "Mozilla/5.0 (Linux; Android 10; Pixel 4) AppleWebKit/537.36 (KHTML, like Gecko) Chrome/91.0.4472.124 Mobile Safari/537.36"
45.77.8.249 - - [11/Mar/2025:06:29:03 +0530] "GET /?author=14 HTTP/1.1" 404 7627 "www.google.com" "DuckDuckBot/1.1; (+http://duckduckgo.com/duckduckbot.html)"
45.77.8.249 - - [11/Mar/2025:06:29:10 +0530] "GET /?author=16 HTTP/1.1" 404 7633 "www.google.com" "Mozilla/5.0 (Linux; Android 13; SM-G991B) AppleWebKit/537.36 (KHTML, like Gecko) Chrome/114.0.0.0 Mobile Safari/537.36"
45.77.8.249 - - [11/Mar/2025:06:29:13 +0530] "GET /?author=17 HTTP/1.1" 404 7633 "www.google.com" "Mozilla/5.0 (Windows NT 10.0; Win64; x64) AppleWebKit/537.36 (KHTML, like Gecko) Chrome/91.0.4472.124 Safari/537.36"
45.77.8.249 - - [11/Mar/2025:06:29:23 +0530] "POST /xmlrpc.php HTTP/1.1" 200 232 "www.google.com" "Mozilla/5.0 (Linux; Android 11; SM-G973F) AppleWebKit/537.36 (KHTML, like Gecko) SamsungBrowser/15.0 Chrome/87.0.4280.101 Mobile Safari/537.36"
45.77.8.249 - - [11/Mar/2025:06:30:08 +0530] "POST /xmlrpc.php HTTP/1.1" 200 232 "www.google.com" "Mozilla/5.0 (compatible; bingbot/2.0; +http://www.bing.com/bingbot.htm)"
45.77.8.249 - - [11/Mar/2025:06:20:49 +0530] "GET /wp-admin/ HTTP/1.1" 302 0 "www.google.com" "Mozilla/5.0 (Windows NT 6.1; Win64; x64) AppleWebKit/537.36 (KHTML, like Gecko) Chrome/89.0.4389.82 Safari/537.36"
45.77.8.249 - - [11/Mar/2025:06:20:51 +0530] "GET /wp-login.php?redirect_to=https%3A%2F%2Fsarkariyojanaguru.xyz%2Fwp-admin%2F&reauth=1 HTTP/1.1" 200 2097 "www.google.com" "Mozilla/5.0 (Windows NT 6.1; Win64; x64) AppleWebKit/537.36 (KHTML, like Gecko) Chrome/89.0.4389.82 Safari/537.36"
45.77.8.249 - - [11/Mar/2025:06:21:18 +0530] "POST /xmlrpc.php HTTP/1.1" 200 232 "www.google.com" "Mozilla/5.0 (Macintosh; Intel Mac OS X 10_15_7) AppleWebKit/605.1.15 (KHTML, like Gecko) Version/14.0 Safari/605.1.15"
45.77.8.249 - - [11/Mar/2025:06:22:35 +0530] "POST /xmlrpc.php HTTP/1.1" 200 232 "www.google.com" "Mozilla/5.0 (Windows NT 6.1; WOW64; rv:57.0) Gecko/20100101 Firefox/57.0Mozilla/5.0 (Windows NT 10.0; Win64; x64) AppleWebKit/537.36 (KHTML, like Gecko) Chrome/114.0.0.0 Safari/537.36"
45.77.8.249 - - [11/Mar/2025:06:23:04 +0530] "POST /xmlrpc.php HTTP/1.1" 200 232 "www.google.com" "Mozilla/5.0 (Windows NT 10.0; Win64; x64) AppleWebKit/537.36 (KHTML, like Gecko) Chrome/91.0.4472.124 Safari/537.36"
45.77.8.249 - - [11/Mar/2025:06:28:41 +0530] "GET /?author=7 HTTP/1.1" 404 7633 "www.google.com" "Googlebot/2.1 (+http://www.google.com/bot.html)"
45.77.8.249 - - [11/Mar/2025:06:28:50 +0530] "GET /?author=10 HTTP/1.1" 404 7627 "www.google.com" "Mozilla/5.0 (X11; Linux x86_64; rv:114.0) Gecko/20100101 Firefox/114.0"
45.77.8.249 - - [11/Mar/2025:06:29:20 +0530] "GET /?author=19 HTTP/1.1" 404 7627 "www.google.com" "Mozilla/5.0 (Windows NT 6.1; Win64; x64) AppleWebKit/537.36 (KHTML, like Gecko) Chrome/89.0.4389.82 Safari/537.36"
45.77.8.249 - - [11/Mar/2025:06:29:41 +0530] "POST /xmlrpc.php HTTP/1.1" 200 232 "www.google.com" "Mozilla/5.0 (Linux; U; Android 8.1.0; en-us; Redmi 4X Build/O11019) AppleWebKit/537.36 (KHTML, like Gecko) Version/4.0 Chrome/66.0.3359.126 Mobile Safari/537.36"
45.77.8.249 - - [11/Mar/2025:06:29:51 +0530] "POST /xmlrpc.php HTTP/1.1" 200 232 "www.google.com" "Mozilla/5.0 (Windows NT 6.1; WOW64; rv:40.0) Gecko/20100101 Firefox/40.1"
45.77.8.249 - - [11/Mar/2025:06:29:57 +0530] "POST /xmlrpc.php HTTP/1.1" 200 232 "www.google.com" "Mozilla/5.0 (Macintosh; Intel Mac OS X 10_14_6) AppleWebKit/537.36 (KHTML, like Gecko) Chrome/78.0.3904.108 Safari/537.36"
45.77.8.249 - - [11/Mar/2025:06:30:01 +0530] "POST /xmlrpc.php HTTP/1.1" 200 232 "www.google.com" "Mozilla/5.0 (Linux; Android 7.0; SM-G892A Build/NRD90M; wv) AppleWebKit/537.36 (KHTML, like Gecko) Version/4.0 Chrome/60.0.3112.107 Mobile Safari/537.36"
146.190.254.248 - - [11/Mar/2025:06:31:19 +0530] "GET /favicon.ico HTTP/1.1" 404 1251 "https://sarkariyojanaguru.xyz/" "Mozilla/5.0 (compatible)"
45.77.8.249 - - [11/Mar/2025:06:20:42 +0530] "HEAD / HTTP/1.1" 200 0 "-" "python-requests/2.32.3"
45.77.8.249 - - [11/Mar/2025:06:20:56 +0530] "HEAD / HTTP/1.1" 200 0 "-" "python-requests/2.32.3"
45.77.8.249 - - [11/Mar/2025:06:21:34 +0530] "POST /xmlrpc.php HTTP/1.1" 200 232 "www.google.com" "Mozilla/5.0 (Windows NT 10.0; Win64; x64) AppleWebKit/537.36 (KHTML, like Gecko) Chrome/91.0.4472.124 Safari/537.36 OPR/77.0.4054.172"
45.77.8.249 - - [11/Mar/2025:06:22:02 +0530] "POST /xmlrpc.php HTTP/1.1" 200 232 "www.google.com" "Mozilla/5.0 (compatible; Yahoo! Slurp; http://help.yahoo.com/help/us/ysearch/slurp)"
45.77.8.249 - - [11/Mar/2025:06:22:46 +0530] "POST /xmlrpc.php HTTP/1.1" 200 232 "www.google.com" "Mozilla/5.0 (Windows NT 10.0; Win64; x64) AppleWebKit/537.36 (KHTML, like Gecko) Chrome/91.0.4472.124 Safari/537.36 Edg/91.0.864.64"
45.77.8.249 - - [11/Mar/2025:06:22:59 +0530] "POST /xmlrpc.php HTTP/1.1" 200 232 "www.google.com" "Mozilla/5.0 (Macintosh; Intel Mac OS X 10_15_7) AppleWebKit/537.36 (KHTML, like Gecko) Chrome/91.0.4472.124 Safari/537.36"
45.77.8.249 - - [11/Mar/2025:06:28:12 +0530] "HEAD / HTTP/1.1" 200 0 "-" "python-requests/2.32.3"
45.77.8.249 - - [11/Mar/2025:06:28:44 +0530] "GET /?author=8 HTTP/1.1" 404 7633 "www.google.com" "Mozilla/5.0 (compatible; bingbot/2.0; +http://www.bing.com/bingbot.htm)"
146.190.254.248 - - [11/Mar/2025:06:31:15 +0530] "GET / HTTP/1.1" 200 11755 "-" "Mozilla/5.0 (compatible)"
45.77.8.249 - - [11/Mar/2025:06:21:29 +0530] "POST /xmlrpc.php HTTP/1.1" 200 232 "www.google.com" "Mozilla/5.0 (Macintosh; Intel Mac OS X 10_15_7) AppleWebKit/537.36 (KHTML, like Gecko) Chrome/114.0.0.0 Safari/537.36"
45.77.8.249 - - [11/Mar/2025:06:29:07 +0530] "GET /?author=15 HTTP/1.1" 404 7627 "www.google.com" "Mozilla/5.0 (iPad; CPU OS 16_0 like Mac OS X) AppleWebKit/605.1.15 (KHTML, like Gecko) Version/16.0 Mobile/15E148 Safari/604.1"
45.77.8.249 - - [11/Mar/2025:06:30:15 +0530] "POST /xmlrpc.php HTTP/1.1" 200 232 "www.google.com" "Mozilla/5.0 (compatible; Baiduspider/2.0; +http://www.baidu.com/search/spider.html)"
68.235.35.124 - - [11/Mar/2025:06:38:14 +0530] "POST /xmlrpc.php HTTP/2" 200 403 "-" "Mozilla/5.0 (Windows NT 10.0; Win64; x64) AppleWebKit/537.36 (KHTML, like Gecko) Chrome/133.0.0.0 Safari/537.36"
146.70.61.131 - - [11/Mar/2025:07:24:17 +0530] "POST /xmlrpc.php HTTP/2" 200 403 "-" "Mozilla/5.0 (Windows NT 10.0; Win64; x64) AppleWebKit/537.36 (KHTML, like Gecko) Chrome/133.0.0.0 Safari/537.36"
45.77.8.249 - - [11/Mar/2025:06:21:02 +0530] "GET /?rest_route=/wp/v2/users HTTP/1.1" 200 300 "www.google.com" "Mozilla/5.0 (Macintosh; Intel Mac OS X 10_15_7) AppleWebKit/537.36 (KHTML, like Gecko) Chrome/114.0.0.0 Safari/537.36"
45.77.8.249 - - [11/Mar/2025:06:21:08 +0530] "POST /xmlrpc.php HTTP/1.1" 200 232 "www.google.com" "Mozilla/5.0 (Windows NT 10.0; Win64; x64) AppleWebKit/537.36 (KHTML, like Gecko) Chrome/91.0.4472.124 Safari/537.36"
45.77.8.249 - - [11/Mar/2025:06:21:23 +0530] "POST /xmlrpc.php HTTP/1.1" 200 232 "www.google.com" "DuckDuckBot/1.1; (+http://duckduckgo.com/duckduckbot.html)"
45.77.8.249 - - [11/Mar/2025:06:21:51 +0530] "POST /xmlrpc.php HTTP/1.1" 200 232 "www.google.com" "Mozilla/5.0 (Macintosh; Intel Mac OS X 10_15_7) AppleWebKit/537.36 (KHTML, like Gecko) Chrome/91.0.4472.124 Safari/537.36"
45.77.8.249 - - [11/Mar/2025:06:21:57 +0530] "POST /xmlrpc.php HTTP/1.1" 200 232 "www.google.com" "Mozilla/5.0 (X11; Linux x86_64; rv:114.0) Gecko/20100101 Firefox/114.0"
45.77.8.249 - - [11/Mar/2025:06:22:25 +0530] "POST /xmlrpc.php HTTP/1.1" 200 232 "www.google.com" "Mozilla/5.0 (Windows NT 10.0; Win64; x64) AppleWebKit/537.36 (KHTML, like Gecko) Chrome/91.0.4472.124 Safari/537.36 OPR/77.0.4054.172"
45.77.8.249 - - [11/Mar/2025:06:28:24 +0530] "GET /?author=3 HTTP/1.1" 404 7627 "www.google.com" "Mozilla/5.0 (iPhone; CPU iPhone OS 10_3 like Mac OS X) AppleWebKit/602.1.50 (KHTML, like Gecko) Version/10.0 Mobile/14E5239e Safari/602.1"
45.77.8.249 - - [11/Mar/2025:06:28:31 +0530] "GET /?author=5 HTTP/1.1" 404 7627 "www.google.com" "Mozilla/5.0 (Linux; Android 10; SM-A205U) AppleWebKit/537.36 (KHTML, like Gecko) Chrome/83.0.4103.106 Mobile Safari/537.36 EdgA/46.03.4.5155"
45.77.8.249 - - [11/Mar/2025:06:29:30 +0530] "POST /xmlrpc.php HTTP/1.1" 200 232 "www.google.com" "Mozilla/5.0 (Windows NT 10.0; Win64; x64) AppleWebKit/537.36 (KHTML, like Gecko) Chrome/91.0.4472.124 Safari/537.36 OPR/77.0.4054.172"
45.77.8.249 - - [11/Mar/2025:06:29:54 +0530] "POST /xmlrpc.php HTTP/1.1" 200 232 "www.google.com" "Mozilla/5.0 (Linux; Android 10; SM-A205U) AppleWebKit/537.36 (KHTML, like Gecko) Chrome/83.0.4103.106 Mobile Safari/537.36 EdgA/46.03.4.5155"
162.55.100.32 - - [11/Mar/2025:07:24:22 +0530] "POST /wp-cron.php?doing_wp_cron=1741658062.2445158958435058593750 HTTP/1.1" 200 0 "-" "WordPress/6.7.2; https://sarkariyojanaguru.xyz"
45.77.8.249 - - [11/Mar/2025:06:22:14 +0530] "POST /xmlrpc.php HTTP/1.1" 200 232 "www.google.com" "Mozilla/5.0 (Macintosh; Intel Mac OS X 10_15_7) AppleWebKit/537.36 (KHTML, like Gecko) Chrome/114.0.0.0 Safari/537.36"
45.77.8.249 - - [11/Mar/2025:06:29:34 +0530] "POST /xmlrpc.php HTTP/1.1" 200 232 "www.google.com" "Mozilla/5.0 (Windows NT 10.0; Win64; x64) AppleWebKit/537.36 (KHTML, like Gecko) Chrome/91.0.4472.124 Safari/537.36 Brave/91.0.4472.124"
45.77.8.249 - - [11/Mar/2025:06:30:11 +0530] "POST /xmlrpc.php HTTP/1.1" 200 232 "www.google.com" "Mozilla/5.0 (Windows NT 6.3; Trident/7.0; rv:11.0) like Gecko"
45.77.8.249 - - [11/Mar/2025:06:21:40 +0530] "POST /xmlrpc.php HTTP/1.1" 200 232 "www.google.com" "Mozilla/5.0 (Macintosh; Intel Mac OS X 10_15_7) AppleWebKit/537.36 (KHTML, like Gecko) Chrome/114.0.0.0 Safari/537.36"
45.77.8.249 - - [11/Mar/2025:06:28:01 +0530] "HEAD / HTTP/1.1" 200 0 "-" "python-requests/2.32.3"
45.77.8.249 - - [11/Mar/2025:06:28:15 +0530] "GET /?author=1 HTTP/1.1" 301 0 "www.google.com" "Mozilla/5.0 (Macintosh; Intel Mac OS X 10_14_6) AppleWebKit/537.36 (KHTML, like Gecko) Chrome/78.0.3904.108 Safari/537.36"
45.77.8.249 - - [11/Mar/2025:06:28:16 +0530] "GET /author/admin/ HTTP/1.1" 200 10718 "www.google.com" "Mozilla/5.0 (Macintosh; Intel Mac OS X 10_14_6) AppleWebKit/537.36 (KHTML, like Gecko) Chrome/78.0.3904.108 Safari/537.36"
45.77.8.249 - - [11/Mar/2025:06:28:20 +0530] "GET /?author=2 HTTP/1.1" 404 7633 "www.google.com" "Mozilla/5.0 (iPhone; CPU iPhone OS 10_3 like Mac OS X) AppleWebKit/602.1.50 (KHTML, like Gecko) Version/10.0 Mobile/14E5239e Safari/602.1"
45.77.8.249 - - [11/Mar/2025:06:29:16 +0530] "GET /?author=18 HTTP/1.1" 404 7633 "www.google.com" "Mozilla/5.0 (Linux; Android 10; Pixel 4) AppleWebKit/537.36 (KHTML, like Gecko) Chrome/91.0.4472.124 Mobile Safari/537.36"
45.77.8.249 - - [11/Mar/2025:06:29:26 +0530] "POST /xmlrpc.php HTTP/1.1" 200 232 "www.google.com" "Mozilla/5.0 (Windows NT 10.0; Win64; x64; rv:114.0) Gecko/20100101 Firefox/114.0"
45.77.8.249 - - [11/Mar/2025:08:07:09 +0530] "POST /wp-login.php HTTP/1.1" 200 6604 "-" "Mozilla/5.0"
162.55.100.32 - - [11/Mar/2025:09:34:11 +0530] "POST /wp-cron.php?doing_wp_cron=1741665851.0583879947662353515625 HTTP/1.1" 200 0 "-" "WordPress/6.7.2; https://sarkariyojanaguru.xyz"
178.238.229.54 - - [11/Mar/2025:09:13:17 +0530] "POST /xmlrpc.php HTTP/2" 200 403 "-" "Mozilla/5.0 (Windows NT 10.0; Win64; x64) AppleWebKit/537.36 (KHTML, like Gecko) Chrome/133.0.0.0 Safari/537.36"
162.55.100.32 - - [11/Mar/2025:08:51:01 +0530] "POST /wp-cron.php?doing_wp_cron=1741663261.4532959461212158203125 HTTP/1.1" 200 0 "-" "WordPress/6.7.2; https://sarkariyojanaguru.xyz"
69.171.234.5 - - [11/Mar/2025:08:50:59 +0530] "GET /wp-content/uploads/2025/01/Sarkari-Yojana-Government-will-give-houses-to-the-homeless-know-who-will-be-eligible-for-the-schem.jpg HTTP/2" 404 28746 "-" "facebookexternalhit/1.1 (+http://www.facebook.com/externalhit_uatext.php)"
69.171.234.8 - - [11/Mar/2025:08:51:06 +0530] "GET /wp-content/uploads/2025/01/Post-Office-PPF-Scheme.png HTTP/2" 404 28746 "-" "facebookexternalhit/1.1 (+http://www.facebook.com/externalhit_uatext.php)"
69.171.251.115 - - [11/Mar/2025:08:51:07 +0530] "GET /wp-content/uploads/2025/01/Post-Office-PPF-Scheme.png HTTP/2" 404 28746 "-" "facebookexternalhit/1.1 (+http://www.facebook.com/externalhit_uatext.php)"
31.13.103.115 - - [11/Mar/2025:08:50:59 +0530] "GET /wp-content/uploads/2025/01/sarkari-yojana-guru-Pradhan-Mantri-Awas-Yojana-How-to-apply-online-PM-Awas-Yojana-list-eligibility.jpg HTTP/2" 404 28746 "-" "facebookexternalhit/1.1 (+http://www.facebook.com/externalhit_uatext.php)"
69.171.234.1 - - [11/Mar/2025:08:50:55 +0530] "GET /wp-content/uploads/2025/01/sarkari-yojana-guru-Pradhan-Mantri-Awas-Yojana-How-to-apply-online-PM-Awas-Yojana-list-eligibility.jpg HTTP/2" 404 28746 "-" "facebookexternalhit/1.1 (+http://www.facebook.com/externalhit_uatext.php)"
185.200.116.131 - - [11/Mar/2025:09:34:09 +0530] "POST /xmlrpc.php HTTP/2" 200 403 "-" "Mozilla/5.0 (Windows NT 10.0; Win64; x64) AppleWebKit/537.36 (KHTML, like Gecko) Chrome/133.0.0.0 Safari/537.36"
134.19.179.147 - - [11/Mar/2025:11:32:22 +0530] "POST /xmlrpc.php HTTP/2" 200 403 "-" "Mozilla/5.0 (Windows NT 10.0; Win64; x64) AppleWebKit/537.36 (KHTML, like Gecko) Chrome/133.0.0.0 Safari/537.36"
185.189.112.11 - - [11/Mar/2025:12:37:41 +0530] "POST /xmlrpc.php HTTP/2" 200 403 "-" "Mozilla/5.0 (Windows NT 10.0; Win64; x64) AppleWebKit/537.36 (KHTML, like Gecko) Chrome/133.0.0.0 Safari/537.36"
162.55.100.32 - - [11/Mar/2025:12:19:40 +0530] "POST /wp-cron.php?doing_wp_cron=1741675780.0665349960327148437500 HTTP/1.1" 200 0 "-" "WordPress/6.7.2; https://sarkariyojanaguru.xyz"
134.19.179.211 - - [11/Mar/2025:12:19:38 +0530] "POST /xmlrpc.php HTTP/2" 200 403 "-" "Mozilla/5.0 (Windows NT 10.0; Win64; x64) AppleWebKit/537.36 (KHTML, like Gecko) Chrome/133.0.0.0 Safari/537.36"
162.55.100.32 - - [11/Mar/2025:13:08:58 +0530] "POST /wp-cron.php?doing_wp_cron=1741678738.4219470024108886718750 HTTP/1.1" 200 0 "-" "WordPress/6.7.2; https://sarkariyojanaguru.xyz"
193.37.252.163 - - [11/Mar/2025:13:18:18 +0530] "POST /xmlrpc.php HTTP/2" 200 403 "-" "Mozilla/5.0 (Windows NT 10.0; Win64; x64) AppleWebKit/537.36 (KHTML, like Gecko) Chrome/133.0.0.0 Safari/537.36"
193.37.252.163 - - [11/Mar/2025:13:08:57 +0530] "POST /xmlrpc.php HTTP/2" 200 403 "-" "Mozilla/5.0 (Windows NT 10.0; Win64; x64) AppleWebKit/537.36 (KHTML, like Gecko) Chrome/133.0.0.0 Safari/537.36"
78.153.140.222 - - [11/Mar/2025:14:29:10 +0530] "GET /app_dev.php/_profiler/phpinfo HTTP/1.1" 404 28746 "-" "Mozilla/5.0 (Windows; U; Windows NT 6.0; hu-HU) AppleWebKit/533.19.4 (KHTML, like Gecko) Version/5.0.3 Safari/533.19.4"
78.153.140.222 - - [11/Mar/2025:14:28:34 +0530] "GET /.aws/credentials HTTP/1.1" 301 0 "-" "Opera/9.23 (Macintosh; Intel Mac OS X; U; ja)"
78.153.140.222 - - [11/Mar/2025:14:28:40 +0530] "GET /.env.production HTTP/1.1" 404 28746 "-" "Mozilla/5.0 (Windows NT 10.0; Win64; x64) AppleWebKit/534.34 (KHTML, like Gecko) pythonw Safari/534.34"
78.153.140.222 - - [11/Mar/2025:14:29:05 +0530] "GET /app_dev.php/_profiler/open?file=app/config/parameters.yml HTTP/1.1" 404 28746 "-" "Mozilla/5.0 (Linux; U; Android 4.1.2; nl-nl; GT-I8190 Build/JZO54K) AppleWebKit/534.30 (KHTML, like Gecko) Version/4.0 Mobile Safari/534.30"
78.153.140.222 - - [11/Mar/2025:14:29:25 +0530] "GET /demo/.env HTTP/1.1" 404 28746 "-" "Mozilla/5.0 (Windows; U; Win98; de-DE; rv:1.7) Gecko/20040803 Firefox/0.9.3"
213.152.162.94 - - [11/Mar/2025:14:31:18 +0530] "POST /xmlrpc.php HTTP/2" 200 403 "-" "Mozilla/5.0 (Windows NT 10.0; Win64; x64) AppleWebKit/537.36 (KHTML, like Gecko) Chrome/133.0.0.0 Safari/537.36"
78.153.140.222 - - [11/Mar/2025:14:28:29 +0530] "GET /.env HTTP/1.1" 404 28746 "-" "Mozilla/5.0 (Macintosh; Intel Mac OS X 10.10; rv:59.0) Gecko/20100101 Firefox/59.0"
78.153.140.222 - - [11/Mar/2025:14:28:52 +0530] "GET /admin/.env HTTP/1.1" 404 28746 "-" "Mozilla/4.0 (compatible; MSIE 6.0; Windows NT 5.0) Opera 7.52 [en]"
78.153.140.222 - - [11/Mar/2025:14:29:00 +0530] "GET /app/.env HTTP/1.1" 404 28746 "-" "Mozilla/5.0 (Windows; U; Windows NT 6.0; en-GB; rv:1.9.1.1) Gecko/20090715 Firefox/3.5.1 GTB5 (.NET CLR 4.0.20506)"
78.153.140.222 - - [11/Mar/2025:14:29:22 +0530] "GET /credentials HTTP/1.1" 404 28746 "-" "Mozilla/5.0 (Windows NT 6.3; WOW64) AppleWebKit/537.36 (KHTML, like Gecko) Chrome/44.0.2403.155 Safari/537.36"
78.153.140.222 - - [11/Mar/2025:14:29:24 +0530] "GET /crm/.env HTTP/1.1" 404 28746 "-" "Mozilla/5.0 (Windows NT 6.0; WOW64) AppleWebKit/535.7 (KHTML, like Gecko) Chrome/16.0.912.75 Safari/535.7"
78.153.140.222 - - [11/Mar/2025:14:29:27 +0530] "GET /info/ HTTP/1.1" 404 28746 "-" "Mozilla/4.0 (compatible; MSIE 6.0; Windows NT 5.1; FSL 7.0.6.01001)"
78.153.140.222 - - [11/Mar/2025:14:29:29 +0530] "GET /infos/ HTTP/1.1" 404 28746 "-" "MOT-L7v/08.B7.5DR MIB/2.2.1 Profile/MIDP-2.0 Configuration/CLDC-1.1 UP.Link/6.3.0.0.0"
78.153.140.222 - - [11/Mar/2025:14:28:33 +0530] "GET /.aws/credentials HTTP/1.1" 404 28746 "-" "Mozilla/5.0 (Windows; U; Windows NT 5.1; de; rv:1.9) Gecko/2008052906 Firefox/3.0.1pre"
78.153.140.222 - - [11/Mar/2025:14:28:38 +0530] "GET /.env.example HTTP/1.1" 404 28746 "-" "Opera/9.20 (X11; Linux i586; U; en)"
78.153.140.222 - - [11/Mar/2025:14:29:47 +0530] "GET /vendor/.env HTTP/1.1" 404 28746 "-" "Mozilla/5.0 (Linux; Android 7.0; LGMP260 Build/NRD90U) AppleWebKit/537.36 (KHTML, like Gecko) Chrome/61.0.3163.98 Mobile Safari/537.36"
78.153.140.222 - - [11/Mar/2025:14:29:14 +0530] "GET /backend/.env HTTP/1.1" 404 28746 "-" "Mozilla/5.0 (Windows NT 6.3; WOW64) AppleWebKit/537.36 (KHTML, like Gecko) Chrome/56.0.2924.87 Safari/537.36 OPR/43.0.2442.1144"
78.153.140.222 - - [11/Mar/2025:14:29:20 +0530] "GET /core/.env HTTP/1.1" 404 28746 "-" "Mozilla/5.0 (Macintosh; Intel Mac OS X 10.8; rv:36.0) Gecko/20100101 Firefox/36.0"
78.153.140.222 - - [11/Mar/2025:14:29:41 +0530] "GET /pinfo.php HTTP/1.1" 404 28746 "-" "Opera/8.50 (Windows 98; U; en)"
78.153.140.222 - - [11/Mar/2025:14:28:28 +0530] "GET /.env HTTP/1.1" 301 0 "-" "Mozilla/5.0 (Maemo; Linux; U; Jolla; Sailfish; Mobile; rv:31.0) Gecko/31.0 Firefox/31.0 SailfishBrowser/1.0"
78.153.140.222 - - [11/Mar/2025:14:28:57 +0530] "GET /api/.env HTTP/1.1" 404 28746 "-" "Mozilla/5.0 (Windows NT 6.0; Win64; x64) AppleWebKit/537.36 (KHTML, like Gecko) Chrome/60.0.3112.78 Safari/537.36 OPR/47.0.2631.39"
104.131.165.167 - - [11/Mar/2025:14:47:07 +0530] "GET /wp-login.php HTTP/1.1" 200 2097 "-" "Mozilla/5.0"
104.131.165.167 - - [11/Mar/2025:14:47:07 +0530] "GET /?author=1 HTTP/1.1" 301 0 "-" "Mozilla/5.0"
104.131.165.167 - - [11/Mar/2025:14:47:08 +0530] "GET /?author=2 HTTP/1.1" 404 7633 "-" "Mozilla/5.0"
162.55.100.32 - - [11/Mar/2025:15:36:31 +0530] "POST /wp-cron.php?doing_wp_cron=1741687591.6816489696502685546875 HTTP/1.1" 200 0 "-" "WordPress/6.7.2; https://sarkariyojanaguru.xyz"
95.108.213.166 - - [11/Mar/2025:15:36:30 +0530] "GET /robots.txt HTTP/1.1" 200 67 "-" "Mozilla/5.0 (compatible; YandexBot/3.0; +http://yandex.com/bots)"
213.180.203.252 - - [11/Mar/2025:15:36:32 +0530] "GET /bihar-mahila-sahayata-yojana-2025-women-get-assistance-of-rs-25000-know-benefits-and-process/ HTTP/1.1" 404 7633 "-" "Mozilla/5.0 (compatible; YandexBot/3.0; +http://yandex.com/bots)"
104.131.165.167 - - [11/Mar/2025:16:04:28 +0530] "POST /wp-login.php HTTP/1.1" 200 6604 "-" "Mozilla/5.0"
185.191.171.18 - - [11/Mar/2025:16:26:46 +0530] "GET /robots.txt HTTP/1.1" 200 70 "-" "Mozilla/5.0 (compatible; SemrushBot/7~bl; +http://www.semrush.com/bot.html)"
185.191.171.1 - - [11/Mar/2025:16:26:48 +0530] "GET / HTTP/1.1" 200 11755 "-" "Mozilla/5.0 (compatible; SemrushBot/7~bl; +http://www.semrush.com/bot.html)"
79.142.69.160 - - [11/Mar/2025:17:15:28 +0530] "POST /xmlrpc.php HTTP/2" 200 403 "-" "Mozilla/5.0 (Windows NT 10.0; Win64; x64) AppleWebKit/537.36 (KHTML, like Gecko) Chrome/133.0.0.0 Safari/537.36"
135.148.100.196 - - [11/Mar/2025:16:52:17 +0530] "GET / HTTP/1.1" 200 60797 "-" "-"
162.55.100.32 - - [11/Mar/2025:16:52:18 +0530] "POST /wp-cron.php?doing_wp_cron=1741692138.5125830173492431640625 HTTP/1.1" 200 0 "-" "WordPress/6.7.2; https://sarkariyojanaguru.xyz"
89.169.102.46 - - [11/Mar/2025:17:53:07 +0530] "GET / HTTP/1.1" 200 60797 "https://www.google.com" "Mozilla/5.0 (Macintosh; Intel Mac OS X 10_15_7) AppleWebKit/537.36 (KHTML, like Gecko) Chrome/133.0.0.0 Safari/537.36"
192.145.126.115 - - [11/Mar/2025:17:54:19 +0530] "POST /xmlrpc.php HTTP/2" 200 403 "-" "Mozilla/5.0 (Windows NT 10.0; Win64; x64) AppleWebKit/537.36 (KHTML, like Gecko) Chrome/133.0.0.0 Safari/537.36"
162.55.100.32 - - [11/Mar/2025:17:53:09 +0530] "POST /wp-cron.php?doing_wp_cron=1741695789.7062931060791015625000 HTTP/1.1" 200 0 "-" "WordPress/6.7.2; https://sarkariyojanaguru.xyz"
104.131.165.167 - - [11/Mar/2025:18:12:45 +0530] "POST /wp-login.php HTTP/1.1" 200 6604 "-" "Mozilla/5.0"
213.152.161.15 - - [11/Mar/2025:18:45:07 +0530] "POST /xmlrpc.php HTTP/2" 200 403 "-" "Mozilla/5.0 (Windows NT 10.0; Win64; x64) AppleWebKit/537.36 (KHTML, like Gecko) Chrome/133.0.0.0 Safari/537.36"
193.37.252.115 - - [11/Mar/2025:20:17:15 +0530] "POST /xmlrpc.php HTTP/2" 200 403 "-" "Mozilla/5.0 (Windows NT 10.0; Win64; x64) AppleWebKit/537.36 (KHTML, like Gecko) Chrome/133.0.0.0 Safari/537.36"
185.200.117.131 - - [11/Mar/2025:19:44:02 +0530] "POST /xmlrpc.php HTTP/2" 200 403 "-" "Mozilla/5.0 (Windows NT 10.0; Win64; x64) AppleWebKit/537.36 (KHTML, like Gecko) Chrome/133.0.0.0 Safari/537.36"
104.131.165.167 - - [11/Mar/2025:20:26:33 +0530] "POST /wp-login.php HTTP/1.1" 200 6604 "-" "Mozilla/5.0"
195.2.78.89 - - [11/Mar/2025:22:37:39 +0530] "GET /sarkari-yojana-pension-status-how-to-check/ HTTP/1.1" 200 623780 "-" "Mozilla/5.0 (Macintosh; Intel Mac OS X 10_15_7) AppleWebKit/537.36 (KHTML, like Gecko) Chrome/133.0.0.0 Safari/537.36"
195.2.78.89 - - [11/Mar/2025:22:37:58 +0530] "GET /sarkari-yojana-pension-status-how-to-check/ HTTP/1.1" 200 623780 "-" "Mozilla/5.0 (Macintosh; Intel Mac OS X 10_15_7) AppleWebKit/537.36 (KHTML, like Gecko) Chrome/133.0.0.0 Safari/537.36"
138.122.164.211 - - [11/Mar/2025:22:37:38 +0530] "POST /wp-comments-post.php HTTP/1.1" 200 0 "-" "Mozilla/5.0 (Windows NT 10.0; Win64; x64) AppleWebKit/537.36 (KHTML, like Gecko) Chrome/120.0.0.0 Safari/537.36"
138.122.164.211 - - [11/Mar/2025:22:37:41 +0530] "POST /wp-comments-post.php HTTP/1.1" 200 1159 "-" "Mozilla/5.0 (Macintosh; Intel Mac OS X 10_15_7) AppleWebKit/537.36 (KHTML, like Gecko) Chrome/133.0.0.0 Safari/537.36"
195.2.78.89 - - [11/Mar/2025:22:37:33 +0530] "GET /comments/feed/ HTTP/1.1" 200 517 "-" "Mozilla/5.0 (Macintosh; Intel Mac OS X 10_15_7) AppleWebKit/537.36 (KHTML, like Gecko) Chrome/133.0.0.0 Safari/537.36"
138.122.164.211 - - [11/Mar/2025:22:38:07 +0530] "POST /contact-us/ HTTP/1.1" 200 8371 "-" "Mozilla/5.0 (Windows NT 10.0; Win64; x64) AppleWebKit/537.36 (KHTML, like Gecko) Chrome/120.0.0.0 Safari/537.36"
162.55.100.32 - - [11/Mar/2025:22:57:23 +0530] "POST /wp-cron.php?doing_wp_cron=1741714043.8464620113372802734375 HTTP/1.1" 200 0 "-" "WordPress/6.7.2; https://sarkariyojanaguru.xyz"
213.152.186.163 - - [11/Mar/2025:23:03:27 +0530] "POST /xmlrpc.php HTTP/2" 200 403 "-" "Mozilla/5.0 (Windows NT 10.0; Win64; x64) AppleWebKit/537.36 (KHTML, like Gecko) Chrome/133.0.0.0 Safari/537.36"
134.19.179.243 - - [11/Mar/2025:23:28:35 +0530] "POST /xmlrpc.php HTTP/2" 200 403 "-" "Mozilla/5.0 (Windows NT 10.0; Win64; x64) AppleWebKit/537.36 (KHTML, like Gecko) Chrome/133.0.0.0 Safari/537.36"
162.55.100.32 - - [11/Mar/2025:22:37:32 +0530] "POST /wp-cron.php?doing_wp_cron=1741712851.9851560592651367187500 HTTP/1.1" 200 0 "-" "WordPress/6.7.2; https://sarkariyojanaguru.xyz"
195.2.78.89 - - [11/Mar/2025:22:37:33 +0530] "GET /sarkari-yojana-pension-status-how-to-check/ HTTP/1.1" 200 623886 "-" "Mozilla/5.0 (Macintosh; Intel Mac OS X 10_15_7) AppleWebKit/537.36 (KHTML, like Gecko) Chrome/133.0.0.0 Safari/537.36"
195.2.78.89 - - [11/Mar/2025:22:37:39 +0530] "GET /sarkari-yojana-pension-status-how-to-check/feed/ HTTP/1.1" 200 538 "-" "Mozilla/5.0 (Macintosh; Intel Mac OS X 10_15_7) AppleWebKit/537.36 (KHTML, like Gecko) Chrome/133.0.0.0 Safari/537.36"
195.2.78.89 - - [11/Mar/2025:22:37:58 +0530] "GET /contact-us/ HTTP/1.1" 200 8377 "-" "Mozilla/5.0 (Macintosh; Intel Mac OS X 10_15_7) AppleWebKit/537.36 (KHTML, like Gecko) Chrome/133.0.0.0 Safari/537.36"
138.122.164.211 - - [11/Mar/2025:22:38:00 +0530] "POST /contact-us/ HTTP/1.1" 200 8399 "-" "Mozilla/5.0 (Macintosh; Intel Mac OS X 10_15_7) AppleWebKit/537.36 (KHTML, like Gecko) Chrome/133.0.0.0 Safari/537.36"
195.2.78.89 - - [11/Mar/2025:22:37:29 +0530] "GET / HTTP/1.1" 200 11761 "-" "Mozilla/5.0 (Macintosh; Intel Mac OS X 10_15_7) AppleWebKit/537.36 (KHTML, like Gecko) Chrome/133.0.0.0 Safari/537.36"
138.122.164.211 - - [11/Mar/2025:22:37:36 +0530] "POST /wp-comments-post.php HTTP/1.1" 200 1159 "-" "Mozilla/5.0 (Macintosh; Intel Mac OS X 10_15_7) AppleWebKit/537.36 (KHTML, like Gecko) Chrome/133.0.0.0 Safari/537.36"
104.131.165.167 - - [11/Mar/2025:22:46:59 +0530] "POST /wp-login.php HTTP/1.1" 200 6604 "-" "Mozilla/5.0"
213.152.161.25 - - [11/Mar/2025:22:57:23 +0530] "POST /xmlrpc.php HTTP/2" 200 403 "-" "Mozilla/5.0 (Windows NT 10.0; Win64; x64) AppleWebKit/537.36 (KHTML, like Gecko) Chrome/133.0.0.0 Safari/537.36"
138.122.164.211 - - [11/Mar/2025:22:37:43 +0530] "POST /wp-comments-post.php HTTP/1.1" 200 0 "-" "Mozilla/5.0 (Windows NT 10.0; Win64; x64) AppleWebKit/537.36 (KHTML, like Gecko) Chrome/120.0.0.0 Safari/537.36"
162.55.100.32 - - [11/Mar/2025:23:50:25 +0530] "POST /wp-cron.php?doing_wp_cron=1741717225.5912470817565917968750 HTTP/1.1" 200 0 "-" "WordPress/6.7.2; https://sarkariyojanaguru.xyz"
79.142.69.160 - - [11/Mar/2025:23:50:25 +0530] "POST /xmlrpc.php HTTP/2" 200 403 "-" "Mozilla/5.0 (Windows NT 10.0; Win64; x64) AppleWebKit/537.36 (KHTML, like Gecko) Chrome/133.0.0.0 Safari/537.36"
79.142.69.160 - - [11/Mar/2025:23:52:55 +0530] "POST /xmlrpc.php HTTP/2" 200 403 "-" "Mozilla/5.0 (Windows NT 10.0; Win64; x64) AppleWebKit/537.36 (KHTML, like Gecko) Chrome/133.0.0.0 Safari/537.36"
213.152.162.79 - - [11/Mar/2025:23:48:47 +0530] "POST /xmlrpc.php HTTP/2" 200 403 "-" "Mozilla/5.0 (Windows NT 10.0; Win64; x64) AppleWebKit/537.36 (KHTML, like Gecko) Chrome/133.0.0.0 Safari/537.36"
128.127.105.184 - - [12/Mar/2025:01:31:38 +0530] "POST /xmlrpc.php HTTP/2" 200 403 "-" "Mozilla/5.0 (Windows NT 10.0; Win64; x64) AppleWebKit/537.36 (KHTML, like Gecko) Chrome/133.0.0.0 Safari/537.36"
173.252.79.3 - - [12/Mar/2025:02:40:49 +0530] "GET /robots.txt HTTP/1.1" 200 70 "-" "facebookexternalhit/1.1 (+http://www.facebook.com/externalhit_uatext.php)"
192.145.126.115 - - [12/Mar/2025:02:06:19 +0530] "POST /xmlrpc.php HTTP/2" 200 403 "-" "Mozilla/5.0 (Windows NT 10.0; Win64; x64) AppleWebKit/537.36 (KHTML, like Gecko) Chrome/133.0.0.0 Safari/537.36"
162.55.100.32 - - [12/Mar/2025:01:01:59 +0530] "POST /wp-cron.php?doing_wp_cron=1741721519.8659811019897460937500 HTTP/1.1" 200 0 "-" "WordPress/6.7.2; https://sarkariyojanaguru.xyz"
104.131.165.167 - - [12/Mar/2025:01:08:29 +0530] "POST /wp-login.php HTTP/1.1" 200 6604 "-" "Mozilla/5.0"
69.171.249.116 - - [12/Mar/2025:02:40:48 +0530] "GET /wp-content/uploads/2025/01/sarkari-yojana-guru-Pradhan-Mantri-Awas-Yojana-How-to-apply-online-PM-Awas-Yojana-list-eligibility.jpg HTTP/2" 404 28746 "-" "facebookexternalhit/1.1 (+http://www.facebook.com/externalhit_uatext.php)"
134.19.179.171 - - [12/Mar/2025:01:01:57 +0530] "POST /xmlrpc.php HTTP/2" 200 403 "-" "Mozilla/5.0 (Windows NT 10.0; Win64; x64) AppleWebKit/537.36 (KHTML, like Gecko) Chrome/133.0.0.0 Safari/537.36"
69.171.249.115 - - [12/Mar/2025:02:40:45 +0530] "GET /robots.txt HTTP/2" 200 67 "-" "facebookexternalhit/1.1 (+http://www.facebook.com/externalhit_uatext.php)"
198.44.133.117 - - [12/Mar/2025:03:24:10 +0530] "POST /xmlrpc.php HTTP/2" 200 403 "-" "Mozilla/5.0 (Windows NT 10.0; Win64; x64) AppleWebKit/537.36 (KHTML, like Gecko) Chrome/133.0.0.0 Safari/537.36"
198.44.133.117 - - [12/Mar/2025:03:30:45 +0530] "POST /xmlrpc.php HTTP/2" 200 403 "-" "Mozilla/5.0 (Windows NT 10.0; Win64; x64) AppleWebKit/537.36 (KHTML, like Gecko) Chrome/133.0.0.0 Safari/537.36"
80.233.62.201 - - [12/Mar/2025:03:39:50 +0530] "POST /xmlrpc.php HTTP/1.1" 200 403 "-" "Mozilla/5.0 (Windows NT 10.0; Win64; x64) AppleWebKit/537.36 (KHTML, like Gecko) Chrome/91.0.4472.124 Safari/537.36"
80.233.45.20 - - [12/Mar/2025:04:01:38 +0530] "POST /xmlrpc.php HTTP/1.1" 200 403 "-" "Mozilla/5.0 (Windows NT 10.0; Win64; x64) AppleWebKit/537.36 (KHTML, like Gecko) Chrome/91.0.4472.124 Safari/537.36"
80.233.45.20 - - [12/Mar/2025:04:10:46 +0530] "POST /xmlrpc.php HTTP/1.1" 200 403 "-" "Mozilla/5.0 (Windows NT 10.0; Win64; x64) AppleWebKit/537.36 (KHTML, like Gecko) Chrome/91.0.4472.124 Safari/537.36"
80.233.45.20 - - [12/Mar/2025:04:17:49 +0530] "POST /xmlrpc.php HTTP/1.1" 200 403 "-" "Mozilla/5.0 (Windows NT 10.0; Win64; x64) AppleWebKit/537.36 (KHTML, like Gecko) Chrome/91.0.4472.124 Safari/537.36"
80.233.45.20 - - [12/Mar/2025:04:04:29 +0530] "POST /xmlrpc.php HTTP/1.1" 200 403 "-" "Mozilla/5.0 (Windows NT 10.0; Win64; x64) AppleWebKit/537.36 (KHTML, like Gecko) Chrome/91.0.4472.124 Safari/537.36"
213.152.162.154 - - [12/Mar/2025:05:41:18 +0530] "POST /xmlrpc.php HTTP/2" 200 403 "-" "Mozilla/5.0 (Windows NT 10.0; Win64; x64) AppleWebKit/537.36 (KHTML, like Gecko) Chrome/133.0.0.0 Safari/537.36"
80.233.62.201 - - [12/Mar/2025:03:43:57 +0530] "POST /xmlrpc.php HTTP/1.1" 200 403 "-" "Mozilla/5.0 (Windows NT 10.0; Win64; x64) AppleWebKit/537.36 (KHTML, like Gecko) Chrome/91.0.4472.124 Safari/537.36"
80.233.45.20 - - [12/Mar/2025:04:02:25 +0530] "POST /xmlrpc.php HTTP/1.1" 200 403 "-" "Mozilla/5.0 (Windows NT 10.0; Win64; x64) AppleWebKit/537.36 (KHTML, like Gecko) Chrome/91.0.4472.124 Safari/537.36"
80.233.45.20 - - [12/Mar/2025:04:08:38 +0530] "POST /xmlrpc.php HTTP/1.1" 200 403 "-" "Mozilla/5.0 (Windows NT 10.0; Win64; x64) AppleWebKit/537.36 (KHTML, like Gecko) Chrome/91.0.4472.124 Safari/537.36"
80.233.45.20 - - [12/Mar/2025:04:11:44 +0530] "POST /xmlrpc.php HTTP/1.1" 200 403 "-" "Mozilla/5.0 (Windows NT 10.0; Win64; x64) AppleWebKit/537.36 (KHTML, like Gecko) Chrome/91.0.4472.124 Safari/537.36"
80.233.45.20 - - [12/Mar/2025:04:13:50 +0530] "POST /xmlrpc.php HTTP/1.1" 200 403 "-" "Mozilla/5.0 (Windows NT 10.0; Win64; x64) AppleWebKit/537.36 (KHTML, like Gecko) Chrome/91.0.4472.124 Safari/537.36"
80.233.45.20 - - [12/Mar/2025:04:15:42 +0530] "POST /xmlrpc.php HTTP/1.1" 200 403 "-" "Mozilla/5.0 (Windows NT 10.0; Win64; x64) AppleWebKit/537.36 (KHTML, like Gecko) Chrome/91.0.4472.124 Safari/537.36"
162.55.100.32 - - [12/Mar/2025:05:50:54 +0530] "POST /wp-cron.php?doing_wp_cron=1741738854.6561501026153564453125 HTTP/1.1" 200 0 "-" "WordPress/6.7.2; https://sarkariyojanaguru.xyz"
80.233.62.201 - - [12/Mar/2025:03:41:54 +0530] "POST /xmlrpc.php HTTP/1.1" 200 403 "-" "Mozilla/5.0 (Windows NT 10.0; Win64; x64) AppleWebKit/537.36 (KHTML, like Gecko) Chrome/91.0.4472.124 Safari/537.36"
80.233.62.201 - - [12/Mar/2025:03:42:52 +0530] "POST /xmlrpc.php HTTP/1.1" 200 403 "-" "Mozilla/5.0 (Windows NT 10.0; Win64; x64) AppleWebKit/537.36 (KHTML, like Gecko) Chrome/91.0.4472.124 Safari/537.36"
80.233.45.20 - - [12/Mar/2025:03:59:41 +0530] "POST /xmlrpc.php HTTP/1.1" 200 403 "-" "Mozilla/5.0 (Windows NT 10.0; Win64; x64) AppleWebKit/537.36 (KHTML, like Gecko) Chrome/91.0.4472.124 Safari/537.36"
80.233.45.20 - - [12/Mar/2025:04:00:31 +0530] "POST /xmlrpc.php HTTP/1.1" 200 403 "-" "Mozilla/5.0 (Windows NT 10.0; Win64; x64) AppleWebKit/537.36 (KHTML, like Gecko) Chrome/91.0.4472.124 Safari/537.36"
80.233.45.20 - - [12/Mar/2025:04:05:44 +0530] "POST /xmlrpc.php HTTP/1.1" 200 403 "-" "Mozilla/5.0 (Windows NT 10.0; Win64; x64) AppleWebKit/537.36 (KHTML, like Gecko) Chrome/91.0.4472.124 Safari/537.36"
80.233.45.20 - - [12/Mar/2025:04:09:53 +0530] "POST /xmlrpc.php HTTP/1.1" 200 403 "-" "Mozilla/5.0 (Windows NT 10.0; Win64; x64) AppleWebKit/537.36 (KHTML, like Gecko) Chrome/91.0.4472.124 Safari/537.36"
80.233.45.20 - - [12/Mar/2025:04:14:37 +0530] "POST /xmlrpc.php HTTP/1.1" 200 403 "-" "Mozilla/5.0 (Windows NT 10.0; Win64; x64) AppleWebKit/537.36 (KHTML, like Gecko) Chrome/91.0.4472.124 Safari/537.36"
80.233.62.201 - - [12/Mar/2025:03:32:29 +0530] "POST /xmlrpc.php HTTP/1.1" 200 403 "-" "Mozilla/5.0 (Windows NT 10.0; Win64; x64) AppleWebKit/537.36 (KHTML, like Gecko) Chrome/91.0.4472.124 Safari/537.36"
80.233.62.201 - - [12/Mar/2025:03:38:58 +0530] "POST /xmlrpc.php HTTP/1.1" 200 403 "-" "Mozilla/5.0 (Windows NT 10.0; Win64; x64) AppleWebKit/537.36 (KHTML, like Gecko) Chrome/91.0.4472.124 Safari/537.36"
80.233.62.201 - - [12/Mar/2025:03:46:15 +0530] "POST /xmlrpc.php HTTP/1.1" 200 403 "-" "Mozilla/5.0 (Windows NT 10.0; Win64; x64) AppleWebKit/537.36 (KHTML, like Gecko) Chrome/91.0.4472.124 Safari/537.36"
80.233.62.201 - - [12/Mar/2025:03:51:35 +0530] "POST /xmlrpc.php HTTP/1.1" 200 403 "-" "Mozilla/5.0 (Windows NT 10.0; Win64; x64) AppleWebKit/537.36 (KHTML, like Gecko) Chrome/91.0.4472.124 Safari/537.36"
80.233.45.20 - - [12/Mar/2025:04:03:41 +0530] "POST /xmlrpc.php HTTP/1.1" 200 403 "-" "Mozilla/5.0 (Windows NT 10.0; Win64; x64) AppleWebKit/537.36 (KHTML, like Gecko) Chrome/91.0.4472.124 Safari/537.36"
80.233.45.20 - - [12/Mar/2025:04:12:57 +0530] "POST /xmlrpc.php HTTP/1.1" 200 403 "-" "Mozilla/5.0 (Windows NT 10.0; Win64; x64) AppleWebKit/537.36 (KHTML, like Gecko) Chrome/91.0.4472.124 Safari/537.36"
51.222.253.5 - - [12/Mar/2025:05:16:41 +0530] "GET / HTTP/2" 200 10025 "-" "Mozilla/5.0 (compatible; AhrefsBot/7.0; +http://ahrefs.com/robot/)"
74.14.25.25 - - [12/Mar/2025:03:32:12 +0530] "POST /xmlrpc.php HTTP/1.1" 200 403 "-" "Mozilla/5.0 (Windows NT 10.0; Win64; x64) AppleWebKit/537.36 (KHTML, like Gecko) Chrome/91.0.4472.124 Safari/537.36"
80.233.62.201 - - [12/Mar/2025:03:35:57 +0530] "POST /xmlrpc.php HTTP/1.1" 200 403 "-" "Mozilla/5.0 (Windows NT 10.0; Win64; x64) AppleWebKit/537.36 (KHTML, like Gecko) Chrome/91.0.4472.124 Safari/537.36"
80.233.62.201 - - [12/Mar/2025:03:37:03 +0530] "POST /xmlrpc.php HTTP/1.1" 200 403 "-" "Mozilla/5.0 (Windows NT 10.0; Win64; x64) AppleWebKit/537.36 (KHTML, like Gecko) Chrome/91.0.4472.124 Safari/537.36"
80.233.62.201 - - [12/Mar/2025:03:38:03 +0530] "POST /xmlrpc.php HTTP/1.1" 200 403 "-" "Mozilla/5.0 (Windows NT 10.0; Win64; x64) AppleWebKit/537.36 (KHTML, like Gecko) Chrome/91.0.4472.124 Safari/537.36"
80.233.62.201 - - [12/Mar/2025:03:44:53 +0530] "POST /xmlrpc.php HTTP/1.1" 200 403 "-" "Mozilla/5.0 (Windows NT 10.0; Win64; x64) AppleWebKit/537.36 (KHTML, like Gecko) Chrome/91.0.4472.124 Safari/537.36"
80.233.62.201 - - [12/Mar/2025:03:49:36 +0530] "POST /xmlrpc.php HTTP/1.1" 200 403 "-" "Mozilla/5.0 (Windows NT 10.0; Win64; x64) AppleWebKit/537.36 (KHTML, like Gecko) Chrome/91.0.4472.124 Safari/537.36"
104.131.165.167 - - [12/Mar/2025:03:32:37 +0530] "POST /wp-login.php HTTP/1.1" 200 6604 "-" "Mozilla/5.0"
80.233.62.201 - - [12/Mar/2025:03:34:49 +0530] "GET /wp-json/wp/v2/users HTTP/1.1" 200 664 "-" "Mozilla/4.0 (compatible; Win32; WinHttp.WinHttpRequest.5)"
80.233.62.201 - - [12/Mar/2025:03:40:59 +0530] "POST /xmlrpc.php HTTP/1.1" 200 403 "-" "Mozilla/5.0 (Windows NT 10.0; Win64; x64) AppleWebKit/537.36 (KHTML, like Gecko) Chrome/91.0.4472.124 Safari/537.36"
162.55.100.32 - - [12/Mar/2025:03:51:37 +0530] "POST /wp-cron.php?doing_wp_cron=1741731697.0372099876403808593750 HTTP/1.1" 200 0 "-" "WordPress/6.7.2; https://sarkariyojanaguru.xyz"
80.233.45.20 - - [12/Mar/2025:03:57:19 +0530] "POST /xmlrpc.php HTTP/1.1" 200 403 "-" "Mozilla/5.0 (Windows NT 10.0; Win64; x64) AppleWebKit/537.36 (KHTML, like Gecko) Chrome/91.0.4472.124 Safari/537.36"
80.233.45.20 - - [12/Mar/2025:03:58:38 +0530] "POST /xmlrpc.php HTTP/1.1" 200 403 "-" "Mozilla/5.0 (Windows NT 10.0; Win64; x64) AppleWebKit/537.36 (KHTML, like Gecko) Chrome/91.0.4472.124 Safari/537.36"
80.233.45.20 - - [12/Mar/2025:04:06:51 +0530] "POST /xmlrpc.php HTTP/1.1" 200 403 "-" "Mozilla/5.0 (Windows NT 10.0; Win64; x64) AppleWebKit/537.36 (KHTML, like Gecko) Chrome/91.0.4472.124 Safari/537.36"
80.233.45.20 - - [12/Mar/2025:04:16:39 +0530] "POST /xmlrpc.php HTTP/1.1" 200 403 "-" "Mozilla/5.0 (Windows NT 10.0; Win64; x64) AppleWebKit/537.36 (KHTML, like Gecko) Chrome/91.0.4472.124 Safari/537.36"
80.233.45.20 - - [12/Mar/2025:04:18:39 +0530] "POST /xmlrpc.php HTTP/1.1" 200 403 "-" "Mozilla/5.0 (Windows NT 10.0; Win64; x64) AppleWebKit/537.36 (KHTML, like Gecko) Chrome/91.0.4472.124 Safari/537.36"
54.36.149.24 - - [12/Mar/2025:05:16:39 +0530] "GET /robots.txt HTTP/2" 200 61 "-" "Mozilla/5.0 (compatible; AhrefsBot/7.0; +http://ahrefs.com/robot/)"
57.141.0.30 - - [12/Mar/2025:03:27:56 +0530] "GET /sarkari-yojana-guru-in-vishwakarma-yojana-2025/ HTTP/2" 200 947073 "-" "meta-externalagent/1.1 (+https://developers.facebook.com/docs/sharing/webmasters/crawler)"
80.233.62.201 - - [12/Mar/2025:03:47:52 +0530] "POST /xmlrpc.php HTTP/1.1" 200 403 "-" "Mozilla/5.0 (Windows NT 10.0; Win64; x64) AppleWebKit/537.36 (KHTML, like Gecko) Chrome/91.0.4472.124 Safari/537.36"
80.233.45.20 - - [12/Mar/2025:04:07:43 +0530] "POST /xmlrpc.php HTTP/1.1" 200 403 "-" "Mozilla/5.0 (Windows NT 10.0; Win64; x64) AppleWebKit/537.36 (KHTML, like Gecko) Chrome/91.0.4472.124 Safari/537.36"
213.152.162.154 - - [12/Mar/2025:05:50:52 +0530] "POST /xmlrpc.php HTTP/2" 200 403 "-" "Mozilla/5.0 (Windows NT 10.0; Win64; x64) AppleWebKit/537.36 (KHTML, like Gecko) Chrome/133.0.0.0 Safari/537.36"
104.131.165.167 - - [12/Mar/2025:05:57:08 +0530] "POST /wp-login.php HTTP/1.1" 200 6604 "-" "Mozilla/5.0"
47.89.195.210 - - [12/Mar/2025:06:13:00 +0530] "GET / HTTP/1.1" 301 0 "-" "Mozilla/5.0 (Linux; Android 11; M2004J15SC) AppleWebKit/537.36 (KHTML, like Gecko) Chrome/103.0.5060.114 Mobile Safari/537.36"
47.251.11.3 - - [12/Mar/2025:06:13:21 +0530] "GET /Public/home/js/check.js HTTP/1.1" 301 0 "-" "Mozilla/5.0 (Linux; Android 11; M2004J15SC) AppleWebKit/537.36 (KHTML, like Gecko) Chrome/103.0.5060.114 Mobile Safari/537.36"
47.88.86.63 - - [12/Mar/2025:06:13:28 +0530] "GET /static/admin/javascript/hetong.js HTTP/1.1" 404 7627 "https://www.sarkariyojanaguru.xyz/static/admin/javascript/hetong.js" "Mozilla/5.0 (Linux; Android 11; M2004J15SC) AppleWebKit/537.36 (KHTML, like Gecko) Chrome/103.0.5060.114 Mobile Safari/537.36"
20.171.207.166 - - [12/Mar/2025:07:10:18 +0530] "GET / HTTP/2" 200 10025 "-" "Mozilla/5.0 AppleWebKit/537.36 (KHTML, like Gecko; compatible; GPTBot/1.2; +https://openai.com/gptbot)"
20.171.207.166 - - [12/Mar/2025:07:10:21 +0530] "GET /wp-content/themes/iconic-one-pro/js/flexslider-init.js?ver=6.7.2 HTTP/2" 200 292 "-" "Mozilla/5.0 AppleWebKit/537.36 (KHTML, like Gecko; compatible; GPTBot/1.2; +https://openai.com/gptbot)"
20.171.207.166 - - [12/Mar/2025:07:10:24 +0530] "GET /pm-kisan-yojana-9-8-crore-farmers-got-2-thousand-rupees-on-the-19th-installment/ HTTP/2" 200 14610 "-" "Mozilla/5.0 AppleWebKit/537.36 (KHTML, like Gecko; compatible; GPTBot/1.2; +https://openai.com/gptbot)"
20.171.207.166 - - [12/Mar/2025:07:10:26 +0530] "GET /wp-content/uploads/2025/02/PM-Kisan-Yojana-9.8-crore-farmers-got-2-thousand-rupees-on-the-19th-installment-200x140.png HTTP/2" 200 58017 "-" "Mozilla/5.0 AppleWebKit/537.36 (KHTML, like Gecko; compatible; GPTBot/1.2; +https://openai.com/gptbot)"
20.171.207.166 - - [12/Mar/2025:07:10:28 +0530] "GET /wp-content/uploads/2025/02/PM-Kisan-Yojana-9.8-crore-farmers-got-2-thousand-rupees-on-the-19th-installment.png HTTP/2" 200 1402745 "-" "Mozilla/5.0 AppleWebKit/537.36 (KHTML, like Gecko; compatible; GPTBot/1.2; +https://openai.com/gptbot)"
20.171.207.166 - - [12/Mar/2025:07:10:31 +0530] "GET /wp-json/oembed/1.0/embed?format=xml&url=https%3A%2F%2Fsarkariyojanaguru.xyz%2Fpm-kisan-yojana-9-8-crore-farmers-got-2-thousand-rupees-on-the-19th-installment%2F HTTP/2" 200 1326 "-" "Mozilla/5.0 AppleWebKit/537.36 (KHTML, like Gecko; compatible; GPTBot/1.2; +https://openai.com/gptbot)"
20.171.207.166 - - [12/Mar/2025:07:10:32 +0530] "GET /wp-content/uploads/2025/02/PM-Kisan-Yojana-9.8-crore-farmers-got-2-thousand-rupees-on-the-19th-installment-665x374.png HTTP/2" 200 405751 "-" "Mozilla/5.0 AppleWebKit/537.36 (KHTML, like Gecko; compatible; GPTBot/1.2; +https://openai.com/gptbot)"
20.171.207.166 - - [12/Mar/2025:07:10:34 +0530] "GET /wp-json/oembed/1.0/embed?url=https%3A%2F%2Fsarkariyojanaguru.xyz%2Fpm-kisan-yojana-9-8-crore-farmers-got-2-thousand-rupees-on-the-19th-installment%2F HTTP/2" 200 1263 "-" "Mozilla/5.0 AppleWebKit/537.36 (KHTML, like Gecko; compatible; GPTBot/1.2; +https://openai.com/gptbot)"
20.171.207.166 - - [12/Mar/2025:07:10:36 +0530] "GET /?p=56 HTTP/2" 301 0 "-" "Mozilla/5.0 AppleWebKit/537.36 (KHTML, like Gecko; compatible; GPTBot/1.2; +https://openai.com/gptbot)"
20.171.207.166 - - [12/Mar/2025:07:10:37 +0530] "GET /wp-json/wp/v2/posts/56 HTTP/2" 200 9347 "-" "Mozilla/5.0 AppleWebKit/537.36 (KHTML, like Gecko; compatible; GPTBot/1.2; +https://openai.com/gptbot)"
20.171.207.166 - - [12/Mar/2025:07:10:38 +0530] "GET /pm-kisan-yojana-9-8-crore-farmers-got-2-thousand-rupees-on-the-19th-installment/feed/ HTTP/2" 200 625 "-" "Mozilla/5.0 AppleWebKit/537.36 (KHTML, like Gecko; compatible; GPTBot/1.2; +https://openai.com/gptbot)"
20.171.207.166 - - [12/Mar/2025:07:10:40 +0530] "GET /pm-kisan-yojana-9-8-crore-farmers-got-2-thousand-rupees-on-the-19th-installment/embed/ HTTP/2" 200 6761 "-" "Mozilla/5.0 AppleWebKit/537.36 (KHTML, like Gecko; compatible; GPTBot/1.2; +https://openai.com/gptbot)"
20.171.207.166 - - [12/Mar/2025:07:10:41 +0530] "GET /wp-json/oembed/1.0/t.value HTTP/2" 404 105 "-" "Mozilla/5.0 AppleWebKit/537.36 (KHTML, like Gecko; compatible; GPTBot/1.2; +https://openai.com/gptbot)"
20.171.207.166 - - [12/Mar/2025:07:10:43 +0530] "GET /wp-content/uploads/2025/02/PM-Kisan-Yojana-9.8-crore-farmers-got-2-thousand-rupees-on-the-19th-installment-658x300.png HTTP/2" 200 337431 "-" "Mozilla/5.0 AppleWebKit/537.36 (KHTML, like Gecko; compatible; GPTBot/1.2; +https://openai.com/gptbot)"
20.171.207.166 - - [12/Mar/2025:07:10:44 +0530] "GET /pm-kisan-yojana-9-8-crore-farmers-got-2-thousand-rupees-on-the-19th-installment/embed/t.value HTTP/2" 404 6853 "-" "Mozilla/5.0 AppleWebKit/537.36 (KHTML, like Gecko; compatible; GPTBot/1.2; +https://openai.com/gptbot)"
47.88.6.178 - - [12/Mar/2025:06:12:58 +0530] "GET / HTTP/1.1" 200 11955 "-" "Mozilla/5.0 (Linux; Android 11; M2004J15SC) AppleWebKit/537.36 (KHTML, like Gecko) Chrome/103.0.5060.114 Mobile Safari/537.36"
47.89.193.162 - - [12/Mar/2025:06:13:16 +0530] "GET / HTTP/1.1" 200 11961 "https://www.sarkariyojanaguru.xyz/" "Mozilla/5.0 (Linux; Android 11; M2004J15SC) AppleWebKit/537.36 (KHTML, like Gecko) Chrome/103.0.5060.114 Mobile Safari/537.36"
