213.152.162.149 - - [06/Mar/2025:17:13:35 +0530] "HEAD /author/admin/ HTTP/2" 200 0 "https://sarkariyojanaguru.xyz/?author=1" "Mozilla/5.0 (Windows NT 10.0; Win64; x64) AppleWebKit/537.36 (KHTML, like Gecko) Chrome/103.0.5060.66 Safari/537.36"
207.46.13.230 - - [06/Mar/2025:17:34:28 +0530] "GET /robots.txt HTTP/2" 200 61 "-" "Mozilla/5.0 AppleWebKit/537.36 (KHTML, like Gecko; compatible; bingbot/2.0; +http://www.bing.com/bingbot.htm) Chrome/116.0.1938.76 Safari/537.36"
104.236.77.175 - - [06/Mar/2025:17:42:42 +0530] "GET /wp-admin/user/ HTTP/1.1" 302 0 "binance.com" "Mozilla/5.0 (Windows NT 10.0; Win64; x64) AppleWebKit/537.36 (KHTML, like Gecko) Chrome/90.0.4430.85 Safari/537.36"
104.236.77.175 - - [06/Mar/2025:17:42:42 +0530] "GET /wp-login.php?redirect_to=https%3A%2F%2Fsarkariyojanaguru.xyz%2Fwp-admin%2Fuser%2F&reauth=1 HTTP/1.1" 200 2100 "binance.com" "Mozilla/5.0 (Windows NT 10.0; Win64; x64) AppleWebKit/537.36 (KHTML, like Gecko) Chrome/90.0.4430.85 Safari/537.36"
104.236.77.175 - - [06/Mar/2025:17:42:39 +0530] "GET /wp-admin/network/ HTTP/1.1" 302 0 "binance.com" "Mozilla/5.0 (Windows NT 10.0; Win64; x64) AppleWebKit/537.36 (KHTML, like Gecko) Chrome/90.0.4430.85 Safari/537.36"
104.236.77.175 - - [06/Mar/2025:17:42:40 +0530] "GET /wp-login.php?redirect_to=https%3A%2F%2Fsarkariyojanaguru.xyz%2Fwp-admin%2Fnetwork%2F&reauth=1 HTTP/1.1" 200 2102 "binance.com" "Mozilla/5.0 (Windows NT 10.0; Win64; x64) AppleWebKit/537.36 (KHTML, like Gecko) Chrome/90.0.4430.85 Safari/537.36"
64.225.53.231 - - [06/Mar/2025:18:10:30 +0530] "GET /wp-content/plugins/pwnd/pwnd.php HTTP/1.1" 404 7627 "www.google.com" "Mozlila/5.0 (Linux; Android 7.0; SM-G892A Bulid/NRD90M; wv) AppleWebKit/537.36 (KHTML, like Gecko) Version/4.0 Chrome/60.0.3112.107 Moblie Safari/537.36"
64.225.53.231 - - [06/Mar/2025:18:10:58 +0530] "GET /wp-content/plugins/ph-file-manager/wp-file.php HTTP/1.1" 404 7627 "www.google.com" "Mozlila/5.0 (Linux; Android 7.0; SM-G892A Bulid/NRD90M; wv) AppleWebKit/537.36 (KHTML, like Gecko) Version/4.0 Chrome/60.0.3112.107 Moblie Safari/537.36"
64.225.53.231 - - [06/Mar/2025:18:11:00 +0530] "GET /wp-content/plugins/root-file-manager/wp-file.php HTTP/1.1" 404 7627 "www.google.com" "Mozlila/5.0 (Linux; Android 7.0; SM-G892A Bulid/NRD90M; wv) AppleWebKit/537.36 (KHTML, like Gecko) Version/4.0 Chrome/60.0.3112.107 Moblie Safari/537.36"
81.167.26.57 - - [06/Mar/2025:18:22:16 +0530] "GET /robots.txt HTTP/1.1" 200 67 "-" "Mozilla/5.0 (compatible; MJ12bot/v1.4.8; http://mj12bot.com/)"
81.167.26.57 - - [06/Mar/2025:18:22:20 +0530] "GET /sarkari-yojana-through-this-scheme-farmers-will-get-an-amount-of-%E2%82%B9-6000-every-year/feed/ HTTP/1.1" 200 503 "-" "Mozilla/5.0 (compatible; MJ12bot/v1.4.8; http://mj12bot.com/)"
64.225.53.231 - - [06/Mar/2025:18:11:32 +0530] "GET /wp-content/themes/jaida/lang.php HTTP/1.1" 404 7627 "www.google.com" "Mozlila/5.0 (Linux; Android 7.0; SM-G892A Bulid/NRD90M; wv) AppleWebKit/537.36 (KHTML, like Gecko) Version/4.0 Chrome/60.0.3112.107 Moblie Safari/537.36"
64.225.53.231 - - [06/Mar/2025:18:11:29 +0530] "GET /wp-content/themes/travel/issue.php HTTP/1.1" 404 7627 "www.google.com" "Mozlila/5.0 (Linux; Android 7.0; SM-G892A Bulid/NRD90M; wv) AppleWebKit/537.36 (KHTML, like Gecko) Version/4.0 Chrome/60.0.3112.107 Moblie Safari/537.36"
203.32.21.59 - - [06/Mar/2025:18:49:39 +0530] "GET /wp-login.php?action=register HTTP/1.1" 302 0 "http://sarkariyojanaguru.xyz/wp-login.php?action=register" "Mozilla/5.0 (Windows NT 6.3; Win64; x64) AppleWebKit/537.36 (KHTML, like Gecko) Chrome/103.0.0.0 Safari/537.36"
203.32.21.59 - - [06/Mar/2025:18:49:39 +0530] "GET /wp-login.php?registration=disabled HTTP/1.1" 200 1920 "https://sarkariyojanaguru.xyz/wp-login.php?action=register" "Mozilla/5.0 (Windows NT 6.3; Win64; x64) AppleWebKit/537.36 (KHTML, like Gecko) Chrome/103.0.0.0 Safari/537.36"
162.55.100.32 - - [06/Mar/2025:20:57:22 +0530] "POST /wp-cron.php?doing_wp_cron=1741274841.7771139144897460937500 HTTP/1.1" 200 0 "-" "WordPress/6.7.2; https://sarkariyojanaguru.xyz"
154.53.46.159 - - [06/Mar/2025:20:57:19 +0530] "GET /robots.txt HTTP/1.1" 200 67 "-" "Mozilla/5.0 (compatible; MJ12bot/v1.4.8; http://mj12bot.com/)"
54.36.148.184 - - [06/Mar/2025:20:49:47 +0530] "GET /robots.txt HTTP/2" 200 61 "-" "Mozilla/5.0 (compatible; AhrefsBot/7.0; +http://ahrefs.com/robot/)"
34.204.174.174 - - [06/Mar/2025:20:49:15 +0530] "GET /.git/config HTTP/1.1" 403 1242 "-" "Mozilla/5.0 (Linux; Android 7.0; FRD-L09) AppleWebKit/537.36 (KHTML, like Gecko) Chrome/76.0.3809.111 Mobile Safari/537.36"
154.53.46.159 - - [06/Mar/2025:20:57:26 +0530] "GET /post-office-yojana-every-month-you-will-get-a-profit-of-%E2%82%B9-9250-in-the-mis-scheme-of-the-post-office/ HTTP/1.1" 404 6853 "-" "Mozilla/5.0 (compatible; MJ12bot/v1.4.8; http://mj12bot.com/)"
104.248.235.232 - - [06/Mar/2025:21:08:04 +0530] "GET /wp-admin/network/index.php HTTP/1.1" 302 0 "-" "Mozlila/5.0 (Linux; Android 7.0; SM-G892A Bulid/NRD90M; wv) AppleWebKit/537.36 (KHTML, like Gecko) Version/4.0 Chrome/60.0.3112.107 Moblie Safari/537.36"
104.248.235.232 - - [06/Mar/2025:21:08:04 +0530] "GET /wp-login.php?redirect_to=https%3A%2F%2Fsarkariyojanaguru.xyz%2Fwp-admin%2Fnetwork%2Findex.php&reauth=1 HTTP/1.1" 200 2114 "-" "Mozlila/5.0 (Linux; Android 7.0; SM-G892A Bulid/NRD90M; wv) AppleWebKit/537.36 (KHTML, like Gecko) Version/4.0 Chrome/60.0.3112.107 Moblie Safari/537.36"
45.157.54.37 - - [06/Mar/2025:21:16:48 +0530] "GET /wp-content/plugins/google-analytics-for-wordpress/readme.txt HTTP/2" 404 28746 "-" "Mozilla/5.0 (Windows NT 10.0; Win64; x64) AppleWebKit/537.36 (KHTML, like Gecko) Chrome/127.0.0.0 Safari/537.36"
147.182.191.157 - - [06/Mar/2025:23:06:24 +0530] "GET /wp-admin/network/ HTTP/1.1" 302 0 "binance.com" "Mozilla/5.0 (Windows NT 10.0; Win64; x64) AppleWebKit/537.36 (KHTML, like Gecko) Chrome/90.0.4430.85 Safari/537.36"
147.182.191.157 - - [06/Mar/2025:23:06:25 +0530] "GET /wp-login.php?redirect_to=https%3A%2F%2Fsarkariyojanaguru.xyz%2Fwp-admin%2Fnetwork%2F&reauth=1 HTTP/1.1" 200 2102 "binance.com" "Mozilla/5.0 (Windows NT 10.0; Win64; x64) AppleWebKit/537.36 (KHTML, like Gecko) Chrome/90.0.4430.85 Safari/537.36"
147.182.191.157 - - [06/Mar/2025:23:06:29 +0530] "GET /wp-admin/user/ HTTP/1.1" 302 0 "binance.com" "Mozilla/5.0 (Windows NT 10.0; Win64; x64) AppleWebKit/537.36 (KHTML, like Gecko) Chrome/90.0.4430.85 Safari/537.36"
147.182.191.157 - - [06/Mar/2025:23:06:30 +0530] "GET /wp-login.php?redirect_to=https%3A%2F%2Fsarkariyojanaguru.xyz%2Fwp-admin%2Fuser%2F&reauth=1 HTTP/1.1" 200 2100 "binance.com" "Mozilla/5.0 (Windows NT 10.0; Win64; x64) AppleWebKit/537.36 (KHTML, like Gecko) Chrome/90.0.4430.85 Safari/537.36"
37.187.89.104 - - [06/Mar/2025:23:34:57 +0530] "GET /robots.txt HTTP/1.1" 200 67 "-" "Mozilla/5.0 (compatible; MJ12bot/v1.4.8; http://mj12bot.com/)"
37.187.89.104 - - [06/Mar/2025:23:35:01 +0530] "GET /post-office-yojana-every-month-you-will-get-a-profit-of-%E2%82%B9-9250-in-the-mis-scheme-of-the-post-office/ HTTP/1.1" 404 6853 "-" "Mozilla/5.0 (compatible; MJ12bot/v1.4.8; http://mj12bot.com/)"
37.187.89.104 - - [06/Mar/2025:23:35:04 +0530] "GET /sarkari-yojana-post-offices-superhit-scheme-you-will-get-rs-9250-every-month/feed/ HTTP/1.1" 200 539 "-" "Mozilla/5.0 (compatible; MJ12bot/v1.4.8; http://mj12bot.com/)"
103.135.134.165 - - [07/Mar/2025:01:23:36 +0530] "POST /wp-comments-post.php HTTP/1.1" 200 0 "-" "Mozilla/5.0 (Windows NT 10.0; Win64; x64) AppleWebKit/537.36 (KHTML, like Gecko) Chrome/120.0.0.0 Safari/537.36"
80.85.246.74 - - [07/Mar/2025:01:23:44 +0530] "GET /contact-us/ HTTP/1.1" 200 8377 "-" "Mozilla/5.0 (Macintosh; Intel Mac OS X 10_15_7) AppleWebKit/537.36 (KHTML, like Gecko) Chrome/133.0.0.0 Safari/537.36"
80.85.246.74 - - [07/Mar/2025:01:23:29 +0530] "GET /sarkari-yojana-pension-status-how-to-check/ HTTP/1.1" 200 623780 "-" "Mozilla/5.0 (Macintosh; Intel Mac OS X 10_15_7) AppleWebKit/537.36 (KHTML, like Gecko) Chrome/133.0.0.0 Safari/537.36"
103.135.134.165 - - [07/Mar/2025:01:23:47 +0530] "POST /contact-us/ HTTP/1.1" 200 8371 "-" "Mozilla/5.0 (Windows NT 10.0; Win64; x64) AppleWebKit/537.36 (KHTML, like Gecko) Chrome/120.0.0.0 Safari/537.36"
103.135.134.165 - - [07/Mar/2025:01:23:46 +0530] "POST /contact-us/ HTTP/1.1" 200 8399 "-" "Mozilla/5.0 (Macintosh; Intel Mac OS X 10_15_7) AppleWebKit/537.36 (KHTML, like Gecko) Chrome/133.0.0.0 Safari/537.36"
103.135.134.165 - - [07/Mar/2025:01:23:30 +0530] "POST /wp-comments-post.php HTTP/1.1" 200 1159 "-" "Mozilla/5.0 (Macintosh; Intel Mac OS X 10_15_7) AppleWebKit/537.36 (KHTML, like Gecko) Chrome/133.0.0.0 Safari/537.36"
80.85.246.74 - - [07/Mar/2025:01:23:44 +0530] "GET /sarkari-yojana-pension-status-how-to-check/ HTTP/1.1" 200 623780 "-" "Mozilla/5.0 (Macintosh; Intel Mac OS X 10_15_7) AppleWebKit/537.36 (KHTML, like Gecko) Chrome/133.0.0.0 Safari/537.36"
80.85.246.74 - - [07/Mar/2025:01:23:28 +0530] "GET / HTTP/1.1" 200 11761 "-" "Mozilla/5.0 (Macintosh; Intel Mac OS X 10_15_7) AppleWebKit/537.36 (KHTML, like Gecko) Chrome/133.0.0.0 Safari/537.36"
80.85.246.74 - - [07/Mar/2025:01:23:33 +0530] "GET /sarkari-yojana-pension-status-how-to-check/feed/ HTTP/1.1" 200 538 "-" "Mozilla/5.0 (Macintosh; Intel Mac OS X 10_15_7) AppleWebKit/537.36 (KHTML, like Gecko) Chrome/133.0.0.0 Safari/537.36"
80.85.246.74 - - [07/Mar/2025:01:23:33 +0530] "GET /sarkari-yojana-pension-status-how-to-check/ HTTP/1.1" 200 623780 "-" "Mozilla/5.0 (Macintosh; Intel Mac OS X 10_15_7) AppleWebKit/537.36 (KHTML, like Gecko) Chrome/133.0.0.0 Safari/537.36"
103.135.134.165 - - [07/Mar/2025:01:23:32 +0530] "POST /wp-comments-post.php HTTP/1.1" 200 0 "-" "Mozilla/5.0 (Windows NT 10.0; Win64; x64) AppleWebKit/537.36 (KHTML, like Gecko) Chrome/120.0.0.0 Safari/537.36"
80.85.246.74 - - [07/Mar/2025:01:23:29 +0530] "GET /comments/feed/ HTTP/1.1" 200 517 "-" "Mozilla/5.0 (Macintosh; Intel Mac OS X 10_15_7) AppleWebKit/537.36 (KHTML, like Gecko) Chrome/133.0.0.0 Safari/537.36"
103.135.134.165 - - [07/Mar/2025:01:23:35 +0530] "POST /wp-comments-post.php HTTP/1.1" 200 1159 "-" "Mozilla/5.0 (Macintosh; Intel Mac OS X 10_15_7) AppleWebKit/537.36 (KHTML, like Gecko) Chrome/133.0.0.0 Safari/537.36"
46.246.8.92 - - [07/Mar/2025:03:42:32 +0530] "POST /wp-comments-post.php HTTP/1.0" 302 0 "https://sarkariyojanaguru.xyz/pm-kisan-yojana-9-8-crore-farmers-got-2-thousand-rupees-on-the-19th-installment/" "Mozilla/5.0 (Windows NT 10.0; Win64; x64) AppleWebKit/537.36 (KHTML, like Gecko) Chrome/103.0.5060.66 Safari/537.36"
46.246.8.92 - - [07/Mar/2025:03:42:33 +0530] "GET /pm-kisan-yojana-9-8-crore-farmers-got-2-thousand-rupees-on-the-19th-installment/ HTTP/1.0" 200 68888 "https://sarkariyojanaguru.xyz/pm-kisan-yojana-9-8-crore-farmers-got-2-thousand-rupees-on-the-19th-installment/#comment-2" "Mozilla/5.0 (Windows NT 10.0; Win64; x64) AppleWebKit/537.36 (KHTML, like Gecko) Chrome/103.0.5060.66 Safari/537.36"
46.246.8.92 - - [07/Mar/2025:03:42:32 +0530] "GET /pm-kisan-yojana-9-8-crore-farmers-got-2-thousand-rupees-on-the-19th-installment/ HTTP/1.0" 200 66839 "https://sarkariyojanaguru.xyz/pm-kisan-yojana-9-8-crore-farmers-got-2-thousand-rupees-on-the-19th-installment/" "Mozilla/5.0 (Windows NT 10.0; Win64; x64) AppleWebKit/537.36 (KHTML, like Gecko) Chrome/103.0.5060.66 Safari/537.36"
157.245.255.14 - - [07/Mar/2025:06:11:56 +0530] "GET /favicon.ico HTTP/1.1" 404 1251 "https://sarkariyojanaguru.xyz/" "Mozilla/5.0 (compatible)"
173.252.127.4 - - [07/Mar/2025:06:27:05 +0530] "GET /wp-content/uploads/2025/01/Post-Office-PPF-Scheme.png HTTP/2" 404 28746 "-" "facebookexternalhit/1.1 (+http://www.facebook.com/externalhit_uatext.php)"
157.245.255.14 - - [07/Mar/2025:06:11:51 +0530] "GET / HTTP/1.1" 200 11755 "-" "Mozilla/5.0 (compatible)"
31.13.103.4 - - [07/Mar/2025:06:28:20 +0530] "GET /post-office-ppf-scheme-if-you-deposit-rs-30000-you-will-get-a-return-of-rs-813642-after-so-many/ HTTP/2" 404 28746 "-" "facebookexternalhit/1.1 (+http://www.facebook.com/externalhit_uatext.php)"
207.46.13.230 - - [07/Mar/2025:05:37:40 +0530] "GET /robots.txt HTTP/2" 200 61 "-" "Mozilla/5.0 AppleWebKit/537.36 (KHTML, like Gecko; compatible; bingbot/2.0; +http://www.bing.com/bingbot.htm) Chrome/116.0.1938.76 Safari/537.36"
57.141.0.2 - - [07/Mar/2025:04:54:27 +0530] "GET /pm-kisan-yojana-9-8-crore-farmers-got-2-thousand-rupees-on-the-19th-installment/feed/ HTTP/2" 200 1163 "-" "meta-externalagent/1.1 (+https://developers.facebook.com/docs/sharing/webmasters/crawler)"
185.4.176.103 - - [07/Mar/2025:06:13:38 +0530] "GET /robots.txt HTTP/1.1" 200 61 "-" "Mozilla/5.0 (compatible; MJ12bot/v2.0.0; http://mj12bot.com/)"
185.4.176.103 - - [07/Mar/2025:06:13:40 +0530] "GET /sarkari-yojana-through-this-scheme-farmers-will-get-an-amount-of-%E2%82%B9-6000-every-year/ HTTP/1.1" 404 6853 "-" "Mozilla/5.0 (compatible; MJ12bot/v2.0.0; http://mj12bot.com/)"
162.55.100.32 - - [07/Mar/2025:07:05:22 +0530] "POST /wp-cron.php?doing_wp_cron=1741311321.9088990688323974609375 HTTP/1.1" 200 0 "-" "WordPress/6.7.2; https://sarkariyojanaguru.xyz"
74.125.216.194 - - [07/Mar/2025:07:05:20 +0530] "GET / HTTP/1.1" 200 10025 "-" "Mozilla/5.0 (compatible; Google-Site-Verification/1.0)"
157.55.39.61 - - [07/Mar/2025:08:23:23 +0530] "GET /sitemaps.xml HTTP/2" 200 244 "-" "Mozilla/5.0 AppleWebKit/537.36 (KHTML, like Gecko; compatible; bingbot/2.0; +http://www.bing.com/bingbot.htm) Chrome/116.0.1938.76 Safari/537.36"
157.55.39.61 - - [07/Mar/2025:08:23:29 +0530] "GET /sitemaps.xml HTTP/2" 200 244 "-" "Mozilla/5.0 AppleWebKit/537.36 (KHTML, like Gecko; compatible; bingbot/2.0; +http://www.bing.com/bingbot.htm) Chrome/116.0.1938.76 Safari/537.36"
137.184.111.19 - - [07/Mar/2025:09:12:50 +0530] "GET /wp-admin/user/ HTTP/1.1" 302 0 "binance.com" "Mozilla/5.0 (Windows NT 10.0; Win64; x64) AppleWebKit/537.36 (KHTML, like Gecko) Chrome/90.0.4430.85 Safari/537.36"
137.184.111.19 - - [07/Mar/2025:09:12:50 +0530] "GET /wp-login.php?redirect_to=https%3A%2F%2Fsarkariyojanaguru.xyz%2Fwp-admin%2Fuser%2F&reauth=1 HTTP/1.1" 200 2101 "binance.com" "Mozilla/5.0 (Windows NT 10.0; Win64; x64) AppleWebKit/537.36 (KHTML, like Gecko) Chrome/90.0.4430.85 Safari/537.36"
137.184.111.19 - - [07/Mar/2025:09:12:44 +0530] "GET /wp-admin/network/ HTTP/1.1" 302 0 "binance.com" "Mozilla/5.0 (Windows NT 10.0; Win64; x64) AppleWebKit/537.36 (KHTML, like Gecko) Chrome/90.0.4430.85 Safari/537.36"
137.184.111.19 - - [07/Mar/2025:09:12:45 +0530] "GET /wp-login.php?redirect_to=https%3A%2F%2Fsarkariyojanaguru.xyz%2Fwp-admin%2Fnetwork%2F&reauth=1 HTTP/1.1" 200 2104 "binance.com" "Mozilla/5.0 (Windows NT 10.0; Win64; x64) AppleWebKit/537.36 (KHTML, like Gecko) Chrome/90.0.4430.85 Safari/537.36"
47.9.155.152 - - [07/Mar/2025:11:35:58 +0530] "GET / HTTP/2" 200 10189 "https://www.google.com/" "Mozilla/5.0 (Linux; Android 10; K) AppleWebKit/537.36 (KHTML, like Gecko) Chrome/133.0.0.0 Mobile Safari/537.36"
47.9.155.152 - - [07/Mar/2025:11:36:07 +0530] "GET /wp-includes/css/dist/block-library/style.min.css?ver=6.7.2 HTTP/2" 200 14225 "https://sarkariyojanaguru.xyz/" "Mozilla/5.0 (Linux; Android 10; K) AppleWebKit/537.36 (KHTML, like Gecko) Chrome/133.0.0.0 Mobile Safari/537.36"
47.9.155.152 - - [07/Mar/2025:11:36:07 +0530] "GET /wp-content/plugins/contact-form-7/includes/css/styles.css?ver=6.0.3 HTTP/2" 200 890 "https://sarkariyojanaguru.xyz/" "Mozilla/5.0 (Linux; Android 10; K) AppleWebKit/537.36 (KHTML, like Gecko) Chrome/133.0.0.0 Mobile Safari/537.36"
47.9.155.152 - - [07/Mar/2025:11:36:07 +0530] "GET /wp-content/themes/iconic-one-pro/style.css?ver=6.7.2 HTTP/2" 200 10813 "https://sarkariyojanaguru.xyz/" "Mozilla/5.0 (Linux; Android 10; K) AppleWebKit/537.36 (KHTML, like Gecko) Chrome/133.0.0.0 Mobile Safari/537.36"
47.9.155.152 - - [07/Mar/2025:11:36:07 +0530] "GET /wp-content/themes/iconic-one-pro/custom.css?ver=6.7.2 HTTP/2" 200 74 "https://sarkariyojanaguru.xyz/" "Mozilla/5.0 (Linux; Android 10; K) AppleWebKit/537.36 (KHTML, like Gecko) Chrome/133.0.0.0 Mobile Safari/537.36"
47.9.155.152 - - [07/Mar/2025:11:36:07 +0530] "GET /wp-content/themes/iconic-one-pro/fonts/font-awesome.min.css?ver=6.7.2 HTTP/2" 200 6283 "https://sarkariyojanaguru.xyz/" "Mozilla/5.0 (Linux; Android 10; K) AppleWebKit/537.36 (KHTML, like Gecko) Chrome/133.0.0.0 Mobile Safari/537.36"
47.9.155.152 - - [07/Mar/2025:11:36:07 +0530] "GET /wp-content/themes/iconic-one-pro/js/flexslider.css?ver=6.7.2 HTTP/2" 200 1484 "https://sarkariyojanaguru.xyz/" "Mozilla/5.0 (Linux; Android 10; K) AppleWebKit/537.36 (KHTML, like Gecko) Chrome/133.0.0.0 Mobile Safari/537.36"
47.9.155.152 - - [07/Mar/2025:11:36:07 +0530] "GET /wp-includes/js/jquery/jquery.min.js?ver=3.7.1 HTTP/2" 200 29744 "https://sarkariyojanaguru.xyz/" "Mozilla/5.0 (Linux; Android 10; K) AppleWebKit/537.36 (KHTML, like Gecko) Chrome/133.0.0.0 Mobile Safari/537.36"
47.9.155.152 - - [07/Mar/2025:11:36:07 +0530] "GET /wp-includes/js/jquery/jquery-migrate.min.js?ver=3.4.1 HTTP/2" 200 4678 "https://sarkariyojanaguru.xyz/" "Mozilla/5.0 (Linux; Android 10; K) AppleWebKit/537.36 (KHTML, like Gecko) Chrome/133.0.0.0 Mobile Safari/537.36"
47.9.155.152 - - [07/Mar/2025:11:36:07 +0530] "GET /wp-content/themes/iconic-one-pro/js/respond.min.js?ver=6.7.2 HTTP/2" 200 1880 "https://sarkariyojanaguru.xyz/" "Mozilla/5.0 (Linux; Android 10; K) AppleWebKit/537.36 (KHTML, like Gecko) Chrome/133.0.0.0 Mobile Safari/537.36"
47.9.155.152 - - [07/Mar/2025:11:36:07 +0530] "GET /wp-content/themes/iconic-one-pro/js/jquery.flexslider-min.js?ver=6.7.2 HTTP/2" 200 5056 "https://sarkariyojanaguru.xyz/" "Mozilla/5.0 (Linux; Android 10; K) AppleWebKit/537.36 (KHTML, like Gecko) Chrome/133.0.0.0 Mobile Safari/537.36"
47.9.155.152 - - [07/Mar/2025:11:36:07 +0530] "GET /wp-content/themes/iconic-one-pro/js/flexslider-init.js?ver=6.7.2 HTTP/2" 200 292 "https://sarkariyojanaguru.xyz/" "Mozilla/5.0 (Linux; Android 10; K) AppleWebKit/537.36 (KHTML, like Gecko) Chrome/133.0.0.0 Mobile Safari/537.36"
47.9.155.152 - - [07/Mar/2025:11:36:07 +0530] "GET /wp-content/uploads/2025/02/Capture.png HTTP/2" 200 15211 "https://sarkariyojanaguru.xyz/" "Mozilla/5.0 (Linux; Android 10; K) AppleWebKit/537.36 (KHTML, like Gecko) Chrome/133.0.0.0 Mobile Safari/537.36"
47.9.155.152 - - [07/Mar/2025:11:36:07 +0530] "GET /wp-content/uploads/2025/02/Sarkari-Yojana-Post-Offices-superhit-scheme-you-will-get-Rs-9250-every-month-768x405.jpg HTTP/2" 200 63400 "https://sarkariyojanaguru.xyz/" "Mozilla/5.0 (Linux; Android 10; K) AppleWebKit/537.36 (KHTML, like Gecko) Chrome/133.0.0.0 Mobile Safari/537.36"
47.9.155.152 - - [07/Mar/2025:11:36:07 +0530] "GET /wp-includes/js/dist/hooks.min.js?ver=4d63a3d491d11ffd8ac6 HTTP/2" 200 1571 "https://sarkariyojanaguru.xyz/" "Mozilla/5.0 (Linux; Android 10; K) AppleWebKit/537.36 (KHTML, like Gecko) Chrome/133.0.0.0 Mobile Safari/537.36"
47.9.155.152 - - [07/Mar/2025:11:36:07 +0530] "GET /wp-includes/js/dist/i18n.min.js?ver=5e580eb46a90c2b997e6 HTTP/2" 200 3542 "https://sarkariyojanaguru.xyz/" "Mozilla/5.0 (Linux; Android 10; K) AppleWebKit/537.36 (KHTML, like Gecko) Chrome/133.0.0.0 Mobile Safari/537.36"
47.9.155.152 - - [07/Mar/2025:11:36:07 +0530] "GET /wp-content/plugins/contact-form-7/includes/swv/js/index.js?ver=6.0.3 HTTP/2" 200 3369 "https://sarkariyojanaguru.xyz/" "Mozilla/5.0 (Linux; Android 10; K) AppleWebKit/537.36 (KHTML, like Gecko) Chrome/133.0.0.0 Mobile Safari/537.36"
47.9.155.152 - - [07/Mar/2025:11:36:07 +0530] "GET /wp-content/plugins/contact-form-7/includes/js/index.js?ver=6.0.3 HTTP/2" 200 4008 "https://sarkariyojanaguru.xyz/" "Mozilla/5.0 (Linux; Android 10; K) AppleWebKit/537.36 (KHTML, like Gecko) Chrome/133.0.0.0 Mobile Safari/537.36"
47.9.155.152 - - [07/Mar/2025:11:36:07 +0530] "GET /wp-content/themes/iconic-one-pro/js/selectnav.js?ver=6.7.2 HTTP/2" 200 1402 "https://sarkariyojanaguru.xyz/" "Mozilla/5.0 (Linux; Android 10; K) AppleWebKit/537.36 (KHTML, like Gecko) Chrome/133.0.0.0 Mobile Safari/537.36"
47.9.155.152 - - [07/Mar/2025:11:36:07 +0530] "GET /wp-content/uploads/2025/02/PM-Kisan-Yojana-9.8-crore-farmers-got-2-thousand-rupees-on-the-19th-installment-768x432.png HTTP/2" 200 523818 "https://sarkariyojanaguru.xyz/" "Mozilla/5.0 (Linux; Android 10; K) AppleWebKit/537.36 (KHTML, like Gecko) Chrome/133.0.0.0 Mobile Safari/537.36"
47.9.155.152 - - [07/Mar/2025:11:36:07 +0530] "GET /wp-content/uploads/2025/02/Sarkari-Yojana-Pension-Status-How-to-Check-768x405.jpg HTTP/2" 200 53118 "https://sarkariyojanaguru.xyz/" "Mozilla/5.0 (Linux; Android 10; K) AppleWebKit/537.36 (KHTML, like Gecko) Chrome/133.0.0.0 Mobile Safari/537.36"
47.9.155.152 - - [07/Mar/2025:11:36:10 +0530] "GET /wp-content/uploads/2025/02/download-1-768x422.webp HTTP/2" 200 58082 "https://sarkariyojanaguru.xyz/" "Mozilla/5.0 (Linux; Android 10; K) AppleWebKit/537.36 (KHTML, like Gecko) Chrome/133.0.0.0 Mobile Safari/537.36"
47.9.155.152 - - [07/Mar/2025:11:36:12 +0530] "GET /favicon.ico HTTP/2" 404 1251 "https://sarkariyojanaguru.xyz/" "Mozilla/5.0 (Linux; Android 10; K) AppleWebKit/537.36 (KHTML, like Gecko) Chrome/133.0.0.0 Mobile Safari/537.36"
47.9.155.152 - - [07/Mar/2025:11:36:12 +0530] "GET /wp-content/uploads/2025/02/Sarkari-Yojana-Post-Offices-superhit-scheme-you-will-get-Rs-9250-every-month-658x300.jpg HTTP/2" 200 44016 "https://sarkariyojanaguru.xyz/" "Mozilla/5.0 (Linux; Android 10; K) AppleWebKit/537.36 (KHTML, like Gecko) Chrome/133.0.0.0 Mobile Safari/537.36"
47.9.155.152 - - [07/Mar/2025:11:36:12 +0530] "GET /wp-content/uploads/2025/02/Sarkari-Yojana-Pension-Status-How-to-Check-658x300.jpg HTTP/2" 200 39246 "https://sarkariyojanaguru.xyz/" "Mozilla/5.0 (Linux; Android 10; K) AppleWebKit/537.36 (KHTML, like Gecko) Chrome/133.0.0.0 Mobile Safari/537.36"
47.9.155.152 - - [07/Mar/2025:11:36:12 +0530] "GET /wp-content/uploads/2025/02/download-1-658x300.webp HTTP/2" 200 35954 "https://sarkariyojanaguru.xyz/" "Mozilla/5.0 (Linux; Android 10; K) AppleWebKit/537.36 (KHTML, like Gecko) Chrome/133.0.0.0 Mobile Safari/537.36"
47.9.155.152 - - [07/Mar/2025:11:36:12 +0530] "GET /wp-content/uploads/2025/02/download-658x300.webp HTTP/2" 200 49996 "https://sarkariyojanaguru.xyz/" "Mozilla/5.0 (Linux; Android 10; K) AppleWebKit/537.36 (KHTML, like Gecko) Chrome/133.0.0.0 Mobile Safari/537.36"
47.9.155.152 - - [07/Mar/2025:11:36:09 +0530] "GET / HTTP/2" 200 10189 "https://www.google.com/" "Mozilla/5.0 (Linux; Android 10; K) AppleWebKit/537.36 (KHTML, like Gecko) Chrome/133.0.0.0 Mobile Safari/537.36"
193.186.4.141 - - [07/Mar/2025:11:35:50 +0530] "GET / HTTP/2" 200 0 "https://www.google.com/" "Mozilla/5.0 (Linux; Android 10; K) AppleWebKit/537.36 (KHTML, like Gecko) Chrome/133.0.0.0 Mobile Safari/537.36"
64.233.173.227 - - [07/Mar/2025:11:35:49 +0530] "GET /.well-known/traffic-advice HTTP/1.1" 404 7627 "-" "Chrome Privacy Preserving Prefetch Proxy"
72.14.201.141 - - [07/Mar/2025:11:36:22 +0530] "GET / HTTP/2" 200 0 "https://www.google.com/" "Mozilla/5.0 (Linux; Android 10; K) AppleWebKit/537.36 (KHTML, like Gecko) Chrome/133.0.0.0 Mobile Safari/537.36"
47.9.155.152 - - [07/Mar/2025:11:36:13 +0530] "GET /wp-content/uploads/2025/02/download-768x422.webp HTTP/2" 200 71366 "https://sarkariyojanaguru.xyz/" "Mozilla/5.0 (Linux; Android 10; K) AppleWebKit/537.36 (KHTML, like Gecko) Chrome/133.0.0.0 Mobile Safari/537.36"
47.9.155.152 - - [07/Mar/2025:11:36:14 +0530] "GET /wp-content/uploads/2025/02/download-768x422.webp HTTP/2" 200 71366 "https://sarkariyojanaguru.xyz/" "Mozilla/5.0 (Linux; Android 10; K) AppleWebKit/537.36 (KHTML, like Gecko) Chrome/133.0.0.0 Mobile Safari/537.36"
31.13.115.9 - - [07/Mar/2025:11:33:06 +0530] "GET /robots.txt HTTP/1.1" 200 70 "-" "facebookexternalhit/1.1 (+http://www.facebook.com/externalhit_uatext.php)"
173.252.107.113 - - [07/Mar/2025:11:33:03 +0530] "GET /robots.txt HTTP/2" 200 0 "-" "facebookexternalhit/1.1 (+http://www.facebook.com/externalhit_uatext.php)"
152.59.118.99 - - [07/Mar/2025:14:41:01 +0530] "GET / HTTP/2" 200 10027 "https://www.google.com/" "Mozilla/5.0 (Windows NT 10.0; Win64; x64) AppleWebKit/537.36 (KHTML, like Gecko) Chrome/133.0.0.0 Safari/537.36"
152.59.118.99 - - [07/Mar/2025:14:41:02 +0530] "GET /wp-includes/css/dist/block-library/style.min.css?ver=6.7.2 HTTP/2" 200 14225 "https://sarkariyojanaguru.xyz/" "Mozilla/5.0 (Windows NT 10.0; Win64; x64) AppleWebKit/537.36 (KHTML, like Gecko) Chrome/133.0.0.0 Safari/537.36"
152.59.118.99 - - [07/Mar/2025:14:41:02 +0530] "GET /wp-content/plugins/contact-form-7/includes/css/styles.css?ver=6.0.3 HTTP/2" 200 890 "https://sarkariyojanaguru.xyz/" "Mozilla/5.0 (Windows NT 10.0; Win64; x64) AppleWebKit/537.36 (KHTML, like Gecko) Chrome/133.0.0.0 Safari/537.36"
152.59.118.99 - - [07/Mar/2025:14:41:02 +0530] "GET /wp-content/themes/iconic-one-pro/style.css?ver=6.7.2 HTTP/2" 200 10813 "https://sarkariyojanaguru.xyz/" "Mozilla/5.0 (Windows NT 10.0; Win64; x64) AppleWebKit/537.36 (KHTML, like Gecko) Chrome/133.0.0.0 Safari/537.36"
152.59.118.99 - - [07/Mar/2025:14:41:02 +0530] "GET /wp-content/themes/iconic-one-pro/custom.css?ver=6.7.2 HTTP/2" 200 74 "https://sarkariyojanaguru.xyz/" "Mozilla/5.0 (Windows NT 10.0; Win64; x64) AppleWebKit/537.36 (KHTML, like Gecko) Chrome/133.0.0.0 Safari/537.36"
152.59.118.99 - - [07/Mar/2025:14:41:02 +0530] "GET /wp-content/themes/iconic-one-pro/fonts/font-awesome.min.css?ver=6.7.2 HTTP/2" 200 6283 "https://sarkariyojanaguru.xyz/" "Mozilla/5.0 (Windows NT 10.0; Win64; x64) AppleWebKit/537.36 (KHTML, like Gecko) Chrome/133.0.0.0 Safari/537.36"
152.59.118.99 - - [07/Mar/2025:14:41:02 +0530] "GET /wp-content/themes/iconic-one-pro/js/flexslider.css?ver=6.7.2 HTTP/2" 200 1484 "https://sarkariyojanaguru.xyz/" "Mozilla/5.0 (Windows NT 10.0; Win64; x64) AppleWebKit/537.36 (KHTML, like Gecko) Chrome/133.0.0.0 Safari/537.36"
152.59.118.99 - - [07/Mar/2025:14:41:02 +0530] "GET /wp-includes/js/jquery/jquery.min.js?ver=3.7.1 HTTP/2" 200 29744 "https://sarkariyojanaguru.xyz/" "Mozilla/5.0 (Windows NT 10.0; Win64; x64) AppleWebKit/537.36 (KHTML, like Gecko) Chrome/133.0.0.0 Safari/537.36"
152.59.118.99 - - [07/Mar/2025:14:41:02 +0530] "GET /wp-includes/js/jquery/jquery-migrate.min.js?ver=3.4.1 HTTP/2" 200 4678 "https://sarkariyojanaguru.xyz/" "Mozilla/5.0 (Windows NT 10.0; Win64; x64) AppleWebKit/537.36 (KHTML, like Gecko) Chrome/133.0.0.0 Safari/537.36"
152.59.118.99 - - [07/Mar/2025:14:41:02 +0530] "GET /wp-content/themes/iconic-one-pro/js/respond.min.js?ver=6.7.2 HTTP/2" 200 1880 "https://sarkariyojanaguru.xyz/" "Mozilla/5.0 (Windows NT 10.0; Win64; x64) AppleWebKit/537.36 (KHTML, like Gecko) Chrome/133.0.0.0 Safari/537.36"
152.59.118.99 - - [07/Mar/2025:14:41:02 +0530] "GET /wp-content/themes/iconic-one-pro/js/jquery.flexslider-min.js?ver=6.7.2 HTTP/2" 200 5056 "https://sarkariyojanaguru.xyz/" "Mozilla/5.0 (Windows NT 10.0; Win64; x64) AppleWebKit/537.36 (KHTML, like Gecko) Chrome/133.0.0.0 Safari/537.36"
152.59.118.99 - - [07/Mar/2025:14:41:02 +0530] "GET /wp-content/themes/iconic-one-pro/js/flexslider-init.js?ver=6.7.2 HTTP/2" 200 292 "https://sarkariyojanaguru.xyz/" "Mozilla/5.0 (Windows NT 10.0; Win64; x64) AppleWebKit/537.36 (KHTML, like Gecko) Chrome/133.0.0.0 Safari/537.36"
152.59.118.99 - - [07/Mar/2025:14:41:02 +0530] "GET /wp-content/uploads/2025/02/Capture.png HTTP/2" 200 15211 "https://sarkariyojanaguru.xyz/" "Mozilla/5.0 (Windows NT 10.0; Win64; x64) AppleWebKit/537.36 (KHTML, like Gecko) Chrome/133.0.0.0 Safari/537.36"
152.59.118.99 - - [07/Mar/2025:14:41:02 +0530] "GET /wp-content/uploads/2025/02/PM-Kisan-Yojana-9.8-crore-farmers-got-2-thousand-rupees-on-the-19th-installment-200x140.png HTTP/2" 200 58017 "https://sarkariyojanaguru.xyz/" "Mozilla/5.0 (Windows NT 10.0; Win64; x64) AppleWebKit/537.36 (KHTML, like Gecko) Chrome/133.0.0.0 Safari/537.36"
152.59.118.99 - - [07/Mar/2025:14:41:03 +0530] "GET /wp-content/uploads/2025/02/Sarkari-Yojana-Post-Offices-superhit-scheme-you-will-get-Rs-9250-every-month-200x140.jpg HTTP/2" 200 13529 "https://sarkariyojanaguru.xyz/" "Mozilla/5.0 (Windows NT 10.0; Win64; x64) AppleWebKit/537.36 (KHTML, like Gecko) Chrome/133.0.0.0 Safari/537.36"
152.59.118.99 - - [07/Mar/2025:14:41:03 +0530] "GET /wp-includes/js/dist/hooks.min.js?ver=4d63a3d491d11ffd8ac6 HTTP/2" 200 1571 "https://sarkariyojanaguru.xyz/" "Mozilla/5.0 (Windows NT 10.0; Win64; x64) AppleWebKit/537.36 (KHTML, like Gecko) Chrome/133.0.0.0 Safari/537.36"
152.59.118.99 - - [07/Mar/2025:14:41:03 +0530] "GET /wp-includes/js/dist/i18n.min.js?ver=5e580eb46a90c2b997e6 HTTP/2" 200 3542 "https://sarkariyojanaguru.xyz/" "Mozilla/5.0 (Windows NT 10.0; Win64; x64) AppleWebKit/537.36 (KHTML, like Gecko) Chrome/133.0.0.0 Safari/537.36"
152.59.118.99 - - [07/Mar/2025:14:41:03 +0530] "GET /wp-content/plugins/contact-form-7/includes/swv/js/index.js?ver=6.0.3 HTTP/2" 200 3369 "https://sarkariyojanaguru.xyz/" "Mozilla/5.0 (Windows NT 10.0; Win64; x64) AppleWebKit/537.36 (KHTML, like Gecko) Chrome/133.0.0.0 Safari/537.36"
152.59.118.99 - - [07/Mar/2025:14:41:03 +0530] "GET /wp-content/plugins/contact-form-7/includes/js/index.js?ver=6.0.3 HTTP/2" 200 4008 "https://sarkariyojanaguru.xyz/" "Mozilla/5.0 (Windows NT 10.0; Win64; x64) AppleWebKit/537.36 (KHTML, like Gecko) Chrome/133.0.0.0 Safari/537.36"
152.59.118.99 - - [07/Mar/2025:14:41:03 +0530] "GET /wp-content/themes/iconic-one-pro/js/selectnav.js?ver=6.7.2 HTTP/2" 200 1402 "https://sarkariyojanaguru.xyz/" "Mozilla/5.0 (Windows NT 10.0; Win64; x64) AppleWebKit/537.36 (KHTML, like Gecko) Chrome/133.0.0.0 Safari/537.36"
152.59.118.99 - - [07/Mar/2025:14:41:03 +0530] "GET /wp-content/themes/iconic-one-pro/fonts/fontawesome-webfont.woff2?v=4.6.3 HTTP/2" 200 71896 "https://sarkariyojanaguru.xyz/wp-content/themes/iconic-one-pro/fonts/font-awesome.min.css?ver=6.7.2" "Mozilla/5.0 (Windows NT 10.0; Win64; x64) AppleWebKit/537.36 (KHTML, like Gecko) Chrome/133.0.0.0 Safari/537.36"
152.59.118.99 - - [07/Mar/2025:14:41:03 +0530] "GET /wp-content/uploads/2025/02/Sarkari-Yojana-Pension-Status-How-to-Check-200x140.jpg HTTP/2" 200 11904 "https://sarkariyojanaguru.xyz/" "Mozilla/5.0 (Windows NT 10.0; Win64; x64) AppleWebKit/537.36 (KHTML, like Gecko) Chrome/133.0.0.0 Safari/537.36"
152.59.118.99 - - [07/Mar/2025:14:41:03 +0530] "GET /wp-content/uploads/2025/02/download-1-200x140.webp HTTP/2" 200 6668 "https://sarkariyojanaguru.xyz/" "Mozilla/5.0 (Windows NT 10.0; Win64; x64) AppleWebKit/537.36 (KHTML, like Gecko) Chrome/133.0.0.0 Safari/537.36"
152.59.118.99 - - [07/Mar/2025:14:41:03 +0530] "GET /wp-includes/js/wp-emoji-release.min.js?ver=6.7.2 HTTP/2" 200 4676 "https://sarkariyojanaguru.xyz/" "Mozilla/5.0 (Windows NT 10.0; Win64; x64) AppleWebKit/537.36 (KHTML, like Gecko) Chrome/133.0.0.0 Safari/537.36"
152.59.118.99 - - [07/Mar/2025:14:41:04 +0530] "GET /wp-content/uploads/2025/02/download-200x140.webp HTTP/2" 200 11482 "https://sarkariyojanaguru.xyz/" "Mozilla/5.0 (Windows NT 10.0; Win64; x64) AppleWebKit/537.36 (KHTML, like Gecko) Chrome/133.0.0.0 Safari/537.36"
152.59.118.99 - - [07/Mar/2025:14:41:05 +0530] "GET /wp-content/uploads/2025/02/Sarkari-Yojana-Post-Offices-superhit-scheme-you-will-get-Rs-9250-every-month-658x300.jpg HTTP/2" 200 44016 "https://sarkariyojanaguru.xyz/" "Mozilla/5.0 (Windows NT 10.0; Win64; x64) AppleWebKit/537.36 (KHTML, like Gecko) Chrome/133.0.0.0 Safari/537.36"
152.59.118.99 - - [07/Mar/2025:14:41:05 +0530] "GET /wp-content/uploads/2025/02/Sarkari-Yojana-Pension-Status-How-to-Check-658x300.jpg HTTP/2" 200 39246 "https://sarkariyojanaguru.xyz/" "Mozilla/5.0 (Windows NT 10.0; Win64; x64) AppleWebKit/537.36 (KHTML, like Gecko) Chrome/133.0.0.0 Safari/537.36"
152.59.118.99 - - [07/Mar/2025:14:41:05 +0530] "GET /favicon.ico HTTP/2" 404 1251 "https://sarkariyojanaguru.xyz/" "Mozilla/5.0 (Windows NT 10.0; Win64; x64) AppleWebKit/537.36 (KHTML, like Gecko) Chrome/133.0.0.0 Safari/537.36"
152.59.118.99 - - [07/Mar/2025:14:41:05 +0530] "GET /wp-content/uploads/2025/02/download-658x300.webp HTTP/2" 200 49996 "https://sarkariyojanaguru.xyz/" "Mozilla/5.0 (Windows NT 10.0; Win64; x64) AppleWebKit/537.36 (KHTML, like Gecko) Chrome/133.0.0.0 Safari/537.36"
152.59.118.99 - - [07/Mar/2025:14:41:12 +0530] "GET /wp-content/uploads/2025/02/download-1-658x300.webp HTTP/2" 200 35954 "https://sarkariyojanaguru.xyz/" "Mozilla/5.0 (Windows NT 10.0; Win64; x64) AppleWebKit/537.36 (KHTML, like Gecko) Chrome/133.0.0.0 Safari/537.36"
51.222.253.12 - - [07/Mar/2025:14:48:11 +0530] "GET /sarkari-yojana-guru-in-vishwakarma-yojana-2025/ HTTP/2" 200 663245 "-" "Mozilla/5.0 (compatible; AhrefsBot/7.0; +http://ahrefs.com/robot/)"
51.222.253.1 - - [07/Mar/2025:14:48:09 +0530] "GET /robots.txt HTTP/2" 200 61 "-" "Mozilla/5.0 (compatible; AhrefsBot/7.0; +http://ahrefs.com/robot/)"
51.222.253.9 - - [07/Mar/2025:15:17:33 +0530] "GET /category/bank-yojana/ HTTP/2" 200 7012 "-" "Mozilla/5.0 (compatible; AhrefsBot/7.0; +http://ahrefs.com/robot/)"
170.64.135.119 - - [07/Mar/2025:15:28:30 +0530] "GET /wp-admin/user/ HTTP/1.1" 302 0 "binance.com" "Mozilla/5.0 (Windows NT 10.0; Win64; x64) AppleWebKit/537.36 (KHTML, like Gecko) Chrome/90.0.4430.85 Safari/537.36"
170.64.135.119 - - [07/Mar/2025:15:28:31 +0530] "GET /wp-login.php?redirect_to=https%3A%2F%2Fsarkariyojanaguru.xyz%2Fwp-admin%2Fuser%2F&reauth=1 HTTP/1.1" 200 2101 "binance.com" "Mozilla/5.0 (Windows NT 10.0; Win64; x64) AppleWebKit/537.36 (KHTML, like Gecko) Chrome/90.0.4430.85 Safari/537.36"
170.64.135.119 - - [07/Mar/2025:15:28:12 +0530] "GET /wp-admin/network/ HTTP/1.1" 302 0 "binance.com" "Mozilla/5.0 (Windows NT 10.0; Win64; x64) AppleWebKit/537.36 (KHTML, like Gecko) Chrome/90.0.4430.85 Safari/537.36"
170.64.135.119 - - [07/Mar/2025:15:28:13 +0530] "GET /wp-login.php?redirect_to=https%3A%2F%2Fsarkariyojanaguru.xyz%2Fwp-admin%2Fnetwork%2F&reauth=1 HTTP/1.1" 200 2104 "binance.com" "Mozilla/5.0 (Windows NT 10.0; Win64; x64) AppleWebKit/537.36 (KHTML, like Gecko) Chrome/90.0.4430.85 Safari/537.36"
51.222.253.10 - - [07/Mar/2025:15:46:45 +0530] "GET /disclaimer/ HTTP/2" 200 8427 "-" "Mozilla/5.0 (compatible; AhrefsBot/7.0; +http://ahrefs.com/robot/)"
51.222.253.7 - - [07/Mar/2025:16:16:40 +0530] "GET /privacy-policy/ HTTP/2" 200 10459 "-" "Mozilla/5.0 (compatible; AhrefsBot/7.0; +http://ahrefs.com/robot/)"
162.55.100.32 - - [07/Mar/2025:16:16:40 +0530] "POST /wp-cron.php?doing_wp_cron=1741344400.7424309253692626953125 HTTP/1.1" 200 0 "-" "WordPress/6.7.2; https://sarkariyojanaguru.xyz"
51.222.253.9 - - [07/Mar/2025:16:47:45 +0530] "GET /contact-us/ HTTP/2" 200 7480 "-" "Mozilla/5.0 (compatible; AhrefsBot/7.0; +http://ahrefs.com/robot/)"
162.55.100.32 - - [07/Mar/2025:17:20:51 +0530] "POST /wp-cron.php?doing_wp_cron=1741348251.5442481040954589843750 HTTP/1.1" 200 0 "-" "WordPress/6.7.2; https://sarkariyojanaguru.xyz"
51.222.253.12 - - [07/Mar/2025:17:20:50 +0530] "GET / HTTP/2" 200 10025 "-" "Mozilla/5.0 (compatible; AhrefsBot/7.0; +http://ahrefs.com/robot/)"
156.96.151.132 - - [07/Mar/2025:17:25:54 +0530] "GET /wp-login.php HTTP/2" 200 6366 "https://sarkariyojanaguru.xyz" "Mozilla/5.0 (Windows NT 10.0; Win64; x64) AppleWebKit/537.36 (KHTML, like Gecko) Chrome/103.0.5060.66 Safari/537.36"
156.96.151.132 - - [07/Mar/2025:17:25:52 +0530] "GET /xmlrpc.php HTTP/2" 405 42 "https://sarkariyojanaguru.xyz" "Mozilla/5.0 (Windows NT 10.0; Win64; x64) AppleWebKit/537.36 (KHTML, like Gecko) Chrome/103.0.5060.66 Safari/537.36"
207.148.94.205 - - [07/Mar/2025:17:50:06 +0530] "GET /wp-login.php HTTP/1.1" 200 2097 "-" "Mozilla/5.0"
207.148.94.205 - - [07/Mar/2025:17:50:07 +0530] "GET /?author=1 HTTP/1.1" 301 0 "-" "Mozilla/5.0"
207.148.94.205 - - [07/Mar/2025:17:50:10 +0530] "GET /?author=2 HTTP/1.1" 404 7627 "-" "Mozilla/5.0"
162.55.100.32 - - [07/Mar/2025:19:01:12 +0530] "POST /wp-cron.php?doing_wp_cron=1741354272.5471839904785156250000 HTTP/1.1" 200 0 "-" "WordPress/6.7.2; https://sarkariyojanaguru.xyz"
198.235.24.35 - - [07/Mar/2025:19:01:11 +0530] "GET / HTTP/1.1" 200 60797 "-" "Expanse, a Palo Alto Networks company, searches across the global IPv4 space multiple times per day to identify customers' presences on the Internet. If you would like to be excluded from our scans, please send IP addresses/domains to: scaninfo@paloaltonetworks.com"
198.235.24.147 - - [07/Mar/2025:20:35:18 +0530] "GET /wp-login.php HTTP/1.1" 200 6366 "http://162.55.100.32:80/wp-login.php" "Expanse, a Palo Alto Networks company, searches across the global IPv4 space multiple times per day to identify customers' presences on the Internet. If you would like to be excluded from our scans, please send IP addresses/domains to: scaninfo@paloaltonetworks.com"
157.55.39.58 - - [07/Mar/2025:20:50:34 +0530] "GET /sitemaps.xml HTTP/2" 200 244 "-" "Mozilla/5.0 AppleWebKit/537.36 (KHTML, like Gecko; compatible; bingbot/2.0; +http://www.bing.com/bingbot.htm) Chrome/116.0.1938.76 Safari/537.36"
157.55.39.58 - - [07/Mar/2025:20:50:34 +0530] "GET /sitemaps.xml HTTP/2" 200 244 "-" "Mozilla/5.0 AppleWebKit/537.36 (KHTML, like Gecko; compatible; bingbot/2.0; +http://www.bing.com/bingbot.htm) Chrome/116.0.1938.76 Safari/537.36"
45.157.54.37 - - [07/Mar/2025:21:31:46 +0530] "GET /assets/images/accesson.php HTTP/2" 404 28746 "-" "Mozilla/5.0 (Windows NT 10.0; Win64; x64) AppleWebKit/537.36 (KHTML, like Gecko) Chrome/127.0.0.0 Safari/537.36"
162.55.100.32 - - [07/Mar/2025:21:31:48 +0530] "POST /wp-cron.php?doing_wp_cron=1741363308.0424408912658691406250 HTTP/1.1" 200 0 "-" "WordPress/6.7.2; https://sarkariyojanaguru.xyz"
172.245.92.196 - - [07/Mar/2025:22:25:24 +0530] "GET / HTTP/1.1" 200 60797 "-" "Mozilla/5.0 (X11; Linux x86_64; rv:132.0) Gecko/20100101 Firefox/132.0"
172.245.92.196 - - [07/Mar/2025:22:25:31 +0530] "GET /about-us/ HTTP/1.1" 200 33650 "-" "Mozilla/5.0 (X11; Linux x86_64; rv:132.0) Gecko/20100101 Firefox/132.0"
172.245.92.196 - - [07/Mar/2025:22:25:29 +0530] "GET /author/admin/ HTTP/1.1" 200 54293 "-" "Mozilla/5.0 (X11; Linux x86_64; rv:132.0) Gecko/20100101 Firefox/132.0"
172.245.92.196 - - [07/Mar/2025:22:25:30 +0530] "GET /contact-us/ HTTP/1.1" 200 31011 "-" "Mozilla/5.0 (X11; Linux x86_64; rv:132.0) Gecko/20100101 Firefox/132.0"
172.245.92.196 - - [07/Mar/2025:22:25:27 +0530] "GET /sarkari-yojana-post-offices-superhit-scheme-you-will-get-rs-9250-every-month/ HTTP/1.1" 200 684415 "-" "Mozilla/5.0 (X11; Linux x86_64; rv:132.0) Gecko/20100101 Firefox/132.0"
198.235.24.112 - - [07/Mar/2025:22:41:09 +0530] "GET /wp-login.php HTTP/1.1" 200 6366 "-" "Expanse, a Palo Alto Networks company, searches across the global IPv4 space multiple times per day to identify customers' presences on the Internet. If you would like to be excluded from our scans, please send IP addresses/domains to: scaninfo@paloaltonetworks.com"
159.65.186.62 - - [07/Mar/2025:23:56:22 +0530] "GET /wp-admin/network/ HTTP/1.1" 302 0 "binance.com" "Mozilla/5.0 (Windows NT 10.0; Win64; x64) AppleWebKit/537.36 (KHTML, like Gecko) Chrome/90.0.4430.85 Safari/537.36"
159.65.186.62 - - [07/Mar/2025:23:56:22 +0530] "GET /wp-login.php?redirect_to=https%3A%2F%2Fsarkariyojanaguru.xyz%2Fwp-admin%2Fnetwork%2F&reauth=1 HTTP/1.1" 200 2103 "binance.com" "Mozilla/5.0 (Windows NT 10.0; Win64; x64) AppleWebKit/537.36 (KHTML, like Gecko) Chrome/90.0.4430.85 Safari/537.36"
159.65.186.62 - - [07/Mar/2025:23:56:23 +0530] "GET /wp-admin/user/ HTTP/1.1" 302 0 "binance.com" "Mozilla/5.0 (Windows NT 10.0; Win64; x64) AppleWebKit/537.36 (KHTML, like Gecko) Chrome/90.0.4430.85 Safari/537.36"
159.65.186.62 - - [07/Mar/2025:23:56:24 +0530] "GET /wp-login.php?redirect_to=https%3A%2F%2Fsarkariyojanaguru.xyz%2Fwp-admin%2Fuser%2F&reauth=1 HTTP/1.1" 200 2100 "binance.com" "Mozilla/5.0 (Windows NT 10.0; Win64; x64) AppleWebKit/537.36 (KHTML, like Gecko) Chrome/90.0.4430.85 Safari/537.36"
162.55.100.32 - - [08/Mar/2025:01:53:56 +0530] "POST /wp-cron.php HTTP/1.1" 200 0 "-" "WordPress/6.7.2; https://sarkariyojanaguru.xyz"
199.45.154.120 - - [08/Mar/2025:02:11:40 +0530] "GET / HTTP/1.1" 200 11755 "-" "Mozilla/5.0 (compatible; CensysInspect/1.1; +https://about.censys.io/)"
199.45.154.120 - - [08/Mar/2025:02:12:03 +0530] "GET /favicon.ico HTTP/1.1" 404 1251 "-" "Mozilla/5.0 (compatible; CensysInspect/1.1; +https://about.censys.io/)"
162.55.100.32 - - [08/Mar/2025:01:53:56 +0530] "GET / HTTP/1.1" 200 11755 "-" "WordPress/6.7.2; https://sarkariyojanaguru.xyz"
199.45.154.120 - - [08/Mar/2025:02:11:43 +0530] "GET /favicon.ico HTTP/1.1" 404 1251 "-" "Mozilla/5.0 (compatible; CensysInspect/1.1; +https://about.censys.io/)"
51.222.253.16 - - [08/Mar/2025:02:32:11 +0530] "GET /feed/ HTTP/2" 200 2246406 "-" "Mozilla/5.0 (compatible; AhrefsBot/7.0; +http://ahrefs.com/robot/)"
51.222.253.11 - - [08/Mar/2025:01:53:50 +0530] "GET /category/pm-kisaan-yojana/ HTTP/2" 200 8408 "-" "Mozilla/5.0 (compatible; AhrefsBot/7.0; +http://ahrefs.com/robot/)"
162.55.100.32 - - [08/Mar/2025:01:53:56 +0530] "GET / HTTP/1.1" 200 11755 "-" "WordPress/6.7.2; https://sarkariyojanaguru.xyz"
162.55.100.32 - - [08/Mar/2025:01:53:57 +0530] "GET / HTTP/1.1" 200 11755 "-" "WordPress/6.7.2; https://sarkariyojanaguru.xyz"
162.55.100.32 - - [08/Mar/2025:01:53:53 +0530] "POST /wp-cron.php?doing_wp_cron=1741379033.1565380096435546875000 HTTP/1.1" 200 0 "-" "WordPress/6.7.2; https://sarkariyojanaguru.xyz"
162.55.100.32 - - [08/Mar/2025:01:53:56 +0530] "GET / HTTP/1.1" 200 11755 "-" "WordPress/6.7.2; https://sarkariyojanaguru.xyz"
54.36.149.30 - - [08/Mar/2025:03:08:45 +0530] "GET /robots.txt HTTP/2" 200 61 "-" "Mozilla/5.0 (compatible; AhrefsBot/7.0; +http://ahrefs.com/robot/)"
51.222.253.3 - - [08/Mar/2025:03:08:48 +0530] "GET /sarkari-yojana-post-offices-superhit-scheme-you-will-get-rs-9250-every-month/feed/ HTTP/2" 200 539 "-" "Mozilla/5.0 (compatible; AhrefsBot/7.0; +http://ahrefs.com/robot/)"
195.178.110.135 - - [08/Mar/2025:05:30:24 +0530] "GET /backend/.env HTTP/1.1" 404 7627 "-" "Mozilla/5.0"
213.152.161.170 - - [08/Mar/2025:05:11:13 +0530] "POST /xmlrpc.php HTTP/2" 200 403 "-" "Mozilla/5.0 (Windows NT 10.0; Win64; x64) AppleWebKit/537.36 (KHTML, like Gecko) Chrome/133.0.0.0 Safari/537.36"
51.222.253.15 - - [08/Mar/2025:06:01:16 +0530] "GET /sarkari-yojana-guru-in-vishwakarma-yojana-2025/feed/ HTTP/2" 200 488 "-" "Mozilla/5.0 (compatible; AhrefsBot/7.0; +http://ahrefs.com/robot/)"
51.222.253.12 - - [08/Mar/2025:04:51:13 +0530] "GET /category/pm-kisaan-yojana/feed/ HTTP/2" 200 6592 "-" "Mozilla/5.0 (compatible; AhrefsBot/7.0; +http://ahrefs.com/robot/)"
207.46.13.150 - - [08/Mar/2025:05:11:57 +0530] "GET /category-sitemap1.xml HTTP/2" 200 239 "-" "Mozilla/5.0 AppleWebKit/537.36 (KHTML, like Gecko; compatible; bingbot/2.0; +http://www.bing.com/bingbot.htm) Chrome/116.0.1938.76 Safari/537.36"
213.152.186.35 - - [08/Mar/2025:05:45:53 +0530] "POST /xmlrpc.php HTTP/2" 200 403 "-" "Mozilla/5.0 (Windows NT 10.0; Win64; x64) AppleWebKit/537.36 (KHTML, like Gecko) Chrome/133.0.0.0 Safari/537.36"
51.222.253.12 - - [08/Mar/2025:04:18:13 +0530] "GET /category/bank-yojana/feed/ HTTP/2" 200 525 "-" "Mozilla/5.0 (compatible; AhrefsBot/7.0; +http://ahrefs.com/robot/)"
213.152.161.170 - - [08/Mar/2025:05:12:10 +0530] "POST /xmlrpc.php HTTP/2" 200 403 "-" "Mozilla/5.0 (Windows NT 10.0; Win64; x64) AppleWebKit/537.36 (KHTML, like Gecko) Chrome/133.0.0.0 Safari/537.36"
51.222.253.5 - - [08/Mar/2025:05:26:18 +0530] "GET /pm-kisan-yojana-9-8-crore-farmers-got-2-thousand-rupees-on-the-19th-installment/feed/ HTTP/2" 200 625 "-" "Mozilla/5.0 (compatible; AhrefsBot/7.0; +http://ahrefs.com/robot/)"
213.152.186.35 - - [08/Mar/2025:05:44:13 +0530] "POST /xmlrpc.php HTTP/2" 200 403 "-" "Mozilla/5.0 (Windows NT 10.0; Win64; x64) AppleWebKit/537.36 (KHTML, like Gecko) Chrome/133.0.0.0 Safari/537.36"
207.46.13.230 - - [08/Mar/2025:03:27:14 +0530] "GET /robots.txt HTTP/2" 200 61 "-" "Mozilla/5.0 AppleWebKit/537.36 (KHTML, like Gecko; compatible; bingbot/2.0; +http://www.bing.com/bingbot.htm) Chrome/116.0.1938.76 Safari/537.36"
2.58.47.203 - - [08/Mar/2025:05:18:13 +0530] "POST /xmlrpc.php HTTP/2" 200 403 "-" "Mozilla/5.0 (Windows NT 10.0; Win64; x64) AppleWebKit/537.36 (KHTML, like Gecko) Chrome/133.0.0.0 Safari/537.36"
51.222.253.8 - - [08/Mar/2025:03:44:14 +0530] "GET /category/sarkari-yojana/ HTTP/2" 200 9210 "-" "Mozilla/5.0 (compatible; AhrefsBot/7.0; +http://ahrefs.com/robot/)"
162.55.100.32 - - [08/Mar/2025:06:01:23 +0530] "POST /wp-cron.php?doing_wp_cron=1741393883.1143651008605957031250 HTTP/1.1" 200 0 "-" "WordPress/6.7.2; https://sarkariyojanaguru.xyz"
162.55.100.32 - - [08/Mar/2025:03:08:46 +0530] "POST /wp-cron.php?doing_wp_cron=1741383526.5658531188964843750000 HTTP/1.1" 200 0 "-" "WordPress/6.7.2; https://sarkariyojanaguru.xyz"
37.120.210.211 - - [08/Mar/2025:05:46:52 +0530] "POST /xmlrpc.php HTTP/2" 200 403 "-" "Mozilla/5.0 (Windows NT 10.0; Win64; x64) AppleWebKit/537.36 (KHTML, like Gecko) Chrome/133.0.0.0 Safari/537.36"
80.85.245.5 - - [08/Mar/2025:06:52:23 +0530] "GET /sarkari-yojana-pension-status-how-to-check/ HTTP/1.1" 200 623886 "-" "Mozilla/5.0 (Macintosh; Intel Mac OS X 10_15_7) AppleWebKit/537.36 (KHTML, like Gecko) Chrome/133.0.0.0 Safari/537.36"
195.20.19.198 - - [08/Mar/2025:07:49:02 +0530] "POST /sarkari-yojana-post-offices-superhit-scheme-you-will-get-rs-9250-every-month/#comment-3 HTTP/1.1" 404 28746 "https://sarkariyojanaguru.xyz/sarkari-yojana-post-offices-superhit-scheme-you-will-get-rs-9250-every-month/" "Mozilla/5.0 (X11; Linux x86_64; rv:132.0) Gecko/20100101 Firefox/132.0"
51.222.253.11 - - [08/Mar/2025:07:50:31 +0530] "GET /sarkari-yojana-bihar-2025-list-latest-government-schemes/ HTTP/2" 404 6853 "-" "Mozilla/5.0 (compatible; AhrefsBot/7.0; +http://ahrefs.com/robot/)"
71.26.103.237 - - [08/Mar/2025:06:52:27 +0530] "POST /wp-comments-post.php HTTP/1.1" 200 0 "-" "Mozilla/5.0 (Windows NT 10.0; Win64; x64) AppleWebKit/537.36 (KHTML, like Gecko) Chrome/120.0.0.0 Safari/537.36"
51.222.253.4 - - [08/Mar/2025:07:13:02 +0530] "GET /farmers-have-last-chance-to-register-in-agri-stack-scheme-sarkari-yojana-guru-in/ HTTP/2" 404 6853 "-" "Mozilla/5.0 (compatible; AhrefsBot/7.0; +http://ahrefs.com/robot/)"
195.20.19.198 - - [08/Mar/2025:07:48:59 +0530] "POST /wp-comments-post.php HTTP/1.1" 302 0 "https://sarkariyojanaguru.xyz/sarkari-yojana-post-offices-superhit-scheme-you-will-get-rs-9250-every-month/" "Mozilla/5.0 (X11; Linux x86_64; rv:132.0) Gecko/20100101 Firefox/132.0"
162.55.100.32 - - [08/Mar/2025:07:50:32 +0530] "POST /wp-cron.php?doing_wp_cron=1741400432.3076529502868652343750 HTTP/1.1" 200 0 "-" "WordPress/6.7.2; https://sarkariyojanaguru.xyz"
51.222.253.5 - - [08/Mar/2025:06:35:55 +0530] "GET /sarkari-yojana-pension-status-how-to-check/ HTTP/2" 200 622735 "-" "Mozilla/5.0 (compatible; AhrefsBot/7.0; +http://ahrefs.com/robot/)"
80.85.245.5 - - [08/Mar/2025:06:52:19 +0530] "GET /comments/feed/ HTTP/1.1" 200 517 "-" "Mozilla/5.0 (Macintosh; Intel Mac OS X 10_15_7) AppleWebKit/537.36 (KHTML, like Gecko) Chrome/133.0.0.0 Safari/537.36"
195.20.19.198 - - [08/Mar/2025:07:48:59 +0530] "POST /contact-us/ HTTP/1.1" 200 31433 "https://sarkariyojanaguru.xyz/contact-us/" "Mozilla/5.0 (X11; Linux x86_64; rv:132.0) Gecko/20100101 Firefox/132.0"
71.26.103.237 - - [08/Mar/2025:06:52:22 +0530] "POST /wp-comments-post.php HTTP/1.1" 200 0 "-" "Mozilla/5.0 (Windows NT 10.0; Win64; x64) AppleWebKit/537.36 (KHTML, like Gecko) Chrome/120.0.0.0 Safari/537.36"
80.85.245.5 - - [08/Mar/2025:06:52:32 +0530] "GET /sarkari-yojana-pension-status-how-to-check/ HTTP/1.1" 200 623780 "-" "Mozilla/5.0 (Macintosh; Intel Mac OS X 10_15_7) AppleWebKit/537.36 (KHTML, like Gecko) Chrome/133.0.0.0 Safari/537.36"
87.250.224.222 - - [08/Mar/2025:07:43:58 +0530] "GET /nrega-job-card-list-2025-apply-now-for-welfare-benefits-sarkariyojanaguru-xyz/ HTTP/1.1" 404 7627 "-" "Mozilla/5.0 (compatible; YandexBot/3.0; +http://yandex.com/bots)"
51.222.253.19 - - [08/Mar/2025:09:01:30 +0530] "GET /government-scheme-bihar-2025-bihar-government-scheme-list-released/ HTTP/2" 200 509232 "-" "Mozilla/5.0 (compatible; AhrefsBot/7.0; +http://ahrefs.com/robot/)"
51.222.253.7 - - [08/Mar/2025:08:27:01 +0530] "GET /about-us/feed/ HTTP/2" 200 455 "-" "Mozilla/5.0 (compatible; AhrefsBot/7.0; +http://ahrefs.com/robot/)"
80.85.245.5 - - [08/Mar/2025:06:52:33 +0530] "GET /contact-us/ HTTP/1.1" 200 8371 "-" "Mozilla/5.0 (Macintosh; Intel Mac OS X 10_15_7) AppleWebKit/537.36 (KHTML, like Gecko) Chrome/133.0.0.0 Safari/537.36"
71.26.103.237 - - [08/Mar/2025:06:52:37 +0530] "POST /contact-us/ HTTP/1.1" 200 8371 "-" "Mozilla/5.0 (Windows NT 10.0; Win64; x64) AppleWebKit/537.36 (KHTML, like Gecko) Chrome/120.0.0.0 Safari/537.36"
92.255.85.164 - - [08/Mar/2025:07:11:39 +0530] "POST /contact-us/ HTTP/1.0" 200 31101 "https://sarkariyojanaguru.xyz/contact-us/" "Mozilla/5.0 (Windows NT 10.0; Win64; x64) AppleWebKit/537.36 (KHTML, like Gecko) Chrome/129.0.0.0 Safari/537.36"
87.250.224.76 - - [08/Mar/2025:07:43:56 +0530] "GET /robots.txt HTTP/1.1" 200 67 "-" "Mozilla/5.0 (compatible; YandexBot/3.0; +http://yandex.com/bots)"
162.55.100.32 - - [08/Mar/2025:09:01:36 +0530] "POST /wp-cron.php?doing_wp_cron=1741404696.3860199451446533203125 HTTP/1.1" 200 0 "-" "WordPress/6.7.2; https://sarkariyojanaguru.xyz"
80.85.245.5 - - [08/Mar/2025:06:52:16 +0530] "GET / HTTP/1.1" 200 11755 "-" "Mozilla/5.0 (Macintosh; Intel Mac OS X 10_15_7) AppleWebKit/537.36 (KHTML, like Gecko) Chrome/133.0.0.0 Safari/537.36"
92.255.85.164 - - [08/Mar/2025:07:11:38 +0530] "GET /contact-us/ HTTP/1.0" 200 31011 "https://sarkariyojanaguru.xyz/contact-us/" "Mozilla/5.0 (Windows NT 10.0; Win64; x64) AppleWebKit/537.36 (KHTML, like Gecko) Chrome/129.0.0.0 Safari/537.36"
162.55.100.32 - - [08/Mar/2025:06:52:18 +0530] "POST /wp-cron.php?doing_wp_cron=1741396938.0750899314880371093750 HTTP/1.1" 200 0 "-" "WordPress/6.7.2; https://sarkariyojanaguru.xyz"
80.85.245.5 - - [08/Mar/2025:06:52:19 +0530] "GET /sarkari-yojana-pension-status-how-to-check/ HTTP/1.1" 200 623780 "-" "Mozilla/5.0 (Macintosh; Intel Mac OS X 10_15_7) AppleWebKit/537.36 (KHTML, like Gecko) Chrome/133.0.0.0 Safari/537.36"
71.26.103.237 - - [08/Mar/2025:06:52:26 +0530] "POST /wp-comments-post.php HTTP/1.1" 200 1159 "-" "Mozilla/5.0 (Macintosh; Intel Mac OS X 10_15_7) AppleWebKit/537.36 (KHTML, like Gecko) Chrome/133.0.0.0 Safari/537.36"
