196.251.72.3 - - [23/Feb/2025:16:20:53 +0530] "POST /contact-us/ HTTP/1.1" 200 31089 "https://sarkariyojanaguru.xyz/contact-us/" "Mozilla/5.0 (Linux; Android 10; K) AppleWebKit/537.36 (KHTML, like Gecko) Chrome/132.0.6834.79 Mobile Safari/537.36"
173.252.83.1 - - [23/Feb/2025:16:26:39 +0530] "GET /robots.txt HTTP/2" 200 67 "-" "facebookexternalhit/1.1 (+http://www.facebook.com/externalhit_uatext.php)"
82.197.71.245 - - [23/Feb/2025:17:28:04 +0530] "GET /wp-login.php HTTP/2" 200 1853 "http://sarkariyojanaguru.xyz" "Mozilla/5.0 (Macintosh; Intel Mac OS X 13_3) AppleWebKit/537.36 (KHTML, like Gecko) Chrome/126.0.0.0 Safari/537.36 Edg/126.0.0.0"
23.111.114.116 - - [23/Feb/2025:16:22:18 +0530] "GET /p2pQkwr9?utm_source=Mybid&utm_term=1050627812723529Kz%2FRF-1&utm_medium=Elpanore&fbpixel=973703130981896&utm_id=120216091302980520&utm_content=120216589314350520&utm_campaign=120216091302980520&fbclid=IwY2xjawIfy7VleHRuA2FlbQEwAGFkaWQBqxheapzBKAEd1bxe9ZBF20jYsEqVhjIAxxcE9N99S7Q3geT0gE_Cv6P5GJ86GcGgTi3m_aem_9Qm3fpfH3lxYqC_lupfB4Q HTTP/1.1" 404 7400 "-" "Mozilla/5.0 (iPhone; CPU iPhone OS 11_4 like Mac OS X) AppleWebKit/605.1.15 (KHTML, like Gecko) Version/11.0 Mobile/15E148 Safari/604.1"
159.223.173.64 - - [23/Feb/2025:16:56:34 +0530] "POST /wp-login.php HTTP/1.1" 200 6563 "-" "Mozilla/5.0"
51.158.110.65 - - [23/Feb/2025:16:04:13 +0530] "GET / HTTP/1.1" 200 10836 "-" "Mozilla/5.0 (Windows NT 6.1; Win64; x64) AppleWebKit/537.36 (KHTML, like Gecko) Chrome/106.0.0.0 Safari/537.36"
159.223.173.64 - - [23/Feb/2025:16:56:34 +0530] "POST /wp-login.php HTTP/1.1" 200 6563 "-" "Mozilla/5.0"
159.223.173.64 - - [23/Feb/2025:15:47:32 +0530] "POST /wp-login.php HTTP/1.1" 200 0 "-" "Mozilla/5.0"
159.223.173.64 - - [23/Feb/2025:15:47:32 +0530] "POST /wp-login.php HTTP/1.1" 200 0 "-" "Mozilla/5.0"
162.55.100.32 - - [23/Feb/2025:16:04:21 +0530] "POST /wp-cron.php?doing_wp_cron=1740306861.3326730728149414062500 HTTP/1.1" 200 0 "-" "WordPress/6.7.2; https://sarkariyojanaguru.xyz"
5.255.115.202 - - [23/Feb/2025:16:04:32 +0530] "GET / HTTP/1.1" 200 55463 "-" "Mozilla/5.0 (Linux; Android 10; K) AppleWebKit/537.36 (KHTML, like Gecko) Chrome/132.0.6834.79 Mobile Safari/537.36"
162.55.100.32 - - [23/Feb/2025:16:56:43 +0530] "POST /wp-cron.php?doing_wp_cron=1740310003.3515119552612304687500 HTTP/1.1" 200 0 "-" "WordPress/6.7.2; https://sarkariyojanaguru.xyz"
162.55.100.32 - - [23/Feb/2025:16:56:43 +0530] "POST /wp-cron.php?doing_wp_cron=1740310003.3511819839477539062500 HTTP/1.1" 200 0 "-" "WordPress/6.7.2; https://sarkariyojanaguru.xyz"
159.223.173.64 - - [23/Feb/2025:15:47:32 +0530] "POST /wp-login.php HTTP/1.1" 200 0 "-" "Mozilla/5.0"
5.255.115.202 - - [23/Feb/2025:16:04:33 +0530] "GET /contact-us/ HTTP/1.1" 200 30690 "-" "Mozilla/5.0 (Linux; Android 10; K) AppleWebKit/537.36 (KHTML, like Gecko) Chrome/132.0.6834.79 Mobile Safari/537.36"
107.175.17.165 - - [23/Feb/2025:16:06:24 +0530] "GET /wp-login.php HTTP/2" 200 1853 "http://sarkariyojanaguru.xyz" "Mozilla/5.0 (Macintosh; Intel Mac OS X 10_15_7) AppleWebKit/537.36 (KHTML, like Gecko) Chrome/126.0.0.0 Safari/537.36"
173.252.107.13 - - [23/Feb/2025:16:26:42 +0530] "GET /robots.txt HTTP/1.1" 200 70 "-" "facebookexternalhit/1.1 (+http://www.facebook.com/externalhit_uatext.php)"
159.223.173.64 - - [23/Feb/2025:16:56:34 +0530] "POST /wp-login.php HTTP/1.1" 200 6563 "-" "Mozilla/5.0"
51.222.253.20 - - [23/Feb/2025:17:32:03 +0530] "GET /post-office-ppf-scheme-if-you-deposit-rs-30000-you-will-get-a-return-of-rs-813642-after-so-many/ HTTP/2" 404 6660 "-" "Mozilla/5.0 (compatible; AhrefsBot/7.0; +http://ahrefs.com/robot/)"
150.95.140.248 - - [23/Feb/2025:17:44:39 +0530] "GET /wp-login.php HTTP/1.1" 200 2099 "http://sarkariyojanaguru.xyz/wp-login.php" "Mozilla/5.0 (X11; Fedora; Linux x86_64; rv:94.0) Gecko/20100101 Firefox/95.0"
150.95.140.248 - - [23/Feb/2025:17:44:41 +0530] "POST /wp-login.php HTTP/1.1" 200 2195 "-" "Mozilla/5.0 (X11; Fedora; Linux x86_64; rv:94.0) Gecko/20100101 Firefox/95.0"
150.95.140.248 - - [23/Feb/2025:17:44:40 +0530] "GET /wp-login.php HTTP/1.1" 200 2099 "-" "Mozilla/5.0 (X11; Fedora; Linux x86_64; rv:94.0) Gecko/20100101 Firefox/95.0"
162.55.100.32 - - [23/Feb/2025:18:05:05 +0530] "POST /wp-cron.php?doing_wp_cron=1740314105.3074939250946044921875 HTTP/1.1" 200 0 "-" "WordPress/6.7.2; https://sarkariyojanaguru.xyz"
162.55.100.32 - - [23/Feb/2025:18:05:05 +0530] "POST /wp-cron.php?doing_wp_cron=1740314105.3262000083923339843750 HTTP/1.1" 200 0 "-" "WordPress/6.7.2; https://sarkariyojanaguru.xyz"
162.55.100.32 - - [23/Feb/2025:18:05:05 +0530] "POST /wp-cron.php?doing_wp_cron=1740314105.3310248851776123046875 HTTP/1.1" 200 0 "-" "WordPress/6.7.2; https://sarkariyojanaguru.xyz"
159.223.173.64 - - [23/Feb/2025:18:05:04 +0530] "POST /wp-login.php HTTP/1.1" 200 6563 "-" "Mozilla/5.0"
159.223.173.64 - - [23/Feb/2025:18:05:04 +0530] "POST /wp-login.php HTTP/1.1" 200 6563 "-" "Mozilla/5.0"
159.223.173.64 - - [23/Feb/2025:18:05:04 +0530] "POST /wp-login.php HTTP/1.1" 200 6563 "-" "Mozilla/5.0"
45.79.162.218 - - [23/Feb/2025:18:32:55 +0530] "POST /wp-login.php HTTP/1.1" 200 2195 "-" "Mozilla/5.0 (X11; Fedora; Linux x86_64; rv:94.0) Gecko/20100101 Firefox/95.0"
45.79.162.218 - - [23/Feb/2025:18:32:54 +0530] "GET /wp-login.php HTTP/1.1" 200 2099 "http://sarkariyojanaguru.xyz/wp-login.php" "Mozilla/5.0 (X11; Fedora; Linux x86_64; rv:94.0) Gecko/20100101 Firefox/95.0"
45.79.162.218 - - [23/Feb/2025:18:32:55 +0530] "GET /wp-login.php HTTP/1.1" 200 2099 "-" "Mozilla/5.0 (X11; Fedora; Linux x86_64; rv:94.0) Gecko/20100101 Firefox/95.0"
136.243.92.92 - - [23/Feb/2025:18:19:48 +0530] "GET /wp-login.php HTTP/2" 200 2099 "http://sarkariyojanaguru.xyz" "Mozilla/5.0 (Macintosh; Intel Mac OS X 10_15_7) AppleWebKit/537.36 (KHTML, like Gecko) Chrome/126.0.0.0 Safari/537.36"
65.1.179.106 - - [23/Feb/2025:18:45:50 +0530] "GET /wp-login.php HTTP/2" 200 1853 "http://sarkariyojanaguru.xyz" "Mozilla/5.0 (Macintosh; Intel Mac OS X 13_3) AppleWebKit/537.36 (KHTML, like Gecko) Chrome/126.0.0.0 Safari/537.36 Edg/126.0.0.0"
157.245.210.253 - - [23/Feb/2025:18:48:27 +0530] "GET /wp-admin/network/ HTTP/1.1" 302 0 "binance.com" "Mozilla/5.0 (Windows NT 10.0; Win64; x64) AppleWebKit/537.36 (KHTML, like Gecko) Chrome/90.0.4430.85 Safari/537.36"
157.245.210.253 - - [23/Feb/2025:18:48:27 +0530] "GET /wp-login.php?redirect_to=https%3A%2F%2Fsarkariyojanaguru.xyz%2Fwp-admin%2Fnetwork%2F&reauth=1 HTTP/1.1" 200 2104 "binance.com" "Mozilla/5.0 (Windows NT 10.0; Win64; x64) AppleWebKit/537.36 (KHTML, like Gecko) Chrome/90.0.4430.85 Safari/537.36"
159.223.173.64 - - [23/Feb/2025:19:14:02 +0530] "POST /wp-login.php HTTP/1.1" 200 6563 "-" "Mozilla/5.0"
141.95.114.30 - - [23/Feb/2025:19:15:28 +0530] "GET /bitrix/tools/spread.php?state= HTTP/2" 404 28119 "-" "Mozilla/5.0 (Windows NT 10.0; Win64; x64) AppleWebKit/537.36 (KHTML, like Gecko) Chrome/127.0.0.0 Safari/537.36"
173.252.87.112 - - [23/Feb/2025:19:17:39 +0530] "GET /post-office-ppf-scheme-if-you-deposit-rs-30000-you-will-get-a-return-of-rs-813642-after-so-many/ HTTP/2" 404 28119 "-" "facebookexternalhit/1.1 (+http://www.facebook.com/externalhit_uatext.php)"
159.223.173.64 - - [23/Feb/2025:19:14:02 +0530] "POST /wp-login.php HTTP/1.1" 200 6563 "-" "Mozilla/5.0"
157.245.210.253 - - [23/Feb/2025:18:48:28 +0530] "GET /wp-admin/user/ HTTP/1.1" 302 0 "binance.com" "Mozilla/5.0 (Windows NT 10.0; Win64; x64) AppleWebKit/537.36 (KHTML, like Gecko) Chrome/90.0.4430.85 Safari/537.36"
157.245.210.253 - - [23/Feb/2025:18:48:28 +0530] "GET /wp-login.php?redirect_to=https%3A%2F%2Fsarkariyojanaguru.xyz%2Fwp-admin%2Fuser%2F&reauth=1 HTTP/1.1" 200 2101 "binance.com" "Mozilla/5.0 (Windows NT 10.0; Win64; x64) AppleWebKit/537.36 (KHTML, like Gecko) Chrome/90.0.4430.85 Safari/537.36"
159.223.173.64 - - [23/Feb/2025:19:14:02 +0530] "POST /wp-login.php HTTP/1.1" 200 6563 "-" "Mozilla/5.0"
103.154.184.15 - - [23/Feb/2025:19:25:44 +0530] "POST /wp-login.php HTTP/1.1" 200 2195 "-" "Mozilla/5.0 (X11; Fedora; Linux x86_64; rv:94.0) Gecko/20100101 Firefox/95.0"
103.154.184.15 - - [23/Feb/2025:19:25:42 +0530] "GET /wp-login.php HTTP/1.1" 200 2099 "http://sarkariyojanaguru.xyz/wp-login.php" "Mozilla/5.0 (X11; Fedora; Linux x86_64; rv:94.0) Gecko/20100101 Firefox/95.0"
103.154.184.15 - - [23/Feb/2025:19:25:43 +0530] "GET /wp-login.php HTTP/1.1" 200 2099 "-" "Mozilla/5.0 (X11; Fedora; Linux x86_64; rv:94.0) Gecko/20100101 Firefox/95.0"
141.95.114.30 - - [23/Feb/2025:19:26:04 +0530] "GET /wp-content/plugins/dotoluqo/dotoluqo.php HTTP/2" 404 28119 "-" "Mozilla/5.0 (Windows NT 10.0) AppleWebKit/537.36 (KHTML, like Gecko) Chrome/124.0.0.0 Safari/537.36"
159.223.173.64 - - [23/Feb/2025:20:22:26 +0530] "POST /wp-login.php HTTP/1.1" 200 6563 "-" "Mozilla/5.0"
159.223.173.64 - - [23/Feb/2025:20:22:26 +0530] "POST /wp-login.php HTTP/1.1" 200 6563 "-" "Mozilla/5.0"
159.223.173.64 - - [23/Feb/2025:20:22:26 +0530] "POST /wp-login.php HTTP/1.1" 200 6563 "-" "Mozilla/5.0"
43.129.51.239 - - [23/Feb/2025:20:56:25 +0530] "GET / HTTP/1.1" 200 10984 "-" "Mozilla/5.0 (iPhone; CPU iPhone OS 13_2_3 like Mac OS X) AppleWebKit/605.1.15 (KHTML, like Gecko) Version/13.0.3 Mobile/15E148 Safari/604.1"
162.55.100.32 - - [23/Feb/2025:20:56:26 +0530] "POST /wp-cron.php?doing_wp_cron=1740324385.8847138881683349609375 HTTP/1.1" 200 0 "-" "WordPress/6.7.2; https://sarkariyojanaguru.xyz"
43.133.253.253 - - [23/Feb/2025:21:13:08 +0530] "GET /sarkari-yojana-pension-status-how-to-check/ HTTP/1.1" 200 623579 "-" "Mozilla/5.0 (iPhone; CPU iPhone OS 13_2_3 like Mac OS X) AppleWebKit/605.1.15 (KHTML, like Gecko) Version/13.0.3 Mobile/15E148 Safari/604.1"
170.106.110.146 - - [23/Feb/2025:21:06:51 +0530] "GET /category/pm-kisaan-yojana/ HTTP/1.1" 200 7638 "-" "Mozilla/5.0 (iPhone; CPU iPhone OS 13_2_3 like Mac OS X) AppleWebKit/605.1.15 (KHTML, like Gecko) Version/13.0.3 Mobile/15E148 Safari/604.1"
159.223.173.64 - - [23/Feb/2025:21:31:14 +0530] "POST /wp-login.php HTTP/1.1" 200 6563 "-" "Mozilla/5.0"
159.223.173.64 - - [23/Feb/2025:21:31:13 +0530] "POST /wp-login.php HTTP/1.1" 200 6563 "-" "Mozilla/5.0"
159.223.173.64 - - [23/Feb/2025:21:31:14 +0530] "POST /wp-login.php HTTP/1.1" 200 6563 "-" "Mozilla/5.0"
43.129.38.128 - - [23/Feb/2025:21:52:56 +0530] "GET /wp-json/wp/v2/categories/3 HTTP/1.1" 200 309 "-" "Mozilla/5.0 (iPhone; CPU iPhone OS 13_2_3 like Mac OS X) AppleWebKit/605.1.15 (KHTML, like Gecko) Version/13.0.3 Mobile/15E148 Safari/604.1"
198.235.24.161 - - [23/Feb/2025:21:46:47 +0530] "GET / HTTP/1.1" 200 53980 "-" "-"
129.226.93.214 - - [23/Feb/2025:21:47:22 +0530] "GET /category/pm-kisaan-yojana/ HTTP/1.1" 200 7638 "-" "Mozilla/5.0 (iPhone; CPU iPhone OS 13_2_3 like Mac OS X) AppleWebKit/605.1.15 (KHTML, like Gecko) Version/13.0.3 Mobile/15E148 Safari/604.1"
162.55.100.32 - - [23/Feb/2025:21:52:57 +0530] "POST /wp-cron.php?doing_wp_cron=1740327777.3919570446014404296875 HTTP/1.1" 200 0 "-" "WordPress/6.7.2; https://sarkariyojanaguru.xyz"
43.135.145.73 - - [23/Feb/2025:21:33:58 +0530] "GET /contact-us/ HTTP/1.1" 200 8163 "-" "Mozilla/5.0 (iPhone; CPU iPhone OS 13_2_3 like Mac OS X) AppleWebKit/605.1.15 (KHTML, like Gecko) Version/13.0.3 Mobile/15E148 Safari/604.1"
157.245.123.111 - - [23/Feb/2025:22:37:47 +0530] "GET /wp-admin/user/ HTTP/1.1" 302 0 "binance.com" "Mozilla/5.0 (Windows NT 10.0; Win64; x64) AppleWebKit/537.36 (KHTML, like Gecko) Chrome/90.0.4430.85 Safari/537.36"
157.245.123.111 - - [23/Feb/2025:22:37:47 +0530] "GET /wp-login.php?redirect_to=https%3A%2F%2Fsarkariyojanaguru.xyz%2Fwp-admin%2Fuser%2F&reauth=1 HTTP/1.1" 200 2101 "binance.com" "Mozilla/5.0 (Windows NT 10.0; Win64; x64) AppleWebKit/537.36 (KHTML, like Gecko) Chrome/90.0.4430.85 Safari/537.36"
157.245.123.111 - - [23/Feb/2025:22:37:44 +0530] "GET /wp-admin/network/ HTTP/1.1" 302 0 "binance.com" "Mozilla/5.0 (Windows NT 10.0; Win64; x64) AppleWebKit/537.36 (KHTML, like Gecko) Chrome/90.0.4430.85 Safari/537.36"
157.245.123.111 - - [23/Feb/2025:22:37:45 +0530] "GET /wp-login.php?redirect_to=https%3A%2F%2Fsarkariyojanaguru.xyz%2Fwp-admin%2Fnetwork%2F&reauth=1 HTTP/1.1" 200 2104 "binance.com" "Mozilla/5.0 (Windows NT 10.0; Win64; x64) AppleWebKit/537.36 (KHTML, like Gecko) Chrome/90.0.4430.85 Safari/537.36"
159.223.173.64 - - [23/Feb/2025:22:40:09 +0530] "POST /wp-login.php HTTP/1.1" 200 6563 "-" "Mozilla/5.0"
159.223.173.64 - - [23/Feb/2025:22:40:10 +0530] "POST /wp-login.php HTTP/1.1" 200 6563 "-" "Mozilla/5.0"
43.157.188.74 - - [23/Feb/2025:22:33:32 +0530] "GET /sarkari-yojana-guru-in-vishwakarma-yojana-2025/feed/ HTTP/1.1" 200 536 "-" "Mozilla/5.0 (iPhone; CPU iPhone OS 13_2_3 like Mac OS X) AppleWebKit/605.1.15 (KHTML, like Gecko) Version/13.0.3 Mobile/15E148 Safari/604.1"
162.55.100.32 - - [23/Feb/2025:22:57:49 +0530] "POST /wp-cron.php?doing_wp_cron=1740331669.1811969280242919921875 HTTP/1.1" 200 0 "-" "WordPress/6.7.2; https://sarkariyojanaguru.xyz"
124.156.157.91 - - [23/Feb/2025:22:16:18 +0530] "GET /sarkari-yojana-guru-in-vishwakarma-yojana-2025/ HTTP/1.1" 200 664977 "-" "Mozilla/5.0 (iPhone; CPU iPhone OS 13_2_3 like Mac OS X) AppleWebKit/605.1.15 (KHTML, like Gecko) Version/13.0.3 Mobile/15E148 Safari/604.1"
43.135.145.117 - - [23/Feb/2025:22:46:11 +0530] "GET /?p=14 HTTP/1.1" 301 0 "-" "Mozilla/5.0 (iPhone; CPU iPhone OS 13_2_3 like Mac OS X) AppleWebKit/605.1.15 (KHTML, like Gecko) Version/13.0.3 Mobile/15E148 Safari/604.1"
43.135.145.117 - - [23/Feb/2025:22:46:17 +0530] "GET /sarkari-yojana-guru-in-vishwakarma-yojana-2025/ HTTP/1.1" 200 327680 "https://sarkariyojanaguru.xyz/?p=14" "Mozilla/5.0 (iPhone; CPU iPhone OS 13_2_3 like Mac OS X) AppleWebKit/605.1.15 (KHTML, like Gecko) Version/13.0.3 Mobile/15E148 Safari/604.1"
170.106.140.110 - - [23/Feb/2025:22:57:48 +0530] "GET /wp-json/oembed/1.0/embed?url=https%3A%2F%2Fsarkariyojanaguru.xyz%2Fsarkari-yojana-guru-in-vishwakarma-yojana-2025%2F HTTP/1.1" 200 1204 "-" "Mozilla/5.0 (iPhone; CPU iPhone OS 13_2_3 like Mac OS X) AppleWebKit/605.1.15 (KHTML, like Gecko) Version/13.0.3 Mobile/15E148 Safari/604.1"
43.157.149.188 - - [23/Feb/2025:22:23:10 +0530] "GET /category/sarkari-yojana/ HTTP/1.1" 200 10537 "-" "Mozilla/5.0 (iPhone; CPU iPhone OS 13_2_3 like Mac OS X) AppleWebKit/605.1.15 (KHTML, like Gecko) Version/13.0.3 Mobile/15E148 Safari/604.1"
159.223.173.64 - - [23/Feb/2025:22:40:09 +0530] "POST /wp-login.php HTTP/1.1" 200 6563 "-" "Mozilla/5.0"
159.65.222.85 - - [23/Feb/2025:23:31:13 +0530] "GET /wp-content/plugins/pwnd/pwnd.php HTTP/1.1" 404 7406 "www.google.com" "Mozlila/5.0 (Linux; Android 7.0; SM-G892A Bulid/NRD90M; wv) AppleWebKit/537.36 (KHTML, like Gecko) Version/4.0 Chrome/60.0.3112.107 Moblie Safari/537.36"
43.153.79.218 - - [23/Feb/2025:23:28:51 +0530] "GET /privacy-policy/ HTTP/1.1" 200 11616 "-" "Mozilla/5.0 (iPhone; CPU iPhone OS 13_2_3 like Mac OS X) AppleWebKit/605.1.15 (KHTML, like Gecko) Version/13.0.3 Mobile/15E148 Safari/604.1"
159.65.222.85 - - [23/Feb/2025:23:31:35 +0530] "GET /wp-content/plugins/root-file-manager/wp-file.php HTTP/1.1" 404 7406 "www.google.com" "Mozlila/5.0 (Linux; Android 7.0; SM-G892A Bulid/NRD90M; wv) AppleWebKit/537.36 (KHTML, like Gecko) Version/4.0 Chrome/60.0.3112.107 Moblie Safari/537.36"
159.65.222.85 - - [23/Feb/2025:23:31:33 +0530] "GET /wp-content/plugins/ph-file-manager/wp-file.php HTTP/1.1" 404 7406 "www.google.com" "Mozlila/5.0 (Linux; Android 7.0; SM-G892A Bulid/NRD90M; wv) AppleWebKit/537.36 (KHTML, like Gecko) Version/4.0 Chrome/60.0.3112.107 Moblie Safari/537.36"
43.130.31.17 - - [23/Feb/2025:23:13:42 +0530] "GET /sarkari-yojana-guru-in-vishwakarma-yojana-2025/ HTTP/1.1" 200 458752 "-" "Mozilla/5.0 (iPhone; CPU iPhone OS 13_2_3 like Mac OS X) AppleWebKit/605.1.15 (KHTML, like Gecko) Version/13.0.3 Mobile/15E148 Safari/604.1"
13.60.245.247 - - [23/Feb/2025:23:07:15 +0530] "GET /wp-login.php HTTP/1.1" 200 2099 "-" "Mozilla/5.0"
13.60.245.247 - - [23/Feb/2025:23:07:15 +0530] "GET /?author=1 HTTP/1.1" 301 0 "-" "Mozilla/5.0"
13.60.245.247 - - [23/Feb/2025:23:07:15 +0530] "GET /?author=2 HTTP/1.1" 200 7452 "-" "Mozilla/5.0"
13.60.245.247 - - [23/Feb/2025:23:07:15 +0530] "GET /?author=3 HTTP/1.1" 200 7448 "-" "Mozilla/5.0"
13.60.245.247 - - [23/Feb/2025:23:07:15 +0530] "GET /?author=4 HTTP/1.1" 404 7400 "-" "Mozilla/5.0"
43.130.14.245 - - [23/Feb/2025:23:07:40 +0530] "GET /wp-content/uploads/2025/02/download-665x366.webp HTTP/1.1" 200 55558 "-" "Mozilla/5.0 (iPhone; CPU iPhone OS 13_2_3 like Mac OS X) AppleWebKit/605.1.15 (KHTML, like Gecko) Version/13.0.3 Mobile/15E148 Safari/604.1"
159.223.173.64 - - [23/Feb/2025:23:49:47 +0530] "POST /wp-login.php HTTP/1.1" 200 6563 "-" "Mozilla/5.0"
159.223.173.64 - - [23/Feb/2025:23:49:47 +0530] "POST /wp-login.php HTTP/1.1" 200 6563 "-" "Mozilla/5.0"
43.130.74.193 - - [23/Feb/2025:23:54:34 +0530] "GET /about-us/ HTTP/1.1" 200 9183 "-" "Mozilla/5.0 (iPhone; CPU iPhone OS 13_2_3 like Mac OS X) AppleWebKit/605.1.15 (KHTML, like Gecko) Version/13.0.3 Mobile/15E148 Safari/604.1"
159.223.173.64 - - [23/Feb/2025:23:49:47 +0530] "POST /wp-login.php HTTP/1.1" 200 6563 "-" "Mozilla/5.0"
43.165.67.57 - - [23/Feb/2025:23:43:35 +0530] "GET /disclaimer/ HTTP/1.1" 200 9288 "-" "Mozilla/5.0 (iPhone; CPU iPhone OS 13_2_3 like Mac OS X) AppleWebKit/605.1.15 (KHTML, like Gecko) Version/13.0.3 Mobile/15E148 Safari/604.1"
159.65.222.85 - - [23/Feb/2025:23:31:53 +0530] "GET /wp-content/themes/travel/issue.php HTTP/1.1" 404 7406 "www.google.com" "Mozlila/5.0 (Linux; Android 7.0; SM-G892A Bulid/NRD90M; wv) AppleWebKit/537.36 (KHTML, like Gecko) Version/4.0 Chrome/60.0.3112.107 Moblie Safari/537.36"
162.55.100.32 - - [23/Feb/2025:23:54:35 +0530] "POST /wp-cron.php?doing_wp_cron=1740335075.0247149467468261718750 HTTP/1.1" 200 0 "-" "WordPress/6.7.2; https://sarkariyojanaguru.xyz"
43.135.185.59 - - [24/Feb/2025:00:08:27 +0530] "GET /wp-content/uploads/2025/02/download-658x300.webp HTTP/1.1" 200 49996 "-" "Mozilla/5.0 (iPhone; CPU iPhone OS 13_2_3 like Mac OS X) AppleWebKit/605.1.15 (KHTML, like Gecko) Version/13.0.3 Mobile/15E148 Safari/604.1"
159.65.222.85 - - [23/Feb/2025:23:31:56 +0530] "GET /wp-content/themes/jaida/lang.php HTTP/1.1" 404 7406 "www.google.com" "Mozlila/5.0 (Linux; Android 7.0; SM-G892A Bulid/NRD90M; wv) AppleWebKit/537.36 (KHTML, like Gecko) Version/4.0 Chrome/60.0.3112.107 Moblie Safari/537.36"
43.157.168.43 - - [24/Feb/2025:00:13:28 +0530] "GET /sarkari-yojana-pension-status-how-to-check/%2F&send=false&layout=button_count&width=107&show_faces=false&share=false&font=arial&colorscheme=light&action=like&height=21 HTTP/1.1" 404 7406 "-" "Mozilla/5.0 (iPhone; CPU iPhone OS 13_2_3 like Mac OS X) AppleWebKit/605.1.15 (KHTML, like Gecko) Version/13.0.3 Mobile/15E148 Safari/604.1"
193.189.100.200 - - [24/Feb/2025:00:23:00 +0530] "GET /.git/config HTTP/1.1" 403 1242 "-" "Go-http-client/1.1"
185.220.101.171 - - [24/Feb/2025:00:23:02 +0530] "GET /.DS_Store HTTP/1.1" 301 0 "-" "Go-http-client/1.1"
185.220.101.72 - - [24/Feb/2025:00:23:29 +0530] "GET /.DS_Store HTTP/1.1" 404 7406 "-" "Go-http-client/1.1"
162.55.100.32 - - [24/Feb/2025:00:59:59 +0530] "POST /wp-cron.php?doing_wp_cron=1740338999.8163769245147705078125 HTTP/1.1" 200 0 "-" "WordPress/6.7.2; https://sarkariyojanaguru.xyz"
162.55.100.32 - - [24/Feb/2025:01:00:00 +0530] "POST /wp-cron.php?doing_wp_cron=1740338999.8158180713653564453125 HTTP/1.1" 200 0 "-" "WordPress/6.7.2; https://sarkariyojanaguru.xyz"
51.222.253.14 - - [24/Feb/2025:00:46:31 +0530] "GET /author/admin/ HTTP/2" 200 8656 "-" "Mozilla/5.0 (compatible; AhrefsBot/7.0; +http://ahrefs.com/robot/)"
159.223.173.64 - - [24/Feb/2025:00:59:58 +0530] "POST /wp-login.php HTTP/1.1" 200 6565 "-" "Mozilla/5.0"
192.42.116.179 - - [24/Feb/2025:00:23:04 +0530] "GET /.DS_Store HTTP/1.1" 404 7406 "https://www.sarkariyojanaguru.xyz/.DS_Store" "Go-http-client/1.1"
159.223.173.64 - - [24/Feb/2025:00:59:58 +0530] "POST /wp-login.php HTTP/1.1" 200 6565 "-" "Mozilla/5.0"
159.223.173.64 - - [24/Feb/2025:00:59:58 +0530] "POST /wp-login.php HTTP/1.1" 200 6565 "-" "Mozilla/5.0"
159.223.173.64 - - [24/Feb/2025:02:10:43 +0530] "POST /wp-login.php HTTP/1.1" 200 6604 "-" "Mozilla/5.0"
162.55.100.32 - - [24/Feb/2025:03:21:12 +0530] "POST /wp-cron.php?doing_wp_cron=1740347472.6026329994201660156250 HTTP/1.1" 200 0 "-" "WordPress/6.7.2; https://sarkariyojanaguru.xyz"
159.223.173.64 - - [24/Feb/2025:03:21:11 +0530] "POST /wp-login.php HTTP/1.1" 200 6564 "-" "Mozilla/5.0"
159.223.173.64 - - [24/Feb/2025:02:10:43 +0530] "POST /wp-login.php HTTP/1.1" 200 6604 "-" "Mozilla/5.0"
162.55.100.32 - - [24/Feb/2025:02:10:44 +0530] "POST /wp-cron.php?doing_wp_cron=1740343244.8460340499877929687500 HTTP/1.1" 200 0 "-" "WordPress/6.7.2; https://sarkariyojanaguru.xyz"
159.223.173.64 - - [24/Feb/2025:03:21:11 +0530] "POST /wp-login.php HTTP/1.1" 200 6564 "-" "Mozilla/5.0"
159.223.173.64 - - [24/Feb/2025:02:10:43 +0530] "POST /wp-login.php HTTP/1.1" 200 6604 "-" "Mozilla/5.0"
159.223.173.64 - - [24/Feb/2025:03:21:11 +0530] "POST /wp-login.php HTTP/1.1" 200 6564 "-" "Mozilla/5.0"
162.55.100.32 - - [24/Feb/2025:04:31:44 +0530] "POST /wp-cron.php?doing_wp_cron=1740351704.7179939746856689453125 HTTP/1.1" 200 0 "-" "WordPress/6.7.2; https://sarkariyojanaguru.xyz"
159.223.173.64 - - [24/Feb/2025:04:31:42 +0530] "POST /wp-login.php HTTP/1.1" 200 6564 "-" "Mozilla/5.0"
159.223.173.64 - - [24/Feb/2025:04:31:42 +0530] "POST /wp-login.php HTTP/1.1" 200 6564 "-" "Mozilla/5.0"
159.223.173.64 - - [24/Feb/2025:04:31:42 +0530] "POST /wp-login.php HTTP/1.1" 200 6564 "-" "Mozilla/5.0"
162.55.100.32 - - [24/Feb/2025:04:31:44 +0530] "POST /wp-cron.php?doing_wp_cron=1740351704.7179939746856689453125 HTTP/1.1" 200 0 "-" "WordPress/6.7.2; https://sarkariyojanaguru.xyz"
109.224.23.202 - - [24/Feb/2025:05:08:21 +0530] "POST /contact-us/ HTTP/1.1" 200 8190 "-" "Mozilla/5.0 (Macintosh; Intel Mac OS X 10_15_7) AppleWebKit/537.36 (KHTML, like Gecko) Chrome/133.0.0.0 Safari/537.36"
91.201.115.242 - - [24/Feb/2025:05:06:37 +0530] "GET / HTTP/1.1" 200 10836 "-" "Mozilla/5.0 (Macintosh; Intel Mac OS X 10_15_7) AppleWebKit/537.36 (KHTML, like Gecko) Chrome/133.0.0.0 Safari/537.36"
91.201.115.242 - - [24/Feb/2025:05:08:04 +0530] "GET /sarkari-yojana-pension-status-how-to-check/ HTTP/1.1" 200 623579 "-" "Mozilla/5.0 (Macintosh; Intel Mac OS X 10_15_7) AppleWebKit/537.36 (KHTML, like Gecko) Chrome/133.0.0.0 Safari/537.36"
91.201.115.242 - - [24/Feb/2025:05:07:15 +0530] "GET /sarkari-yojana-pension-status-how-to-check/feed/ HTTP/1.1" 200 538 "-" "Mozilla/5.0 (Macintosh; Intel Mac OS X 10_15_7) AppleWebKit/537.36 (KHTML, like Gecko) Chrome/133.0.0.0 Safari/537.36"
91.201.115.242 - - [24/Feb/2025:05:07:15 +0530] "GET /sarkari-yojana-pension-status-how-to-check/ HTTP/1.1" 200 623579 "-" "Mozilla/5.0 (Macintosh; Intel Mac OS X 10_15_7) AppleWebKit/537.36 (KHTML, like Gecko) Chrome/133.0.0.0 Safari/537.36"
91.201.115.242 - - [24/Feb/2025:05:06:38 +0530] "GET /comments/feed/ HTTP/1.1" 200 517 "-" "Mozilla/5.0 (Macintosh; Intel Mac OS X 10_15_7) AppleWebKit/537.36 (KHTML, like Gecko) Chrome/133.0.0.0 Safari/537.36"
91.201.115.242 - - [24/Feb/2025:05:06:39 +0530] "GET /sarkari-yojana-pension-status-how-to-check/ HTTP/1.1" 200 623579 "-" "Mozilla/5.0 (Macintosh; Intel Mac OS X 10_15_7) AppleWebKit/537.36 (KHTML, like Gecko) Chrome/133.0.0.0 Safari/537.36"
109.224.23.202 - - [24/Feb/2025:05:07:14 +0530] "POST /wp-comments-post.php HTTP/1.1" 200 0 "-" "Mozilla/5.0 (Windows NT 10.0; Win64; x64) AppleWebKit/537.36 (KHTML, like Gecko) Chrome/120.0.0.0 Safari/537.36"
91.201.115.242 - - [24/Feb/2025:05:08:06 +0530] "GET /contact-us/ HTTP/1.1" 200 8163 "-" "Mozilla/5.0 (Macintosh; Intel Mac OS X 10_15_7) AppleWebKit/537.36 (KHTML, like Gecko) Chrome/133.0.0.0 Safari/537.36"
109.224.23.202 - - [24/Feb/2025:05:08:22 +0530] "POST /contact-us/ HTTP/1.1" 200 8163 "-" "Mozilla/5.0 (Windows NT 10.0; Win64; x64) AppleWebKit/537.36 (KHTML, like Gecko) Chrome/120.0.0.0 Safari/537.36"
185.242.177.19 - - [24/Feb/2025:05:08:57 +0530] "GET / HTTP/1.1" 200 9331 "-" "Mozilla/5.0 (Macintosh; Intel Mac OS X 10.15; rv:133.0) Gecko/20100101 Firefox/133.0"
185.185.217.76 - - [24/Feb/2025:06:34:15 +0530] "GET /contact-us/ HTTP/1.1" 200 8156 "-" "Mozilla/5.0 (compatible; intelx.io_bot +https://intelx.io)"
159.223.173.64 - - [24/Feb/2025:06:50:13 +0530] "POST /wp-login.php HTTP/1.1" 200 6564 "-" "Mozilla/5.0"
162.55.100.32 - - [24/Feb/2025:06:50:22 +0530] "POST /wp-cron.php?doing_wp_cron=1740360022.4288549423217773437500 HTTP/1.1" 200 0 "-" "WordPress/6.7.2; https://sarkariyojanaguru.xyz"
185.185.217.76 - - [24/Feb/2025:06:33:59 +0530] "GET /category/pm-kisaan-yojana/ HTTP/1.1" 200 7638 "-" "Mozilla/5.0 (compatible; intelx.io_bot +https://intelx.io)"
185.185.217.76 - - [24/Feb/2025:06:34:04 +0530] "GET /category/pm-kisaan-yojana/ HTTP/1.1" 200 7632 "-" "Mozilla/5.0 (compatible; intelx.io_bot +https://intelx.io)"
159.223.173.64 - - [24/Feb/2025:06:50:13 +0530] "POST /wp-login.php HTTP/1.1" 200 6564 "-" "Mozilla/5.0"
141.95.114.30 - - [24/Feb/2025:07:31:37 +0530] "GET /wp-content/plugins/incache/index.php HTTP/2" 301 0 "-" "Mozilla/5.0 (Windows NT 10.0; Win64; x64) AppleWebKit/537.36 (KHTML, like Gecko) Chrome/127.0.0.0 Safari/537.36"
141.95.114.30 - - [24/Feb/2025:07:31:37 +0530] "GET /wp-content/plugins/incache/ HTTP/2" 404 28119 "-" "Mozilla/5.0 (Windows NT 10.0; Win64; x64) AppleWebKit/537.36 (KHTML, like Gecko) Chrome/127.0.0.0 Safari/537.36"
185.185.217.76 - - [24/Feb/2025:06:33:49 +0530] "GET /category/bank-yojana/ HTTP/1.1" 200 7634 "-" "Mozilla/5.0 (compatible; intelx.io_bot +https://intelx.io)"
185.185.217.76 - - [24/Feb/2025:06:34:08 +0530] "GET /sarkari-yojana-post-offices-superhit-scheme-you-will-get-rs-9250-every-month/ HTTP/1.1" 200 483598 "-" "Mozilla/5.0 (compatible; intelx.io_bot +https://intelx.io)"
185.185.217.76 - - [24/Feb/2025:06:34:13 +0530] "GET /sarkari-yojana-guru-in-vishwakarma-yojana-2025/ HTTP/1.1" 200 664977 "-" "Mozilla/5.0 (compatible; intelx.io_bot +https://intelx.io)"
185.185.217.76 - - [24/Feb/2025:06:34:16 +0530] "GET /privacy-policy/ HTTP/1.1" 200 11609 "-" "Mozilla/5.0 (compatible; intelx.io_bot +https://intelx.io)"
159.223.173.64 - - [24/Feb/2025:06:50:13 +0530] "POST /wp-login.php HTTP/1.1" 200 6564 "-" "Mozilla/5.0"
162.55.100.32 - - [24/Feb/2025:05:55:21 +0530] "POST /wp-cron.php?doing_wp_cron=1740356721.0160830020904541015625 HTTP/1.1" 200 0 "-" "WordPress/6.7.2; https://sarkariyojanaguru.xyz"
159.223.173.64 - - [24/Feb/2025:05:41:41 +0530] "POST /wp-login.php HTTP/1.1" 200 6564 "-" "Mozilla/5.0"
185.185.217.76 - - [24/Feb/2025:06:34:11 +0530] "GET /government-scheme-bihar-2025-bihar-government-scheme-list-released/ HTTP/1.1" 200 513577 "-" "Mozilla/5.0 (compatible; intelx.io_bot +https://intelx.io)"
185.185.217.76 - - [24/Feb/2025:06:34:14 +0530] "GET /author/admin/ HTTP/1.1" 200 9843 "-" "Mozilla/5.0 (compatible; intelx.io_bot +https://intelx.io)"
185.185.217.76 - - [24/Feb/2025:06:34:18 +0530] "GET /about-us/ HTTP/1.1" 200 9177 "-" "Mozilla/5.0 (compatible; intelx.io_bot +https://intelx.io)"
51.222.253.5 - - [24/Feb/2025:05:55:22 +0530] "GET /government-scheme-bihar-2025-bihar-government-scheme-list-released/feed/ HTTP/2" 200 493 "-" "Mozilla/5.0 (compatible; AhrefsBot/7.0; +http://ahrefs.com/robot/)"
185.185.217.76 - - [24/Feb/2025:06:33:54 +0530] "GET /category/bank-yojana/ HTTP/1.1" 200 7628 "-" "Mozilla/5.0 (compatible; intelx.io_bot +https://intelx.io)"
159.223.173.64 - - [24/Feb/2025:05:41:42 +0530] "POST /wp-login.php HTTP/1.1" 200 6564 "-" "Mozilla/5.0"
51.222.253.18 - - [24/Feb/2025:05:55:20 +0530] "GET /robots.txt HTTP/2" 200 61 "-" "Mozilla/5.0 (compatible; AhrefsBot/7.0; +http://ahrefs.com/robot/)"
185.185.217.76 - - [24/Feb/2025:06:34:17 +0530] "GET /disclaimer/ HTTP/1.1" 200 9282 "-" "Mozilla/5.0 (compatible; intelx.io_bot +https://intelx.io)"
159.223.173.64 - - [24/Feb/2025:05:41:41 +0530] "POST /wp-login.php HTTP/1.1" 200 6564 "-" "Mozilla/5.0"
185.185.217.76 - - [24/Feb/2025:06:34:07 +0530] "GET /category/sarkari-yojana/ HTTP/1.1" 200 10377 "-" "Mozilla/5.0 (compatible; intelx.io_bot +https://intelx.io)"
185.185.217.76 - - [24/Feb/2025:06:34:10 +0530] "GET /sarkari-yojana-pension-status-how-to-check/ HTTP/1.1" 200 623579 "-" "Mozilla/5.0 (compatible; intelx.io_bot +https://intelx.io)"
69.171.230.113 - - [24/Feb/2025:08:34:11 +0530] "GET /wp-content/uploads/2025/01/sarkari-yojana-guru-Pradhan-Mantri-Awas-Yojana-How-to-apply-online-PM-Awas-Yojana-list-eligibility.jpg HTTP/2" 404 28119 "-" "facebookexternalhit/1.1 (+http://www.facebook.com/externalhit_uatext.php)"
69.171.230.112 - - [24/Feb/2025:08:34:11 +0530] "GET /wp-content/uploads/2025/01/Sarkari-Yojana-Government-will-give-houses-to-the-homeless-know-who-will-be-eligible-for-the-schem.jpg HTTP/2" 404 28119 "-" "facebookexternalhit/1.1 (+http://www.facebook.com/externalhit_uatext.php)"
69.171.230.114 - - [24/Feb/2025:08:34:11 +0530] "GET /wp-content/uploads/2025/01/Sarkari-Yojana-Government-will-give-houses-to-the-homeless-know-who-will-be-eligible-for-the-schem.jpg HTTP/2" 404 28119 "-" "facebookexternalhit/1.1 (+http://www.facebook.com/externalhit_uatext.php)"
51.222.253.8 - - [24/Feb/2025:08:31:03 +0530] "GET /category/sarkari-yojana/ HTTP/2" 200 9013 "-" "Mozilla/5.0 (compatible; AhrefsBot/7.0; +http://ahrefs.com/robot/)"
69.171.230.113 - - [24/Feb/2025:08:34:11 +0530] "GET /wp-content/uploads/2025/01/Post-Office-PPF-Scheme.png HTTP/2" 404 28119 "-" "facebookexternalhit/1.1 (+http://www.facebook.com/externalhit_uatext.php)"
69.171.230.8 - - [24/Feb/2025:08:34:11 +0530] "GET /wp-content/uploads/2025/01/sarkari-yojana-guru-Pradhan-Mantri-Awas-Yojana-How-to-apply-online-PM-Awas-Yojana-list-eligibility.jpg HTTP/2" 404 28119 "-" "facebookexternalhit/1.1 (+http://www.facebook.com/externalhit_uatext.php)"
69.171.230.116 - - [24/Feb/2025:08:34:11 +0530] "GET /wp-content/uploads/2025/01/Post-Office-PPF-Scheme.png HTTP/2" 404 28119 "-" "facebookexternalhit/1.1 (+http://www.facebook.com/externalhit_uatext.php)"
69.171.251.19 - - [24/Feb/2025:10:13:20 +0530] "GET /wp-content/uploads/2025/01/sarkari-yojana-guru-Pradhan-Mantri-Awas-Yojana-How-to-apply-online-PM-Awas-Yojana-list-eligibility.jpg HTTP/2" 404 28119 "-" "facebookexternalhit/1.1 (+http://www.facebook.com/externalhit_uatext.php)"
141.95.114.30 - - [24/Feb/2025:10:09:25 +0530] "GET /wp-content/wso.php HTTP/2" 404 28119 "-" "Mozilla/5.0 (Windows NT 10.0; Win64; x64) AppleWebKit/537.36 (KHTML, like Gecko) Chrome/127.0.0.0 Safari/537.36"
31.13.115.114 - - [24/Feb/2025:10:26:21 +0530] "GET /pradhan-mantri-awas-yojana-how-to-apply-online-pm-awas-yojana-list-eligibility/ HTTP/2" 404 28119 "-" "facebookexternalhit/1.1 (+http://www.facebook.com/externalhit_uatext.php)"
31.13.115.116 - - [24/Feb/2025:10:26:22 +0530] "GET /pradhan-mantri-awas-yojana-how-to-apply-online-pm-awas-yojana-list-eligibility/ HTTP/2" 404 28119 "-" "facebookexternalhit/1.1 (+http://www.facebook.com/externalhit_uatext.php)"
31.13.115.10 - - [24/Feb/2025:10:26:22 +0530] "GET /pradhan-mantri-awas-yojana-how-to-apply-online-pm-awas-yojana-list-eligibility/ HTTP/2" 404 28119 "-" "facebookexternalhit/1.1 (+http://www.facebook.com/externalhit_uatext.php)"
31.13.115.10 - - [24/Feb/2025:10:26:22 +0530] "GET /pradhan-mantri-awas-yojana-how-to-apply-online-pm-awas-yojana-list-eligibility/ HTTP/2" 404 28119 "-" "facebookexternalhit/1.1 (+http://www.facebook.com/externalhit_uatext.php)"
141.95.114.30 - - [24/Feb/2025:10:09:25 +0530] "GET /wp-content/tmpls.php HTTP/2" 404 28119 "-" "Mozilla/5.0 (Windows NT 10.0; Win64; x64) AppleWebKit/537.36 (KHTML, like Gecko) Chrome/127.0.0.0 Safari/537.36"
141.95.114.30 - - [24/Feb/2025:10:09:24 +0530] "GET /wp-content/packed.php HTTP/2" 404 28119 "-" "Mozilla/5.0 (Windows NT 10.0; Win64; x64) AppleWebKit/537.36 (KHTML, like Gecko) Chrome/127.0.0.0 Safari/537.36"
31.13.103.2 - - [24/Feb/2025:10:54:14 +0530] "GET /wp-content/uploads/2025/01/sarkari-yojana-guru-Pradhan-Mantri-Awas-Yojana-How-to-apply-online-PM-Awas-Yojana-list-eligibility.jpg HTTP/2" 404 28119 "-" "facebookexternalhit/1.1 (+http://www.facebook.com/externalhit_uatext.php)"
162.55.100.32 - - [24/Feb/2025:10:54:15 +0530] "POST /wp-cron.php?doing_wp_cron=1740374655.6043939590454101562500 HTTP/1.1" 200 0 "-" "WordPress/6.7.2; https://sarkariyojanaguru.xyz"
152.59.83.157 - - [24/Feb/2025:11:32:52 +0530] "GET /wp-content/uploads/2025/02/Sarkari-Yojana-Pension-Status-How-to-Check-200x140.jpg HTTP/1.1" 200 11904 "https://sarkariyojanaguru.xyz/" "Mozilla/5.0 (Windows NT 10.0; Win64; x64) AppleWebKit/537.36 (KHTML, like Gecko) Chrome/133.0.0.0 Safari/537.36"
152.59.83.157 - - [24/Feb/2025:11:32:52 +0530] "GET /wp-includes/js/dist/hooks.min.js?ver=4d63a3d491d11ffd8ac6 HTTP/1.1" 200 1571 "https://sarkariyojanaguru.xyz/" "Mozilla/5.0 (Windows NT 10.0; Win64; x64) AppleWebKit/537.36 (KHTML, like Gecko) Chrome/133.0.0.0 Safari/537.36"
152.59.83.157 - - [24/Feb/2025:11:32:52 +0530] "GET /wp-includes/js/dist/i18n.min.js?ver=5e580eb46a90c2b997e6 HTTP/1.1" 200 3542 "https://sarkariyojanaguru.xyz/" "Mozilla/5.0 (Windows NT 10.0; Win64; x64) AppleWebKit/537.36 (KHTML, like Gecko) Chrome/133.0.0.0 Safari/537.36"
152.59.83.157 - - [24/Feb/2025:11:32:52 +0530] "GET /wp-content/plugins/contact-form-7/includes/swv/js/index.js?ver=6.0.3 HTTP/1.1" 200 3369 "https://sarkariyojanaguru.xyz/" "Mozilla/5.0 (Windows NT 10.0; Win64; x64) AppleWebKit/537.36 (KHTML, like Gecko) Chrome/133.0.0.0 Safari/537.36"
152.59.83.157 - - [24/Feb/2025:11:32:52 +0530] "GET /wp-content/plugins/contact-form-7/includes/js/index.js?ver=6.0.3 HTTP/1.1" 200 4008 "https://sarkariyojanaguru.xyz/" "Mozilla/5.0 (Windows NT 10.0; Win64; x64) AppleWebKit/537.36 (KHTML, like Gecko) Chrome/133.0.0.0 Safari/537.36"
152.59.83.157 - - [24/Feb/2025:11:32:52 +0530] "GET /wp-content/themes/iconic-one-pro/js/selectnav.js?ver=6.7.2 HTTP/1.1" 200 1402 "https://sarkariyojanaguru.xyz/" "Mozilla/5.0 (Windows NT 10.0; Win64; x64) AppleWebKit/537.36 (KHTML, like Gecko) Chrome/133.0.0.0 Safari/537.36"
152.59.83.157 - - [24/Feb/2025:11:32:52 +0530] "GET /wp-content/themes/iconic-one-pro/fonts/fontawesome-webfont.woff2?v=4.6.3 HTTP/1.1" 200 71896 "https://sarkariyojanaguru.xyz/wp-content/themes/iconic-one-pro/fonts/font-awesome.min.css?ver=6.7.2" "Mozilla/5.0 (Windows NT 10.0; Win64; x64) AppleWebKit/537.36 (KHTML, like Gecko) Chrome/133.0.0.0 Safari/537.36"
152.59.83.157 - - [24/Feb/2025:11:32:53 +0530] "GET /wp-content/uploads/2025/02/download-1-200x140.webp HTTP/1.1" 200 6668 "https://sarkariyojanaguru.xyz/" "Mozilla/5.0 (Windows NT 10.0; Win64; x64) AppleWebKit/537.36 (KHTML, like Gecko) Chrome/133.0.0.0 Safari/537.36"
152.59.83.157 - - [24/Feb/2025:11:32:53 +0530] "GET /wp-content/uploads/2025/02/download-200x140.webp HTTP/1.1" 200 11482 "https://sarkariyojanaguru.xyz/" "Mozilla/5.0 (Windows NT 10.0; Win64; x64) AppleWebKit/537.36 (KHTML, like Gecko) Chrome/133.0.0.0 Safari/537.36"
152.59.83.157 - - [24/Feb/2025:11:32:53 +0530] "GET /wp-includes/js/wp-emoji-release.min.js?ver=6.7.2 HTTP/1.1" 200 4676 "https://sarkariyojanaguru.xyz/" "Mozilla/5.0 (Windows NT 10.0; Win64; x64) AppleWebKit/537.36 (KHTML, like Gecko) Chrome/133.0.0.0 Safari/537.36"
152.59.83.157 - - [24/Feb/2025:11:32:55 +0530] "GET /favicon.ico HTTP/1.1" 404 1251 "https://sarkariyojanaguru.xyz/" "Mozilla/5.0 (Windows NT 10.0; Win64; x64) AppleWebKit/537.36 (KHTML, like Gecko) Chrome/133.0.0.0 Safari/537.36"
152.59.83.157 - - [24/Feb/2025:11:32:55 +0530] "GET /wp-content/uploads/2025/02/Sarkari-Yojana-Post-Offices-superhit-scheme-you-will-get-Rs-9250-every-month-658x300.jpg HTTP/1.1" 200 44016 "https://sarkariyojanaguru.xyz/" "Mozilla/5.0 (Windows NT 10.0; Win64; x64) AppleWebKit/537.36 (KHTML, like Gecko) Chrome/133.0.0.0 Safari/537.36"
152.59.83.157 - - [24/Feb/2025:11:32:55 +0530] "GET /wp-content/uploads/2025/02/Sarkari-Yojana-Pension-Status-How-to-Check-658x300.jpg HTTP/1.1" 200 39246 "https://sarkariyojanaguru.xyz/" "Mozilla/5.0 (Windows NT 10.0; Win64; x64) AppleWebKit/537.36 (KHTML, like Gecko) Chrome/133.0.0.0 Safari/537.36"
152.59.83.157 - - [24/Feb/2025:11:32:55 +0530] "GET /wp-content/uploads/2025/02/download-658x300.webp HTTP/1.1" 200 49996 "https://sarkariyojanaguru.xyz/" "Mozilla/5.0 (Windows NT 10.0; Win64; x64) AppleWebKit/537.36 (KHTML, like Gecko) Chrome/133.0.0.0 Safari/537.36"
148.251.153.114 - - [24/Feb/2025:11:33:34 +0530] "HEAD / HTTP/2" 200 0 "-" "-"
152.59.83.157 - - [24/Feb/2025:11:34:58 +0530] "GET /sapp-wp-signon.php?pass=hawzq02bv15hr5rpf5qyhi9rm1oz8lrv HTTP/1.1" 302 0 "https://server596.iseencloud.net:2083/" "Mozilla/5.0 (Windows NT 10.0; Win64; x64) AppleWebKit/537.36 (KHTML, like Gecko) Chrome/133.0.0.0 Safari/537.36"
152.59.83.157 - - [24/Feb/2025:11:34:58 +0530] "GET /sapp-wp-signon.php?pass=hawzq02bv15hr5rpf5qyhi9rm1oz8lrv&FLUSH_CACHE=1 HTTP/1.1" 302 0 "https://server596.iseencloud.net:2083/" "Mozilla/5.0 (Windows NT 10.0; Win64; x64) AppleWebKit/537.36 (KHTML, like Gecko) Chrome/133.0.0.0 Safari/537.36"
152.59.83.157 - - [24/Feb/2025:11:34:58 +0530] "GET /wp-admin/ HTTP/1.1" 200 18437 "https://server596.iseencloud.net:2083/" "Mozilla/5.0 (Windows NT 10.0; Win64; x64) AppleWebKit/537.36 (KHTML, like Gecko) Chrome/133.0.0.0 Safari/537.36"
152.59.83.157 - - [24/Feb/2025:11:35:04 +0530] "GET /wp-content/plugins/siteseo/assets/css/admin-bar.css?ver=1.1.4 HTTP/1.1" 200 1203 "https://sarkariyojanaguru.xyz/wp-admin/" "Mozilla/5.0 (Windows NT 10.0; Win64; x64) AppleWebKit/537.36 (KHTML, like Gecko) Chrome/133.0.0.0 Safari/537.36"
152.59.83.157 - - [24/Feb/2025:11:35:04 +0530] "GET /wp-content/plugins/insert-headers-and-footers/build/admin-bar.css?ver=8afeca4aaad1d56fefb41623b6b7b000 HTTP/1.1" 200 561 "https://sarkariyojanaguru.xyz/wp-admin/" "Mozilla/5.0 (Windows NT 10.0; Win64; x64) AppleWebKit/537.36 (KHTML, like Gecko) Chrome/133.0.0.0 Safari/537.36"
152.59.83.157 - - [24/Feb/2025:11:35:04 +0530] "GET /wp-includes/js/thickbox/thickbox.css?ver=6.7.2 HTTP/1.1" 200 824 "https://sarkariyojanaguru.xyz/wp-admin/" "Mozilla/5.0 (Windows NT 10.0; Win64; x64) AppleWebKit/537.36 (KHTML, like Gecko) Chrome/133.0.0.0 Safari/537.36"
152.59.83.157 - - [24/Feb/2025:11:35:04 +0530] "GET /wp-content/themes/iconic-one-pro/themonic/options//img/menu_icon.png HTTP/1.1" 200 420 "https://sarkariyojanaguru.xyz/wp-admin/" "Mozilla/5.0 (Windows NT 10.0; Win64; x64) AppleWebKit/537.36 (KHTML, like Gecko) Chrome/133.0.0.0 Safari/537.36"
152.59.83.157 - - [24/Feb/2025:11:35:04 +0530] "GET /wp-content/plugins/siteseo/assets/img/logo-24.svg HTTP/1.1" 200 2159 "https://sarkariyojanaguru.xyz/wp-admin/" "Mozilla/5.0 (Windows NT 10.0; Win64; x64) AppleWebKit/537.36 (KHTML, like Gecko) Chrome/133.0.0.0 Safari/537.36"
152.59.83.157 - - [24/Feb/2025:11:35:04 +0530] "GET /wp-admin/load-styles.php?c=1&dir=ltr&load%5Bchunk_0%5D=dashicons,admin-bar,site-health,common,forms,admin-menu,dashboard,list-tables,edit,revisions,media,themes,about,nav-menus,wp-poi&load%5Bchunk_1%5D=nter,widgets,site-icon,l10n,buttons,wp-auth-check&ver=6.7.2 HTTP/1.1" 200 105007 "https://sarkariyojanaguru.xyz/wp-admin/" "Mozilla/5.0 (Windows NT 10.0; Win64; x64) AppleWebKit/537.36 (KHTML, like Gecko) Chrome/133.0.0.0 Safari/537.36"
152.59.83.157 - - [24/Feb/2025:11:35:04 +0530] "GET /wp-admin/load-scripts.php?c=1&load%5Bchunk_0%5D=jquery-core,jquery-migrate,utils&ver=6.7.2 HTTP/1.1" 200 36184 "https://sarkariyojanaguru.xyz/wp-admin/" "Mozilla/5.0 (Windows NT 10.0; Win64; x64) AppleWebKit/537.36 (KHTML, like Gecko) Chrome/133.0.0.0 Safari/537.36"
152.59.83.157 - - [24/Feb/2025:11:35:04 +0530] "GET /wp-content/plugins/pagelayer/images/pagelayer-logo-19.png HTTP/1.1" 200 1512 "https://sarkariyojanaguru.xyz/wp-admin/" "Mozilla/5.0 (Windows NT 10.0; Win64; x64) AppleWebKit/537.36 (KHTML, like Gecko) Chrome/133.0.0.0 Safari/537.36"
152.59.83.157 - - [24/Feb/2025:11:35:04 +0530] "GET /wp-content/plugins/speedycache/assets/images/icon.svg HTTP/1.1" 200 1896 "https://sarkariyojanaguru.xyz/wp-admin/" "Mozilla/5.0 (Windows NT 10.0; Win64; x64) AppleWebKit/537.36 (KHTML, like Gecko) Chrome/133.0.0.0 Safari/537.36"
152.59.83.157 - - [24/Feb/2025:11:35:04 +0530] "GET /wp-content/plugins/pagelayer/images/pagelayer-logo-256.png HTTP/1.1" 200 6854 "https://sarkariyojanaguru.xyz/wp-admin/" "Mozilla/5.0 (Windows NT 10.0; Win64; x64) AppleWebKit/537.36 (KHTML, like Gecko) Chrome/133.0.0.0 Safari/537.36"
152.59.83.157 - - [24/Feb/2025:11:35:04 +0530] "GET /wp-admin/load-scripts.php?c=1&load%5Bchunk_0%5D=hoverIntent,wp-dom-ready,wp-hooks&ver=6.7.2 HTTP/1.1" 200 2400 "https://sarkariyojanaguru.xyz/wp-admin/" "Mozilla/5.0 (Windows NT 10.0; Win64; x64) AppleWebKit/537.36 (KHTML, like Gecko) Chrome/133.0.0.0 Safari/537.36"
152.59.83.157 - - [24/Feb/2025:11:35:04 +0530] "GET /wp-includes/js/dist/a11y.min.js?ver=3156534cc54473497e14 HTTP/1.1" 200 827 "https://sarkariyojanaguru.xyz/wp-admin/" "Mozilla/5.0 (Windows NT 10.0; Win64; x64) AppleWebKit/537.36 (KHTML, like Gecko) Chrome/133.0.0.0 Safari/537.36"
152.59.83.157 - - [24/Feb/2025:11:35:05 +0530] "GET /wp-admin/js/common.min.js?ver=6.7.2 HTTP/1.1" 200 7435 "https://sarkariyojanaguru.xyz/wp-admin/" "Mozilla/5.0 (Windows NT 10.0; Win64; x64) AppleWebKit/537.36 (KHTML, like Gecko) Chrome/133.0.0.0 Safari/537.36"
152.59.83.157 - - [24/Feb/2025:11:35:05 +0530] "GET /wp-content/plugins/insert-headers-and-footers/build/admin-bar.js?ver=8afeca4aaad1d56fefb41623b6b7b000 HTTP/1.1" 200 461 "https://sarkariyojanaguru.xyz/wp-admin/" "Mozilla/5.0 (Windows NT 10.0; Win64; x64) AppleWebKit/537.36 (KHTML, like Gecko) Chrome/133.0.0.0 Safari/537.36"
152.59.83.157 - - [24/Feb/2025:11:35:05 +0530] "GET /wp-includes/js/hoverintent-js.min.js?ver=2.2.1 HTTP/1.1" 200 665 "https://sarkariyojanaguru.xyz/wp-admin/" "Mozilla/5.0 (Windows NT 10.0; Win64; x64) AppleWebKit/537.36 (KHTML, like Gecko) Chrome/133.0.0.0 Safari/537.36"
152.59.83.157 - - [24/Feb/2025:11:35:05 +0530] "GET /wp-includes/js/admin-bar.min.js?ver=6.7.2 HTTP/1.1" 200 1223 "https://sarkariyojanaguru.xyz/wp-admin/" "Mozilla/5.0 (Windows NT 10.0; Win64; x64) AppleWebKit/537.36 (KHTML, like Gecko) Chrome/133.0.0.0 Safari/537.36"
152.59.83.157 - - [24/Feb/2025:11:35:05 +0530] "GET /wp-includes/js/clipboard.min.js?ver=2.0.11 HTTP/1.1" 200 2989 "https://sarkariyojanaguru.xyz/wp-admin/" "Mozilla/5.0 (Windows NT 10.0; Win64; x64) AppleWebKit/537.36 (KHTML, like Gecko) Chrome/133.0.0.0 Safari/537.36"
152.59.83.157 - - [24/Feb/2025:11:35:05 +0530] "GET /wp-includes/js/underscore.min.js?ver=1.13.7 HTTP/1.1" 200 7197 "https://sarkariyojanaguru.xyz/wp-admin/" "Mozilla/5.0 (Windows NT 10.0; Win64; x64) AppleWebKit/537.36 (KHTML, like Gecko) Chrome/133.0.0.0 Safari/537.36"
152.59.83.157 - - [24/Feb/2025:11:35:05 +0530] "GET /wp-includes/js/wp-util.min.js?ver=6.7.2 HTTP/1.1" 200 690 "https://sarkariyojanaguru.xyz/wp-admin/" "Mozilla/5.0 (Windows NT 10.0; Win64; x64) AppleWebKit/537.36 (KHTML, like Gecko) Chrome/133.0.0.0 Safari/537.36"
152.59.83.157 - - [24/Feb/2025:11:35:05 +0530] "GET /wp-includes/js/api-request.min.js?ver=6.7.2 HTTP/1.1" 200 530 "https://sarkariyojanaguru.xyz/wp-admin/" "Mozilla/5.0 (Windows NT 10.0; Win64; x64) AppleWebKit/537.36 (KHTML, like Gecko) Chrome/133.0.0.0 Safari/537.36"
152.59.83.157 - - [24/Feb/2025:11:35:05 +0530] "GET /wp-includes/js/dist/vendor/wp-polyfill.min.js?ver=3.15.0 HTTP/1.1" 200 13180 "https://sarkariyojanaguru.xyz/wp-admin/" "Mozilla/5.0 (Windows NT 10.0; Win64; x64) AppleWebKit/537.36 (KHTML, like Gecko) Chrome/133.0.0.0 Safari/537.36"
152.59.83.157 - - [24/Feb/2025:11:35:05 +0530] "GET /wp-includes/js/dist/url.min.js?ver=e87eb76272a3a08402d2 HTTP/1.1" 200 3588 "https://sarkariyojanaguru.xyz/wp-admin/" "Mozilla/5.0 (Windows NT 10.0; Win64; x64) AppleWebKit/537.36 (KHTML, like Gecko) Chrome/133.0.0.0 Safari/537.36"
152.59.83.157 - - [24/Feb/2025:11:35:05 +0530] "GET /wp-admin/js/site-health.min.js?ver=6.7.2 HTTP/1.1" 200 2019 "https://sarkariyojanaguru.xyz/wp-admin/" "Mozilla/5.0 (Windows NT 10.0; Win64; x64) AppleWebKit/537.36 (KHTML, like Gecko) Chrome/133.0.0.0 Safari/537.36"
152.59.83.157 - - [24/Feb/2025:11:35:05 +0530] "GET /wp-includes/js/wp-ajax-response.min.js?ver=6.7.2 HTTP/1.1" 200 976 "https://sarkariyojanaguru.xyz/wp-admin/" "Mozilla/5.0 (Windows NT 10.0; Win64; x64) AppleWebKit/537.36 (KHTML, like Gecko) Chrome/133.0.0.0 Safari/537.36"
152.59.83.157 - - [24/Feb/2025:11:35:05 +0530] "GET /wp-includes/js/jquery/jquery.color.min.js?ver=3.0.0 HTTP/1.1" 200 2641 "https://sarkariyojanaguru.xyz/wp-admin/" "Mozilla/5.0 (Windows NT 10.0; Win64; x64) AppleWebKit/537.36 (KHTML, like Gecko) Chrome/133.0.0.0 Safari/537.36"
152.59.83.157 - - [24/Feb/2025:11:35:05 +0530] "GET /wp-includes/js/wp-lists.min.js?ver=6.7.2 HTTP/1.1" 200 2359 "https://sarkariyojanaguru.xyz/wp-admin/" "Mozilla/5.0 (Windows NT 10.0; Win64; x64) AppleWebKit/537.36 (KHTML, like Gecko) Chrome/133.0.0.0 Safari/537.36"
152.59.83.157 - - [24/Feb/2025:11:35:06 +0530] "GET /wp-includes/js/quicktags.min.js?ver=6.7.2 HTTP/1.1" 200 3331 "https://sarkariyojanaguru.xyz/wp-admin/" "Mozilla/5.0 (Windows NT 10.0; Win64; x64) AppleWebKit/537.36 (KHTML, like Gecko) Chrome/133.0.0.0 Safari/537.36"
152.59.83.157 - - [24/Feb/2025:11:35:06 +0530] "GET /wp-includes/js/jquery/jquery.query.js?ver=2.2.3 HTTP/1.1" 200 1534 "https://sarkariyojanaguru.xyz/wp-admin/" "Mozilla/5.0 (Windows NT 10.0; Win64; x64) AppleWebKit/537.36 (KHTML, like Gecko) Chrome/133.0.0.0 Safari/537.36"
152.59.83.157 - - [24/Feb/2025:11:35:06 +0530] "GET /wp-admin/js/edit-comments.min.js?ver=6.7.2 HTTP/1.1" 200 4878 "https://sarkariyojanaguru.xyz/wp-admin/" "Mozilla/5.0 (Windows NT 10.0; Win64; x64) AppleWebKit/537.36 (KHTML, like Gecko) Chrome/133.0.0.0 Safari/537.36"
152.59.83.157 - - [24/Feb/2025:11:35:06 +0530] "GET /wp-includes/js/jquery/ui/core.min.js?ver=1.13.3 HTTP/1.1" 200 6811 "https://sarkariyojanaguru.xyz/wp-admin/" "Mozilla/5.0 (Windows NT 10.0; Win64; x64) AppleWebKit/537.36 (KHTML, like Gecko) Chrome/133.0.0.0 Safari/537.36"
152.59.83.157 - - [24/Feb/2025:11:35:06 +0530] "GET /wp-includes/js/jquery/ui/mouse.min.js?ver=1.13.3 HTTP/1.1" 200 1012 "https://sarkariyojanaguru.xyz/wp-admin/" "Mozilla/5.0 (Windows NT 10.0; Win64; x64) AppleWebKit/537.36 (KHTML, like Gecko) Chrome/133.0.0.0 Safari/537.36"
152.59.83.157 - - [24/Feb/2025:11:35:06 +0530] "GET /wp-includes/js/jquery/ui/sortable.min.js?ver=1.13.3 HTTP/1.1" 200 6358 "https://sarkariyojanaguru.xyz/wp-admin/" "Mozilla/5.0 (Windows NT 10.0; Win64; x64) AppleWebKit/537.36 (KHTML, like Gecko) Chrome/133.0.0.0 Safari/537.36"
152.59.83.157 - - [24/Feb/2025:11:35:06 +0530] "GET /wp-admin/js/postbox.min.js?ver=6.7.2 HTTP/1.1" 200 2053 "https://sarkariyojanaguru.xyz/wp-admin/" "Mozilla/5.0 (Windows NT 10.0; Win64; x64) AppleWebKit/537.36 (KHTML, like Gecko) Chrome/133.0.0.0 Safari/537.36"
152.59.83.157 - - [24/Feb/2025:11:35:06 +0530] "GET /wp-includes/js/dist/deprecated.min.js?ver=e1f84915c5e8ae38964c HTTP/1.1" 200 409 "https://sarkariyojanaguru.xyz/wp-admin/" "Mozilla/5.0 (Windows NT 10.0; Win64; x64) AppleWebKit/537.36 (KHTML, like Gecko) Chrome/133.0.0.0 Safari/537.36"
152.59.83.157 - - [24/Feb/2025:11:35:06 +0530] "GET /wp-includes/js/dist/vendor/moment.min.js?ver=2.30.1 HTTP/1.1" 200 18382 "https://sarkariyojanaguru.xyz/wp-admin/" "Mozilla/5.0 (Windows NT 10.0; Win64; x64) AppleWebKit/537.36 (KHTML, like Gecko) Chrome/133.0.0.0 Safari/537.36"
152.59.83.157 - - [24/Feb/2025:11:35:06 +0530] "GET /wp-includes/js/dist/date.min.js?ver=aaca6387d1cf924acc51 HTTP/1.1" 200 36316 "https://sarkariyojanaguru.xyz/wp-admin/" "Mozilla/5.0 (Windows NT 10.0; Win64; x64) AppleWebKit/537.36 (KHTML, like Gecko) Chrome/133.0.0.0 Safari/537.36"
152.59.83.157 - - [24/Feb/2025:11:35:06 +0530] "GET /wp-admin/js/dashboard.min.js?ver=6.7.2 HTTP/1.1" 200 2835 "https://sarkariyojanaguru.xyz/wp-admin/" "Mozilla/5.0 (Windows NT 10.0; Win64; x64) AppleWebKit/537.36 (KHTML, like Gecko) Chrome/133.0.0.0 Safari/537.36"
152.59.83.157 - - [24/Feb/2025:11:35:06 +0530] "GET /wp-includes/js/thickbox/thickbox.js?ver=3.1-20121105 HTTP/1.1" 200 4013 "https://sarkariyojanaguru.xyz/wp-admin/" "Mozilla/5.0 (Windows NT 10.0; Win64; x64) AppleWebKit/537.36 (KHTML, like Gecko) Chrome/133.0.0.0 Safari/537.36"
148.251.153.114 - - [24/Feb/2025:11:33:29 +0530] "HEAD / HTTP/2" 200 0 "-" "-"
152.59.83.157 - - [24/Feb/2025:11:37:08 +0530] "POST /wp-admin/admin-ajax.php HTTP/1.1" 200 51 "https://sarkariyojanaguru.xyz/wp-admin/" "Mozilla/5.0 (Windows NT 10.0; Win64; x64) AppleWebKit/537.36 (KHTML, like Gecko) Chrome/133.0.0.0 Safari/537.36"
152.59.83.157 - - [24/Feb/2025:11:32:50 +0530] "GET / HTTP/2" 200 9331 "https://www.google.com/" "Mozilla/5.0 (Windows NT 10.0; Win64; x64) AppleWebKit/537.36 (KHTML, like Gecko) Chrome/133.0.0.0 Safari/537.36"
152.59.83.157 - - [24/Feb/2025:11:32:51 +0530] "GET /wp-includes/css/dist/block-library/style.min.css?ver=6.7.2 HTTP/2" 200 14225 "https://sarkariyojanaguru.xyz/" "Mozilla/5.0 (Windows NT 10.0; Win64; x64) AppleWebKit/537.36 (KHTML, like Gecko) Chrome/133.0.0.0 Safari/537.36"
152.59.83.157 - - [24/Feb/2025:11:32:51 +0530] "GET /wp-content/plugins/contact-form-7/includes/css/styles.css?ver=6.0.3 HTTP/2" 200 890 "https://sarkariyojanaguru.xyz/" "Mozilla/5.0 (Windows NT 10.0; Win64; x64) AppleWebKit/537.36 (KHTML, like Gecko) Chrome/133.0.0.0 Safari/537.36"
152.59.83.157 - - [24/Feb/2025:11:32:51 +0530] "GET /wp-content/themes/iconic-one-pro/style.css?ver=6.7.2 HTTP/2" 200 10813 "https://sarkariyojanaguru.xyz/" "Mozilla/5.0 (Windows NT 10.0; Win64; x64) AppleWebKit/537.36 (KHTML, like Gecko) Chrome/133.0.0.0 Safari/537.36"
152.59.83.157 - - [24/Feb/2025:11:32:51 +0530] "GET /wp-content/themes/iconic-one-pro/custom.css?ver=6.7.2 HTTP/2" 200 74 "https://sarkariyojanaguru.xyz/" "Mozilla/5.0 (Windows NT 10.0; Win64; x64) AppleWebKit/537.36 (KHTML, like Gecko) Chrome/133.0.0.0 Safari/537.36"
152.59.83.157 - - [24/Feb/2025:11:32:51 +0530] "GET /wp-content/themes/iconic-one-pro/fonts/font-awesome.min.css?ver=6.7.2 HTTP/2" 200 6283 "https://sarkariyojanaguru.xyz/" "Mozilla/5.0 (Windows NT 10.0; Win64; x64) AppleWebKit/537.36 (KHTML, like Gecko) Chrome/133.0.0.0 Safari/537.36"
