198.44.133.13 - - [18/Feb/2025:22:42:04 +0530] "GET /wp-content/plugins/gp-premium/blog/functions/css/style.min.css?ver=2.0.2 HTTP/2" 200 1020 "https://www.freejobalerts.sarkariyojanaguru.xyz/" "Mozilla/5.0 (iPhone; CPU iPhone OS 17_4_1 like Mac OS X) AppleWebKit/605.1.15 (KHTML, like Gecko) Version/17.4.1 Mobile/15E148 Safari/604.1"
198.44.133.13 - - [18/Feb/2025:22:42:04 +0530] "GET /wp-content/themes/generatepress/assets/css/main.min.css?ver=3.5.1 HTTP/2" 200 4410 "https://www.freejobalerts.sarkariyojanaguru.xyz/" "Mozilla/5.0 (iPhone; CPU iPhone OS 17_4_1 like Mac OS X) AppleWebKit/605.1.15 (KHTML, like Gecko) Version/17.4.1 Mobile/15E148 Safari/604.1"
198.44.133.13 - - [18/Feb/2025:22:42:04 +0530] "GET /wp-content/uploads/2025/02/image-4-1024x563.jpeg HTTP/2" 200 99628 "https://www.freejobalerts.sarkariyojanaguru.xyz/" "Mozilla/5.0 (iPhone; CPU iPhone OS 17_4_1 like Mac OS X) AppleWebKit/605.1.15 (KHTML, like Gecko) Version/17.4.1 Mobile/15E148 Safari/604.1"
198.44.133.13 - - [18/Feb/2025:22:42:05 +0530] "GET /wp-content/uploads/2025/02/sd-sdsdfs.png HTTP/2" 200 25553 "https://www.freejobalerts.sarkariyojanaguru.xyz/" "Mozilla/5.0 (iPhone; CPU iPhone OS 17_4_1 like Mac OS X) AppleWebKit/605.1.15 (KHTML, like Gecko) Version/17.4.1 Mobile/15E148 Safari/604.1"
198.44.133.13 - - [18/Feb/2025:22:42:05 +0530] "GET /wp-includes/js/dist/hooks.min.js?ver=4d63a3d491d11ffd8ac6 HTTP/2" 200 1571 "https://www.freejobalerts.sarkariyojanaguru.xyz/" "Mozilla/5.0 (iPhone; CPU iPhone OS 17_4_1 like Mac OS X) AppleWebKit/605.1.15 (KHTML, like Gecko) Version/17.4.1 Mobile/15E148 Safari/604.1"
198.44.133.13 - - [18/Feb/2025:22:42:02 +0530] "GET / HTTP/2" 200 11990 "-" "Mozilla/5.0 (iPhone; CPU iPhone OS 17_4_1 like Mac OS X) AppleWebKit/605.1.15 (KHTML, like Gecko) Version/17.4.1 Mobile/15E148 Safari/604.1"
23.27.145.239 - - [18/Feb/2025:22:33:01 +0530] "GET / HTTP/1.1" 200 13258 "-" "Mozilla/5.0 (X11; Linux i686; rv:109.0) Gecko/20100101 Firefox/120.0"
162.55.100.32 - - [18/Feb/2025:22:33:02 +0530] "POST /wp-cron.php?doing_wp_cron=1739898182.0403339862823486328125 HTTP/1.1" 200 0 "-" "WordPress/6.7.2; https://www.freejobalerts.guru"
198.44.133.13 - - [18/Feb/2025:22:42:05 +0530] "GET /wp-includes/js/dist/i18n.min.js?ver=5e580eb46a90c2b997e6 HTTP/2" 200 3542 "https://www.freejobalerts.sarkariyojanaguru.xyz/" "Mozilla/5.0 (iPhone; CPU iPhone OS 17_4_1 like Mac OS X) AppleWebKit/605.1.15 (KHTML, like Gecko) Version/17.4.1 Mobile/15E148 Safari/604.1"
198.44.133.13 - - [18/Feb/2025:22:42:05 +0530] "GET /wp-content/plugins/contact-form-7/includes/swv/js/index.js?ver=6.0.3 HTTP/2" 200 3369 "https://www.freejobalerts.sarkariyojanaguru.xyz/" "Mozilla/5.0 (iPhone; CPU iPhone OS 17_4_1 like Mac OS X) AppleWebKit/605.1.15 (KHTML, like Gecko) Version/17.4.1 Mobile/15E148 Safari/604.1"
198.44.133.13 - - [18/Feb/2025:22:42:06 +0530] "GET /wp-content/plugins/contact-form-7/includes/js/index.js?ver=6.0.3 HTTP/2" 200 4008 "https://www.freejobalerts.sarkariyojanaguru.xyz/" "Mozilla/5.0 (iPhone; CPU iPhone OS 17_4_1 like Mac OS X) AppleWebKit/605.1.15 (KHTML, like Gecko) Version/17.4.1 Mobile/15E148 Safari/604.1"
198.44.133.13 - - [18/Feb/2025:22:42:06 +0530] "GET /wp-content/themes/generatepress/assets/js/menu.min.js?ver=3.5.1 HTTP/2" 200 1678 "https://www.freejobalerts.sarkariyojanaguru.xyz/" "Mozilla/5.0 (iPhone; CPU iPhone OS 17_4_1 like Mac OS X) AppleWebKit/605.1.15 (KHTML, like Gecko) Version/17.4.1 Mobile/15E148 Safari/604.1"
198.44.133.13 - - [18/Feb/2025:22:42:06 +0530] "GET /wp-includes/js/imagesloaded.min.js?ver=5.0.0 HTTP/2" 200 1687 "https://www.freejobalerts.sarkariyojanaguru.xyz/" "Mozilla/5.0 (iPhone; CPU iPhone OS 17_4_1 like Mac OS X) AppleWebKit/605.1.15 (KHTML, like Gecko) Version/17.4.1 Mobile/15E148 Safari/604.1"
198.44.133.13 - - [18/Feb/2025:22:42:06 +0530] "GET /wp-includes/js/masonry.min.js?ver=4.2.2 HTTP/2" 200 7117 "https://www.freejobalerts.sarkariyojanaguru.xyz/" "Mozilla/5.0 (iPhone; CPU iPhone OS 17_4_1 like Mac OS X) AppleWebKit/605.1.15 (KHTML, like Gecko) Version/17.4.1 Mobile/15E148 Safari/604.1"
198.44.133.13 - - [18/Feb/2025:22:42:06 +0530] "GET /wp-content/plugins/gp-premium/blog/functions/js/scripts.min.js?ver=2.0.2 HTTP/2" 200 515 "https://www.freejobalerts.sarkariyojanaguru.xyz/" "Mozilla/5.0 (iPhone; CPU iPhone OS 17_4_1 like Mac OS X) AppleWebKit/605.1.15 (KHTML, like Gecko) Version/17.4.1 Mobile/15E148 Safari/604.1"
198.44.133.13 - - [18/Feb/2025:22:42:05 +0530] "GET /wp-content/uploads/2025/02/freejobalerts.guru_-1024x576.png HTTP/2" 200 775408 "https://www.freejobalerts.sarkariyojanaguru.xyz/" "Mozilla/5.0 (iPhone; CPU iPhone OS 17_4_1 like Mac OS X) AppleWebKit/605.1.15 (KHTML, like Gecko) Version/17.4.1 Mobile/15E148 Safari/604.1"
20.105.137.134 - - [18/Feb/2025:22:25:36 +0530] "GET / HTTP/1.1" 200 13256 "https://freejobalerts.guru" "curl/8.6.0"
162.55.100.32 - - [18/Feb/2025:22:25:35 +0530] "POST /wp-cron.php?doing_wp_cron=1739897735.4312679767608642578125 HTTP/1.1" 200 0 "-" "WordPress/6.7.2; https://www.freejobalerts.guru"
13.95.133.245 - - [18/Feb/2025:22:25:34 +0530] "GET / HTTP/1.1" 301 0 "-" "curl/8.6.0"
23.27.145.176 - - [18/Feb/2025:22:33:44 +0530] "GET / HTTP/1.1" 200 13251 "-" "Mozilla/5.0 (X11; Linux i686; rv:109.0) Gecko/20100101 Firefox/120.0"
23.27.145.187 - - [18/Feb/2025:22:34:16 +0530] "GET / HTTP/1.1" 301 0 "-" "Mozilla/5.0 (X11; Linux i686; rv:109.0) Gecko/20100101 Firefox/120.0"
23.27.145.187 - - [18/Feb/2025:22:34:17 +0530] "GET / HTTP/1.1" 200 13263 "-" "Mozilla/5.0 (X11; Linux i686; rv:109.0) Gecko/20100101 Firefox/120.0"
162.55.100.32 - - [18/Feb/2025:23:32:58 +0530] "POST /wp-cron.php?doing_wp_cron=1739901778.0164430141448974609375 HTTP/1.1" 200 0 "-" "WordPress/6.7.2; https://www.freejobalerts.guru"
23.27.145.209 - - [18/Feb/2025:23:32:57 +0530] "GET / HTTP/1.1" 200 13251 "-" "Mozilla/5.0 (X11; Linux i686; rv:109.0) Gecko/20100101 Firefox/120.0"
23.27.145.213 - - [18/Feb/2025:23:33:51 +0530] "GET / HTTP/1.1" 200 13256 "-" "Mozilla/5.0 (X11; Linux i686; rv:109.0) Gecko/20100101 Firefox/120.0"
162.55.100.32 - - [18/Feb/2025:23:33:49 +0530] "POST /wp-cron.php?doing_wp_cron=1739901829.9158968925476074218750 HTTP/1.1" 200 0 "-" "WordPress/6.7.2; https://www.freejobalerts.guru"
23.27.145.213 - - [18/Feb/2025:23:33:49 +0530] "GET / HTTP/1.1" 301 0 "-" "Mozilla/5.0 (X11; Linux i686; rv:109.0) Gecko/20100101 Firefox/120.0"
162.55.100.32 - - [19/Feb/2025:00:07:16 +0530] "POST /wp-cron.php?doing_wp_cron=1739903836.4814898967742919921875 HTTP/1.1" 200 0 "-" "WordPress/6.7.2; https://www.freejobalerts.guru"
100.29.140.0 - - [19/Feb/2025:00:07:17 +0530] "GET / HTTP/2" 200 13256 "-" "okhttp/4.9.2"
100.29.140.0 - - [19/Feb/2025:00:07:18 +0530] "GET /favicon.ico HTTP/2" 404 1251 "-" "okhttp/4.9.2"
100.29.140.0 - - [19/Feb/2025:00:07:18 +0530] "GET /favicon.png HTTP/2" 404 9498 "-" "okhttp/4.9.2"
162.55.100.32 - - [19/Feb/2025:00:02:06 +0530] "POST /wp-cron.php?doing_wp_cron=1739903526.4661839008331298828125 HTTP/1.1" 200 0 "-" "WordPress/6.7.2; https://www.freejobalerts.guru"
100.29.140.0 - - [19/Feb/2025:00:07:15 +0530] "GET / HTTP/2" 301 0 "-" "okhttp/4.9.2"
23.27.145.97 - - [19/Feb/2025:00:02:02 +0530] "GET / HTTP/1.1" 200 13251 "-" "Mozilla/5.0 (X11; Linux i686; rv:109.0) Gecko/20100101 Firefox/120.0"
51.159.103.27 - - [19/Feb/2025:00:26:47 +0530] "GET / HTTP/2" 301 0 "-" "Mozilla/5.0 (X11; Linux x86_64) AppleWebKit/537.36 (KHTML, like Gecko) Chrome/131.0.0.0 Safari/537.3"
51.159.103.27 - - [19/Feb/2025:00:26:47 +0530] "GET / HTTP/2" 200 11974 "-" "Mozilla/5.0 (X11; Linux x86_64) AppleWebKit/537.36 (KHTML, like Gecko) Chrome/131.0.0.0 Safari/537.3"
51.159.103.27 - - [19/Feb/2025:00:26:48 +0530] "GET /wp-includes/css/dist/block-library/style.min.css?ver=6.7.2 HTTP/2" 200 14225 "https://www.freejobalerts.guru/" "Mozilla/5.0 (X11; Linux x86_64) AppleWebKit/537.36 (KHTML, like Gecko) Chrome/131.0.0.0 Safari/537.3"
51.159.103.27 - - [19/Feb/2025:00:26:48 +0530] "GET /wp-content/plugins/related-posts-thumbnails/assets/css/front.css?ver=4.2.1 HTTP/2" 200 1088 "https://www.freejobalerts.guru/" "Mozilla/5.0 (X11; Linux x86_64) AppleWebKit/537.36 (KHTML, like Gecko) Chrome/131.0.0.0 Safari/537.3"
51.159.103.27 - - [19/Feb/2025:00:26:48 +0530] "GET /wp-content/plugins/contextual-related-posts/css/rounded-thumbs.min.css?ver=3.6.2 HTTP/2" 200 348 "https://www.freejobalerts.guru/" "Mozilla/5.0 (X11; Linux x86_64) AppleWebKit/537.36 (KHTML, like Gecko) Chrome/131.0.0.0 Safari/537.3"
51.159.103.27 - - [19/Feb/2025:00:26:48 +0530] "GET /wp-content/plugins/contact-form-7/includes/css/styles.css?ver=6.0.3 HTTP/2" 200 890 "https://www.freejobalerts.guru/" "Mozilla/5.0 (X11; Linux x86_64) AppleWebKit/537.36 (KHTML, like Gecko) Chrome/131.0.0.0 Safari/537.3"
51.159.103.27 - - [19/Feb/2025:00:26:48 +0530] "GET /wp-content/plugins/gp-premium/blog/functions/css/style.min.css?ver=2.0.2 HTTP/2" 200 1020 "https://www.freejobalerts.guru/" "Mozilla/5.0 (X11; Linux x86_64) AppleWebKit/537.36 (KHTML, like Gecko) Chrome/131.0.0.0 Safari/537.3"
51.159.103.27 - - [19/Feb/2025:00:26:48 +0530] "GET /wp-content/themes/generatepress/assets/css/main.min.css?ver=3.5.1 HTTP/2" 200 4410 "https://www.freejobalerts.guru/" "Mozilla/5.0 (X11; Linux x86_64) AppleWebKit/537.36 (KHTML, like Gecko) Chrome/131.0.0.0 Safari/537.3"
51.159.103.27 - - [19/Feb/2025:00:26:48 +0530] "GET /wp-content/uploads/2025/02/sd-sdsdfs.png HTTP/2" 200 25553 "https://www.freejobalerts.guru/" "Mozilla/5.0 (X11; Linux x86_64) AppleWebKit/537.36 (KHTML, like Gecko) Chrome/131.0.0.0 Safari/537.3"
51.159.103.27 - - [19/Feb/2025:00:26:48 +0530] "GET /wp-includes/js/dist/hooks.min.js?ver=4d63a3d491d11ffd8ac6 HTTP/2" 200 1571 "https://www.freejobalerts.guru/" "Mozilla/5.0 (X11; Linux x86_64) AppleWebKit/537.36 (KHTML, like Gecko) Chrome/131.0.0.0 Safari/537.3"
51.159.103.27 - - [19/Feb/2025:00:26:48 +0530] "GET /wp-includes/js/dist/i18n.min.js?ver=5e580eb46a90c2b997e6 HTTP/2" 200 3542 "https://www.freejobalerts.guru/" "Mozilla/5.0 (X11; Linux x86_64) AppleWebKit/537.36 (KHTML, like Gecko) Chrome/131.0.0.0 Safari/537.3"
51.159.103.27 - - [19/Feb/2025:00:26:48 +0530] "GET /wp-content/plugins/contact-form-7/includes/js/index.js?ver=6.0.3 HTTP/2" 200 4008 "https://www.freejobalerts.guru/" "Mozilla/5.0 (X11; Linux x86_64) AppleWebKit/537.36 (KHTML, like Gecko) Chrome/131.0.0.0 Safari/537.3"
51.159.103.27 - - [19/Feb/2025:00:26:48 +0530] "GET /wp-content/plugins/contact-form-7/includes/swv/js/index.js?ver=6.0.3 HTTP/2" 200 3369 "https://www.freejobalerts.guru/" "Mozilla/5.0 (X11; Linux x86_64) AppleWebKit/537.36 (KHTML, like Gecko) Chrome/131.0.0.0 Safari/537.3"
51.159.103.27 - - [19/Feb/2025:00:26:48 +0530] "GET /wp-content/themes/generatepress/assets/js/menu.min.js?ver=3.5.1 HTTP/2" 200 1678 "https://www.freejobalerts.guru/" "Mozilla/5.0 (X11; Linux x86_64) AppleWebKit/537.36 (KHTML, like Gecko) Chrome/131.0.0.0 Safari/537.3"
51.159.103.27 - - [19/Feb/2025:00:26:48 +0530] "GET /wp-includes/js/imagesloaded.min.js?ver=5.0.0 HTTP/2" 200 1687 "https://www.freejobalerts.guru/" "Mozilla/5.0 (X11; Linux x86_64) AppleWebKit/537.36 (KHTML, like Gecko) Chrome/131.0.0.0 Safari/537.3"
51.159.103.27 - - [19/Feb/2025:00:27:05 +0530] "GET /sellers.json HTTP/1.1" 404 9498 "-" "Mozilla/5.0 (X11; Linux x86_64) AppleWebKit/537.36 (KHTML, like Gecko) Chrome/132.0.0.0 Safari/537.3"
43.167.236.228 - - [19/Feb/2025:00:38:21 +0530] "GET /tag/odisha-govt-job/ HTTP/1.1" 200 12697 "-" "Mozilla/5.0 (iPhone; CPU iPhone OS 13_2_3 like Mac OS X) AppleWebKit/605.1.15 (KHTML, like Gecko) Version/13.0.3 Mobile/15E148 Safari/604.1"
51.159.103.27 - - [19/Feb/2025:00:26:48 +0530] "GET /wp-content/uploads/2025/02/sd-sdsdfs.png HTTP/2" 200 25553 "http://www.freejobalerts.guru/" "Mozilla/5.0 (X11; Linux x86_64) AppleWebKit/537.36 (KHTML, like Gecko) Chrome/131.0.0.0 Safari/537.3"
51.159.103.27 - - [19/Feb/2025:00:26:48 +0530] "GET /wp-content/uploads/2025/02/image-4.jpeg HTTP/2" 200 135163 "http://www.freejobalerts.guru/" "Mozilla/5.0 (X11; Linux x86_64) AppleWebKit/537.36 (KHTML, like Gecko) Chrome/131.0.0.0 Safari/537.3"
51.159.103.27 - - [19/Feb/2025:00:26:48 +0530] "GET /wp-content/uploads/2025/02/freejobalerts.guru_.png HTTP/2" 200 372627 "http://www.freejobalerts.guru/" "Mozilla/5.0 (X11; Linux x86_64) AppleWebKit/537.36 (KHTML, like Gecko) Chrome/131.0.0.0 Safari/537.3"
51.159.103.27 - - [19/Feb/2025:00:26:50 +0530] "GET /favicon.ico HTTP/1.1" 404 1251 "-" "python-requests/2.25.1"
43.135.182.43 - - [19/Feb/2025:00:28:18 +0530] "GET /tag/free-job-alert-crpf/ HTTP/1.1" 200 12725 "-" "Mozilla/5.0 (iPhone; CPU iPhone OS 13_2_3 like Mac OS X) AppleWebKit/605.1.15 (KHTML, like Gecko) Version/13.0.3 Mobile/15E148 Safari/604.1"
51.159.103.27 - - [19/Feb/2025:00:26:48 +0530] "GET /wp-content/plugins/gp-premium/blog/functions/js/scripts.min.js?ver=2.0.2 HTTP/2" 200 515 "https://www.freejobalerts.guru/" "Mozilla/5.0 (X11; Linux x86_64) AppleWebKit/537.36 (KHTML, like Gecko) Chrome/131.0.0.0 Safari/537.3"
51.159.103.27 - - [19/Feb/2025:00:26:48 +0530] "GET /wp-includes/js/masonry.min.js?ver=4.2.2 HTTP/2" 200 7117 "https://www.freejobalerts.guru/" "Mozilla/5.0 (X11; Linux x86_64) AppleWebKit/537.36 (KHTML, like Gecko) Chrome/131.0.0.0 Safari/537.3"
51.159.103.27 - - [19/Feb/2025:00:26:48 +0530] "GET /wp-content/uploads/2025/02/image-4.jpeg HTTP/2" 200 135163 "https://www.freejobalerts.guru/" "Mozilla/5.0 (X11; Linux x86_64) AppleWebKit/537.36 (KHTML, like Gecko) Chrome/131.0.0.0 Safari/537.3"
51.159.103.27 - - [19/Feb/2025:00:26:48 +0530] "GET /wp-content/uploads/2025/02/freejobalerts.guru_.png HTTP/2" 200 372627 "https://www.freejobalerts.guru/" "Mozilla/5.0 (X11; Linux x86_64) AppleWebKit/537.36 (KHTML, like Gecko) Chrome/131.0.0.0 Safari/537.3"
51.159.103.27 - - [19/Feb/2025:00:26:48 +0530] "GET /wp-includes/js/wp-emoji-release.min.js?ver=6.7.2 HTTP/2" 200 4676 "https://www.freejobalerts.guru/" "Mozilla/5.0 (X11; Linux x86_64) AppleWebKit/537.36 (KHTML, like Gecko) Chrome/131.0.0.0 Safari/537.3"
51.159.103.27 - - [19/Feb/2025:00:26:49 +0530] "GET /favicon.ico HTTP/2" 404 1251 "https://www.freejobalerts.guru/" "Mozilla/5.0 (X11; Linux x86_64) AppleWebKit/537.36 (KHTML, like Gecko) Chrome/131.0.0.0 Safari/537.3"
51.159.103.27 - - [19/Feb/2025:00:27:05 +0530] "GET /app-ads.txt HTTP/1.1" 404 9498 "-" "Mozilla/5.0 (X11; Linux x86_64) AppleWebKit/537.36 (KHTML, like Gecko) Chrome/132.0.0.0 Safari/537.3"
162.55.100.32 - - [19/Feb/2025:00:28:19 +0530] "POST /wp-cron.php?doing_wp_cron=1739905099.0936629772186279296875 HTTP/1.1" 200 0 "-" "WordPress/6.7.2; https://www.freejobalerts.guru"
162.55.100.32 - - [19/Feb/2025:00:38:22 +0530] "POST /wp-cron.php?doing_wp_cron=1739905702.1374120712280273437500 HTTP/1.1" 200 0 "-" "WordPress/6.7.2; https://www.freejobalerts.guru"
162.55.100.32 - - [19/Feb/2025:00:19:19 +0530] "POST /wp-cron.php?doing_wp_cron=1739904559.8572580814361572265625 HTTP/1.1" 200 0 "-" "WordPress/6.7.2; https://www.freejobalerts.guru"
124.156.226.179 - - [19/Feb/2025:00:19:15 +0530] "GET /free-job-alert-all-india-govt-job-alert-2025/ HTTP/1.1" 200 24962 "-" "Mozilla/5.0 (iPhone; CPU iPhone OS 13_2_3 like Mac OS X) AppleWebKit/605.1.15 (KHTML, like Gecko) Version/13.0.3 Mobile/15E148 Safari/604.1"
43.157.147.3 - - [19/Feb/2025:00:58:27 +0530] "GET /tag/free-job-alert-punjab/ HTTP/1.1" 200 12707 "-" "Mozilla/5.0 (iPhone; CPU iPhone OS 13_2_3 like Mac OS X) AppleWebKit/605.1.15 (KHTML, like Gecko) Version/13.0.3 Mobile/15E148 Safari/604.1"
162.55.100.32 - - [19/Feb/2025:00:58:28 +0530] "POST /wp-cron.php?doing_wp_cron=1739906908.4251561164855957031250 HTTP/1.1" 200 0 "-" "WordPress/6.7.2; https://www.freejobalerts.guru"
43.153.10.83 - - [19/Feb/2025:01:09:25 +0530] "GET /tag/free-job-alert-rajasthan/ HTTP/1.1" 200 12730 "-" "Mozilla/5.0 (iPhone; CPU iPhone OS 13_2_3 like Mac OS X) AppleWebKit/605.1.15 (KHTML, like Gecko) Version/13.0.3 Mobile/15E148 Safari/604.1"
162.55.100.32 - - [19/Feb/2025:01:09:25 +0530] "POST /wp-cron.php?doing_wp_cron=1739907565.7326209545135498046875 HTTP/1.1" 200 0 "-" "WordPress/6.7.2; https://www.freejobalerts.guru"
162.55.100.32 - - [19/Feb/2025:01:18:02 +0530] "POST /wp-cron.php?doing_wp_cron=1739908081.9453508853912353515625 HTTP/1.1" 200 0 "-" "WordPress/6.7.2; https://www.freejobalerts.guru"
43.157.50.58 - - [19/Feb/2025:01:18:00 +0530] "GET /tag/offline-free-job-alert/ HTTP/1.1" 200 12728 "-" "Mozilla/5.0 (iPhone; CPU iPhone OS 13_2_3 like Mac OS X) AppleWebKit/605.1.15 (KHTML, like Gecko) Version/13.0.3 Mobile/15E148 Safari/604.1"
162.55.100.32 - - [19/Feb/2025:01:46:20 +0530] "POST /wp-cron.php?doing_wp_cron=1739909780.2714960575103759765625 HTTP/1.1" 200 0 "-" "WordPress/6.7.2; https://www.freejobalerts.guru"
158.101.109.88 - - [19/Feb/2025:01:20:22 +0530] "GET /.env HTTP/1.1" 404 9525 "-" "Mozilla/5.0 (Windows NT 6.1) AppleWebKit/537.36 (KHTML, like Gecko) Chrome/86.0.4240.183 Safari/537.36"
43.133.220.37 - - [19/Feb/2025:01:46:18 +0530] "GET /tag/free-job-alert-odisha/ HTTP/1.1" 200 12700 "-" "Mozilla/5.0 (iPhone; CPU iPhone OS 13_2_3 like Mac OS X) AppleWebKit/605.1.15 (KHTML, like Gecko) Version/13.0.3 Mobile/15E148 Safari/604.1"
158.101.109.88 - - [19/Feb/2025:01:20:22 +0530] "GET /.env HTTP/1.1" 404 9498 "-" "Mozilla/5.0 (Windows NT 6.1) AppleWebKit/537.36 (KHTML, like Gecko) Chrome/86.0.4240.183 Safari/537.36"
162.55.100.32 - - [19/Feb/2025:01:20:24 +0530] "POST /wp-cron.php?doing_wp_cron=1739908224.1807610988616943359375 HTTP/1.1" 200 0 "-" "WordPress/6.7.2; https://www.freejobalerts.guru"
43.157.209.252 - - [19/Feb/2025:01:27:43 +0530] "GET /tag/free-job-alert-odisha/ HTTP/1.1" 200 12706 "-" "Mozilla/5.0 (iPhone; CPU iPhone OS 13_2_3 like Mac OS X) AppleWebKit/605.1.15 (KHTML, like Gecko) Version/13.0.3 Mobile/15E148 Safari/604.1"
158.101.109.88 - - [19/Feb/2025:01:20:22 +0530] "GET /.env HTTP/1.1" 404 9525 "-" "Mozilla/5.0 (Windows NT 6.1) AppleWebKit/537.36 (KHTML, like Gecko) Chrome/86.0.4240.183 Safari/537.36"
162.55.100.32 - - [19/Feb/2025:01:27:44 +0530] "POST /wp-cron.php?doing_wp_cron=1739908664.5995008945465087890625 HTTP/1.1" 200 0 "-" "WordPress/6.7.2; https://www.freejobalerts.guru"
158.101.109.88 - - [19/Feb/2025:01:20:22 +0530] "GET /.env HTTP/1.1" 404 9525 "-" "Mozilla/5.0 (Windows NT 6.1) AppleWebKit/537.36 (KHTML, like Gecko) Chrome/86.0.4240.183 Safari/537.36"
162.55.100.32 - - [19/Feb/2025:02:58:42 +0530] "POST /wp-cron.php?doing_wp_cron=1739914122.4426970481872558593750 HTTP/1.1" 200 0 "-" "WordPress/6.7.2; https://www.freejobalerts.guru"
2a06:98c0:3600::103 - - [19/Feb/2025:03:00:46 +0530] "GET /wp-admin/setup-config.php HTTP/1.1" 409 1041 "-" "Mozilla/5.0 (Windows NT 10.0; Win64; x64) AppleWebKit/537.36 (KHTML, like Gecko) Chrome/133.0.0.0 Safari/537.36"
23.230.243.33 - - [19/Feb/2025:02:58:41 +0530] "GET / HTTP/1.1" 200 13263 "-" "Mozilla/5.0 (Macintosh; Intel Mac OS X 10_15_7) AppleWebKit/605.1.15 (KHTML, like Gecko) Version/17.0 Safari/605.1.15"
45.148.10.86 - - [19/Feb/2025:03:00:36 +0530] "GET /.git/config HTTP/1.1" 403 1242 "-" "Mozilla/5.0 (Linux; Android 7.0; Nexus 9 Build/NRD90R) AppleWebKit/537.36 (KHTML, like Gecko) Chrome/53.0.2785.124 Safari/537.36"
45.148.10.86 - - [19/Feb/2025:03:00:35 +0530] "GET /.git/config HTTP/1.1" 403 1242 "-" "Mozilla/5.0 (Macintosh; Intel Mac OS X 10_13_6) AppleWebKit/537.36 (KHTML, like Gecko) Chrome/70.0.3538.102 Safari/537.36"
162.55.100.32 - - [19/Feb/2025:03:00:32 +0530] "POST /wp-cron.php?doing_wp_cron=1739914232.5934169292449951171875 HTTP/1.1" 200 0 "-" "WordPress/6.7.2; https://www.freejobalerts.guru"
2a06:98c0:3600::103 - - [19/Feb/2025:03:00:33 +0530] "GET /wordpress/wp-admin/setup-config.php HTTP/1.1" 404 9413 "-" "Mozilla/5.0 (Windows NT 10.0; Win64; x64) AppleWebKit/537.36 (KHTML, like Gecko) Chrome/133.0.0.0 Safari/537.36"
2a06:98c0:3600::103 - - [19/Feb/2025:03:00:31 +0530] "GET /wordpress/wp-admin/setup-config.php HTTP/1.1" 301 0 "-" "Mozilla/5.0 (Windows NT 10.0; Win64; x64) AppleWebKit/537.36 (KHTML, like Gecko) Chrome/133.0.0.0 Safari/537.36"
2a06:98c0:3600::103 - - [19/Feb/2025:03:22:41 +0530] "GET /wp-admin/setup-config.php HTTP/1.1" 409 1041 "-" "Mozilla/5.0 (Windows NT 10.0; Win64; x64) AppleWebKit/537.36 (KHTML, like Gecko) Chrome/133.0.0.0 Safari/537.36"
45.148.10.86 - - [19/Feb/2025:03:21:25 +0530] "GET /.git/config HTTP/1.1" 403 1242 "-" "Mozilla/5.0 (Windows; U; WinNT4.0; en-US; rv:1.2b) Gecko/20021001 Phoenix/0.2"
2a06:98c0:3600::103 - - [19/Feb/2025:03:22:59 +0530] "GET /wordpress/wp-admin/setup-config.php HTTP/1.1" 404 9451 "-" "Mozilla/5.0 (Windows NT 10.0; Win64; x64) AppleWebKit/537.36 (KHTML, like Gecko) Chrome/133.0.0.0 Safari/537.36"
2a06:98c0:3600::103 - - [19/Feb/2025:03:22:59 +0530] "GET /wordpress/wp-admin/setup-config.php HTTP/1.1" 301 0 "-" "Mozilla/5.0 (Windows NT 10.0; Win64; x64) AppleWebKit/537.36 (KHTML, like Gecko) Chrome/133.0.0.0 Safari/537.36"
146.70.107.17 - - [19/Feb/2025:03:34:49 +0530] "GET /wp-content/uploads/2025/02/sd-sdsdfs.png HTTP/1.1" 200 25553 "-" "Mozilla/5.0 (iPhone; CPU iPhone OS 18_1_1 like Mac OS X) AppleWebKit/605.1.15 (KHTML, like Gecko) Version/18.1.1 Mobile/15E148 Safari/604.1"
3.70.95.87 - - [19/Feb/2025:03:34:38 +0530] "GET /wp-content/uploads/2025/02/sd-sdsdfs.png HTTP/1.1" 200 25553 "-" "Mozilla/5.0 (iPhone; CPU iPhone OS 17_5_1 like Mac OS X) AppleWebKit/605.1.15 (KHTML, like Gecko) Version/17.5 Mobile/15E148 Safari/604.1"
54.196.247.85 - - [19/Feb/2025:03:42:47 +0530] "GET / HTTP/1.1" 301 0 "-" "Mozilla/5.0 (X11; Linux i686; rv:6.0) Gecko/20100101 Firefox/6.0"
162.55.100.32 - - [19/Feb/2025:03:44:20 +0530] "POST /wp-cron.php?doing_wp_cron=1739916860.9471290111541748046875 HTTP/1.1" 200 0 "-" "WordPress/6.7.2; https://www.freejobalerts.guru"
162.55.100.32 - - [19/Feb/2025:03:50:43 +0530] "POST /wp-cron.php?doing_wp_cron=1739917243.8197779655456542968750 HTTP/1.1" 200 0 "-" "WordPress/6.7.2; https://www.freejobalerts.guru"
129.227.97.104 - - [19/Feb/2025:04:04:33 +0530] "GET /wp-content/uploads/2025/02/sd-sdsdfs.png HTTP/1.1" 200 25553 "-" "Mozilla/5.0 (iPhone; CPU iPhone OS 18_1_1 like Mac OS X) AppleWebKit/605.1.15 (KHTML, like Gecko) Version/18.1.1 Mobile/15E148 Safari/604.1"
129.227.97.104 - - [19/Feb/2025:03:44:24 +0530] "GET /wp-content/uploads/2025/02/image-4-1024x563.jpeg HTTP/2" 200 99628 "http://www.freejobalerts.sarkariyojanaguru.xyz/" "Mozilla/5.0 (iPhone; CPU iPhone OS 18_1_1 like Mac OS X) AppleWebKit/605.1.15 (KHTML, like Gecko) Version/18.1.1 Mobile/15E148 Safari/604.1"
129.227.97.104 - - [19/Feb/2025:03:44:24 +0530] "GET /wp-content/uploads/2025/02/sd-sdsdfs.png HTTP/2" 200 25553 "http://www.freejobalerts.sarkariyojanaguru.xyz/" "Mozilla/5.0 (iPhone; CPU iPhone OS 18_1_1 like Mac OS X) AppleWebKit/605.1.15 (KHTML, like Gecko) Version/18.1.1 Mobile/15E148 Safari/604.1"
129.227.97.104 - - [19/Feb/2025:03:44:24 +0530] "GET /wp-content/uploads/2025/02/image-4.jpeg HTTP/2" 200 135163 "http://www.freejobalerts.sarkariyojanaguru.xyz/" "Mozilla/5.0 (iPhone; CPU iPhone OS 18_1_1 like Mac OS X) AppleWebKit/605.1.15 (KHTML, like Gecko) Version/18.1.1 Mobile/15E148 Safari/604.1"
129.227.97.104 - - [19/Feb/2025:03:44:24 +0530] "GET /wp-content/uploads/2025/02/freejobalerts.guru_-1024x576.png HTTP/2" 200 775408 "http://www.freejobalerts.sarkariyojanaguru.xyz/" "Mozilla/5.0 (iPhone; CPU iPhone OS 18_1_1 like Mac OS X) AppleWebKit/605.1.15 (KHTML, like Gecko) Version/18.1.1 Mobile/15E148 Safari/604.1"
129.227.97.104 - - [19/Feb/2025:03:44:24 +0530] "GET /wp-content/uploads/2025/02/freejobalerts.guru_.png HTTP/2" 200 372627 "http://www.freejobalerts.sarkariyojanaguru.xyz/" "Mozilla/5.0 (iPhone; CPU iPhone OS 18_1_1 like Mac OS X) AppleWebKit/605.1.15 (KHTML, like Gecko) Version/18.1.1 Mobile/15E148 Safari/604.1"
162.55.100.32 - - [19/Feb/2025:03:42:47 +0530] "POST /wp-cron.php?doing_wp_cron=1739916767.7729399204254150390625 HTTP/1.1" 200 0 "-" "WordPress/6.7.2; https://www.freejobalerts.guru"
139.59.248.197 - - [19/Feb/2025:04:08:37 +0530] "GET /wp-login.php HTTP/1.1" 200 1991 "-" "Mozilla/5.0"
139.59.248.197 - - [19/Feb/2025:04:08:38 +0530] "GET /?author=1 HTTP/1.1" 301 0 "-" "Mozilla/5.0"
139.59.248.197 - - [19/Feb/2025:04:08:38 +0530] "GET /?author=2 HTTP/1.1" 301 0 "-" "Mozilla/5.0"
2a06:98c0:3600::103 - - [19/Feb/2025:04:14:25 +0530] "GET /wordpress/wp-admin/setup-config.php HTTP/1.1" 404 9413 "-" "Mozilla/5.0 (Windows NT 10.0; Win64; x64) AppleWebKit/537.36 (KHTML, like Gecko) Chrome/133.0.0.0 Safari/537.36"
162.55.100.32 - - [19/Feb/2025:04:14:25 +0530] "POST /wp-cron.php?doing_wp_cron=1739918665.8517720699310302734375 HTTP/1.1" 200 0 "-" "WordPress/6.7.2; https://www.freejobalerts.guru"
2a06:98c0:3600::103 - - [19/Feb/2025:04:37:12 +0530] "GET /wordpress/wp-admin/setup-config.php HTTP/1.1" 301 0 "-" "Mozilla/5.0 (Windows NT 10.0; Win64; x64) AppleWebKit/537.36 (KHTML, like Gecko) Chrome/133.0.0.0 Safari/537.36"
185.247.137.43 - - [19/Feb/2025:04:37:20 +0530] "GET / HTTP/1.1" 200 13251 "-" "Mozilla/5.0 (compatible; InternetMeasurement/1.0; +https://internet-measurement.com/)"
188.165.87.104 - - [19/Feb/2025:04:45:18 +0530] "GET / HTTP/1.1" 200 51293 "-" "Mozilla/5.0 (X11; Ubuntu; Linux x86_64; rv:130.0) Gecko/20100101 Firefox/130.0"
139.59.248.197 - - [19/Feb/2025:04:57:16 +0530] "POST /wp-login.php HTTP/1.1" 200 5955 "-" "Mozilla/5.0"
139.59.248.197 - - [19/Feb/2025:04:59:57 +0530] "POST /wp-login.php HTTP/1.1" 200 5955 "-" "Mozilla/5.0"
178.32.72.217 - - [19/Feb/2025:05:00:15 +0530] "GET /favicon.ico HTTP/1.1" 404 1251 "-" "Mozilla/5.0 (X11; Ubuntu; Linux x86_64; rv:130.0) Gecko/20100101 Firefox/130.0"
139.59.248.197 - - [19/Feb/2025:05:00:52 +0530] "POST /wp-login.php HTTP/1.1" 200 5955 "-" "Mozilla/5.0"
162.55.100.32 - - [19/Feb/2025:05:06:12 +0530] "POST /wp-cron.php?doing_wp_cron=1739921772.9100589752197265625000 HTTP/1.1" 200 0 "-" "WordPress/6.7.2; https://www.freejobalerts.guru"
162.55.100.32 - - [19/Feb/2025:05:08:09 +0530] "POST /wp-cron.php?doing_wp_cron=1739921889.5688428878784179687500 HTTP/1.1" 200 0 "-" "WordPress/6.7.2; https://www.freejobalerts.guru"
162.55.100.32 - - [19/Feb/2025:05:15:42 +0530] "POST /wp-cron.php?doing_wp_cron=1739922342.8356471061706542968750 HTTP/1.1" 200 0 "-" "WordPress/6.7.2; https://www.freejobalerts.guru"
162.55.100.32 - - [19/Feb/2025:05:16:48 +0530] "POST /wp-cron.php?doing_wp_cron=1739922408.0909669399261474609375 HTTP/1.1" 200 0 "-" "WordPress/6.7.2; https://www.freejobalerts.guru"
162.55.100.32 - - [19/Feb/2025:05:17:53 +0530] "POST /wp-cron.php?doing_wp_cron=1739922473.1698369979858398437500 HTTP/1.1" 200 0 "-" "WordPress/6.7.2; https://www.freejobalerts.guru"
139.59.248.197 - - [19/Feb/2025:05:18:58 +0530] "POST /wp-login.php HTTP/1.1" 200 5955 "-" "Mozilla/5.0"
162.55.100.32 - - [19/Feb/2025:04:37:13 +0530] "POST /wp-cron.php?doing_wp_cron=1739920033.5873770713806152343750 HTTP/1.1" 200 0 "-" "WordPress/6.7.2; https://www.freejobalerts.guru"
2a06:98c0:3600::103 - - [19/Feb/2025:04:37:13 +0530] "GET /wordpress/wp-admin/setup-config.php HTTP/1.1" 404 9413 "-" "Mozilla/5.0 (Windows NT 10.0; Win64; x64) AppleWebKit/537.36 (KHTML, like Gecko) Chrome/133.0.0.0 Safari/537.36"
5.135.58.207 - - [19/Feb/2025:04:52:08 +0530] "GET /favicon.ico HTTP/1.1" 404 1251 "-" "Mozilla/5.0 (X11; Ubuntu; Linux x86_64; rv:130.0) Gecko/20100101 Firefox/130.0"
5.135.58.205 - - [19/Feb/2025:04:53:10 +0530] "GET / HTTP/1.1" 200 51293 "-" "Mozilla/5.0 (X11; Ubuntu; Linux x86_64; rv:130.0) Gecko/20100101 Firefox/130.0"
162.55.100.32 - - [19/Feb/2025:04:59:57 +0530] "POST /wp-cron.php?doing_wp_cron=1739921397.9522669315338134765625 HTTP/1.1" 200 0 "-" "WordPress/6.7.2; https://www.freejobalerts.guru"
162.55.100.32 - - [19/Feb/2025:05:06:52 +0530] "POST /wp-cron.php?doing_wp_cron=1739921812.7751920223236083984375 HTTP/1.1" 200 0 "-" "WordPress/6.7.2; https://www.freejobalerts.guru"
162.55.100.32 - - [19/Feb/2025:05:10:14 +0530] "POST /wp-cron.php?doing_wp_cron=1739922014.3544960021972656250000 HTTP/1.1" 200 0 "-" "WordPress/6.7.2; https://www.freejobalerts.guru"
162.55.100.32 - - [19/Feb/2025:05:12:23 +0530] "POST /wp-cron.php?doing_wp_cron=1739922143.2935678958892822265625 HTTP/1.1" 200 0 "-" "WordPress/6.7.2; https://www.freejobalerts.guru"
139.59.248.197 - - [19/Feb/2025:05:15:42 +0530] "POST /wp-login.php HTTP/1.1" 200 5955 "-" "Mozilla/5.0"
2a06:98c0:3600::103 - - [19/Feb/2025:04:38:32 +0530] "GET /wp-admin/setup-config.php HTTP/1.1" 409 1041 "-" "Mozilla/5.0 (Windows NT 10.0; Win64; x64) AppleWebKit/537.36 (KHTML, like Gecko) Chrome/133.0.0.0 Safari/537.36"
162.55.100.32 - - [19/Feb/2025:05:04:10 +0530] "POST /wp-cron.php?doing_wp_cron=1739921650.7024359703063964843750 HTTP/1.1" 200 0 "-" "WordPress/6.7.2; https://www.freejobalerts.guru"
139.59.248.197 - - [19/Feb/2025:05:14:37 +0530] "POST /wp-login.php HTTP/1.1" 200 5955 "-" "Mozilla/5.0"
139.59.248.197 - - [19/Feb/2025:05:20:06 +0530] "POST /wp-login.php HTTP/1.1" 200 5955 "-" "Mozilla/5.0"
162.55.100.32 - - [19/Feb/2025:04:59:05 +0530] "POST /wp-cron.php?doing_wp_cron=1739921345.7063770294189453125000 HTTP/1.1" 200 0 "-" "WordPress/6.7.2; https://www.freejobalerts.guru"
139.59.248.197 - - [19/Feb/2025:04:59:05 +0530] "POST /wp-login.php HTTP/1.1" 200 5955 "-" "Mozilla/5.0"
2a06:98c0:3600::103 - - [19/Feb/2025:05:02:33 +0530] "GET /wp-admin/setup-config.php HTTP/1.1" 409 1041 "-" "Mozilla/5.0 (Windows NT 10.0; Win64; x64) AppleWebKit/537.36 (KHTML, like Gecko) Chrome/133.0.0.0 Safari/537.36"
162.55.100.32 - - [19/Feb/2025:05:05:14 +0530] "POST /wp-cron.php?doing_wp_cron=1739921714.2873001098632812500000 HTTP/1.1" 200 0 "-" "WordPress/6.7.2; https://www.freejobalerts.guru"
185.247.137.241 - - [19/Feb/2025:05:06:54 +0530] "GET /favicon.ico HTTP/2" 404 1251 "-" "Mozilla/5.0 (compatible; InternetMeasurement/1.0; +https://internet-measurement.com/)"
139.59.248.197 - - [19/Feb/2025:05:21:11 +0530] "POST /wp-login.php HTTP/1.1" 200 5955 "-" "Mozilla/5.0"
162.55.100.32 - - [19/Feb/2025:05:22:16 +0530] "POST /wp-cron.php?doing_wp_cron=1739922736.2543599605560302734375 HTTP/1.1" 200 0 "-" "WordPress/6.7.2; https://www.freejobalerts.guru"
139.59.248.197 - - [19/Feb/2025:05:22:16 +0530] "POST /wp-login.php HTTP/1.1" 200 5955 "-" "Mozilla/5.0"
162.55.100.32 - - [19/Feb/2025:04:46:38 +0530] "POST /wp-cron.php?doing_wp_cron=1739920598.9229199886322021484375 HTTP/1.1" 200 0 "-" "WordPress/6.7.2; https://www.freejobalerts.guru"
162.55.100.32 - - [19/Feb/2025:04:58:15 +0530] "POST /wp-cron.php?doing_wp_cron=1739921295.3845629692077636718750 HTTP/1.1" 200 0 "-" "WordPress/6.7.2; https://www.freejobalerts.guru"
139.59.248.197 - - [19/Feb/2025:04:58:15 +0530] "POST /wp-login.php HTTP/1.1" 200 5955 "-" "Mozilla/5.0"
2a06:98c0:3600::103 - - [19/Feb/2025:05:01:02 +0530] "GET /wordpress/wp-admin/setup-config.php HTTP/1.1" 301 0 "-" "Mozilla/5.0 (Windows NT 10.0; Win64; x64) AppleWebKit/537.36 (KHTML, like Gecko) Chrome/133.0.0.0 Safari/537.36"
162.55.100.32 - - [19/Feb/2025:05:09:14 +0530] "POST /wp-cron.php?doing_wp_cron=1739921954.1606080532073974609375 HTTP/1.1" 200 0 "-" "WordPress/6.7.2; https://www.freejobalerts.guru"
139.59.248.197 - - [19/Feb/2025:05:16:48 +0530] "POST /wp-login.php HTTP/1.1" 200 5955 "-" "Mozilla/5.0"
139.59.248.197 - - [19/Feb/2025:05:17:53 +0530] "POST /wp-login.php HTTP/1.1" 200 5955 "-" "Mozilla/5.0"
162.55.100.32 - - [19/Feb/2025:05:20:06 +0530] "POST /wp-cron.php?doing_wp_cron=1739922606.3989610671997070312500 HTTP/1.1" 200 0 "-" "WordPress/6.7.2; https://www.freejobalerts.guru"
2a06:98c0:3600::103 - - [19/Feb/2025:03:50:43 +0530] "GET /wordpress/wp-admin/setup-config.php HTTP/1.1" 301 0 "-" "Mozilla/5.0 (Windows NT 10.0; Win64; x64) AppleWebKit/537.36 (KHTML, like Gecko) Chrome/133.0.0.0 Safari/537.36"
2a06:98c0:3600::103 - - [19/Feb/2025:03:50:44 +0530] "GET /wordpress/wp-admin/setup-config.php HTTP/1.1" 404 9451 "-" "Mozilla/5.0 (Windows NT 10.0; Win64; x64) AppleWebKit/537.36 (KHTML, like Gecko) Chrome/133.0.0.0 Safari/537.36"
2a06:98c0:3600::103 - - [19/Feb/2025:04:13:44 +0530] "GET /wp-admin/setup-config.php HTTP/1.1" 409 1041 "-" "Mozilla/5.0 (Windows NT 10.0; Win64; x64) AppleWebKit/537.36 (KHTML, like Gecko) Chrome/133.0.0.0 Safari/537.36"
188.165.87.98 - - [19/Feb/2025:04:46:38 +0530] "GET / HTTP/1.1" 301 0 "-" "Mozilla/5.0 (X11; Ubuntu; Linux x86_64; rv:130.0) Gecko/20100101 Firefox/130.0"
5.135.58.195 - - [19/Feb/2025:04:53:09 +0530] "GET /favicon.ico HTTP/1.1" 404 1251 "-" "Mozilla/5.0 (X11; Ubuntu; Linux x86_64; rv:130.0) Gecko/20100101 Firefox/130.0"
2a06:98c0:3600::103 - - [19/Feb/2025:05:01:02 +0530] "GET /wordpress/wp-admin/setup-config.php HTTP/1.1" 404 9451 "-" "Mozilla/5.0 (Windows NT 10.0; Win64; x64) AppleWebKit/537.36 (KHTML, like Gecko) Chrome/133.0.0.0 Safari/537.36"
139.59.248.197 - - [19/Feb/2025:05:04:09 +0530] "POST /wp-login.php HTTP/1.1" 200 5955 "-" "Mozilla/5.0"
185.247.137.25 - - [19/Feb/2025:05:06:52 +0530] "GET / HTTP/1.1" 301 0 "-" "Mozilla/5.0 (compatible; InternetMeasurement/1.0; +https://internet-measurement.com/)"
45.55.186.92 - - [19/Feb/2025:05:06:55 +0530] "GET /favicon.ico HTTP/2" 404 1251 "-" "Mozilla/5.0 (compatible; InternetMeasurement/1.0; +https://internet-measurement.com/)"
139.59.248.197 - - [19/Feb/2025:05:07:10 +0530] "POST /wp-login.php HTTP/1.1" 200 5955 "-" "Mozilla/5.0"
139.59.248.197 - - [19/Feb/2025:05:10:14 +0530] "POST /wp-login.php HTTP/1.1" 200 5955 "-" "Mozilla/5.0"
139.59.248.197 - - [19/Feb/2025:05:11:19 +0530] "POST /wp-login.php HTTP/1.1" 200 5955 "-" "Mozilla/5.0"
139.59.248.197 - - [19/Feb/2025:05:12:23 +0530] "POST /wp-login.php HTTP/1.1" 200 5955 "-" "Mozilla/5.0"
162.55.100.32 - - [19/Feb/2025:05:18:58 +0530] "POST /wp-cron.php?doing_wp_cron=1739922538.6699740886688232421875 HTTP/1.1" 200 0 "-" "WordPress/6.7.2; https://www.freejobalerts.guru"
2a06:98c0:3600::103 - - [19/Feb/2025:04:14:25 +0530] "GET /wordpress/wp-admin/setup-config.php HTTP/1.1" 301 0 "-" "Mozilla/5.0 (Windows NT 10.0; Win64; x64) AppleWebKit/537.36 (KHTML, like Gecko) Chrome/133.0.0.0 Safari/537.36"
162.55.100.32 - - [19/Feb/2025:04:45:19 +0530] "POST /wp-cron.php?doing_wp_cron=1739920519.2139430046081542968750 HTTP/1.1" 200 0 "-" "WordPress/6.7.2; https://www.freejobalerts.guru"
162.55.100.32 - - [19/Feb/2025:04:57:17 +0530] "POST /wp-cron.php?doing_wp_cron=1739921237.4258511066436767578125 HTTP/1.1" 200 0 "-" "WordPress/6.7.2; https://www.freejobalerts.guru"
162.55.100.32 - - [19/Feb/2025:05:00:52 +0530] "POST /wp-cron.php?doing_wp_cron=1739921452.1855990886688232421875 HTTP/1.1" 200 0 "-" "WordPress/6.7.2; https://www.freejobalerts.guru"
139.59.248.197 - - [19/Feb/2025:05:01:46 +0530] "POST /wp-login.php HTTP/1.1" 200 5955 "-" "Mozilla/5.0"
139.59.248.197 - - [19/Feb/2025:05:02:52 +0530] "POST /wp-login.php HTTP/1.1" 200 5955 "-" "Mozilla/5.0"
139.59.248.197 - - [19/Feb/2025:05:06:12 +0530] "POST /wp-login.php HTTP/1.1" 200 5955 "-" "Mozilla/5.0"
139.59.248.197 - - [19/Feb/2025:05:08:09 +0530] "POST /wp-login.php HTTP/1.1" 200 5955 "-" "Mozilla/5.0"
139.59.248.197 - - [19/Feb/2025:05:09:14 +0530] "POST /wp-login.php HTTP/1.1" 200 5955 "-" "Mozilla/5.0"
162.55.100.32 - - [19/Feb/2025:05:11:19 +0530] "POST /wp-cron.php?doing_wp_cron=1739922079.9150309562683105468750 HTTP/1.1" 200 0 "-" "WordPress/6.7.2; https://www.freejobalerts.guru"
162.55.100.32 - - [19/Feb/2025:05:13:29 +0530] "POST /wp-cron.php?doing_wp_cron=1739922209.9716629981994628906250 HTTP/1.1" 200 0 "-" "WordPress/6.7.2; https://www.freejobalerts.guru"
139.59.248.197 - - [19/Feb/2025:05:13:29 +0530] "POST /wp-login.php HTTP/1.1" 200 5955 "-" "Mozilla/5.0"
162.55.100.32 - - [19/Feb/2025:05:14:37 +0530] "POST /wp-cron.php?doing_wp_cron=1739922277.1048181056976318359375 HTTP/1.1" 200 0 "-" "WordPress/6.7.2; https://www.freejobalerts.guru"
162.55.100.32 - - [19/Feb/2025:05:21:11 +0530] "POST /wp-cron.php?doing_wp_cron=1739922671.4423899650573730468750 HTTP/1.1" 200 0 "-" "WordPress/6.7.2; https://www.freejobalerts.guru"
129.227.97.104 - - [19/Feb/2025:03:44:20 +0530] "GET / HTTP/2" 200 11988 "-" "Mozilla/5.0 (iPhone; CPU iPhone OS 18_1_1 like Mac OS X) AppleWebKit/605.1.15 (KHTML, like Gecko) Version/18.1.1 Mobile/15E148 Safari/604.1"
2a06:98c0:3600::103 - - [19/Feb/2025:03:51:37 +0530] "GET /wp-admin/setup-config.php HTTP/1.1" 409 1041 "-" "Mozilla/5.0 (Windows NT 10.0; Win64; x64) AppleWebKit/537.36 (KHTML, like Gecko) Chrome/133.0.0.0 Safari/537.36"
162.55.100.32 - - [19/Feb/2025:04:53:11 +0530] "POST /wp-cron.php?doing_wp_cron=1739920991.1020989418029785156250 HTTP/1.1" 200 0 "-" "WordPress/6.7.2; https://www.freejobalerts.guru"
162.55.100.32 - - [19/Feb/2025:05:01:46 +0530] "POST /wp-cron.php?doing_wp_cron=1739921506.4649550914764404296875 HTTP/1.1" 200 0 "-" "WordPress/6.7.2; https://www.freejobalerts.guru"
139.59.248.197 - - [19/Feb/2025:05:05:14 +0530] "POST /wp-login.php HTTP/1.1" 200 5955 "-" "Mozilla/5.0"
185.247.137.25 - - [19/Feb/2025:05:06:53 +0530] "GET / HTTP/1.1" 200 13256 "https://freejobalerts.guru" "Mozilla/5.0 (compatible; InternetMeasurement/1.0; +https://internet-measurement.com/)"
162.55.100.32 - - [19/Feb/2025:05:26:36 +0530] "POST /wp-cron.php?doing_wp_cron=1739922996.6224379539489746093750 HTTP/1.1" 200 0 "-" "WordPress/6.7.2; https://www.freejobalerts.guru"
2a06:98c0:3600::103 - - [19/Feb/2025:05:26:55 +0530] "GET /wordpress/wp-admin/setup-config.php HTTP/1.1" 301 0 "-" "Mozilla/5.0 (Windows NT 10.0; Win64; x64) AppleWebKit/537.36 (KHTML, like Gecko) Chrome/133.0.0.0 Safari/537.36"
162.55.100.32 - - [19/Feb/2025:05:35:05 +0530] "POST /wp-cron.php?doing_wp_cron=1739923505.8708279132843017578125 HTTP/1.1" 200 0 "-" "WordPress/6.7.2; https://www.freejobalerts.guru"
162.55.100.32 - - [19/Feb/2025:06:11:52 +0530] "POST /wp-cron.php?doing_wp_cron=1739925712.4750421047210693359375 HTTP/1.1" 200 0 "-" "WordPress/6.7.2; https://www.freejobalerts.guru"
162.55.100.32 - - [19/Feb/2025:05:33:38 +0530] "POST /wp-cron.php?doing_wp_cron=1739923418.0706810951232910156250 HTTP/1.1" 200 0 "-" "WordPress/6.7.2; https://www.freejobalerts.guru"
2a06:98c0:3600::103 - - [19/Feb/2025:05:51:39 +0530] "GET /wordpress/wp-admin/setup-config.php HTTP/1.1" 301 0 "-" "Mozilla/5.0 (Windows NT 10.0; Win64; x64) AppleWebKit/537.36 (KHTML, like Gecko) Chrome/133.0.0.0 Safari/537.36"
54.196.247.85 - - [19/Feb/2025:06:14:23 +0530] "GET / HTTP/1.1" 200 13258 "-" "Mozilla/5.0 (Linux; Android 7.0; LGUS997 Build/NRD90U) AppleWebKit/537.36 (KHTML, like Gecko) Chrome/59.0.3071.125 Mobile Safari/537.36"
139.59.248.197 - - [19/Feb/2025:05:26:36 +0530] "POST /wp-login.php HTTP/1.1" 200 5955 "-" "Mozilla/5.0"
139.59.248.197 - - [19/Feb/2025:05:30:42 +0530] "POST /wp-login.php HTTP/1.1" 200 5955 "-" "Mozilla/5.0"
162.55.100.32 - - [19/Feb/2025:05:36:32 +0530] "POST /wp-cron.php?doing_wp_cron=1739923592.8931400775909423828125 HTTP/1.1" 200 0 "-" "WordPress/6.7.2; https://www.freejobalerts.guru"
162.55.100.32 - - [19/Feb/2025:06:14:24 +0530] "POST /wp-cron.php?doing_wp_cron=1739925864.0481760501861572265625 HTTP/1.1" 200 0 "-" "WordPress/6.7.2; https://www.freejobalerts.guru"
2a06:98c0:3600::103 - - [19/Feb/2025:05:26:50 +0530] "GET /wp-admin/setup-config.php HTTP/1.1" 409 1041 "-" "Mozilla/5.0 (Windows NT 10.0; Win64; x64) AppleWebKit/537.36 (KHTML, like Gecko) Chrome/133.0.0.0 Safari/537.36"
2a06:98c0:3600::103 - - [19/Feb/2025:05:26:55 +0530] "GET /wordpress/wp-admin/setup-config.php HTTP/1.1" 404 9400 "-" "Mozilla/5.0 (Windows NT 10.0; Win64; x64) AppleWebKit/537.36 (KHTML, like Gecko) Chrome/133.0.0.0 Safari/537.36"
139.59.248.197 - - [19/Feb/2025:05:29:08 +0530] "POST /wp-login.php HTTP/1.1" 200 5955 "-" "Mozilla/5.0"
162.55.100.32 - - [19/Feb/2025:05:32:13 +0530] "POST /wp-cron.php?doing_wp_cron=1739923332.9867169857025146484375 HTTP/1.1" 200 0 "-" "WordPress/6.7.2; https://www.freejobalerts.guru"
139.59.248.197 - - [19/Feb/2025:05:33:37 +0530] "POST /wp-login.php HTTP/1.1" 200 5955 "-" "Mozilla/5.0"
54.196.247.85 - - [19/Feb/2025:06:14:23 +0530] "GET / HTTP/1.1" 200 13256 "-" "Mozilla/5.0 (X11; Linux i686; rv:43.0) Gecko/20100101 Firefox/43.0"
2a06:98c0:3600::103 - - [19/Feb/2025:06:17:11 +0530] "GET /wp-admin/setup-config.php HTTP/1.1" 409 1041 "-" "Mozilla/5.0 (Windows NT 10.0; Win64; x64) AppleWebKit/537.36 (KHTML, like Gecko) Chrome/133.0.0.0 Safari/537.36"
162.55.100.32 - - [19/Feb/2025:05:25:31 +0530] "POST /wp-cron.php?doing_wp_cron=1739922931.8145310878753662109375 HTTP/1.1" 200 0 "-" "WordPress/6.7.2; https://www.freejobalerts.guru"
162.55.100.32 - - [19/Feb/2025:05:27:39 +0530] "POST /wp-cron.php?doing_wp_cron=1739923059.8940300941467285156250 HTTP/1.1" 200 0 "-" "WordPress/6.7.2; https://www.freejobalerts.guru"
162.55.100.32 - - [19/Feb/2025:05:24:25 +0530] "POST /wp-cron.php?doing_wp_cron=1739922865.2114748954772949218750 HTTP/1.1" 200 0 "-" "WordPress/6.7.2; https://www.freejobalerts.guru"
139.59.248.197 - - [19/Feb/2025:05:27:39 +0530] "POST /wp-login.php HTTP/1.1" 200 5955 "-" "Mozilla/5.0"
162.55.100.32 - - [19/Feb/2025:05:30:42 +0530] "POST /wp-cron.php?doing_wp_cron=1739923242.7131919860839843750000 HTTP/1.1" 200 0 "-" "WordPress/6.7.2; https://www.freejobalerts.guru"
139.59.248.197 - - [19/Feb/2025:05:36:31 +0530] "POST /wp-login.php HTTP/1.1" 302 0 "-" "Mozilla/5.0"
162.55.100.32 - - [19/Feb/2025:06:17:21 +0530] "POST /wp-cron.php?doing_wp_cron=1739926041.4233710765838623046875 HTTP/1.1" 200 0 "-" "WordPress/6.7.2; https://www.freejobalerts.guru"
2a06:98c0:3600::103 - - [19/Feb/2025:06:17:20 +0530] "GET /wordpress/wp-admin/setup-config.php HTTP/1.1" 301 0 "-" "Mozilla/5.0 (Windows NT 10.0; Win64; x64) AppleWebKit/537.36 (KHTML, like Gecko) Chrome/133.0.0.0 Safari/537.36"
139.59.248.197 - - [19/Feb/2025:05:23:20 +0530] "POST /wp-login.php HTTP/1.1" 200 5955 "-" "Mozilla/5.0"
139.59.248.197 - - [19/Feb/2025:05:25:31 +0530] "POST /wp-login.php HTTP/1.1" 200 5955 "-" "Mozilla/5.0"
51.254.49.100 - - [19/Feb/2025:06:11:51 +0530] "GET / HTTP/1.1" 301 0 "-" "Mozilla/5.0 (X11; Ubuntu; Linux x86_64; rv:130.0) Gecko/20100101 Firefox/130.0"
162.55.100.32 - - [19/Feb/2025:05:23:20 +0530] "POST /wp-cron.php?doing_wp_cron=1739922800.1754159927368164062500 HTTP/1.1" 200 0 "-" "WordPress/6.7.2; https://www.freejobalerts.guru"
139.59.248.197 - - [19/Feb/2025:05:24:25 +0530] "POST /wp-login.php HTTP/1.1" 200 5955 "-" "Mozilla/5.0"
162.55.100.32 - - [19/Feb/2025:05:29:08 +0530] "POST /wp-cron.php?doing_wp_cron=1739923148.5837519168853759765625 HTTP/1.1" 200 0 "-" "WordPress/6.7.2; https://www.freejobalerts.guru"
139.59.248.197 - - [19/Feb/2025:05:32:12 +0530] "POST /wp-login.php HTTP/1.1" 200 5955 "-" "Mozilla/5.0"
139.59.248.197 - - [19/Feb/2025:05:35:04 +0530] "POST /wp-login.php HTTP/1.1" 200 5955 "-" "Mozilla/5.0"
162.55.100.32 - - [19/Feb/2025:05:51:47 +0530] "POST /wp-cron.php?doing_wp_cron=1739924507.6847341060638427734375 HTTP/1.1" 200 0 "-" "WordPress/6.7.2; https://www.freejobalerts.guru"
2a06:98c0:3600::103 - - [19/Feb/2025:06:17:21 +0530] "GET /wordpress/wp-admin/setup-config.php HTTP/1.1" 404 9362 "-" "Mozilla/5.0 (Windows NT 10.0; Win64; x64) AppleWebKit/537.36 (KHTML, like Gecko) Chrome/133.0.0.0 Safari/537.36"
162.55.100.32 - - [19/Feb/2025:06:42:06 +0530] "POST /wp-cron.php?doing_wp_cron=1739927526.2798390388488769531250 HTTP/1.1" 200 0 "-" "WordPress/6.7.2; https://www.freejobalerts.guru"
2a06:98c0:3600::103 - - [19/Feb/2025:06:42:06 +0530] "GET /wordpress/wp-admin/setup-config.php HTTP/1.1" 404 9413 "-" "Mozilla/5.0 (Windows NT 10.0; Win64; x64) AppleWebKit/537.36 (KHTML, like Gecko) Chrome/133.0.0.0 Safari/537.36"
162.55.100.32 - - [19/Feb/2025:06:52:50 +0530] "POST /wp-cron.php?doing_wp_cron=1739928170.5217111110687255859375 HTTP/1.1" 200 0 "-" "WordPress/6.7.2; https://www.freejobalerts.guru"
13.95.133.245 - - [19/Feb/2025:07:02:23 +0530] "GET / HTTP/1.1" 301 0 "-" "curl/8.6.0"
144.126.197.64 - - [19/Feb/2025:07:03:44 +0530] "GET /favicon.ico HTTP/1.1" 404 1251 "https://www.freejobalerts.sarkariyojanaguru.xyz/" "Mozilla/5.0 (compatible)"
103.192.174.55 - - [19/Feb/2025:07:04:16 +0530] "GET /wp-login.php HTTP/2" 200 1776 "-" "Mozilla/5.0 (Windows NT 10.0; Win64; x64) AppleWebKit/537.36 (KHTML, like Gecko) Chrome/132.0.0.0 Safari/537.36 Edg/132.0.0.0"
103.192.174.55 - - [19/Feb/2025:07:04:17 +0530] "GET /wp-admin/css/forms.min.css?ver=6.7.2 HTTP/2" 200 6387 "https://freejobalerts.guru/" "Mozilla/5.0 (Windows NT 10.0; Win64; x64) AppleWebKit/537.36 (KHTML, like Gecko) Chrome/132.0.0.0 Safari/537.36 Edg/132.0.0.0"
103.192.174.55 - - [19/Feb/2025:07:04:17 +0530] "GET /wp-admin/css/login.min.css?ver=6.7.2 HTTP/2" 200 1981 "https://freejobalerts.guru/" "Mozilla/5.0 (Windows NT 10.0; Win64; x64) AppleWebKit/537.36 (KHTML, like Gecko) Chrome/132.0.0.0 Safari/537.36 Edg/132.0.0.0"
103.192.174.55 - - [19/Feb/2025:07:04:17 +0530] "GET /wp-includes/css/buttons.min.css?ver=6.7.2 HTTP/2" 200 1275 "https://freejobalerts.guru/" "Mozilla/5.0 (Windows NT 10.0; Win64; x64) AppleWebKit/537.36 (KHTML, like Gecko) Chrome/132.0.0.0 Safari/537.36 Edg/132.0.0.0"
103.192.174.55 - - [19/Feb/2025:07:04:17 +0530] "GET /wp-includes/css/dashicons.min.css?ver=6.7.2 HTTP/2" 200 35110 "https://freejobalerts.guru/" "Mozilla/5.0 (Windows NT 10.0; Win64; x64) AppleWebKit/537.36 (KHTML, like Gecko) Chrome/132.0.0.0 Safari/537.36 Edg/132.0.0.0"
103.192.174.55 - - [19/Feb/2025:07:04:17 +0530] "GET /wp-admin/css/l10n.min.css?ver=6.7.2 HTTP/2" 200 675 "https://freejobalerts.guru/" "Mozilla/5.0 (Windows NT 10.0; Win64; x64) AppleWebKit/537.36 (KHTML, like Gecko) Chrome/132.0.0.0 Safari/537.36 Edg/132.0.0.0"
103.192.174.55 - - [19/Feb/2025:07:04:17 +0530] "GET /wp-includes/js/clipboard.min.js?ver=2.0.11 HTTP/2" 200 2989 "https://freejobalerts.guru/" "Mozilla/5.0 (Windows NT 10.0; Win64; x64) AppleWebKit/537.36 (KHTML, like Gecko) Chrome/132.0.0.0 Safari/537.36 Edg/132.0.0.0"
103.192.174.55 - - [19/Feb/2025:07:04:17 +0530] "GET /wp-includes/js/jquery/jquery-migrate.min.js?ver=3.4.1 HTTP/2" 200 4678 "https://freejobalerts.guru/" "Mozilla/5.0 (Windows NT 10.0; Win64; x64) AppleWebKit/537.36 (KHTML, like Gecko) Chrome/132.0.0.0 Safari/537.36 Edg/132.0.0.0"
103.192.174.55 - - [19/Feb/2025:07:04:17 +0530] "GET /wp-includes/js/zxcvbn-async.min.js?ver=1.0 HTTP/2" 200 187 "https://freejobalerts.guru/" "Mozilla/5.0 (Windows NT 10.0; Win64; x64) AppleWebKit/537.36 (KHTML, like Gecko) Chrome/132.0.0.0 Safari/537.36 Edg/132.0.0.0"
103.192.174.55 - - [19/Feb/2025:07:04:17 +0530] "GET /wp-includes/js/dist/hooks.min.js?ver=4d63a3d491d11ffd8ac6 HTTP/2" 200 1571 "https://freejobalerts.guru/" "Mozilla/5.0 (Windows NT 10.0; Win64; x64) AppleWebKit/537.36 (KHTML, like Gecko) Chrome/132.0.0.0 Safari/537.36 Edg/132.0.0.0"
103.192.174.55 - - [19/Feb/2025:07:04:17 +0530] "GET /wp-includes/js/jquery/jquery.min.js?ver=3.7.1 HTTP/2" 200 29744 "https://freejobalerts.guru/" "Mozilla/5.0 (Windows NT 10.0; Win64; x64) AppleWebKit/537.36 (KHTML, like Gecko) Chrome/132.0.0.0 Safari/537.36 Edg/132.0.0.0"
103.192.174.55 - - [19/Feb/2025:07:04:17 +0530] "GET /wp-includes/js/dist/i18n.min.js?ver=5e580eb46a90c2b997e6 HTTP/2" 200 3542 "https://freejobalerts.guru/" "Mozilla/5.0 (Windows NT 10.0; Win64; x64) AppleWebKit/537.36 (KHTML, like Gecko) Chrome/132.0.0.0 Safari/537.36 Edg/132.0.0.0"
103.192.174.55 - - [19/Feb/2025:07:04:17 +0530] "GET /wp-admin/js/password-strength-meter.min.js?ver=6.7.2 HTTP/2" 200 558 "https://freejobalerts.guru/" "Mozilla/5.0 (Windows NT 10.0; Win64; x64) AppleWebKit/537.36 (KHTML, like Gecko) Chrome/132.0.0.0 Safari/537.36 Edg/132.0.0.0"
103.192.174.55 - - [19/Feb/2025:07:04:17 +0530] "GET /wp-includes/js/underscore.min.js?ver=1.13.7 HTTP/2" 200 7197 "https://freejobalerts.guru/" "Mozilla/5.0 (Windows NT 10.0; Win64; x64) AppleWebKit/537.36 (KHTML, like Gecko) Chrome/132.0.0.0 Safari/537.36 Edg/132.0.0.0"
103.192.174.55 - - [19/Feb/2025:07:04:17 +0530] "GET /wp-includes/js/wp-util.min.js?ver=6.7.2 HTTP/2" 200 690 "https://freejobalerts.guru/" "Mozilla/5.0 (Windows NT 10.0; Win64; x64) AppleWebKit/537.36 (KHTML, like Gecko) Chrome/132.0.0.0 Safari/537.36 Edg/132.0.0.0"
103.192.174.55 - - [19/Feb/2025:07:04:17 +0530] "GET /wp-includes/js/dist/dom-ready.min.js?ver=f77871ff7694fffea381 HTTP/2" 200 275 "https://freejobalerts.guru/" "Mozilla/5.0 (Windows NT 10.0; Win64; x64) AppleWebKit/537.36 (KHTML, like Gecko) Chrome/132.0.0.0 Safari/537.36 Edg/132.0.0.0"
103.192.174.55 - - [19/Feb/2025:07:04:17 +0530] "GET /wp-includes/js/dist/a11y.min.js?ver=3156534cc54473497e14 HTTP/2" 200 827 "https://freejobalerts.guru/" "Mozilla/5.0 (Windows NT 10.0; Win64; x64) AppleWebKit/537.36 (KHTML, like Gecko) Chrome/132.0.0.0 Safari/537.36 Edg/132.0.0.0"
103.192.174.55 - - [19/Feb/2025:07:04:17 +0530] "GET /wp-admin/js/user-profile.min.js?ver=6.7.2 HTTP/2" 200 2388 "https://freejobalerts.guru/" "Mozilla/5.0 (Windows NT 10.0; Win64; x64) AppleWebKit/537.36 (KHTML, like Gecko) Chrome/132.0.0.0 Safari/537.36 Edg/132.0.0.0"
103.192.174.55 - - [19/Feb/2025:07:04:18 +0530] "GET /wp-admin/images/wordpress-logo.svg?ver=20131107 HTTP/2" 200 759 "https://www.freejobalerts.guru/" "Mozilla/5.0 (Windows NT 10.0; Win64; x64) AppleWebKit/537.36 (KHTML, like Gecko) Chrome/132.0.0.0 Safari/537.36 Edg/132.0.0.0"
103.192.174.55 - - [19/Feb/2025:07:04:18 +0530] "GET /favicon.ico HTTP/2" 404 1251 "https://freejobalerts.guru/wp-login.php" "Mozilla/5.0 (Windows NT 10.0; Win64; x64) AppleWebKit/537.36 (KHTML, like Gecko) Chrome/132.0.0.0 Safari/537.36 Edg/132.0.0.0"
103.192.174.55 - - [19/Feb/2025:07:04:18 +0530] "GET /wp-includes/js/zxcvbn.min.js HTTP/2" 200 389493 "https://freejobalerts.guru/" "Mozilla/5.0 (Windows NT 10.0; Win64; x64) AppleWebKit/537.36 (KHTML, like Gecko) Chrome/132.0.0.0 Safari/537.36 Edg/132.0.0.0"
103.192.174.55 - - [19/Feb/2025:07:04:52 +0530] "POST /wp-login.php HTTP/2" 200 1926 "https://freejobalerts.guru/" "Mozilla/5.0 (Windows NT 10.0; Win64; x64) AppleWebKit/537.36 (KHTML, like Gecko) Chrome/132.0.0.0 Safari/537.36 Edg/132.0.0.0"
103.192.174.55 - - [19/Feb/2025:07:04:53 +0530] "GET /favicon.ico HTTP/2" 404 1251 "https://www.freejobalerts.guru/wp-login.php" "Mozilla/5.0 (Windows NT 10.0; Win64; x64) AppleWebKit/537.36 (KHTML, like Gecko) Chrome/132.0.0.0 Safari/537.36 Edg/132.0.0.0"
