103.192.174.55 - - [19/Feb/2025:07:24:52 +0530] "GET /wp-content/plugins/seo-by-rank-math/assets/admin/css/cmb2.css?ver=1.0.238 HTTP/1.1" 200 3267 "https://www.freejobalerts.guru/wp-admin/profile.php" "Mozilla/5.0 (Windows NT 10.0; Win64; x64) AppleWebKit/537.36 (KHTML, like Gecko) Chrome/132.0.0.0 Safari/537.36 Edg/132.0.0.0"
103.192.174.55 - - [19/Feb/2025:07:24:52 +0530] "GET /wp-content/plugins/seo-by-rank-math/assets/admin/css/metabox.css?ver=1.0.238 HTTP/1.1" 200 2275 "https://www.freejobalerts.guru/wp-admin/profile.php" "Mozilla/5.0 (Windows NT 10.0; Win64; x64) AppleWebKit/537.36 (KHTML, like Gecko) Chrome/132.0.0.0 Safari/537.36 Edg/132.0.0.0"
103.192.174.55 - - [19/Feb/2025:07:24:52 +0530] "GET /wp-content/plugins/seo-by-rank-math/assets/admin/css/common.css?ver=1.0.238 HTTP/1.1" 200 7591 "https://www.freejobalerts.guru/wp-admin/profile.php" "Mozilla/5.0 (Windows NT 10.0; Win64; x64) AppleWebKit/537.36 (KHTML, like Gecko) Chrome/132.0.0.0 Safari/537.36 Edg/132.0.0.0"
103.192.174.55 - - [19/Feb/2025:07:24:52 +0530] "GET /wp-content/plugins/seo-by-rank-math/assets/admin/css/gutenberg.css?ver=1.0.238 HTTP/1.1" 200 14673 "https://www.freejobalerts.guru/wp-admin/profile.php" "Mozilla/5.0 (Windows NT 10.0; Win64; x64) AppleWebKit/537.36 (KHTML, like Gecko) Chrome/132.0.0.0 Safari/537.36 Edg/132.0.0.0"
103.192.174.55 - - [19/Feb/2025:07:24:52 +0530] "GET /wp-admin/load-styles.php?c=1&dir=ltr&load%5Bchunk_0%5D=dashicons,admin-bar,common,forms,admin-menu,dashboard,list-tables,edit,revisions,media,themes,about,nav-menus,wp-pointer,widgets&load%5Bchunk_1%5D=,site-icon,l10n,buttons,wp-auth-check,media-views,wp-components&ver=6.7.2 HTTP/1.1" 200 124848 "https://www.freejobalerts.guru/wp-admin/profile.php" "Mozilla/5.0 (Windows NT 10.0; Win64; x64) AppleWebKit/537.36 (KHTML, like Gecko) Chrome/132.0.0.0 Safari/537.36 Edg/132.0.0.0"
103.192.174.55 - - [19/Feb/2025:07:24:52 +0530] "GET /wp-admin/load-scripts.php?c=1&load%5Bchunk_0%5D=jquery-core,jquery-migrate,utils,zxcvbn-async,moxiejs,plupload&ver=6.7.2 HTTP/1.1" 200 69147 "https://www.freejobalerts.guru/wp-admin/profile.php" "Mozilla/5.0 (Windows NT 10.0; Win64; x64) AppleWebKit/537.36 (KHTML, like Gecko) Chrome/132.0.0.0 Safari/537.36 Edg/132.0.0.0"
103.192.174.55 - - [19/Feb/2025:07:24:51 +0530] "GET /wp-admin/profile.php HTTP/1.1" 200 49304 "-" "Mozilla/5.0 (Windows NT 10.0; Win64; x64) AppleWebKit/537.36 (KHTML, like Gecko) Chrome/132.0.0.0 Safari/537.36 Edg/132.0.0.0"
103.192.174.55 - - [19/Feb/2025:07:24:52 +0530] "GET /wp-admin/js/application-passwords.min.js?ver=6.7.2 HTTP/1.1" 200 999 "https://www.freejobalerts.guru/wp-admin/profile.php" "Mozilla/5.0 (Windows NT 10.0; Win64; x64) AppleWebKit/537.36 (KHTML, like Gecko) Chrome/132.0.0.0 Safari/537.36 Edg/132.0.0.0"
103.192.174.55 - - [19/Feb/2025:07:24:52 +0530] "GET /wp-includes/js/backbone.min.js?ver=1.6.0 HTTP/1.1" 200 7826 "https://www.freejobalerts.guru/wp-admin/profile.php" "Mozilla/5.0 (Windows NT 10.0; Win64; x64) AppleWebKit/537.36 (KHTML, like Gecko) Chrome/132.0.0.0 Safari/537.36 Edg/132.0.0.0"
103.192.174.55 - - [19/Feb/2025:07:24:53 +0530] "GET /wp-includes/js/wp-backbone.min.js?ver=6.7.2 HTTP/1.1" 200 1086 "https://www.freejobalerts.guru/wp-admin/profile.php" "Mozilla/5.0 (Windows NT 10.0; Win64; x64) AppleWebKit/537.36 (KHTML, like Gecko) Chrome/132.0.0.0 Safari/537.36 Edg/132.0.0.0"
103.192.174.55 - - [19/Feb/2025:07:24:53 +0530] "GET /wp-includes/js/media-models.min.js?ver=6.7.2 HTTP/1.1" 200 3979 "https://www.freejobalerts.guru/wp-admin/profile.php" "Mozilla/5.0 (Windows NT 10.0; Win64; x64) AppleWebKit/537.36 (KHTML, like Gecko) Chrome/132.0.0.0 Safari/537.36 Edg/132.0.0.0"
103.192.174.55 - - [19/Feb/2025:07:24:53 +0530] "GET /wp-includes/js/plupload/wp-plupload.min.js?ver=6.7.2 HTTP/1.1" 200 2184 "https://www.freejobalerts.guru/wp-admin/profile.php" "Mozilla/5.0 (Windows NT 10.0; Win64; x64) AppleWebKit/537.36 (KHTML, like Gecko) Chrome/132.0.0.0 Safari/537.36 Edg/132.0.0.0"
103.192.174.55 - - [19/Feb/2025:07:24:53 +0530] "GET /wp-includes/js/mediaelement/mediaelement-and-player.min.js?ver=4.2.17 HTTP/1.1" 200 36433 "https://www.freejobalerts.guru/wp-admin/profile.php" "Mozilla/5.0 (Windows NT 10.0; Win64; x64) AppleWebKit/537.36 (KHTML, like Gecko) Chrome/132.0.0.0 Safari/537.36 Edg/132.0.0.0"
103.192.174.55 - - [19/Feb/2025:07:24:53 +0530] "GET /wp-includes/js/mediaelement/mediaelement-migrate.min.js?ver=6.7.2 HTTP/1.1" 200 479 "https://www.freejobalerts.guru/wp-admin/profile.php" "Mozilla/5.0 (Windows NT 10.0; Win64; x64) AppleWebKit/537.36 (KHTML, like Gecko) Chrome/132.0.0.0 Safari/537.36 Edg/132.0.0.0"
103.192.174.55 - - [19/Feb/2025:07:24:53 +0530] "GET /wp-includes/js/mediaelement/wp-mediaelement.min.js?ver=6.7.2 HTTP/1.1" 200 453 "https://www.freejobalerts.guru/wp-admin/profile.php" "Mozilla/5.0 (Windows NT 10.0; Win64; x64) AppleWebKit/537.36 (KHTML, like Gecko) Chrome/132.0.0.0 Safari/537.36 Edg/132.0.0.0"
103.192.174.55 - - [19/Feb/2025:07:24:53 +0530] "GET /wp-includes/js/media-views.min.js?ver=6.7.2 HTTP/1.1" 200 24972 "https://www.freejobalerts.guru/wp-admin/profile.php" "Mozilla/5.0 (Windows NT 10.0; Win64; x64) AppleWebKit/537.36 (KHTML, like Gecko) Chrome/132.0.0.0 Safari/537.36 Edg/132.0.0.0"
103.192.174.55 - - [19/Feb/2025:07:24:53 +0530] "GET /wp-includes/js/media-editor.min.js?ver=6.7.2 HTTP/1.1" 200 3457 "https://www.freejobalerts.guru/wp-admin/profile.php" "Mozilla/5.0 (Windows NT 10.0; Win64; x64) AppleWebKit/537.36 (KHTML, like Gecko) Chrome/132.0.0.0 Safari/537.36 Edg/132.0.0.0"
103.192.174.55 - - [19/Feb/2025:07:24:53 +0530] "GET /wp-includes/js/media-audiovideo.min.js?ver=6.7.2 HTTP/1.1" 200 3156 "https://www.freejobalerts.guru/wp-admin/profile.php" "Mozilla/5.0 (Windows NT 10.0; Win64; x64) AppleWebKit/537.36 (KHTML, like Gecko) Chrome/132.0.0.0 Safari/537.36 Edg/132.0.0.0"
103.192.174.55 - - [19/Feb/2025:07:24:53 +0530] "GET /wp-includes/js/mce-view.min.js?ver=6.7.2 HTTP/1.1" 200 3437 "https://www.freejobalerts.guru/wp-admin/profile.php" "Mozilla/5.0 (Windows NT 10.0; Win64; x64) AppleWebKit/537.36 (KHTML, like Gecko) Chrome/132.0.0.0 Safari/537.36 Edg/132.0.0.0"
103.192.174.55 - - [19/Feb/2025:07:24:53 +0530] "GET /wp-includes/js/imgareaselect/jquery.imgareaselect.min.js?ver=6.7.2 HTTP/1.1" 200 3588 "https://www.freejobalerts.guru/wp-admin/profile.php" "Mozilla/5.0 (Windows NT 10.0; Win64; x64) AppleWebKit/537.36 (KHTML, like Gecko) Chrome/132.0.0.0 Safari/537.36 Edg/132.0.0.0"
103.192.174.55 - - [19/Feb/2025:07:24:53 +0530] "GET /wp-admin/js/image-edit.min.js?ver=6.7.2 HTTP/1.1" 200 4491 "https://www.freejobalerts.guru/wp-admin/profile.php" "Mozilla/5.0 (Windows NT 10.0; Win64; x64) AppleWebKit/537.36 (KHTML, like Gecko) Chrome/132.0.0.0 Safari/537.36 Edg/132.0.0.0"
103.192.174.55 - - [19/Feb/2025:07:24:54 +0530] "GET /wp-includes/js/dist/api-fetch.min.js?ver=d387b816bc1ed2042e28 HTTP/1.1" 200 2213 "https://www.freejobalerts.guru/wp-admin/profile.php" "Mozilla/5.0 (Windows NT 10.0; Win64; x64) AppleWebKit/537.36 (KHTML, like Gecko) Chrome/132.0.0.0 Safari/537.36 Edg/132.0.0.0"
103.192.174.55 - - [19/Feb/2025:07:24:54 +0530] "GET /wp-includes/js/dist/blob.min.js?ver=9113eed771d446f4a556 HTTP/1.1" 200 505 "https://www.freejobalerts.guru/wp-admin/profile.php" "Mozilla/5.0 (Windows NT 10.0; Win64; x64) AppleWebKit/537.36 (KHTML, like Gecko) Chrome/132.0.0.0 Safari/537.36 Edg/132.0.0.0"
103.192.174.55 - - [19/Feb/2025:07:24:54 +0530] "GET /wp-includes/js/dist/media-utils.min.js?ver=e10cc6bfcff4fe474479 HTTP/1.1" 200 3023 "https://www.freejobalerts.guru/wp-admin/profile.php" "Mozilla/5.0 (Windows NT 10.0; Win64; x64) AppleWebKit/537.36 (KHTML, like Gecko) Chrome/132.0.0.0 Safari/537.36 Edg/132.0.0.0"
103.192.174.55 - - [19/Feb/2025:07:24:54 +0530] "GET /wp-content/plugins/seo-by-rank-math/assets/admin/js/common.js?ver=1.0.238 HTTP/1.1" 200 8244 "https://www.freejobalerts.guru/wp-admin/profile.php" "Mozilla/5.0 (Windows NT 10.0; Win64; x64) AppleWebKit/537.36 (KHTML, like Gecko) Chrome/132.0.0.0 Safari/537.36 Edg/132.0.0.0"
103.192.174.55 - - [19/Feb/2025:07:24:54 +0530] "GET /wp-includes/js/dist/autop.min.js?ver=9fb50649848277dd318d HTTP/1.1" 200 2009 "https://www.freejobalerts.guru/wp-admin/profile.php" "Mozilla/5.0 (Windows NT 10.0; Win64; x64) AppleWebKit/537.36 (KHTML, like Gecko) Chrome/132.0.0.0 Safari/537.36 Edg/132.0.0.0"
103.192.174.55 - - [19/Feb/2025:07:24:54 +0530] "GET /wp-includes/js/dist/wordcount.min.js?ver=55d8c2bf3dc99e7ea5ec HTTP/1.1" 200 939 "https://www.freejobalerts.guru/wp-admin/profile.php" "Mozilla/5.0 (Windows NT 10.0; Win64; x64) AppleWebKit/537.36 (KHTML, like Gecko) Chrome/132.0.0.0 Safari/537.36 Edg/132.0.0.0"
103.192.174.55 - - [19/Feb/2025:07:24:54 +0530] "GET /wp-includes/js/dist/block-serialization-default-parser.min.js?ver=14d44daebf663d05d330 HTTP/1.1" 200 1053 "https://www.freejobalerts.guru/wp-admin/profile.php" "Mozilla/5.0 (Windows NT 10.0; Win64; x64) AppleWebKit/537.36 (KHTML, like Gecko) Chrome/132.0.0.0 Safari/537.36 Edg/132.0.0.0"
103.192.174.55 - - [19/Feb/2025:07:24:54 +0530] "GET /wp-content/plugins/seo-by-rank-math/assets/admin/js/analyzer.js?ver=1.0.238 HTTP/1.1" 200 84563 "https://www.freejobalerts.guru/wp-admin/profile.php" "Mozilla/5.0 (Windows NT 10.0; Win64; x64) AppleWebKit/537.36 (KHTML, like Gecko) Chrome/132.0.0.0 Safari/537.36 Edg/132.0.0.0"
103.192.174.55 - - [19/Feb/2025:07:24:54 +0530] "GET /wp-includes/js/dist/shortcode.min.js?ver=b7747eee0efafd2f0c3b HTTP/1.1" 200 1328 "https://www.freejobalerts.guru/wp-admin/profile.php" "Mozilla/5.0 (Windows NT 10.0; Win64; x64) AppleWebKit/537.36 (KHTML, like Gecko) Chrome/132.0.0.0 Safari/537.36 Edg/132.0.0.0"
103.192.174.55 - - [19/Feb/2025:07:24:55 +0530] "GET /wp-includes/js/dist/keyboard-shortcuts.min.js?ver=32686e58e84193ce808b HTTP/1.1" 200 1232 "https://www.freejobalerts.guru/wp-admin/profile.php" "Mozilla/5.0 (Windows NT 10.0; Win64; x64) AppleWebKit/537.36 (KHTML, like Gecko) Chrome/132.0.0.0 Safari/537.36 Edg/132.0.0.0"
103.192.174.55 - - [19/Feb/2025:07:24:55 +0530] "GET /wp-includes/js/dist/notices.min.js?ver=673a68a7ac2f556ed50b HTTP/1.1" 200 876 "https://www.freejobalerts.guru/wp-admin/profile.php" "Mozilla/5.0 (Windows NT 10.0; Win64; x64) AppleWebKit/537.36 (KHTML, like Gecko) Chrome/132.0.0.0 Safari/537.36 Edg/132.0.0.0"
103.192.174.55 - - [19/Feb/2025:07:24:55 +0530] "GET /wp-includes/js/dist/token-list.min.js?ver=3b5f5dcfde830ecef24f HTTP/1.1" 200 520 "https://www.freejobalerts.guru/wp-admin/profile.php" "Mozilla/5.0 (Windows NT 10.0; Win64; x64) AppleWebKit/537.36 (KHTML, like Gecko) Chrome/132.0.0.0 Safari/537.36 Edg/132.0.0.0"
103.192.174.55 - - [19/Feb/2025:07:24:55 +0530] "POST /wp-admin/admin-ajax.php HTTP/1.1" 200 51 "https://www.freejobalerts.guru/wp-admin/profile.php" "Mozilla/5.0 (Windows NT 10.0; Win64; x64) AppleWebKit/537.36 (KHTML, like Gecko) Chrome/132.0.0.0 Safari/537.36 Edg/132.0.0.0"
103.192.174.55 - - [19/Feb/2025:07:24:55 +0530] "GET /wp-includes/js/dist/blocks.min.js?ver=8474af4b6260126fa879 HTTP/1.1" 200 50846 "https://www.freejobalerts.guru/wp-admin/profile.php" "Mozilla/5.0 (Windows NT 10.0; Win64; x64) AppleWebKit/537.36 (KHTML, like Gecko) Chrome/132.0.0.0 Safari/537.36 Edg/132.0.0.0"
103.192.174.55 - - [19/Feb/2025:07:24:55 +0530] "GET /wp-includes/js/dist/commands.min.js?ver=33b90579e9a6d83ac03b HTTP/1.1" 200 15895 "https://www.freejobalerts.guru/wp-admin/profile.php" "Mozilla/5.0 (Windows NT 10.0; Win64; x64) AppleWebKit/537.36 (KHTML, like Gecko) Chrome/132.0.0.0 Safari/537.36 Edg/132.0.0.0"
103.192.174.55 - - [19/Feb/2025:07:24:55 +0530] "GET /wp-includes/js/dist/preferences-persistence.min.js?ver=9307a8c9e3254140a223 HTTP/1.1" 200 1963 "https://www.freejobalerts.guru/wp-admin/profile.php" "Mozilla/5.0 (Windows NT 10.0; Win64; x64) AppleWebKit/537.36 (KHTML, like Gecko) Chrome/132.0.0.0 Safari/537.36 Edg/132.0.0.0"
103.192.174.55 - - [19/Feb/2025:07:24:55 +0530] "GET /wp-includes/js/dist/preferences.min.js?ver=945c6cbfe821b3070047 HTTP/1.1" 200 2719 "https://www.freejobalerts.guru/wp-admin/profile.php" "Mozilla/5.0 (Windows NT 10.0; Win64; x64) AppleWebKit/537.36 (KHTML, like Gecko) Chrome/132.0.0.0 Safari/537.36 Edg/132.0.0.0"
103.192.174.55 - - [19/Feb/2025:07:24:55 +0530] "GET /wp-includes/js/dist/style-engine.min.js?ver=08cc10e9532531e22456 HTTP/1.1" 200 1946 "https://www.freejobalerts.guru/wp-admin/profile.php" "Mozilla/5.0 (Windows NT 10.0; Win64; x64) AppleWebKit/537.36 (KHTML, like Gecko) Chrome/132.0.0.0 Safari/537.36 Edg/132.0.0.0"
103.192.174.55 - - [19/Feb/2025:07:24:55 +0530] "GET /wp-includes/js/dist/block-editor.min.js?ver=f231d517e98fd9d2c4e5 HTTP/1.1" 200 244478 "https://www.freejobalerts.guru/wp-admin/profile.php" "Mozilla/5.0 (Windows NT 10.0; Win64; x64) AppleWebKit/537.36 (KHTML, like Gecko) Chrome/132.0.0.0 Safari/537.36 Edg/132.0.0.0"
103.192.174.55 - - [19/Feb/2025:07:24:55 +0530] "GET /wp-content/plugins/seo-by-rank-math/assets/admin/js/rank-math-app.js?ver=1.0.238 HTTP/1.1" 200 42188 "https://www.freejobalerts.guru/wp-admin/profile.php" "Mozilla/5.0 (Windows NT 10.0; Win64; x64) AppleWebKit/537.36 (KHTML, like Gecko) Chrome/132.0.0.0 Safari/537.36 Edg/132.0.0.0"
103.192.174.55 - - [19/Feb/2025:07:24:55 +0530] "GET /wp-content/plugins/seo-by-rank-math/assets/admin/js/classic.js?ver=1.0.238 HTTP/1.1" 200 17897 "https://www.freejobalerts.guru/wp-admin/profile.php" "Mozilla/5.0 (Windows NT 10.0; Win64; x64) AppleWebKit/537.36 (KHTML, like Gecko) Chrome/132.0.0.0 Safari/537.36 Edg/132.0.0.0"
103.192.174.55 - - [19/Feb/2025:07:25:05 +0530] "GET /wp-content/plugins/seo-by-rank-math/assets/admin/fonts/Rank-Math.ttf?v1.0.94 HTTP/1.1" 200 18496 "https://www.freejobalerts.guru/wp-content/plugins/seo-by-rank-math/assets/admin/css/common.css?ver=1.0.238" "Mozilla/5.0 (Windows NT 10.0; Win64; x64) AppleWebKit/537.36 (KHTML, like Gecko) Chrome/132.0.0.0 Safari/537.36 Edg/132.0.0.0"
103.192.174.55 - - [19/Feb/2025:07:21:25 +0530] "POST /wp-admin/admin-ajax.php HTTP/1.1" 200 51 "https://www.freejobalerts.guru/wp-admin/plugins.php?plugin_status=all&paged=1&s" "Mozilla/5.0 (Windows NT 10.0; Win64; x64) AppleWebKit/537.36 (KHTML, like Gecko) Chrome/132.0.0.0 Safari/537.36 Edg/132.0.0.0"
103.192.174.55 - - [19/Feb/2025:07:24:11 +0530] "GET /favicon.ico HTTP/1.1" 404 1251 "-" "ddg_win"
103.192.174.55 - - [19/Feb/2025:07:24:32 +0530] "GET /wp-admin/mie.php?img=favicon HTTP/1.1" 200 568 "-" "ddg_win/0.99.5.0"
103.192.174.55 - - [19/Feb/2025:07:25:11 +0530] "GET /favicon.ico HTTP/1.1" 404 1251 "-" "ddg_win"
103.192.174.55 - - [19/Feb/2025:07:25:12 +0530] "GET /favicon.ico HTTP/1.1" 404 1251 "-" "ddg_win"
23.111.114.116 - - [19/Feb/2025:07:25:32 +0530] "GET / HTTP/2" 301 0 "-" "Mozilla/5.0 (Linux; Android 7.0; Micromax Q440 Build/NRD90M; wv) AppleWebKit/537.36 (KHTML, like Gecko) Version/4.0 Chrome/74.0.3729.157 Mobile Safari/537.36"
23.111.114.116 - - [19/Feb/2025:07:25:32 +0530] "GET / HTTP/2" 200 11950 "-" "Mozilla/5.0 (Linux; Android 7.0; Micromax Q440 Build/NRD90M; wv) AppleWebKit/537.36 (KHTML, like Gecko) Version/4.0 Chrome/74.0.3729.157 Mobile Safari/537.36"
23.111.114.116 - - [19/Feb/2025:07:25:32 +0530] "GET /wp-includes/css/dist/block-library/style.min.css?ver=6.7.2 HTTP/2" 200 14225 "https://www.freejobalerts.guru/" "Mozilla/5.0 (Linux; Android 7.0; Micromax Q440 Build/NRD90M; wv) AppleWebKit/537.36 (KHTML, like Gecko) Version/4.0 Chrome/74.0.3729.157 Mobile Safari/537.36"
23.111.114.116 - - [19/Feb/2025:07:25:32 +0530] "GET /wp-content/plugins/contact-form-7/includes/css/styles.css?ver=6.0.3 HTTP/2" 200 890 "https://www.freejobalerts.guru/" "Mozilla/5.0 (Linux; Android 7.0; Micromax Q440 Build/NRD90M; wv) AppleWebKit/537.36 (KHTML, like Gecko) Version/4.0 Chrome/74.0.3729.157 Mobile Safari/537.36"
23.111.114.116 - - [19/Feb/2025:07:25:32 +0530] "GET /wp-content/plugins/related-posts-thumbnails/assets/css/front.css?ver=4.2.1 HTTP/2" 200 1088 "https://www.freejobalerts.guru/" "Mozilla/5.0 (Linux; Android 7.0; Micromax Q440 Build/NRD90M; wv) AppleWebKit/537.36 (KHTML, like Gecko) Version/4.0 Chrome/74.0.3729.157 Mobile Safari/537.36"
23.111.114.116 - - [19/Feb/2025:07:25:32 +0530] "GET /wp-content/plugins/contextual-related-posts/css/rounded-thumbs.min.css?ver=3.6.2 HTTP/2" 200 348 "https://www.freejobalerts.guru/" "Mozilla/5.0 (Linux; Android 7.0; Micromax Q440 Build/NRD90M; wv) AppleWebKit/537.36 (KHTML, like Gecko) Version/4.0 Chrome/74.0.3729.157 Mobile Safari/537.36"
23.111.114.116 - - [19/Feb/2025:07:25:32 +0530] "GET /wp-content/themes/generatepress/assets/css/main.min.css?ver=3.5.1 HTTP/2" 200 4410 "https://www.freejobalerts.guru/" "Mozilla/5.0 (Linux; Android 7.0; Micromax Q440 Build/NRD90M; wv) AppleWebKit/537.36 (KHTML, like Gecko) Version/4.0 Chrome/74.0.3729.157 Mobile Safari/537.36"
23.111.114.116 - - [19/Feb/2025:07:25:32 +0530] "GET /wp-content/plugins/gp-premium/blog/functions/css/style.min.css?ver=2.0.2 HTTP/2" 200 1020 "https://www.freejobalerts.guru/" "Mozilla/5.0 (Linux; Android 7.0; Micromax Q440 Build/NRD90M; wv) AppleWebKit/537.36 (KHTML, like Gecko) Version/4.0 Chrome/74.0.3729.157 Mobile Safari/537.36"
23.111.114.116 - - [19/Feb/2025:07:25:32 +0530] "GET /wp-content/uploads/2025/02/image-4-768x422.jpeg HTTP/2" 200 64115 "https://www.freejobalerts.guru/" "Mozilla/5.0 (Linux; Android 7.0; Micromax Q440 Build/NRD90M; wv) AppleWebKit/537.36 (KHTML, like Gecko) Version/4.0 Chrome/74.0.3729.157 Mobile Safari/537.36"
23.111.114.116 - - [19/Feb/2025:07:25:32 +0530] "GET /wp-content/uploads/2025/02/sd-sdsdfs.png HTTP/2" 200 25553 "https://www.freejobalerts.guru/" "Mozilla/5.0 (Linux; Android 7.0; Micromax Q440 Build/NRD90M; wv) AppleWebKit/537.36 (KHTML, like Gecko) Version/4.0 Chrome/74.0.3729.157 Mobile Safari/537.36"
23.111.114.116 - - [19/Feb/2025:07:25:32 +0530] "GET /wp-includes/js/dist/hooks.min.js?ver=4d63a3d491d11ffd8ac6 HTTP/2" 200 1571 "https://www.freejobalerts.guru/" "Mozilla/5.0 (Linux; Android 7.0; Micromax Q440 Build/NRD90M; wv) AppleWebKit/537.36 (KHTML, like Gecko) Version/4.0 Chrome/74.0.3729.157 Mobile Safari/537.36"
23.111.114.116 - - [19/Feb/2025:07:25:32 +0530] "GET /wp-includes/js/dist/i18n.min.js?ver=5e580eb46a90c2b997e6 HTTP/2" 200 3542 "https://www.freejobalerts.guru/" "Mozilla/5.0 (Linux; Android 7.0; Micromax Q440 Build/NRD90M; wv) AppleWebKit/537.36 (KHTML, like Gecko) Version/4.0 Chrome/74.0.3729.157 Mobile Safari/537.36"
23.111.114.116 - - [19/Feb/2025:07:25:32 +0530] "GET /wp-content/plugins/contact-form-7/includes/swv/js/index.js?ver=6.0.3 HTTP/2" 200 3369 "https://www.freejobalerts.guru/" "Mozilla/5.0 (Linux; Android 7.0; Micromax Q440 Build/NRD90M; wv) AppleWebKit/537.36 (KHTML, like Gecko) Version/4.0 Chrome/74.0.3729.157 Mobile Safari/537.36"
23.111.114.116 - - [19/Feb/2025:07:25:32 +0530] "GET /wp-content/plugins/contact-form-7/includes/js/index.js?ver=6.0.3 HTTP/2" 200 4008 "https://www.freejobalerts.guru/" "Mozilla/5.0 (Linux; Android 7.0; Micromax Q440 Build/NRD90M; wv) AppleWebKit/537.36 (KHTML, like Gecko) Version/4.0 Chrome/74.0.3729.157 Mobile Safari/537.36"
23.111.114.116 - - [19/Feb/2025:07:25:32 +0530] "GET /wp-content/uploads/2025/02/freejobalerts.guru_-768x432.png HTTP/2" 200 431607 "https://www.freejobalerts.guru/" "Mozilla/5.0 (Linux; Android 7.0; Micromax Q440 Build/NRD90M; wv) AppleWebKit/537.36 (KHTML, like Gecko) Version/4.0 Chrome/74.0.3729.157 Mobile Safari/537.36"
23.111.114.116 - - [19/Feb/2025:07:25:32 +0530] "GET /wp-content/themes/generatepress/assets/js/menu.min.js?ver=3.5.1 HTTP/2" 200 1678 "https://www.freejobalerts.guru/" "Mozilla/5.0 (Linux; Android 7.0; Micromax Q440 Build/NRD90M; wv) AppleWebKit/537.36 (KHTML, like Gecko) Version/4.0 Chrome/74.0.3729.157 Mobile Safari/537.36"
23.111.114.116 - - [19/Feb/2025:07:25:32 +0530] "GET /wp-includes/js/imagesloaded.min.js?ver=5.0.0 HTTP/2" 200 1687 "https://www.freejobalerts.guru/" "Mozilla/5.0 (Linux; Android 7.0; Micromax Q440 Build/NRD90M; wv) AppleWebKit/537.36 (KHTML, like Gecko) Version/4.0 Chrome/74.0.3729.157 Mobile Safari/537.36"
23.111.114.116 - - [19/Feb/2025:07:25:32 +0530] "GET /wp-includes/js/masonry.min.js?ver=4.2.2 HTTP/2" 200 7117 "https://www.freejobalerts.guru/" "Mozilla/5.0 (Linux; Android 7.0; Micromax Q440 Build/NRD90M; wv) AppleWebKit/537.36 (KHTML, like Gecko) Version/4.0 Chrome/74.0.3729.157 Mobile Safari/537.36"
23.111.114.116 - - [19/Feb/2025:07:25:32 +0530] "GET /wp-content/plugins/gp-premium/blog/functions/js/scripts.min.js?ver=2.0.2 HTTP/2" 200 515 "https://www.freejobalerts.guru/" "Mozilla/5.0 (Linux; Android 7.0; Micromax Q440 Build/NRD90M; wv) AppleWebKit/537.36 (KHTML, like Gecko) Version/4.0 Chrome/74.0.3729.157 Mobile Safari/537.36"
23.111.114.116 - - [19/Feb/2025:07:25:32 +0530] "GET /wp-includes/js/wp-emoji-release.min.js?ver=6.7.2 HTTP/2" 200 4676 "https://www.freejobalerts.guru/" "Mozilla/5.0 (Linux; Android 7.0; Micromax Q440 Build/NRD90M; wv) AppleWebKit/537.36 (KHTML, like Gecko) Version/4.0 Chrome/74.0.3729.157 Mobile Safari/537.36"
23.111.114.116 - - [19/Feb/2025:07:25:32 +0530] "GET /favicon.ico HTTP/2" 404 1251 "https://www.freejobalerts.guru/" "Mozilla/5.0 (Linux; Android 7.0; Micromax Q440 Build/NRD90M; wv) AppleWebKit/537.36 (KHTML, like Gecko) Version/4.0 Chrome/74.0.3729.157 Mobile Safari/537.36"
103.192.174.55 - - [19/Feb/2025:07:26:13 +0530] "POST /wp-admin/admin-ajax.php HTTP/1.1" 200 51 "https://www.freejobalerts.guru/wp-admin/profile.php" "Mozilla/5.0 (Windows NT 10.0; Win64; x64) AppleWebKit/537.36 (KHTML, like Gecko) Chrome/132.0.0.0 Safari/537.36 Edg/132.0.0.0"
15.204.182.106 - - [19/Feb/2025:07:30:34 +0530] "GET / HTTP/1.1" 200 13256 "https://freejobalerts.guru/" "Mozilla/5.0 (Windows NT 10.0; Win64; x64) AppleWebKit/537.36 (KHTML, like Gecko) Chrome/131.0.0.0 Safari/537.36"
23.111.114.116 - - [19/Feb/2025:06:29:47 +0530] "GET / HTTP/1.1" 301 0 "-" "Mozilla/5.0 (Linux; Android 9; FLA-LX1) AppleWebKit/537.36 (KHTML, like Gecko) Chrome/87.0.4280.101 Mobile Safari/537.36"
3.82.48.116 - - [19/Feb/2025:06:32:18 +0530] "GET / HTTP/1.1" 200 13263 "-" "Mozilla/5.0 (X11; Ubuntu; Linux i686; rv:24.0) Gecko/20100101 Firefox/24.0"
162.55.100.32 - - [19/Feb/2025:07:00:11 +0530] "POST /wp-cron.php?doing_wp_cron=1739928611.3310089111328125000000 HTTP/1.1" 200 0 "-" "WordPress/6.7.2; https://www.freejobalerts.guru"
161.77.132.58 - - [19/Feb/2025:07:00:10 +0530] "GET / HTTP/1.1" 301 0 "-" "Apache-HttpClient/5.1.4 (Java/11.0.18)"
103.192.174.55 - - [19/Feb/2025:07:05:42 +0530] "GET /favicon.ico HTTP/1.1" 404 1251 "-" "ddg_win"
103.192.174.55 - - [19/Feb/2025:07:05:51 +0530] "GET /favicon.ico HTTP/1.1" 404 1251 "-" "ddg_win"
162.55.100.32 - - [19/Feb/2025:07:08:54 +0530] "POST /wp-cron.php?doing_wp_cron=1739929134.9714589118957519531250 HTTP/1.1" 200 0 "-" "WordPress/6.7.2; https://www.freejobalerts.guru"
152.59.85.14 - - [19/Feb/2025:07:14:21 +0530] "POST /wp-admin/admin-ajax.php HTTP/2" 200 79 "https://www.freejobalerts.guru/wp-admin/post-new.php" "Mozilla/5.0 (Windows NT 10.0; Win64; x64) AppleWebKit/537.36 (KHTML, like Gecko) Chrome/133.0.0.0 Safari/537.36"
188.165.87.105 - - [19/Feb/2025:07:16:18 +0530] "GET / HTTP/1.1" 200 51315 "-" "Mozilla/5.0 (X11; Ubuntu; Linux x86_64; rv:130.0) Gecko/20100101 Firefox/130.0"
188.165.87.103 - - [19/Feb/2025:07:19:11 +0530] "GET / HTTP/1.1" 200 51315 "-" "Mozilla/5.0 (X11; Ubuntu; Linux x86_64; rv:130.0) Gecko/20100101 Firefox/130.0"
51.254.0.7 - - [19/Feb/2025:07:23:09 +0530] "GET /favicon.ico HTTP/1.1" 404 1251 "-" "Mozilla/5.0 (X11; Ubuntu; Linux x86_64; rv:130.0) Gecko/20100101 Firefox/130.0"
162.55.100.32 - - [19/Feb/2025:07:23:25 +0530] "POST /wp-cron.php?doing_wp_cron=1739930005.2014710903167724609375 HTTP/1.1" 200 0 "-" "WordPress/6.7.2; https://www.freejobalerts.guru"
103.192.174.55 - - [19/Feb/2025:07:24:34 +0530] "GET /favicon.ico HTTP/1.1" 404 1251 "-" "ddg_win"
103.192.174.55 - - [19/Feb/2025:07:24:36 +0530] "GET /favicon.ico HTTP/1.1" 404 1251 "-" "ddg_win"
103.192.174.55 - - [19/Feb/2025:07:24:51 +0530] "GET /favicon.ico HTTP/1.1" 404 1251 "-" "ddg_win"
103.192.174.55 - - [19/Feb/2025:07:24:52 +0530] "GET /favicon.ico HTTP/1.1" 404 1251 "-" "ddg_win"
103.192.174.55 - - [19/Feb/2025:07:28:13 +0530] "POST /wp-admin/admin-ajax.php HTTP/1.1" 200 51 "https://www.freejobalerts.guru/wp-admin/profile.php" "Mozilla/5.0 (Windows NT 10.0; Win64; x64) AppleWebKit/537.36 (KHTML, like Gecko) Chrome/132.0.0.0 Safari/537.36 Edg/132.0.0.0"
103.192.174.55 - - [19/Feb/2025:07:30:13 +0530] "POST /wp-admin/admin-ajax.php HTTP/1.1" 200 51 "https://www.freejobalerts.guru/wp-admin/profile.php" "Mozilla/5.0 (Windows NT 10.0; Win64; x64) AppleWebKit/537.36 (KHTML, like Gecko) Chrome/132.0.0.0 Safari/537.36 Edg/132.0.0.0"
212.102.63.74 - - [19/Feb/2025:07:35:23 +0530] "GET /wp-content/uploads/2025/02/sd-sdsdfs.png HTTP/1.1" 200 25553 "http://freejobalerts.guru/" "Mozilla/5.0 (Windows NT 10.0; Win64; x64) AppleWebKit/537.36 (KHTML, like Gecko) Chrome/126.0.0.0 Safari/537.36 Edg/126.0.0.0"
45.250.255.14 - - [19/Feb/2025:07:46:22 +0530] "GET /wp-content/uploads/2025/02/sd-sdsdfs.png HTTP/1.1" 200 25553 "-" "Mozilla/5.0 (iPhone; CPU iPhone OS 17_4_1 like Mac OS X) AppleWebKit/605.1.15 (KHTML, like Gecko) Version/17.4.1 Mobile/15E148 Safari/604.1"
103.192.174.55 - - [19/Feb/2025:07:25:06 +0530] "POST /wp-admin/admin-ajax.php HTTP/1.1" 200 54 "https://www.freejobalerts.guru/wp-admin/profile.php" "Mozilla/5.0 (Windows NT 10.0; Win64; x64) AppleWebKit/537.36 (KHTML, like Gecko) Chrome/132.0.0.0 Safari/537.36 Edg/132.0.0.0"
103.192.174.55 - - [19/Feb/2025:07:25:11 +0530] "POST /wp-json/rankmath/v1/updateMeta?_locale=user HTTP/1.1" 200 30 "https://www.freejobalerts.guru/wp-admin/profile.php" "Mozilla/5.0 (Windows NT 10.0; Win64; x64) AppleWebKit/537.36 (KHTML, like Gecko) Chrome/132.0.0.0 Safari/537.36 Edg/132.0.0.0"
103.192.174.55 - - [19/Feb/2025:07:25:11 +0530] "GET /favicon.ico HTTP/1.1" 404 1251 "-" "ddg_win"
103.192.174.55 - - [19/Feb/2025:07:25:11 +0530] "POST /wp-admin/profile.php HTTP/1.1" 302 0 "https://www.freejobalerts.guru/wp-admin/profile.php" "Mozilla/5.0 (Windows NT 10.0; Win64; x64) AppleWebKit/537.36 (KHTML, like Gecko) Chrome/132.0.0.0 Safari/537.36 Edg/132.0.0.0"
103.192.174.55 - - [19/Feb/2025:07:25:12 +0530] "GET /favicon.ico HTTP/1.1" 404 1251 "-" "ddg_win"
103.192.174.55 - - [19/Feb/2025:07:25:12 +0530] "GET /wp-admin/profile.php?updated=1 HTTP/1.1" 200 49587 "https://www.freejobalerts.guru/wp-admin/profile.php" "Mozilla/5.0 (Windows NT 10.0; Win64; x64) AppleWebKit/537.36 (KHTML, like Gecko) Chrome/132.0.0.0 Safari/537.36 Edg/132.0.0.0"
45.250.255.14 - - [19/Feb/2025:07:42:27 +0530] "GET /wp-content/uploads/2025/02/sd-sdsdfs.png HTTP/2" 200 25553 "http://www.freejobalerts.guru/" "Mozilla/5.0 (iPhone; CPU iPhone OS 17_4_1 like Mac OS X) AppleWebKit/605.1.15 (KHTML, like Gecko) Version/17.4.1 Mobile/15E148 Safari/604.1"
45.250.255.14 - - [19/Feb/2025:07:42:26 +0530] "GET /wp-content/uploads/2025/02/freejobalerts.guru_-1024x576.png HTTP/2" 200 16375 "http://www.freejobalerts.guru/" "Mozilla/5.0 (iPhone; CPU iPhone OS 17_4_1 like Mac OS X) AppleWebKit/605.1.15 (KHTML, like Gecko) Version/17.4.1 Mobile/15E148 Safari/604.1"
45.250.255.14 - - [19/Feb/2025:07:42:27 +0530] "GET /wp-content/uploads/2025/02/freejobalerts.guru_.png HTTP/2" 200 16375 "http://www.freejobalerts.guru/" "Mozilla/5.0 (iPhone; CPU iPhone OS 17_4_1 like Mac OS X) AppleWebKit/605.1.15 (KHTML, like Gecko) Version/17.4.1 Mobile/15E148 Safari/604.1"
45.250.255.14 - - [19/Feb/2025:07:42:20 +0530] "GET /wp-content/uploads/2025/02/image-4-1024x563.jpeg HTTP/2" 200 98250 "http://www.freejobalerts.guru/" "Mozilla/5.0 (iPhone; CPU iPhone OS 17_4_1 like Mac OS X) AppleWebKit/605.1.15 (KHTML, like Gecko) Version/17.4.1 Mobile/15E148 Safari/604.1"
54.196.247.85 - - [19/Feb/2025:06:23:46 +0530] "GET //www.freejobalerts.guru/wp-content/themes/generatepress/assets/js/menu.min.js HTTP/1.1" 301 0 "-" "Mozilla/5.0 (Windows NT 6.2; rv:20.0) Gecko/20121202 Firefox/20.0"
2a06:98c0:3600::103 - - [19/Feb/2025:06:42:01 +0530] "GET /wp-admin/setup-config.php HTTP/1.1" 409 1041 "-" "Mozilla/5.0 (Windows NT 10.0; Win64; x64) AppleWebKit/537.36 (KHTML, like Gecko) Chrome/133.0.0.0 Safari/537.36"
40.113.118.83 - - [19/Feb/2025:07:02:23 +0530] "GET / HTTP/1.1" 200 13263 "https://freejobalerts.guru" "curl/8.6.0"
103.192.174.55 - - [19/Feb/2025:07:06:35 +0530] "GET /favicon.ico HTTP/1.1" 404 1251 "-" "ddg_win"
103.192.174.55 - - [19/Feb/2025:07:08:06 +0530] "POST /wp-admin/admin-ajax.php HTTP/2" 200 51 "https://www.freejobalerts.guru/wp-admin/plugins.php?plugin_status=all&paged=1&s" "Mozilla/5.0 (Windows NT 10.0; Win64; x64) AppleWebKit/537.36 (KHTML, like Gecko) Chrome/132.0.0.0 Safari/537.36 Edg/132.0.0.0"
152.59.85.14 - - [19/Feb/2025:07:08:54 +0530] "POST /wp-admin/admin-ajax.php HTTP/2" 200 79 "https://www.freejobalerts.guru/wp-admin/post-new.php" "Mozilla/5.0 (Windows NT 10.0; Win64; x64) AppleWebKit/537.36 (KHTML, like Gecko) Chrome/133.0.0.0 Safari/537.36"
103.192.174.55 - - [19/Feb/2025:07:08:56 +0530] "GET /wp-admin/plugin-install.php HTTP/2" 200 22342 "https://www.freejobalerts.guru/wp-admin/plugins.php?plugin_status=all&paged=1&s" "Mozilla/5.0 (Windows NT 10.0; Win64; x64) AppleWebKit/537.36 (KHTML, like Gecko) Chrome/132.0.0.0 Safari/537.36 Edg/132.0.0.0"
162.55.100.32 - - [19/Feb/2025:07:16:19 +0530] "POST /wp-cron.php?doing_wp_cron=1739929579.4978220462799072265625 HTTP/1.1" 200 0 "-" "WordPress/6.7.2; https://www.freejobalerts.guru"
103.192.174.55 - - [19/Feb/2025:07:24:45 +0530] "GET /favicon.ico HTTP/1.1" 404 1251 "-" "ddg_win"
103.192.174.55 - - [19/Feb/2025:07:24:45 +0530] "GET /favicon.ico HTTP/1.1" 404 1251 "-" "ddg_win"
103.192.174.55 - - [19/Feb/2025:07:24:46 +0530] "GET /favicon.ico HTTP/1.1" 404 1251 "-" "ddg_win"
103.192.174.55 - - [19/Feb/2025:07:24:46 +0530] "GET /favicon.ico HTTP/1.1" 404 1251 "-" "ddg_win"
178.32.72.215 - - [19/Feb/2025:07:26:14 +0530] "GET /favicon.ico HTTP/1.1" 404 1251 "-" "Mozilla/5.0 (X11; Ubuntu; Linux x86_64; rv:130.0) Gecko/20100101 Firefox/130.0"
162.55.100.32 - - [19/Feb/2025:07:30:28 +0530] "POST /wp-cron.php?doing_wp_cron=1739930428.7985401153564453125000 HTTP/1.1" 200 0 "-" "WordPress/6.7.2; https://www.freejobalerts.guru"
2a06:98c0:3600::103 - - [19/Feb/2025:07:30:29 +0530] "GET /wordpress/wp-admin/setup-config.php HTTP/1.1" 404 9362 "-" "Mozilla/5.0 (Windows NT 10.0; Win64; x64) AppleWebKit/537.36 (KHTML, like Gecko) Chrome/133.0.0.0 Safari/537.36"
103.192.174.55 - - [19/Feb/2025:07:31:13 +0530] "POST /wp-admin/admin-ajax.php HTTP/1.1" 200 51 "https://www.freejobalerts.guru/wp-admin/profile.php" "Mozilla/5.0 (Windows NT 10.0; Win64; x64) AppleWebKit/537.36 (KHTML, like Gecko) Chrome/132.0.0.0 Safari/537.36 Edg/132.0.0.0"
64.43.119.11 - - [19/Feb/2025:07:43:15 +0530] "GET / HTTP/1.1" 301 0 "-" "Apache-HttpClient/5.1.4 (Java/11.0.18)"
162.55.100.32 - - [19/Feb/2025:06:23:47 +0530] "POST /wp-cron.php?doing_wp_cron=1739926427.4981849193572998046875 HTTP/1.1" 200 0 "-" "WordPress/6.7.2; https://www.freejobalerts.guru"
2a06:98c0:3600::103 - - [19/Feb/2025:06:42:06 +0530] "GET /wordpress/wp-admin/setup-config.php HTTP/1.1" 301 0 "-" "Mozilla/5.0 (Windows NT 10.0; Win64; x64) AppleWebKit/537.36 (KHTML, like Gecko) Chrome/133.0.0.0 Safari/537.36"
87.236.176.200 - - [19/Feb/2025:06:43:31 +0530] "GET / HTTP/1.1" 200 13256 "-" "Mozilla/5.0 (compatible; InternetMeasurement/1.0; +https://internet-measurement.com/)"
103.192.174.55 - - [19/Feb/2025:07:09:20 +0530] "POST /wp-admin/update.php?action=upload-plugin HTTP/1.1" 500 979 "https://www.freejobalerts.guru/wp-admin/plugin-install.php" "Mozilla/5.0 (Windows NT 10.0; Win64; x64) AppleWebKit/537.36 (KHTML, like Gecko) Chrome/132.0.0.0 Safari/537.36 Edg/132.0.0.0"
103.192.174.55 - - [19/Feb/2025:07:09:47 +0530] "GET /wp-admin/plugin-install.php HTTP/1.1" 200 22204 "https://www.freejobalerts.guru/wp-admin/plugins.php?plugin_status=all&paged=1&s" "Mozilla/5.0 (Windows NT 10.0; Win64; x64) AppleWebKit/537.36 (KHTML, like Gecko) Chrome/132.0.0.0 Safari/537.36 Edg/132.0.0.0"
103.192.174.55 - - [19/Feb/2025:07:09:58 +0530] "POST /wp-admin/admin-ajax.php HTTP/1.1" 200 9186 "https://www.freejobalerts.guru/wp-admin/plugin-install.php?s=file&tab=search&type=term" "Mozilla/5.0 (Windows NT 10.0; Win64; x64) AppleWebKit/537.36 (KHTML, like Gecko) Chrome/132.0.0.0 Safari/537.36 Edg/132.0.0.0"
103.192.174.55 - - [19/Feb/2025:07:10:49 +0530] "POST /wp-admin/admin-ajax.php HTTP/1.1" 200 51 "https://www.freejobalerts.guru/wp-admin/plugin-install.php?s=file&tab=search&type=term" "Mozilla/5.0 (Windows NT 10.0; Win64; x64) AppleWebKit/537.36 (KHTML, like Gecko) Chrome/132.0.0.0 Safari/537.36 Edg/132.0.0.0"
162.55.100.32 - - [19/Feb/2025:07:12:21 +0530] "POST /wp-cron.php?doing_wp_cron=1739929341.5900070667266845703125 HTTP/1.1" 200 0 "-" "WordPress/6.7.2; https://www.freejobalerts.guru"
103.192.174.55 - - [19/Feb/2025:07:17:21 +0530] "GET /favicon.ico HTTP/1.1" 404 1251 "-" "ddg_win"
103.192.174.55 - - [19/Feb/2025:07:17:23 +0530] "GET /favicon.ico HTTP/1.1" 404 1251 "-" "ddg_win"
103.192.174.55 - - [19/Feb/2025:07:19:24 +0530] "POST /wp-admin/admin-ajax.php HTTP/1.1" 200 51 "https://www.freejobalerts.guru/wp-admin/plugins.php?plugin_status=all&paged=1&s" "Mozilla/5.0 (Windows NT 10.0; Win64; x64) AppleWebKit/537.36 (KHTML, like Gecko) Chrome/132.0.0.0 Safari/537.36 Edg/132.0.0.0"
162.55.100.32 - - [19/Feb/2025:07:24:21 +0530] "POST /wp-cron.php?doing_wp_cron=1739930061.3591361045837402343750 HTTP/1.1" 200 0 "-" "WordPress/6.7.2; https://www.freejobalerts.guru"
103.192.174.55 - - [19/Feb/2025:07:35:13 +0530] "POST /wp-admin/admin-ajax.php HTTP/1.1" 200 51 "https://www.freejobalerts.guru/wp-admin/profile.php" "Mozilla/5.0 (Windows NT 10.0; Win64; x64) AppleWebKit/537.36 (KHTML, like Gecko) Chrome/132.0.0.0 Safari/537.36 Edg/132.0.0.0"
162.55.100.32 - - [19/Feb/2025:07:43:15 +0530] "POST /wp-cron.php?doing_wp_cron=1739931195.6405260562896728515625 HTTP/1.1" 200 0 "-" "WordPress/6.7.2; https://www.freejobalerts.guru"
152.59.85.14 - - [19/Feb/2025:07:20:24 +0530] "POST /wp-admin/admin-ajax.php HTTP/1.1" 200 79 "https://www.freejobalerts.guru/wp-admin/post-new.php" "Mozilla/5.0 (Windows NT 10.0; Win64; x64) AppleWebKit/537.36 (KHTML, like Gecko) Chrome/133.0.0.0 Safari/537.36"
103.192.174.55 - - [19/Feb/2025:07:24:30 +0530] "GET /favicon.ico HTTP/1.1" 404 1251 "-" "ddg_win"
103.192.174.55 - - [19/Feb/2025:07:24:31 +0530] "GET /favicon.ico HTTP/1.1" 404 1251 "-" "ddg_win"
103.192.174.55 - - [19/Feb/2025:07:24:32 +0530] "GET /favicon.ico HTTP/1.1" 404 1251 "-" "ddg_win"
103.192.174.55 - - [19/Feb/2025:07:24:33 +0530] "GET /favicon.ico HTTP/1.1" 404 1251 "-" "ddg_win"
103.192.174.55 - - [19/Feb/2025:07:24:34 +0530] "GET /favicon.ico HTTP/1.1" 404 1251 "-" "ddg_win"
103.192.174.55 - - [19/Feb/2025:07:24:35 +0530] "GET /favicon.ico HTTP/1.1" 404 1251 "-" "ddg_win"
103.192.174.55 - - [19/Feb/2025:07:24:35 +0530] "GET /favicon.ico HTTP/1.1" 404 1251 "-" "ddg_win"
103.192.174.55 - - [19/Feb/2025:07:24:35 +0530] "GET /favicon.ico HTTP/1.1" 404 1251 "-" "ddg_win"
103.192.174.55 - - [19/Feb/2025:07:24:36 +0530] "GET /favicon.ico HTTP/1.1" 404 1251 "-" "ddg_win"
162.55.100.32 - - [19/Feb/2025:07:28:13 +0530] "POST /wp-cron.php?doing_wp_cron=1739930293.7121329307556152343750 HTTP/1.1" 200 0 "-" "WordPress/6.7.2; https://www.freejobalerts.guru"
2a06:98c0:3600::103 - - [19/Feb/2025:07:30:28 +0530] "GET /wp-admin/setup-config.php HTTP/1.1" 409 1041 "-" "Mozilla/5.0 (Windows NT 10.0; Win64; x64) AppleWebKit/537.36 (KHTML, like Gecko) Chrome/133.0.0.0 Safari/537.36"
103.192.174.55 - - [19/Feb/2025:07:33:13 +0530] "POST /wp-admin/admin-ajax.php HTTP/1.1" 200 51 "https://www.freejobalerts.guru/wp-admin/profile.php" "Mozilla/5.0 (Windows NT 10.0; Win64; x64) AppleWebKit/537.36 (KHTML, like Gecko) Chrome/132.0.0.0 Safari/537.36 Edg/132.0.0.0"
104.255.169.115 - - [19/Feb/2025:07:35:26 +0530] "GET /wp-content/uploads/2025/02/sd-sdsdfs.png HTTP/1.1" 200 25553 "http://freejobalerts.guru/" "Mozilla/5.0 (iPhone; CPU iPhone OS 17_4_1 like Mac OS X) AppleWebKit/605.1.15 (KHTML, like Gecko) Version/17.4.1 Mobile/15E148 Safari/604.1"
162.55.100.32 - - [19/Feb/2025:07:37:07 +0530] "POST /wp-cron.php?doing_wp_cron=1739930827.2900600433349609375000 HTTP/1.1" 200 0 "-" "WordPress/6.7.2; https://www.freejobalerts.guru"
54.196.247.85 - - [19/Feb/2025:06:23:47 +0530] "GET //www.freejobalerts.guru/wp-includes/js/masonry.min.js HTTP/1.1" 301 0 "-" "Mozilla/5.0 (Linux; U; Android 1.5; en-us; T-Mobile G1 Build/CRB43) AppleWebKit/528.5 (KHTML, like Gecko) Version/3.1.2 Mobile Safari 525.20.1"
23.27.145.203 - - [19/Feb/2025:06:43:26 +0530] "GET / HTTP/1.1" 200 13256 "-" "Mozilla/5.0 (X11; Linux i686; rv:109.0) Gecko/20100101 Firefox/120.0"
45.148.10.86 - - [19/Feb/2025:06:46:24 +0530] "GET /.git/config HTTP/1.1" 403 1242 "-" "Mozilla/5.0 (Windows; U; Windows NT 5.2; en-US) AppleWebKit/537.36 (KHTML, like Gecko) Chrome/57.0.2987.108 Safari/537.36 UCBrowser/12.13.0.1207"
23.27.145.237 - - [19/Feb/2025:06:52:45 +0530] "GET / HTTP/1.1" 200 13251 "-" "Mozilla/5.0 (X11; Linux i686; rv:109.0) Gecko/20100101 Firefox/120.0"
162.55.100.32 - - [19/Feb/2025:07:02:23 +0530] "POST /wp-cron.php?doing_wp_cron=1739928743.4907829761505126953125 HTTP/1.1" 200 0 "-" "WordPress/6.7.2; https://www.freejobalerts.guru"
103.192.174.55 - - [19/Feb/2025:07:04:17 +0530] "GET /favicon.ico HTTP/1.1" 404 1251 "-" "ddg_win"
2a06:98c0:3600::103 - - [19/Feb/2025:07:05:10 +0530] "GET /wp-admin/setup-config.php HTTP/1.1" 409 1041 "-" "Mozilla/5.0 (Windows NT 10.0; Win64; x64) AppleWebKit/537.36 (KHTML, like Gecko) Chrome/133.0.0.0 Safari/537.36"
103.192.174.55 - - [19/Feb/2025:07:09:48 +0530] "GET /favicon.ico HTTP/1.1" 404 1251 "-" "ddg_win"
152.59.85.14 - - [19/Feb/2025:07:09:58 +0530] "POST /wp-admin/admin-ajax.php HTTP/2" 200 79 "https://www.freejobalerts.guru/wp-admin/post-new.php" "Mozilla/5.0 (Windows NT 10.0; Win64; x64) AppleWebKit/537.36 (KHTML, like Gecko) Chrome/133.0.0.0 Safari/537.36"
152.59.85.14 - - [19/Feb/2025:07:10:08 +0530] "POST /wp-admin/admin-ajax.php HTTP/2" 200 79 "https://www.freejobalerts.guru/wp-admin/post-new.php" "Mozilla/5.0 (Windows NT 10.0; Win64; x64) AppleWebKit/537.36 (KHTML, like Gecko) Chrome/133.0.0.0 Safari/537.36"
152.59.85.14 - - [19/Feb/2025:07:10:19 +0530] "POST /wp-admin/admin-ajax.php HTTP/2" 200 79 "https://www.freejobalerts.guru/wp-admin/post-new.php" "Mozilla/5.0 (Windows NT 10.0; Win64; x64) AppleWebKit/537.36 (KHTML, like Gecko) Chrome/133.0.0.0 Safari/537.36"
162.55.100.32 - - [19/Feb/2025:07:16:22 +0530] "POST /wp-cron.php?doing_wp_cron=1739929582.9461410045623779296875 HTTP/1.1" 200 0 "-" "WordPress/6.7.2; https://www.freejobalerts.guru"
162.55.100.32 - - [19/Feb/2025:07:19:24 +0530] "POST /wp-cron.php?doing_wp_cron=1739929764.7517499923706054687500 HTTP/1.1" 200 0 "-" "WordPress/6.7.2; https://www.freejobalerts.guru"
162.55.100.32 - - [19/Feb/2025:07:21:25 +0530] "POST /wp-cron.php?doing_wp_cron=1739929885.7454299926757812500000 HTTP/1.1" 200 0 "-" "WordPress/6.7.2; https://www.freejobalerts.guru"
103.192.174.55 - - [19/Feb/2025:07:23:13 +0530] "GET /favicon.ico HTTP/1.1" 404 1251 "-" "ddg_win"
2a06:98c0:3600::103 - - [19/Feb/2025:07:30:28 +0530] "GET /wordpress/wp-admin/setup-config.php HTTP/1.1" 301 0 "-" "Mozilla/5.0 (Windows NT 10.0; Win64; x64) AppleWebKit/537.36 (KHTML, like Gecko) Chrome/133.0.0.0 Safari/537.36"
15.204.182.106 - - [19/Feb/2025:07:30:33 +0530] "GET / HTTP/1.1" 301 0 "-" "Mozilla/5.0 (Windows NT 10.0; Win64; x64) AppleWebKit/537.36 (KHTML, like Gecko) Chrome/131.0.0.0 Safari/537.36"
103.192.174.55 - - [19/Feb/2025:07:37:07 +0530] "POST /wp-admin/admin-ajax.php HTTP/1.1" 200 51 "https://www.freejobalerts.guru/wp-admin/profile.php" "Mozilla/5.0 (Windows NT 10.0; Win64; x64) AppleWebKit/537.36 (KHTML, like Gecko) Chrome/132.0.0.0 Safari/537.36 Edg/132.0.0.0"
100.29.140.0 - - [19/Feb/2025:06:21:20 +0530] "GET / HTTP/2" 301 0 "-" "okhttp/4.9.2"
100.29.140.0 - - [19/Feb/2025:06:21:21 +0530] "GET / HTTP/2" 200 13263 "-" "okhttp/4.9.2"
100.29.140.0 - - [19/Feb/2025:06:21:21 +0530] "GET /favicon.ico HTTP/2" 404 1251 "-" "okhttp/4.9.2"
100.29.140.0 - - [19/Feb/2025:06:21:21 +0530] "GET /favicon.png HTTP/2" 404 9498 "-" "okhttp/4.9.2"
54.196.247.85 - - [19/Feb/2025:06:23:47 +0530] "GET //www.freejobalerts.guru/wp-includes/js/masonry.min.js HTTP/1.1" 301 0 "-" "Mozilla/5.0 (Linux; Android 6.0; Lenovo A7000-a Build/MRA58K) AppleWebKit/537.36 (KHTML, like Gecko) Chrome/67.0.3396.87 Mobile Safari/537.36"
162.55.100.32 - - [19/Feb/2025:06:29:48 +0530] "POST /wp-cron.php?doing_wp_cron=1739926788.6212019920349121093750 HTTP/1.1" 200 0 "-" "WordPress/6.7.2; https://www.freejobalerts.guru"
162.55.100.32 - - [19/Feb/2025:06:32:17 +0530] "POST /wp-cron.php?doing_wp_cron=1739926937.2564029693603515625000 HTTP/1.1" 200 0 "-" "WordPress/6.7.2; https://www.freejobalerts.guru"
3.82.48.116 - - [19/Feb/2025:06:32:16 +0530] "GET / HTTP/1.1" 301 0 "-" "Mozilla/5.0 (X11; Ubuntu; Linux i686; rv:24.0) Gecko/20100101 Firefox/24.0"
142.93.32.242 - - [19/Feb/2025:06:38:49 +0530] "GET / HTTP/1.1" 301 0 "-" "Mozilla/5.0 (compatible)"
162.55.100.32 - - [19/Feb/2025:07:04:52 +0530] "POST /wp-cron.php?doing_wp_cron=1739928892.7996070384979248046875 HTTP/1.1" 200 0 "-" "WordPress/6.7.2; https://www.freejobalerts.guru"
103.192.174.55 - - [19/Feb/2025:07:04:53 +0530] "GET /favicon.ico HTTP/1.1" 404 1251 "-" "ddg_win"
103.192.174.55 - - [19/Feb/2025:07:06:54 +0530] "GET /favicon.ico HTTP/1.1" 404 1251 "-" "ddg_win"
103.192.174.55 - - [19/Feb/2025:07:08:57 +0530] "GET /favicon.ico HTTP/1.1" 404 1251 "-" "ddg_win"
103.192.174.55 - - [19/Feb/2025:07:09:21 +0530] "GET /favicon.ico HTTP/1.1" 404 1251 "-" "ddg_win"
152.59.85.14 - - [19/Feb/2025:07:12:20 +0530] "POST /wp-admin/admin-ajax.php HTTP/2" 200 79 "https://www.freejobalerts.guru/wp-admin/post-new.php" "Mozilla/5.0 (Windows NT 10.0; Win64; x64) AppleWebKit/537.36 (KHTML, like Gecko) Chrome/133.0.0.0 Safari/537.36"
162.55.100.32 - - [19/Feb/2025:07:14:21 +0530] "POST /wp-cron.php?doing_wp_cron=1739929461.8833639621734619140625 HTTP/1.1" 200 0 "-" "WordPress/6.7.2; https://www.freejobalerts.guru"
162.55.100.32 - - [19/Feb/2025:07:25:32 +0530] "POST /wp-cron.php?doing_wp_cron=1739930132.2956709861755371093750 HTTP/1.1" 200 0 "-" "WordPress/6.7.2; https://www.freejobalerts.guru"
46.232.251.191 - - [19/Feb/2025:07:35:25 +0530] "GET /wp-content/uploads/2025/02/sd-sdsdfs.png HTTP/1.1" 200 25553 "http://freejobalerts.guru/" "Mozilla/5.0 (iPhone; CPU iPhone OS 17_4_1 like Mac OS X) AppleWebKit/605.1.15 (KHTML, like Gecko) Version/17.4.1 Mobile/15E148 Safari/604.1"
45.250.255.14 - - [19/Feb/2025:07:42:00 +0530] "GET /wp-content/uploads/2025/02/image-4-1024x563.jpeg HTTP/2" 200 98250 "http://www.freejobalerts.guru/" "Mozilla/5.0 (iPhone; CPU iPhone OS 17_4_1 like Mac OS X) AppleWebKit/605.1.15 (KHTML, like Gecko) Version/17.4.1 Mobile/15E148 Safari/604.1"
20.229.51.198 - - [19/Feb/2025:08:02:35 +0530] "GET / HTTP/1.1" 301 0 "-" "curl/8.6.0"
2a06:98c0:3600::103 - - [19/Feb/2025:07:52:30 +0530] "GET /wp-admin/setup-config.php HTTP/1.1" 409 1041 "-" "Mozilla/5.0 (Windows NT 10.0; Win64; x64) AppleWebKit/537.36 (KHTML, like Gecko) Chrome/133.0.0.0 Safari/537.36"
2a06:98c0:3600::103 - - [19/Feb/2025:07:51:22 +0530] "GET /wordpress/wp-admin/setup-config.php HTTP/1.1" 404 9413 "-" "Mozilla/5.0 (Windows NT 10.0; Win64; x64) AppleWebKit/537.36 (KHTML, like Gecko) Chrome/133.0.0.0 Safari/537.36"
86.107.72.224 - - [19/Feb/2025:08:39:41 +0530] "GET /wp-content/uploads/2025/02/freejobalerts.guru_.png HTTP/1.1" 200 372627 "-" "Mozilla/5.0 (Windows NT 10.0; WOW64) AppleWebKit/537.36 (KHTML, like Gecko) Chrome/108.0.0.0 Safari/537.36"
152.56.68.162 - - [19/Feb/2025:08:46:03 +0530] "POST /wp-admin/admin-ajax.php HTTP/1.1" 200 52 "https://www.freejobalerts.guru/wp-admin/post-new.php" "Mozilla/5.0 (Windows NT 10.0; Win64; x64) AppleWebKit/537.36 (KHTML, like Gecko) Chrome/133.0.0.0 Safari/537.36"
152.56.68.162 - - [19/Feb/2025:08:46:07 +0530] "GET /wp-includes/images/spinner-2x.gif HTTP/1.1" 200 7536 "https://www.freejobalerts.guru/wp-admin/load-styles.php?c=1&dir=ltr&load%5Bchunk_0%5D=dashicons,admin-bar,buttons,media-views,editor-buttons,wp-components,wp-preferences,wp-block-editor,wp-reusable-blocks,wp-patter&load%5Bchunk_1%5D=ns,wp-editor,common,forms,wp-reset-editor-styles,wp-block-library,wp-block-editor-content,wp-editor-classic-layout-styles,wp-edi&load%5Bchunk_2%5D=t-blocks,wp-commands,wp-edit-post,wp-block-directory,wp-format-library,admin-menu,dashboard,list-tables,edit,revisions,media,the&load%5Bchunk_3%5D=mes,about,nav-menus,wp-pointer,widgets,site-icon,l10n,wp-auth-check&ver=6.7.2" "Mozilla/5.0 (Windows NT 10.0; Win64; x64) AppleWebKit/537.36 (KHTML, like Gecko) Chrome/133.0.0.0 Safari/537.36"
152.56.68.162 - - [19/Feb/2025:08:46:07 +0530] "GET /wp-login.php?interim-login=1&wp_lang=en_US HTTP/1.1" 200 1879 "https://www.freejobalerts.guru/wp-admin/post-new.php" "Mozilla/5.0 (Windows NT 10.0; Win64; x64) AppleWebKit/537.36 (KHTML, like Gecko) Chrome/133.0.0.0 Safari/537.36"
152.56.68.162 - - [19/Feb/2025:08:46:07 +0530] "GET /wp-includes/css/buttons.min.css?ver=6.7.2 HTTP/1.1" 200 1275 "https://www.freejobalerts.guru/wp-login.php?interim-login=1&wp_lang=en_US" "Mozilla/5.0 (Windows NT 10.0; Win64; x64) AppleWebKit/537.36 (KHTML, like Gecko) Chrome/133.0.0.0 Safari/537.36"
152.56.68.162 - - [19/Feb/2025:08:46:07 +0530] "GET /wp-admin/css/forms.min.css?ver=6.7.2 HTTP/1.1" 200 6387 "https://www.freejobalerts.guru/wp-login.php?interim-login=1&wp_lang=en_US" "Mozilla/5.0 (Windows NT 10.0; Win64; x64) AppleWebKit/537.36 (KHTML, like Gecko) Chrome/133.0.0.0 Safari/537.36"
152.56.68.162 - - [19/Feb/2025:08:46:07 +0530] "GET /wp-admin/css/l10n.min.css?ver=6.7.2 HTTP/1.1" 200 675 "https://www.freejobalerts.guru/wp-login.php?interim-login=1&wp_lang=en_US" "Mozilla/5.0 (Windows NT 10.0; Win64; x64) AppleWebKit/537.36 (KHTML, like Gecko) Chrome/133.0.0.0 Safari/537.36"
152.56.68.162 - - [19/Feb/2025:08:46:08 +0530] "GET /wp-admin/css/login.min.css?ver=6.7.2 HTTP/1.1" 200 1981 "https://www.freejobalerts.guru/wp-login.php?interim-login=1&wp_lang=en_US" "Mozilla/5.0 (Windows NT 10.0; Win64; x64) AppleWebKit/537.36 (KHTML, like Gecko) Chrome/133.0.0.0 Safari/537.36"
152.56.68.162 - - [19/Feb/2025:08:46:08 +0530] "GET /wp-includes/js/zxcvbn-async.min.js?ver=1.0 HTTP/1.1" 200 187 "https://www.freejobalerts.guru/wp-login.php?interim-login=1&wp_lang=en_US" "Mozilla/5.0 (Windows NT 10.0; Win64; x64) AppleWebKit/537.36 (KHTML, like Gecko) Chrome/133.0.0.0 Safari/537.36"
152.56.68.162 - - [19/Feb/2025:08:46:08 +0530] "GET /wp-admin/js/password-strength-meter.min.js?ver=6.7.2 HTTP/1.1" 200 558 "https://www.freejobalerts.guru/wp-login.php?interim-login=1&wp_lang=en_US" "Mozilla/5.0 (Windows NT 10.0; Win64; x64) AppleWebKit/537.36 (KHTML, like Gecko) Chrome/133.0.0.0 Safari/537.36"
152.56.68.162 - - [19/Feb/2025:08:46:08 +0530] "GET /wp-includes/js/dist/dom-ready.min.js?ver=f77871ff7694fffea381 HTTP/1.1" 200 275 "https://www.freejobalerts.guru/wp-login.php?interim-login=1&wp_lang=en_US" "Mozilla/5.0 (Windows NT 10.0; Win64; x64) AppleWebKit/537.36 (KHTML, like Gecko) Chrome/133.0.0.0 Safari/537.36"
162.55.100.32 - - [19/Feb/2025:08:10:27 +0530] "POST /wp-cron.php?doing_wp_cron=1739932827.5565431118011474609375 HTTP/1.1" 200 0 "-" "WordPress/6.7.2; https://www.freejobalerts.guru"
162.55.100.32 - - [19/Feb/2025:08:40:48 +0530] "POST /wp-cron.php?doing_wp_cron=1739934647.9431059360504150390625 HTTP/1.1" 200 0 "-" "WordPress/6.7.2; https://www.freejobalerts.guru"
2a06:98c0:3600::103 - - [19/Feb/2025:08:40:46 +0530] "GET /wordpress/wp-admin/setup-config.php HTTP/1.1" 301 0 "-" "Mozilla/5.0 (Windows NT 10.0; Win64; x64) AppleWebKit/537.36 (KHTML, like Gecko) Chrome/133.0.0.0 Safari/537.36"
152.56.68.162 - - [19/Feb/2025:08:50:04 +0530] "POST /wp-admin/admin-ajax.php HTTP/1.1" 200 50 "https://www.freejobalerts.guru/wp-admin/post-new.php" "Mozilla/5.0 (Windows NT 10.0; Win64; x64) AppleWebKit/537.36 (KHTML, like Gecko) Chrome/133.0.0.0 Safari/537.36"
152.56.68.162 - - [19/Feb/2025:08:50:51 +0530] "POST /wp-admin/admin-ajax.php HTTP/1.1" 200 52 "https://www.freejobalerts.guru/wp-admin/post-new.php" "Mozilla/5.0 (Windows NT 10.0; Win64; x64) AppleWebKit/537.36 (KHTML, like Gecko) Chrome/133.0.0.0 Safari/537.36"
152.56.68.162 - - [19/Feb/2025:08:50:55 +0530] "POST /wp-admin/admin-ajax.php HTTP/1.1" 200 50 "https://www.freejobalerts.guru/wp-admin/post-new.php" "Mozilla/5.0 (Windows NT 10.0; Win64; x64) AppleWebKit/537.36 (KHTML, like Gecko) Chrome/133.0.0.0 Safari/537.36"
152.56.68.162 - - [19/Feb/2025:08:50:58 +0530] "OPTIONS /wp-json/wp/v2/posts/?context=edit&_locale=user HTTP/1.1" 403 81 "https://www.freejobalerts.guru/wp-admin/post-new.php" "Mozilla/5.0 (Windows NT 10.0; Win64; x64) AppleWebKit/537.36 (KHTML, like Gecko) Chrome/133.0.0.0 Safari/537.36"
152.56.68.162 - - [19/Feb/2025:08:50:58 +0530] "POST /wp-json/wp/v2/media?_embed=wp%3Afeaturedmedia&_locale=user HTTP/1.1" 403 81 "https://www.freejobalerts.guru/wp-admin/post-new.php" "Mozilla/5.0 (Windows NT 10.0; Win64; x64) AppleWebKit/537.36 (KHTML, like Gecko) Chrome/133.0.0.0 Safari/537.36"
152.56.68.162 - - [19/Feb/2025:08:50:58 +0530] "GET /wp-json/oembed/1.0/proxy?url=https%3A%2F%2Fyoutube.com%2Fwatch%3Fv%3DodbKFvyNYLE&_locale=user HTTP/1.1" 403 81 "https://www.freejobalerts.guru/wp-admin/post-new.php" "Mozilla/5.0 (Windows NT 10.0; Win64; x64) AppleWebKit/537.36 (KHTML, like Gecko) Chrome/133.0.0.0 Safari/537.36"
152.56.68.162 - - [19/Feb/2025:08:50:58 +0530] "POST /wp-json/wp/v2/media?_embed=wp%3Afeaturedmedia&_locale=user HTTP/1.1" 403 81 "https://www.freejobalerts.guru/wp-admin/post-new.php" "Mozilla/5.0 (Windows NT 10.0; Win64; x64) AppleWebKit/537.36 (KHTML, like Gecko) Chrome/133.0.0.0 Safari/537.36"
