152.56.68.162 - - [19/Feb/2025:22:44:05 +0530] "POST /wp-json/wp/v2/posts/75/autosaves?_locale=user HTTP/2" 200 1467 "https://www.freejobalerts.guru/wp-admin/post.php?post=75&action=edit" "Mozilla/5.0 (Windows NT 10.0; Win64; x64) AppleWebKit/537.36 (KHTML, like Gecko) Chrome/133.0.0.0 Safari/537.36"
152.56.68.162 - - [19/Feb/2025:22:44:15 +0530] "POST /wp-admin/admin-ajax.php HTTP/2" 200 79 "https://www.freejobalerts.guru/wp-admin/post.php?post=75&action=edit" "Mozilla/5.0 (Windows NT 10.0; Win64; x64) AppleWebKit/537.36 (KHTML, like Gecko) Chrome/133.0.0.0 Safari/537.36"
152.56.68.162 - - [19/Feb/2025:22:44:17 +0530] "GET /wp-includes/css/dist/components/style.min.css?ver=6.7.2 HTTP/2" 200 11895 "-" "Mozilla/5.0 (Windows NT 10.0; Win64; x64) AppleWebKit/537.36 (KHTML, like Gecko) Chrome/133.0.0.0 Safari/537.36"
152.56.68.162 - - [19/Feb/2025:22:44:17 +0530] "GET /wp-includes/css/dist/preferences/style.min.css?ver=6.7.2 HTTP/2" 200 481 "-" "Mozilla/5.0 (Windows NT 10.0; Win64; x64) AppleWebKit/537.36 (KHTML, like Gecko) Chrome/133.0.0.0 Safari/537.36"
152.56.68.162 - - [19/Feb/2025:22:44:17 +0530] "GET /wp-includes/css/dist/block-editor/style.min.css?ver=6.7.2 HTTP/2" 200 15207 "-" "Mozilla/5.0 (Windows NT 10.0; Win64; x64) AppleWebKit/537.36 (KHTML, like Gecko) Chrome/133.0.0.0 Safari/537.36"
152.56.68.162 - - [19/Feb/2025:22:44:17 +0530] "GET /wp-includes/css/dist/reusable-blocks/style.min.css?ver=6.7.2 HTTP/2" 200 223 "-" "Mozilla/5.0 (Windows NT 10.0; Win64; x64) AppleWebKit/537.36 (KHTML, like Gecko) Chrome/133.0.0.0 Safari/537.36"
152.56.68.162 - - [19/Feb/2025:22:44:17 +0530] "GET /wp-includes/css/dist/patterns/style.min.css?ver=6.7.2 HTTP/2" 200 602 "-" "Mozilla/5.0 (Windows NT 10.0; Win64; x64) AppleWebKit/537.36 (KHTML, like Gecko) Chrome/133.0.0.0 Safari/537.36"
152.56.68.162 - - [19/Feb/2025:22:44:17 +0530] "GET /wp-includes/css/dist/editor/style.min.css?ver=6.7.2 HTTP/2" 200 9001 "-" "Mozilla/5.0 (Windows NT 10.0; Win64; x64) AppleWebKit/537.36 (KHTML, like Gecko) Chrome/133.0.0.0 Safari/537.36"
152.56.68.162 - - [19/Feb/2025:22:44:17 +0530] "GET /wp-admin/css/common.min.css?ver=6.7.2 HTTP/2" 200 12401 "-" "Mozilla/5.0 (Windows NT 10.0; Win64; x64) AppleWebKit/537.36 (KHTML, like Gecko) Chrome/133.0.0.0 Safari/537.36"
152.56.68.162 - - [19/Feb/2025:22:44:17 +0530] "GET /wp-admin/css/forms.min.css?ver=6.7.2 HTTP/2" 200 6387 "-" "Mozilla/5.0 (Windows NT 10.0; Win64; x64) AppleWebKit/537.36 (KHTML, like Gecko) Chrome/133.0.0.0 Safari/537.36"
152.56.68.162 - - [19/Feb/2025:22:44:17 +0530] "GET /wp-includes/css/dist/block-library/reset.min.css?ver=6.7.2 HTTP/2" 200 401 "-" "Mozilla/5.0 (Windows NT 10.0; Win64; x64) AppleWebKit/537.36 (KHTML, like Gecko) Chrome/133.0.0.0 Safari/537.36"
152.56.68.162 - - [19/Feb/2025:22:44:17 +0530] "GET /wp-includes/css/dist/block-editor/content.min.css?ver=6.7.2 HTTP/2" 200 4398 "-" "Mozilla/5.0 (Windows NT 10.0; Win64; x64) AppleWebKit/537.36 (KHTML, like Gecko) Chrome/133.0.0.0 Safari/537.36"
152.56.68.162 - - [19/Feb/2025:22:44:17 +0530] "GET /wp-includes/css/dist/edit-post/classic.min.css?ver=6.7.2 HTTP/2" 200 547 "-" "Mozilla/5.0 (Windows NT 10.0; Win64; x64) AppleWebKit/537.36 (KHTML, like Gecko) Chrome/133.0.0.0 Safari/537.36"
152.56.68.162 - - [19/Feb/2025:22:44:17 +0530] "GET /wp-includes/css/dist/block-library/editor.min.css?ver=6.7.2 HTTP/2" 200 11312 "-" "Mozilla/5.0 (Windows NT 10.0; Win64; x64) AppleWebKit/537.36 (KHTML, like Gecko) Chrome/133.0.0.0 Safari/537.36"
152.56.68.162 - - [19/Feb/2025:22:44:17 +0530] "GET /wp-admin/load-scripts.php?c=1&load%5Bchunk_0%5D=wp-polyfill&ver=6.7.2 HTTP/2" 200 13869 "-" "Mozilla/5.0 (Windows NT 10.0; Win64; x64) AppleWebKit/537.36 (KHTML, like Gecko) Chrome/133.0.0.0 Safari/537.36"
152.56.68.162 - - [19/Feb/2025:22:37:10 +0530] "GET / HTTP/1.1" 200 15229 "https://www.google.com/" "Mozilla/5.0 (Windows NT 10.0; Win64; x64) AppleWebKit/537.36 (KHTML, like Gecko) Chrome/133.0.0.0 Safari/537.36"
23.27.145.206 - - [19/Feb/2025:22:38:03 +0530] "GET / HTTP/1.1" 301 0 "-" "Mozilla/5.0 (X11; Linux i686; rv:109.0) Gecko/20100101 Firefox/120.0"
162.55.100.32 - - [19/Feb/2025:22:38:07 +0530] "POST /wp-cron.php?doing_wp_cron=1739984887.2966570854187011718750 HTTP/1.1" 200 0 "-" "WordPress/6.7.2; https://www.freejobalerts.guru"
2a06:98c0:3600::103 - - [19/Feb/2025:22:39:29 +0530] "GET /wordpress/wp-admin/setup-config.php HTTP/1.1" 301 0 "-" "Mozilla/5.0 (Windows NT 10.0; Win64; x64) AppleWebKit/537.36 (KHTML, like Gecko) Chrome/133.0.0.0 Safari/537.36"
23.27.145.21 - - [19/Feb/2025:22:40:22 +0530] "GET / HTTP/1.1" 200 13792 "-" "Mozilla/5.0 (X11; Linux i686; rv:109.0) Gecko/20100101 Firefox/120.0"
2a06:98c0:3600::103 - - [19/Feb/2025:22:38:28 +0530] "GET /wp-admin/setup-config.php HTTP/1.1" 409 1041 "-" "Mozilla/5.0 (Windows NT 10.0; Win64; x64) AppleWebKit/537.36 (KHTML, like Gecko) Chrome/133.0.0.0 Safari/537.36"
162.55.100.32 - - [19/Feb/2025:22:39:34 +0530] "POST /wp-cron.php?doing_wp_cron=1739984973.7959539890289306640625 HTTP/1.1" 200 0 "-" "WordPress/6.7.2; https://www.freejobalerts.guru"
23.27.145.206 - - [19/Feb/2025:22:38:12 +0530] "GET / HTTP/1.1" 200 13779 "-" "Mozilla/5.0 (X11; Linux i686; rv:109.0) Gecko/20100101 Firefox/120.0"
152.56.68.162 - - [19/Feb/2025:22:40:04 +0530] "GET /wp-json/wp/v2/taxonomies/category?context=edit&_locale=user HTTP/1.1" 200 901 "https://www.freejobalerts.guru/wp-admin/post-new.php" "Mozilla/5.0 (Windows NT 10.0; Win64; x64) AppleWebKit/537.36 (KHTML, like Gecko) Chrome/133.0.0.0 Safari/537.36"
152.56.68.162 - - [19/Feb/2025:22:40:03 +0530] "GET /wp-json/wp/v2/block-patterns/patterns?_locale=user HTTP/1.1" 200 19558 "https://www.freejobalerts.guru/wp-admin/post-new.php" "Mozilla/5.0 (Windows NT 10.0; Win64; x64) AppleWebKit/537.36 (KHTML, like Gecko) Chrome/133.0.0.0 Safari/537.36"
152.56.68.162 - - [19/Feb/2025:22:40:12 +0530] "POST /wp-admin/admin-ajax.php HTTP/1.1" 200 81 "https://www.freejobalerts.guru/wp-admin/post-new.php" "Mozilla/5.0 (Windows NT 10.0; Win64; x64) AppleWebKit/537.36 (KHTML, like Gecko) Chrome/133.0.0.0 Safari/537.36"
152.56.68.162 - - [19/Feb/2025:22:40:19 +0530] "OPTIONS /wp-json/wp/v2/posts/?context=edit&_locale=user HTTP/1.1" 200 2656 "https://www.freejobalerts.guru/wp-admin/post-new.php" "Mozilla/5.0 (Windows NT 10.0; Win64; x64) AppleWebKit/537.36 (KHTML, like Gecko) Chrome/133.0.0.0 Safari/537.36"
162.55.100.32 - - [19/Feb/2025:22:40:23 +0530] "POST /wp-cron.php?doing_wp_cron=1739985023.1856069564819335937500 HTTP/1.1" 200 0 "-" "WordPress/6.7.2; https://www.freejobalerts.guru"
152.56.68.162 - - [19/Feb/2025:22:40:22 +0530] "POST /wp-admin/admin-ajax.php HTTP/1.1" 200 79 "https://www.freejobalerts.guru/wp-admin/post-new.php" "Mozilla/5.0 (Windows NT 10.0; Win64; x64) AppleWebKit/537.36 (KHTML, like Gecko) Chrome/133.0.0.0 Safari/537.36"
152.56.68.162 - - [19/Feb/2025:22:40:32 +0530] "POST /wp-admin/admin-ajax.php HTTP/1.1" 200 79 "https://www.freejobalerts.guru/wp-admin/post-new.php" "Mozilla/5.0 (Windows NT 10.0; Win64; x64) AppleWebKit/537.36 (KHTML, like Gecko) Chrome/133.0.0.0 Safari/537.36"
152.56.68.162 - - [19/Feb/2025:22:40:42 +0530] "POST /wp-admin/admin-ajax.php HTTP/1.1" 200 79 "https://www.freejobalerts.guru/wp-admin/post-new.php" "Mozilla/5.0 (Windows NT 10.0; Win64; x64) AppleWebKit/537.36 (KHTML, like Gecko) Chrome/133.0.0.0 Safari/537.36"
152.56.68.162 - - [19/Feb/2025:22:44:25 +0530] "POST /wp-admin/admin-ajax.php HTTP/2" 200 79 "https://www.freejobalerts.guru/wp-admin/post.php?post=75&action=edit" "Mozilla/5.0 (Windows NT 10.0; Win64; x64) AppleWebKit/537.36 (KHTML, like Gecko) Chrome/133.0.0.0 Safari/537.36"
152.56.68.162 - - [19/Feb/2025:22:44:33 +0530] "GET /wp-json/wp/v2/categories?per_page=100&orderby=count&order=desc&_fields=id%2Cname&_locale=user HTTP/2" 200 77 "https://www.freejobalerts.guru/wp-admin/post.php?post=75&action=edit" "Mozilla/5.0 (Windows NT 10.0; Win64; x64) AppleWebKit/537.36 (KHTML, like Gecko) Chrome/133.0.0.0 Safari/537.36"
152.56.68.162 - - [19/Feb/2025:22:44:36 +0530] "POST /wp-admin/admin-ajax.php HTTP/2" 200 82 "https://www.freejobalerts.guru/wp-admin/post.php?post=75&action=edit" "Mozilla/5.0 (Windows NT 10.0; Win64; x64) AppleWebKit/537.36 (KHTML, like Gecko) Chrome/133.0.0.0 Safari/537.36"
152.56.68.162 - - [19/Feb/2025:22:45:14 +0530] "POST /wp-admin/admin-ajax.php HTTP/2" 200 79 "https://www.freejobalerts.guru/wp-admin/post.php?post=75&action=edit" "Mozilla/5.0 (Windows NT 10.0; Win64; x64) AppleWebKit/537.36 (KHTML, like Gecko) Chrome/133.0.0.0 Safari/537.36"
152.56.68.162 - - [19/Feb/2025:22:45:24 +0530] "POST /wp-admin/admin-ajax.php HTTP/2" 200 79 "https://www.freejobalerts.guru/wp-admin/post.php?post=75&action=edit" "Mozilla/5.0 (Windows NT 10.0; Win64; x64) AppleWebKit/537.36 (KHTML, like Gecko) Chrome/133.0.0.0 Safari/537.36"
152.56.68.162 - - [19/Feb/2025:22:45:35 +0530] "POST /wp-admin/admin-ajax.php HTTP/2" 200 81 "https://www.freejobalerts.guru/wp-admin/post.php?post=75&action=edit" "Mozilla/5.0 (Windows NT 10.0; Win64; x64) AppleWebKit/537.36 (KHTML, like Gecko) Chrome/133.0.0.0 Safari/537.36"
152.56.68.162 - - [19/Feb/2025:22:45:06 +0530] "POST /wp-json/wp/v2/posts/75/autosaves?_locale=user HTTP/2" 200 1637 "https://www.freejobalerts.guru/wp-admin/post.php?post=75&action=edit" "Mozilla/5.0 (Windows NT 10.0; Win64; x64) AppleWebKit/537.36 (KHTML, like Gecko) Chrome/133.0.0.0 Safari/537.36"
162.55.100.32 - - [19/Feb/2025:22:46:16 +0530] "POST /wp-cron.php?doing_wp_cron=1739985375.8370618820190429687500 HTTP/1.1" 200 0 "-" "WordPress/6.7.2; https://www.freejobalerts.guru"
152.56.68.162 - - [19/Feb/2025:22:46:14 +0530] "POST /wp-json/wp/v2/posts/75/autosaves?_locale=user HTTP/2" 200 2305 "https://www.freejobalerts.guru/wp-admin/post.php?post=75&action=edit" "Mozilla/5.0 (Windows NT 10.0; Win64; x64) AppleWebKit/537.36 (KHTML, like Gecko) Chrome/133.0.0.0 Safari/537.36"
152.56.68.162 - - [19/Feb/2025:22:46:17 +0530] "POST /wp-admin/admin-ajax.php HTTP/2" 200 79 "https://www.freejobalerts.guru/wp-admin/post.php?post=75&action=edit" "Mozilla/5.0 (Windows NT 10.0; Win64; x64) AppleWebKit/537.36 (KHTML, like Gecko) Chrome/133.0.0.0 Safari/537.36"
152.56.68.162 - - [19/Feb/2025:22:46:19 +0530] "GET /wp-json/wp/v2/categories?per_page=100&orderby=count&order=desc&_fields=id%2Cname&_locale=user HTTP/2" 200 77 "https://www.freejobalerts.guru/wp-admin/post.php?post=75&action=edit" "Mozilla/5.0 (Windows NT 10.0; Win64; x64) AppleWebKit/537.36 (KHTML, like Gecko) Chrome/133.0.0.0 Safari/537.36"
152.56.68.162 - - [19/Feb/2025:22:46:27 +0530] "POST /wp-admin/admin-ajax.php HTTP/2" 200 79 "https://www.freejobalerts.guru/wp-admin/post.php?post=75&action=edit" "Mozilla/5.0 (Windows NT 10.0; Win64; x64) AppleWebKit/537.36 (KHTML, like Gecko) Chrome/133.0.0.0 Safari/537.36"
152.56.68.162 - - [19/Feb/2025:22:46:46 +0530] "POST /wp-admin/admin-ajax.php HTTP/2" 200 79 "https://www.freejobalerts.guru/wp-admin/post.php?post=75&action=edit" "Mozilla/5.0 (Windows NT 10.0; Win64; x64) AppleWebKit/537.36 (KHTML, like Gecko) Chrome/133.0.0.0 Safari/537.36"
152.56.68.162 - - [19/Feb/2025:22:46:56 +0530] "POST /wp-admin/admin-ajax.php HTTP/2" 200 79 "https://www.freejobalerts.guru/wp-admin/post.php?post=75&action=edit" "Mozilla/5.0 (Windows NT 10.0; Win64; x64) AppleWebKit/537.36 (KHTML, like Gecko) Chrome/133.0.0.0 Safari/537.36"
152.56.68.162 - - [19/Feb/2025:22:47:06 +0530] "POST /wp-admin/admin-ajax.php HTTP/2" 200 79 "https://www.freejobalerts.guru/wp-admin/post.php?post=75&action=edit" "Mozilla/5.0 (Windows NT 10.0; Win64; x64) AppleWebKit/537.36 (KHTML, like Gecko) Chrome/133.0.0.0 Safari/537.36"
152.56.68.162 - - [19/Feb/2025:22:47:16 +0530] "POST /wp-admin/admin-ajax.php HTTP/2" 200 79 "https://www.freejobalerts.guru/wp-admin/post.php?post=75&action=edit" "Mozilla/5.0 (Windows NT 10.0; Win64; x64) AppleWebKit/537.36 (KHTML, like Gecko) Chrome/133.0.0.0 Safari/537.36"
152.56.68.162 - - [19/Feb/2025:22:47:14 +0530] "POST /wp-json/wp/v2/posts/75/autosaves?_locale=user HTTP/2" 200 2676 "https://www.freejobalerts.guru/wp-admin/post.php?post=75&action=edit" "Mozilla/5.0 (Windows NT 10.0; Win64; x64) AppleWebKit/537.36 (KHTML, like Gecko) Chrome/133.0.0.0 Safari/537.36"
152.56.68.162 - - [19/Feb/2025:22:47:15 +0530] "GET /wp-json/wp/v2/categories?per_page=100&orderby=count&order=desc&_fields=id%2Cname&_locale=user HTTP/2" 200 77 "https://www.freejobalerts.guru/wp-admin/post.php?post=75&action=edit" "Mozilla/5.0 (Windows NT 10.0; Win64; x64) AppleWebKit/537.36 (KHTML, like Gecko) Chrome/133.0.0.0 Safari/537.36"
152.56.68.162 - - [19/Feb/2025:22:47:21 +0530] "GET /wp-json/wp/v2/categories?per_page=100&orderby=count&order=desc&_fields=id%2Cname&_locale=user HTTP/2" 200 77 "https://www.freejobalerts.guru/wp-admin/post.php?post=75&action=edit" "Mozilla/5.0 (Windows NT 10.0; Win64; x64) AppleWebKit/537.36 (KHTML, like Gecko) Chrome/133.0.0.0 Safari/537.36"
152.56.68.162 - - [19/Feb/2025:22:47:25 +0530] "GET /wp-json/wp/v2/categories?per_page=100&orderby=count&order=desc&_fields=id%2Cname&_locale=user HTTP/2" 200 77 "https://www.freejobalerts.guru/wp-admin/post.php?post=75&action=edit" "Mozilla/5.0 (Windows NT 10.0; Win64; x64) AppleWebKit/537.36 (KHTML, like Gecko) Chrome/133.0.0.0 Safari/537.36"
152.56.68.162 - - [19/Feb/2025:22:47:26 +0530] "POST /wp-admin/admin-ajax.php HTTP/2" 200 79 "https://www.freejobalerts.guru/wp-admin/post.php?post=75&action=edit" "Mozilla/5.0 (Windows NT 10.0; Win64; x64) AppleWebKit/537.36 (KHTML, like Gecko) Chrome/133.0.0.0 Safari/537.36"
152.56.68.162 - - [19/Feb/2025:22:47:28 +0530] "GET /wp-json/wp/v2/tags?context=view&per_page=100&_fields=id%2Cname&include=10&_locale=user HTTP/2" 200 47 "https://www.freejobalerts.guru/wp-admin/post.php?post=75&action=edit" "Mozilla/5.0 (Windows NT 10.0; Win64; x64) AppleWebKit/537.36 (KHTML, like Gecko) Chrome/133.0.0.0 Safari/537.36"
152.56.68.162 - - [19/Feb/2025:22:47:33 +0530] "GET /wp-json/wp/v2/tags?context=view&per_page=100&_fields=id%2Cname&include=10%2C11&_locale=user HTTP/2" 200 69 "https://www.freejobalerts.guru/wp-admin/post.php?post=75&action=edit" "Mozilla/5.0 (Windows NT 10.0; Win64; x64) AppleWebKit/537.36 (KHTML, like Gecko) Chrome/133.0.0.0 Safari/537.36"
152.56.68.162 - - [19/Feb/2025:22:47:33 +0530] "GET /wp-json/wp/v2/tags?context=view&per_page=100&_fields=id%2Cname&include=10%2C11%2C12&_locale=user HTTP/2" 200 77 "https://www.freejobalerts.guru/wp-admin/post.php?post=75&action=edit" "Mozilla/5.0 (Windows NT 10.0; Win64; x64) AppleWebKit/537.36 (KHTML, like Gecko) Chrome/133.0.0.0 Safari/537.36"
152.56.68.162 - - [19/Feb/2025:22:47:37 +0530] "GET /wp-includes/images/spinner-2x.gif HTTP/2" 200 7536 "https://www.freejobalerts.guru/wp-admin/load-styles.php?c=1&dir=ltr&load%5Bchunk_0%5D=dashicons,admin-bar,buttons,media-views,editor-buttons,wp-components,wp-preferences,wp-block-editor,wp-reusable-blocks,wp-patter&load%5Bchunk_1%5D=ns,wp-editor,common,forms,wp-reset-editor-styles,wp-block-library,wp-block-editor-content,wp-editor-classic-layout-styles,wp-edi&load%5Bchunk_2%5D=t-blocks,wp-commands,wp-edit-post,wp-block-directory,wp-format-library,admin-menu,dashboard,list-tables,edit,revisions,media,the&load%5Bchunk_3%5D=mes,about,nav-menus,wp-pointer,widgets,site-icon,l10n,wp-auth-check&ver=6.7.2" "Mozilla/5.0 (Windows NT 10.0; Win64; x64) AppleWebKit/537.36 (KHTML, like Gecko) Chrome/133.0.0.0 Safari/537.36"
152.56.68.162 - - [19/Feb/2025:22:47:36 +0530] "POST /wp-admin/admin-ajax.php HTTP/2" 200 79 "https://www.freejobalerts.guru/wp-admin/post.php?post=75&action=edit" "Mozilla/5.0 (Windows NT 10.0; Win64; x64) AppleWebKit/537.36 (KHTML, like Gecko) Chrome/133.0.0.0 Safari/537.36"
152.56.68.162 - - [19/Feb/2025:22:47:37 +0530] "POST /wp-admin/admin-ajax.php HTTP/2" 200 2565 "https://www.freejobalerts.guru/wp-admin/post.php?post=75&action=edit" "Mozilla/5.0 (Windows NT 10.0; Win64; x64) AppleWebKit/537.36 (KHTML, like Gecko) Chrome/133.0.0.0 Safari/537.36"
152.56.68.162 - - [19/Feb/2025:22:47:43 +0530] "GET /wp-content/uploads/2025/02/sbi-Clerk-2025-Prelims-Call-Letter-Out-Notification-14191-Vacancies-1-300x169.png HTTP/2" 200 13878 "https://www.freejobalerts.guru/wp-admin/post.php?post=75&action=edit" "Mozilla/5.0 (Windows NT 10.0; Win64; x64) AppleWebKit/537.36 (KHTML, like Gecko) Chrome/133.0.0.0 Safari/537.36"
152.56.68.162 - - [19/Feb/2025:22:47:43 +0530] "GET /wp-content/uploads/2025/02/sbi-Clerk-2025-Prelims-Call-Letter-Out-Notification-14191-Vacancies-300x169.png HTTP/2" 200 22474 "https://www.freejobalerts.guru/wp-admin/post.php?post=75&action=edit" "Mozilla/5.0 (Windows NT 10.0; Win64; x64) AppleWebKit/537.36 (KHTML, like Gecko) Chrome/133.0.0.0 Safari/537.36"
152.56.68.162 - - [19/Feb/2025:22:47:43 +0530] "GET /wp-content/uploads/2025/02/image-5-300x165.jpeg HTTP/2" 200 10527 "https://www.freejobalerts.guru/wp-admin/post.php?post=75&action=edit" "Mozilla/5.0 (Windows NT 10.0; Win64; x64) AppleWebKit/537.36 (KHTML, like Gecko) Chrome/133.0.0.0 Safari/537.36"
152.56.68.162 - - [19/Feb/2025:22:47:43 +0530] "GET /wp-content/uploads/2025/02/image-4-300x165.jpeg HTTP/2" 200 14330 "https://www.freejobalerts.guru/wp-admin/post.php?post=75&action=edit" "Mozilla/5.0 (Windows NT 10.0; Win64; x64) AppleWebKit/537.36 (KHTML, like Gecko) Chrome/133.0.0.0 Safari/537.36"
152.56.68.162 - - [19/Feb/2025:22:47:43 +0530] "GET /wp-content/uploads/2025/02/image-3-300x165.jpeg HTTP/2" 200 13304 "https://www.freejobalerts.guru/wp-admin/post.php?post=75&action=edit" "Mozilla/5.0 (Windows NT 10.0; Win64; x64) AppleWebKit/537.36 (KHTML, like Gecko) Chrome/133.0.0.0 Safari/537.36"
152.56.68.162 - - [19/Feb/2025:22:47:43 +0530] "GET /wp-content/uploads/2025/02/image-2-300x165.jpeg HTTP/2" 200 14597 "https://www.freejobalerts.guru/wp-admin/post.php?post=75&action=edit" "Mozilla/5.0 (Windows NT 10.0; Win64; x64) AppleWebKit/537.36 (KHTML, like Gecko) Chrome/133.0.0.0 Safari/537.36"
152.56.68.162 - - [19/Feb/2025:22:47:43 +0530] "GET /wp-content/uploads/2025/02/image-1-300x165.jpeg HTTP/2" 200 11323 "https://www.freejobalerts.guru/wp-admin/post.php?post=75&action=edit" "Mozilla/5.0 (Windows NT 10.0; Win64; x64) AppleWebKit/537.36 (KHTML, like Gecko) Chrome/133.0.0.0 Safari/537.36"
152.56.68.162 - - [19/Feb/2025:22:47:43 +0530] "GET /wp-content/uploads/2025/02/image-300x165.jpeg HTTP/2" 200 9947 "https://www.freejobalerts.guru/wp-admin/post.php?post=75&action=edit" "Mozilla/5.0 (Windows NT 10.0; Win64; x64) AppleWebKit/537.36 (KHTML, like Gecko) Chrome/133.0.0.0 Safari/537.36"
152.56.68.162 - - [19/Feb/2025:22:47:43 +0530] "GET /wp-content/uploads/2025/02/sd-sdsdfs-300x115.png HTTP/2" 200 19107 "https://www.freejobalerts.guru/wp-admin/post.php?post=75&action=edit" "Mozilla/5.0 (Windows NT 10.0; Win64; x64) AppleWebKit/537.36 (KHTML, like Gecko) Chrome/133.0.0.0 Safari/537.36"
152.56.68.162 - - [19/Feb/2025:22:47:43 +0530] "GET /wp-content/uploads/2025/02/Blue-Flat-Illustrative-Finance-Company-Logo-300x300.png HTTP/2" 200 12337 "https://www.freejobalerts.guru/wp-admin/post.php?post=75&action=edit" "Mozilla/5.0 (Windows NT 10.0; Win64; x64) AppleWebKit/537.36 (KHTML, like Gecko) Chrome/133.0.0.0 Safari/537.36"
152.56.68.162 - - [19/Feb/2025:22:47:43 +0530] "GET /wp-content/uploads/2025/02/freejobalerts.guru_-300x169.png HTTP/2" 200 74396 "https://www.freejobalerts.guru/wp-admin/post.php?post=75&action=edit" "Mozilla/5.0 (Windows NT 10.0; Win64; x64) AppleWebKit/537.36 (KHTML, like Gecko) Chrome/133.0.0.0 Safari/537.36"
152.56.68.162 - - [19/Feb/2025:22:47:43 +0530] "GET /wp-content/uploads/2025/02/image-300x169.png HTTP/2" 200 24521 "https://www.freejobalerts.guru/wp-admin/post.php?post=75&action=edit" "Mozilla/5.0 (Windows NT 10.0; Win64; x64) AppleWebKit/537.36 (KHTML, like Gecko) Chrome/133.0.0.0 Safari/537.36"
152.56.68.162 - - [19/Feb/2025:22:47:46 +0530] "GET /wp-includes/images/uploader-icons-2x.png HTTP/2" 200 3542 "https://www.freejobalerts.guru/wp-admin/load-styles.php?c=1&dir=ltr&load%5Bchunk_0%5D=dashicons,admin-bar,buttons,media-views,editor-buttons,wp-components,wp-preferences,wp-block-editor,wp-reusable-blocks,wp-patter&load%5Bchunk_1%5D=ns,wp-editor,common,forms,wp-reset-editor-styles,wp-block-library,wp-block-editor-content,wp-editor-classic-layout-styles,wp-edi&load%5Bchunk_2%5D=t-blocks,wp-commands,wp-edit-post,wp-block-directory,wp-format-library,admin-menu,dashboard,list-tables,edit,revisions,media,the&load%5Bchunk_3%5D=mes,about,nav-menus,wp-pointer,widgets,site-icon,l10n,wp-auth-check&ver=6.7.2" "Mozilla/5.0 (Windows NT 10.0; Win64; x64) AppleWebKit/537.36 (KHTML, like Gecko) Chrome/133.0.0.0 Safari/537.36"
152.56.68.162 - - [19/Feb/2025:22:47:47 +0530] "GET /wp-json/wp/v2/media/72?context=view&_locale=user HTTP/2" 200 1133 "https://www.freejobalerts.guru/wp-admin/post.php?post=75&action=edit" "Mozilla/5.0 (Windows NT 10.0; Win64; x64) AppleWebKit/537.36 (KHTML, like Gecko) Chrome/133.0.0.0 Safari/537.36"
152.56.68.162 - - [19/Feb/2025:22:47:49 +0530] "GET /wp-content/uploads/2025/02/sbi-Clerk-2025-Prelims-Call-Letter-Out-Notification-14191-Vacancies-1-1024x576.png HTTP/2" 200 88259 "https://www.freejobalerts.guru/wp-admin/post.php?post=75&action=edit" "Mozilla/5.0 (Windows NT 10.0; Win64; x64) AppleWebKit/537.36 (KHTML, like Gecko) Chrome/133.0.0.0 Safari/537.36"
152.56.68.162 - - [19/Feb/2025:22:47:48 +0530] "GET /wp-json/wp/v2/media/72?context=edit&_locale=user HTTP/2" 200 1265 "https://www.freejobalerts.guru/wp-admin/post.php?post=75&action=edit" "Mozilla/5.0 (Windows NT 10.0; Win64; x64) AppleWebKit/537.36 (KHTML, like Gecko) Chrome/133.0.0.0 Safari/537.36"
152.56.68.162 - - [19/Feb/2025:22:47:46 +0530] "POST /wp-admin/admin-ajax.php HTTP/2" 200 79 "https://www.freejobalerts.guru/wp-admin/post.php?post=75&action=edit" "Mozilla/5.0 (Windows NT 10.0; Win64; x64) AppleWebKit/537.36 (KHTML, like Gecko) Chrome/133.0.0.0 Safari/537.36"
152.56.68.162 - - [19/Feb/2025:22:47:50 +0530] "POST /wp-json/rankmath/v1/updateMeta?_locale=user HTTP/2" 200 30 "https://www.freejobalerts.guru/wp-admin/post.php?post=75&action=edit" "Mozilla/5.0 (Windows NT 10.0; Win64; x64) AppleWebKit/537.36 (KHTML, like Gecko) Chrome/133.0.0.0 Safari/537.36"
152.56.68.162 - - [19/Feb/2025:22:47:51 +0530] "POST /wp-json/rankmath/v1/updateMeta?_locale=user HTTP/2" 200 30 "https://www.freejobalerts.guru/wp-admin/post.php?post=75&action=edit" "Mozilla/5.0 (Windows NT 10.0; Win64; x64) AppleWebKit/537.36 (KHTML, like Gecko) Chrome/133.0.0.0 Safari/537.36"
152.56.68.162 - - [19/Feb/2025:22:47:49 +0530] "GET /wp-json/wp/v2/categories/1?context=edit&_locale=user HTTP/2" 200 302 "https://www.freejobalerts.guru/wp-admin/post.php?post=75&action=edit" "Mozilla/5.0 (Windows NT 10.0; Win64; x64) AppleWebKit/537.36 (KHTML, like Gecko) Chrome/133.0.0.0 Safari/537.36"
162.55.100.32 - - [19/Feb/2025:22:47:59 +0530] "POST /wp-cron.php?doing_wp_cron=1739985479.7989120483398437500000 HTTP/1.1" 200 0 "-" "WordPress/6.7.2; https://www.freejobalerts.guru"
152.56.68.162 - - [19/Feb/2025:22:47:56 +0530] "POST /wp-admin/admin-ajax.php HTTP/2" 200 79 "https://www.freejobalerts.guru/wp-admin/post.php?post=75&action=edit" "Mozilla/5.0 (Windows NT 10.0; Win64; x64) AppleWebKit/537.36 (KHTML, like Gecko) Chrome/133.0.0.0 Safari/537.36"
152.56.68.162 - - [19/Feb/2025:22:47:50 +0530] "POST /wp-json/wp/v2/posts/75?_locale=user HTTP/2" 200 3466 "https://www.freejobalerts.guru/wp-admin/post.php?post=75&action=edit" "Mozilla/5.0 (Windows NT 10.0; Win64; x64) AppleWebKit/537.36 (KHTML, like Gecko) Chrome/133.0.0.0 Safari/537.36"
152.56.68.162 - - [19/Feb/2025:22:48:02 +0530] "POST /wp-json/rankmath/v1/updateMeta?_locale=user HTTP/2" 200 30 "https://www.freejobalerts.guru/wp-admin/post.php?post=75&action=edit" "Mozilla/5.0 (Windows NT 10.0; Win64; x64) AppleWebKit/537.36 (KHTML, like Gecko) Chrome/133.0.0.0 Safari/537.36"
152.56.68.162 - - [19/Feb/2025:22:48:01 +0530] "GET /wp-json/wp/v2/tags?context=view&per_page=100&_fields=id%2Cname&include=11%2C12%2C10&_locale=user HTTP/2" 200 77 "https://www.freejobalerts.guru/wp-admin/post.php?post=75&action=edit" "Mozilla/5.0 (Windows NT 10.0; Win64; x64) AppleWebKit/537.36 (KHTML, like Gecko) Chrome/133.0.0.0 Safari/537.36"
152.56.68.162 - - [19/Feb/2025:22:48:06 +0530] "POST /wp-admin/admin-ajax.php HTTP/2" 200 79 "https://www.freejobalerts.guru/wp-admin/post.php?post=75&action=edit" "Mozilla/5.0 (Windows NT 10.0; Win64; x64) AppleWebKit/537.36 (KHTML, like Gecko) Chrome/133.0.0.0 Safari/537.36"
152.56.68.162 - - [19/Feb/2025:22:48:01 +0530] "POST /wp-admin/post.php?post=75&action=edit&meta-box-loader=1&meta-box-loader-nonce=6c396de9aa&_locale=user HTTP/2" 302 0 "https://www.freejobalerts.guru/wp-admin/post.php?post=75&action=edit" "Mozilla/5.0 (Windows NT 10.0; Win64; x64) AppleWebKit/537.36 (KHTML, like Gecko) Chrome/133.0.0.0 Safari/537.36"
152.56.68.162 - - [19/Feb/2025:22:48:16 +0530] "GET /wp-admin/post.php?post=75&action=edit&message=4 HTTP/2" 200 85889 "https://www.freejobalerts.guru/wp-admin/post.php?post=75&action=edit" "Mozilla/5.0 (Windows NT 10.0; Win64; x64) AppleWebKit/537.36 (KHTML, like Gecko) Chrome/133.0.0.0 Safari/537.36"
152.56.68.162 - - [19/Feb/2025:22:48:26 +0530] "POST /wp-admin/admin-ajax.php HTTP/2" 200 5 "https://www.freejobalerts.guru/wp-admin/post.php?post=75&action=edit" "Mozilla/5.0 (Windows NT 10.0; Win64; x64) AppleWebKit/537.36 (KHTML, like Gecko) Chrome/133.0.0.0 Safari/537.36"
152.56.68.162 - - [19/Feb/2025:22:48:16 +0530] "POST /wp-admin/admin-ajax.php HTTP/2" 200 0 "https://www.freejobalerts.guru/wp-admin/post.php?post=75&action=edit" "Mozilla/5.0 (Windows NT 10.0; Win64; x64) AppleWebKit/537.36 (KHTML, like Gecko) Chrome/133.0.0.0 Safari/537.36"
152.56.68.162 - - [19/Feb/2025:22:48:33 +0530] "GET /wp-content/themes/generatepress/assets/css/components/comments.min.css?ver=3.5.1 HTTP/2" 200 488 "https://www.freejobalerts.guru/sbi-clerk-prelims-admit-card-2025-out-at-sbi-co-in/" "Mozilla/5.0 (Windows NT 10.0; Win64; x64) AppleWebKit/537.36 (KHTML, like Gecko) Chrome/133.0.0.0 Safari/537.36"
152.56.68.162 - - [19/Feb/2025:22:48:26 +0530] "GET /sbi-clerk-prelims-admit-card-2025-out-at-sbi-co-in/ HTTP/2" 200 16027 "https://www.freejobalerts.guru/wp-admin/post.php?post=75&action=edit" "Mozilla/5.0 (Windows NT 10.0; Win64; x64) AppleWebKit/537.36 (KHTML, like Gecko) Chrome/133.0.0.0 Safari/537.36"
152.56.68.162 - - [19/Feb/2025:22:48:39 +0530] "GET /wp-includes/js/comment-reply.min.js?ver=6.7.2 HTTP/2" 200 1247 "https://www.freejobalerts.guru/sbi-clerk-prelims-admit-card-2025-out-at-sbi-co-in/" "Mozilla/5.0 (Windows NT 10.0; Win64; x64) AppleWebKit/537.36 (KHTML, like Gecko) Chrome/133.0.0.0 Safari/537.36"
152.56.68.162 - - [19/Feb/2025:22:48:39 +0530] "GET /wp-content/uploads/2025/02/sbi-Clerk-2025-Prelims-Call-Letter-Out-Notification-14191-Vacancies-150x150.png HTTP/2" 200 12244 "https://www.freejobalerts.guru/sbi-clerk-prelims-admit-card-2025-out-at-sbi-co-in/" "Mozilla/5.0 (Windows NT 10.0; Win64; x64) AppleWebKit/537.36 (KHTML, like Gecko) Chrome/133.0.0.0 Safari/537.36"
152.56.68.162 - - [19/Feb/2025:22:48:39 +0530] "GET /wp-content/uploads/2025/02/image-4-150x150.jpeg HTTP/2" 200 6762 "https://www.freejobalerts.guru/sbi-clerk-prelims-admit-card-2025-out-at-sbi-co-in/" "Mozilla/5.0 (Windows NT 10.0; Win64; x64) AppleWebKit/537.36 (KHTML, like Gecko) Chrome/133.0.0.0 Safari/537.36"
152.56.68.162 - - [19/Feb/2025:22:48:39 +0530] "GET /wp-content/uploads/2025/02/image.png HTTP/2" 200 343864 "https://www.freejobalerts.guru/sbi-clerk-prelims-admit-card-2025-out-at-sbi-co-in/" "Mozilla/5.0 (Windows NT 10.0; Win64; x64) AppleWebKit/537.36 (KHTML, like Gecko) Chrome/133.0.0.0 Safari/537.36"
152.56.68.162 - - [19/Feb/2025:22:49:10 +0530] "GET / HTTP/2" 200 15643 "https://www.freejobalerts.guru/sbi-clerk-prelims-admit-card-2025-out-at-sbi-co-in/" "Mozilla/5.0 (Windows NT 10.0; Win64; x64) AppleWebKit/537.36 (KHTML, like Gecko) Chrome/133.0.0.0 Safari/537.36"
152.56.68.162 - - [19/Feb/2025:22:49:13 +0530] "GET /wp-content/uploads/2025/02/sbi-Clerk-2025-Prelims-Call-Letter-Out-Notification-14191-Vacancies-1.png HTTP/2" 200 54910 "https://www.freejobalerts.guru/" "Mozilla/5.0 (Windows NT 10.0; Win64; x64) AppleWebKit/537.36 (KHTML, like Gecko) Chrome/133.0.0.0 Safari/537.36"
152.56.68.162 - - [19/Feb/2025:22:49:13 +0530] "GET /wp-content/uploads/2025/02/freejobalerts.guru_-768x432.png HTTP/2" 200 431607 "https://www.freejobalerts.guru/" "Mozilla/5.0 (Windows NT 10.0; Win64; x64) AppleWebKit/537.36 (KHTML, like Gecko) Chrome/133.0.0.0 Safari/537.36"
66.249.66.164 - - [19/Feb/2025:22:50:04 +0530] "GET /wp-includes/css/dist/block-library/style.min.css?ver=6.7.2 HTTP/1.1" 200 14225 "https://www.freejobalerts.guru/sbi-clerk-prelims-admit-card-2025-out-at-sbi-co-in/" "Mozilla/5.0 (X11; Linux x86_64) AppleWebKit/537.36 (KHTML, like Gecko) Chrome/133.0.6943.53 Safari/537.36 (compatible; Google-InspectionTool/1.0)"
66.249.66.164 - - [19/Feb/2025:22:50:05 +0530] "GET /wp-content/uploads/2025/02/image-4-150x150.jpeg HTTP/1.1" 200 6762 "https://www.freejobalerts.guru/sbi-clerk-prelims-admit-card-2025-out-at-sbi-co-in/" "Mozilla/5.0 (X11; Linux x86_64) AppleWebKit/537.36 (KHTML, like Gecko) Chrome/133.0.6943.53 Safari/537.36 (compatible; Google-InspectionTool/1.0)"
66.249.66.164 - - [19/Feb/2025:22:50:05 +0530] "GET /wp-content/themes/generatepress/assets/css/main.min.css?ver=3.5.1 HTTP/1.1" 200 4410 "https://www.freejobalerts.guru/sbi-clerk-prelims-admit-card-2025-out-at-sbi-co-in/" "Mozilla/5.0 (Linux; Android 6.0.1; Nexus 5X Build/MMB29P) AppleWebKit/537.36 (KHTML, like Gecko) Chrome/133.0.6943.53 Mobile Safari/537.36 (compatible; Google-InspectionTool/1.0)"
66.249.76.3 - - [19/Feb/2025:22:50:23 +0530] "GET /sbi-clerk-prelims-admit-card-2025-out-at-sbi-co-in/ HTTP/1.1" 200 13134 "-" "Mozilla/5.0 (Linux; Android 6.0.1; Nexus 5X Build/MMB29P) AppleWebKit/537.36 (KHTML, like Gecko) Chrome/133.0.6943.98 Mobile Safari/537.36 (compatible; Google-InspectionTool/1.0;)"
66.249.76.3 - - [19/Feb/2025:22:50:24 +0530] "GET /wp-content/themes/generatepress/assets/js/menu.min.js?ver=3.5.1 HTTP/1.1" 200 1678 "https://www.freejobalerts.guru/sbi-clerk-prelims-admit-card-2025-out-at-sbi-co-in/" "Mozilla/5.0 (X11; Linux x86_64) AppleWebKit/537.36 (KHTML, like Gecko) Chrome/133.0.6943.53 Safari/537.36 (compatible; Google-InspectionTool/1.0)"
66.249.76.3 - - [19/Feb/2025:22:50:24 +0530] "GET /wp-includes/css/dist/block-library/style.min.css?ver=6.7.2 HTTP/1.1" 200 14225 "https://www.freejobalerts.guru/sbi-clerk-prelims-admit-card-2025-out-at-sbi-co-in/" "Mozilla/5.0 (X11; Linux x86_64) AppleWebKit/537.36 (KHTML, like Gecko) Chrome/133.0.6943.53 Safari/537.36 (compatible; Google-InspectionTool/1.0)"
66.249.76.3 - - [19/Feb/2025:22:50:24 +0530] "GET /wp-content/plugins/contextual-related-posts/css/rounded-thumbs.min.css?ver=3.6.2 HTTP/1.1" 200 348 "https://www.freejobalerts.guru/sbi-clerk-prelims-admit-card-2025-out-at-sbi-co-in/" "Mozilla/5.0 (Linux; Android 6.0.1; Nexus 5X Build/MMB29P) AppleWebKit/537.36 (KHTML, like Gecko) Chrome/133.0.6943.53 Mobile Safari/537.36 (compatible; Google-InspectionTool/1.0)"
162.55.100.32 - - [19/Feb/2025:22:48:05 +0530] "HEAD /wp-content/uploads/2025/02/image-1024x577.png HTTP/1.1" 200 0 "-" "WordPress/6.7.2; https://www.freejobalerts.guru"
213.180.203.240 - - [19/Feb/2025:22:48:09 +0530] "GET /robots.txt HTTP/1.1" 200 351 "-" "Mozilla/5.0 (compatible; YandexBot/3.0; +http://yandex.com/bots)"
66.249.66.165 - - [19/Feb/2025:22:50:04 +0530] "GET /wp-content/plugins/related-posts-thumbnails/assets/css/front.css?ver=4.2.1 HTTP/1.1" 200 1088 "https://www.freejobalerts.guru/sbi-clerk-prelims-admit-card-2025-out-at-sbi-co-in/" "Mozilla/5.0 (X11; Linux x86_64) AppleWebKit/537.36 (KHTML, like Gecko) Chrome/133.0.6943.53 Safari/537.36 (compatible; Google-InspectionTool/1.0)"
66.249.66.164 - - [19/Feb/2025:22:50:04 +0530] "GET /wp-content/themes/generatepress/assets/css/main.min.css?ver=3.5.1 HTTP/1.1" 200 4410 "https://www.freejobalerts.guru/sbi-clerk-prelims-admit-card-2025-out-at-sbi-co-in/" "Mozilla/5.0 (X11; Linux x86_64) AppleWebKit/537.36 (KHTML, like Gecko) Chrome/133.0.6943.53 Safari/537.36 (compatible; Google-InspectionTool/1.0)"
66.249.66.165 - - [19/Feb/2025:22:50:05 +0530] "GET /wp-content/uploads/2025/02/sbi-Clerk-2025-Prelims-Call-Letter-Out-Notification-14191-Vacancies-150x150.png HTTP/1.1" 200 12244 "https://www.freejobalerts.guru/sbi-clerk-prelims-admit-card-2025-out-at-sbi-co-in/" "Mozilla/5.0 (X11; Linux x86_64) AppleWebKit/537.36 (KHTML, like Gecko) Chrome/133.0.6943.53 Safari/537.36 (compatible; Google-InspectionTool/1.0)"
66.249.66.165 - - [19/Feb/2025:22:50:05 +0530] "GET /wp-content/plugins/contact-form-7/includes/css/styles.css?ver=6.0.3 HTTP/1.1" 200 890 "https://www.freejobalerts.guru/sbi-clerk-prelims-admit-card-2025-out-at-sbi-co-in/" "Mozilla/5.0 (Linux; Android 6.0.1; Nexus 5X Build/MMB29P) AppleWebKit/537.36 (KHTML, like Gecko) Chrome/133.0.6943.53 Mobile Safari/537.36 (compatible; Google-InspectionTool/1.0)"
66.249.66.164 - - [19/Feb/2025:22:50:05 +0530] "GET /wp-content/plugins/contextual-related-posts/css/rounded-thumbs.min.css?ver=3.6.2 HTTP/1.1" 200 348 "https://www.freejobalerts.guru/sbi-clerk-prelims-admit-card-2025-out-at-sbi-co-in/" "Mozilla/5.0 (Linux; Android 6.0.1; Nexus 5X Build/MMB29P) AppleWebKit/537.36 (KHTML, like Gecko) Chrome/133.0.6943.53 Mobile Safari/537.36 (compatible; Google-InspectionTool/1.0)"
66.249.66.164 - - [19/Feb/2025:22:50:23 +0530] "GET /sbi-clerk-prelims-admit-card-2025-out-at-sbi-co-in/ HTTP/1.1" 200 13134 "-" "Mozilla/5.0 (compatible; Google-InspectionTool/1.0;)"
66.249.66.164 - - [19/Feb/2025:22:50:24 +0530] "GET /wp-content/themes/generatepress/assets/css/components/comments.min.css?ver=3.5.1 HTTP/1.1" 200 488 "https://www.freejobalerts.guru/sbi-clerk-prelims-admit-card-2025-out-at-sbi-co-in/" "Mozilla/5.0 (X11; Linux x86_64) AppleWebKit/537.36 (KHTML, like Gecko) Chrome/133.0.6943.53 Safari/537.36 (compatible; Google-InspectionTool/1.0)"
66.249.66.164 - - [19/Feb/2025:22:50:24 +0530] "GET /wp-content/plugins/contact-form-7/includes/js/index.js?ver=6.0.3 HTTP/1.1" 200 4008 "https://www.freejobalerts.guru/sbi-clerk-prelims-admit-card-2025-out-at-sbi-co-in/" "Mozilla/5.0 (X11; Linux x86_64) AppleWebKit/537.36 (KHTML, like Gecko) Chrome/133.0.6943.53 Safari/537.36 (compatible; Google-InspectionTool/1.0)"
66.249.66.164 - - [19/Feb/2025:22:50:24 +0530] "GET /wp-content/plugins/contact-form-7/includes/css/styles.css?ver=6.0.3 HTTP/1.1" 200 890 "https://www.freejobalerts.guru/sbi-clerk-prelims-admit-card-2025-out-at-sbi-co-in/" "Mozilla/5.0 (Linux; Android 6.0.1; Nexus 5X Build/MMB29P) AppleWebKit/537.36 (KHTML, like Gecko) Chrome/133.0.6943.53 Mobile Safari/537.36 (compatible; Google-InspectionTool/1.0)"
66.249.66.164 - - [19/Feb/2025:22:50:24 +0530] "GET /wp-includes/js/dist/hooks.min.js?ver=4d63a3d491d11ffd8ac6 HTTP/1.1" 200 1571 "https://www.freejobalerts.guru/sbi-clerk-prelims-admit-card-2025-out-at-sbi-co-in/" "Mozilla/5.0 (X11; Linux x86_64) AppleWebKit/537.36 (KHTML, like Gecko) Chrome/133.0.6943.53 Safari/537.36 (compatible; Google-InspectionTool/1.0)"
162.55.100.32 - - [19/Feb/2025:22:41:58 +0530] "POST /wp-cron.php?doing_wp_cron=1739985117.5528659820556640625000 HTTP/1.1" 200 0 "-" "WordPress/6.7.2; https://www.freejobalerts.guru"
143.198.57.41 - - [19/Feb/2025:22:41:55 +0530] "POST /api HTTP/1.1" 404 9498 "-" "Mozilla/5.0 (Windows NT 10.0; Win64; x64) AppleWebKit/537.36 (KHTML, like Gecko) Chrome/119.0.0.0 Safari/537.36"
162.55.100.32 - - [19/Feb/2025:22:46:34 +0530] "POST /wp-cron.php?doing_wp_cron=1739985394.0656020641326904296875 HTTP/1.1" 200 0 "-" "WordPress/6.7.2; https://www.freejobalerts.guru"
5.255.231.111 - - [19/Feb/2025:22:48:10 +0530] "GET /sbi-clerk-prelims-admit-card-2025-out-at-sbi-co-in/ HTTP/1.1" 200 14581 "-" "Mozilla/5.0 (compatible; YandexBot/3.0; +http://yandex.com/bots)"
162.55.100.32 - - [19/Feb/2025:22:50:03 +0530] "POST /wp-cron.php?doing_wp_cron=1739985603.8048160076141357421875 HTTP/1.1" 200 0 "-" "WordPress/6.7.2; https://www.freejobalerts.guru"
66.249.66.165 - - [19/Feb/2025:22:50:04 +0530] "GET /wp-content/uploads/2025/02/image-1024x577.png HTTP/1.1" 200 219695 "https://www.freejobalerts.guru/sbi-clerk-prelims-admit-card-2025-out-at-sbi-co-in/" "Mozilla/5.0 (X11; Linux x86_64) AppleWebKit/537.36 (KHTML, like Gecko) Chrome/133.0.6943.53 Safari/537.36 (compatible; Google-InspectionTool/1.0)"
66.249.66.165 - - [19/Feb/2025:22:50:05 +0530] "GET /wp-includes/css/dist/block-library/style.min.css?ver=6.7.2 HTTP/1.1" 200 14225 "https://www.freejobalerts.guru/sbi-clerk-prelims-admit-card-2025-out-at-sbi-co-in/" "Mozilla/5.0 (Linux; Android 6.0.1; Nexus 5X Build/MMB29P) AppleWebKit/537.36 (KHTML, like Gecko) Chrome/133.0.6943.53 Mobile Safari/537.36 (compatible; Google-InspectionTool/1.0)"
66.249.66.164 - - [19/Feb/2025:22:50:24 +0530] "GET /wp-includes/js/comment-reply.min.js?ver=6.7.2 HTTP/1.1" 200 1247 "https://www.freejobalerts.guru/sbi-clerk-prelims-admit-card-2025-out-at-sbi-co-in/" "Mozilla/5.0 (X11; Linux x86_64) AppleWebKit/537.36 (KHTML, like Gecko) Chrome/133.0.6943.53 Safari/537.36 (compatible; Google-InspectionTool/1.0)"
66.249.66.164 - - [19/Feb/2025:22:50:24 +0530] "GET /wp-content/uploads/2025/02/sd-sdsdfs.png HTTP/1.1" 200 25553 "https://www.freejobalerts.guru/sbi-clerk-prelims-admit-card-2025-out-at-sbi-co-in/" "Mozilla/5.0 (X11; Linux x86_64) AppleWebKit/537.36 (KHTML, like Gecko) Chrome/133.0.6943.53 Safari/537.36 (compatible; Google-InspectionTool/1.0)"
66.249.66.164 - - [19/Feb/2025:22:50:25 +0530] "GET /wp-includes/js/dist/i18n.min.js?ver=5e580eb46a90c2b997e6 HTTP/1.1" 200 3542 "https://www.freejobalerts.guru/sbi-clerk-prelims-admit-card-2025-out-at-sbi-co-in/" "Mozilla/5.0 (Linux; Android 6.0.1; Nexus 5X Build/MMB29P) AppleWebKit/537.36 (KHTML, like Gecko) Chrome/133.0.6943.53 Mobile Safari/537.36 (compatible; Google-InspectionTool/1.0)"
66.249.66.164 - - [19/Feb/2025:22:50:25 +0530] "GET /wp-content/uploads/2025/02/sbi-Clerk-2025-Prelims-Call-Letter-Out-Notification-14191-Vacancies-150x150.png HTTP/1.1" 200 12244 "https://www.freejobalerts.guru/sbi-clerk-prelims-admit-card-2025-out-at-sbi-co-in/" "Mozilla/5.0 (X11; Linux x86_64) AppleWebKit/537.36 (KHTML, like Gecko) Chrome/133.0.6943.53 Safari/537.36 (compatible; Google-InspectionTool/1.0)"
66.249.66.164 - - [19/Feb/2025:22:50:24 +0530] "GET /wp-content/uploads/2025/02/image-1024x577.png HTTP/1.1" 200 219695 "https://www.freejobalerts.guru/sbi-clerk-prelims-admit-card-2025-out-at-sbi-co-in/" "Mozilla/5.0 (X11; Linux x86_64) AppleWebKit/537.36 (KHTML, like Gecko) Chrome/133.0.6943.53 Safari/537.36 (compatible; Google-InspectionTool/1.0)"
66.249.66.164 - - [19/Feb/2025:22:50:25 +0530] "GET /wp-content/uploads/2025/02/sbi-Clerk-2025-Prelims-Call-Letter-Out-Notification-14191-Vacancies-150x150.png HTTP/1.1" 200 12244 "https://www.freejobalerts.guru/sbi-clerk-prelims-admit-card-2025-out-at-sbi-co-in/" "Mozilla/5.0 (Linux; Android 6.0.1; Nexus 5X Build/MMB29P) AppleWebKit/537.36 (KHTML, like Gecko) Chrome/133.0.6943.53 Mobile Safari/537.36 (compatible; Google-InspectionTool/1.0)"
66.249.66.165 - - [19/Feb/2025:22:49:58 +0530] "GET /robots.txt HTTP/1.1" 200 106 "-" "Mozilla/5.0 (compatible; Googlebot/2.1; +http://www.google.com/bot.html)"
66.249.66.165 - - [19/Feb/2025:22:50:04 +0530] "GET /wp-includes/js/comment-reply.min.js?ver=6.7.2 HTTP/1.1" 200 1247 "https://www.freejobalerts.guru/sbi-clerk-prelims-admit-card-2025-out-at-sbi-co-in/" "Mozilla/5.0 (X11; Linux x86_64) AppleWebKit/537.36 (KHTML, like Gecko) Chrome/133.0.6943.53 Safari/537.36 (compatible; Google-InspectionTool/1.0)"
66.249.66.165 - - [19/Feb/2025:22:50:05 +0530] "GET /wp-content/uploads/2025/02/image.png HTTP/1.1" 200 343864 "https://www.freejobalerts.guru/sbi-clerk-prelims-admit-card-2025-out-at-sbi-co-in/" "Mozilla/5.0 (Linux; Android 6.0.1; Nexus 5X Build/MMB29P) AppleWebKit/537.36 (KHTML, like Gecko) Chrome/133.0.6943.53 Mobile Safari/537.36 (compatible; Google-InspectionTool/1.0)"
66.249.76.3 - - [19/Feb/2025:22:50:24 +0530] "GET /wp-content/themes/generatepress/assets/css/main.min.css?ver=3.5.1 HTTP/1.1" 200 4410 "https://www.freejobalerts.guru/sbi-clerk-prelims-admit-card-2025-out-at-sbi-co-in/" "Mozilla/5.0 (X11; Linux x86_64) AppleWebKit/537.36 (KHTML, like Gecko) Chrome/133.0.6943.53 Safari/537.36 (compatible; Google-InspectionTool/1.0)"
66.249.76.3 - - [19/Feb/2025:22:50:24 +0530] "GET /wp-content/themes/generatepress/assets/css/components/comments.min.css?ver=3.5.1 HTTP/1.1" 200 488 "https://www.freejobalerts.guru/sbi-clerk-prelims-admit-card-2025-out-at-sbi-co-in/" "Mozilla/5.0 (Linux; Android 6.0.1; Nexus 5X Build/MMB29P) AppleWebKit/537.36 (KHTML, like Gecko) Chrome/133.0.6943.53 Mobile Safari/537.36 (compatible; Google-InspectionTool/1.0)"
66.249.66.164 - - [19/Feb/2025:22:50:24 +0530] "GET /wp-content/plugins/contact-form-7/includes/css/styles.css?ver=6.0.3 HTTP/1.1" 200 890 "https://www.freejobalerts.guru/sbi-clerk-prelims-admit-card-2025-out-at-sbi-co-in/" "Mozilla/5.0 (X11; Linux x86_64) AppleWebKit/537.36 (KHTML, like Gecko) Chrome/133.0.6943.53 Safari/537.36 (compatible; Google-InspectionTool/1.0)"
66.249.66.164 - - [19/Feb/2025:22:50:24 +0530] "GET /wp-content/plugins/contextual-related-posts/css/rounded-thumbs.min.css?ver=3.6.2 HTTP/1.1" 200 348 "https://www.freejobalerts.guru/sbi-clerk-prelims-admit-card-2025-out-at-sbi-co-in/" "Mozilla/5.0 (X11; Linux x86_64) AppleWebKit/537.36 (KHTML, like Gecko) Chrome/133.0.6943.53 Safari/537.36 (compatible; Google-InspectionTool/1.0)"
66.249.66.164 - - [19/Feb/2025:22:50:24 +0530] "GET /wp-includes/js/dist/i18n.min.js?ver=5e580eb46a90c2b997e6 HTTP/1.1" 200 3542 "https://www.freejobalerts.guru/sbi-clerk-prelims-admit-card-2025-out-at-sbi-co-in/" "Mozilla/5.0 (X11; Linux x86_64) AppleWebKit/537.36 (KHTML, like Gecko) Chrome/133.0.6943.53 Safari/537.36 (compatible; Google-InspectionTool/1.0)"
66.249.66.164 - - [19/Feb/2025:22:50:25 +0530] "GET /wp-content/themes/generatepress/assets/js/menu.min.js?ver=3.5.1 HTTP/1.1" 200 1678 "https://www.freejobalerts.guru/sbi-clerk-prelims-admit-card-2025-out-at-sbi-co-in/" "Mozilla/5.0 (Linux; Android 6.0.1; Nexus 5X Build/MMB29P) AppleWebKit/537.36 (KHTML, like Gecko) Chrome/133.0.6943.53 Mobile Safari/537.36 (compatible; Google-InspectionTool/1.0)"
66.249.66.164 - - [19/Feb/2025:22:50:25 +0530] "GET /wp-content/uploads/2025/02/image.png HTTP/1.1" 200 343864 "https://www.freejobalerts.guru/sbi-clerk-prelims-admit-card-2025-out-at-sbi-co-in/" "Mozilla/5.0 (Linux; Android 6.0.1; Nexus 5X Build/MMB29P) AppleWebKit/537.36 (KHTML, like Gecko) Chrome/133.0.6943.53 Mobile Safari/537.36 (compatible; Google-InspectionTool/1.0)"
66.249.66.164 - - [19/Feb/2025:22:50:25 +0530] "GET /wp-content/uploads/2025/02/image-4-150x150.jpeg HTTP/1.1" 200 6762 "https://www.freejobalerts.guru/sbi-clerk-prelims-admit-card-2025-out-at-sbi-co-in/" "Mozilla/5.0 (Linux; Android 6.0.1; Nexus 5X Build/MMB29P) AppleWebKit/537.36 (KHTML, like Gecko) Chrome/133.0.6943.53 Mobile Safari/537.36 (compatible; Google-InspectionTool/1.0)"
66.249.76.3 - - [19/Feb/2025:22:50:24 +0530] "GET /wp-includes/js/comment-reply.min.js?ver=6.7.2 HTTP/1.1" 200 1247 "https://www.freejobalerts.guru/sbi-clerk-prelims-admit-card-2025-out-at-sbi-co-in/" "Mozilla/5.0 (Linux; Android 6.0.1; Nexus 5X Build/MMB29P) AppleWebKit/537.36 (KHTML, like Gecko) Chrome/133.0.6943.53 Mobile Safari/537.36 (compatible; Google-InspectionTool/1.0)"
66.249.76.3 - - [19/Feb/2025:22:50:24 +0530] "GET /wp-content/themes/generatepress/assets/css/main.min.css?ver=3.5.1 HTTP/1.1" 200 4410 "https://www.freejobalerts.guru/sbi-clerk-prelims-admit-card-2025-out-at-sbi-co-in/" "Mozilla/5.0 (Linux; Android 6.0.1; Nexus 5X Build/MMB29P) AppleWebKit/537.36 (KHTML, like Gecko) Chrome/133.0.6943.53 Mobile Safari/537.36 (compatible; Google-InspectionTool/1.0)"
66.249.76.3 - - [19/Feb/2025:22:50:24 +0530] "GET /wp-content/plugins/related-posts-thumbnails/assets/css/front.css?ver=4.2.1 HTTP/1.1" 200 1088 "https://www.freejobalerts.guru/sbi-clerk-prelims-admit-card-2025-out-at-sbi-co-in/" "Mozilla/5.0 (Linux; Android 6.0.1; Nexus 5X Build/MMB29P) AppleWebKit/537.36 (KHTML, like Gecko) Chrome/133.0.6943.53 Mobile Safari/537.36 (compatible; Google-InspectionTool/1.0)"
66.249.76.3 - - [19/Feb/2025:22:50:25 +0530] "GET /wp-content/uploads/2025/02/image-4-150x150.jpeg HTTP/1.1" 200 6762 "https://www.freejobalerts.guru/sbi-clerk-prelims-admit-card-2025-out-at-sbi-co-in/" "Mozilla/5.0 (X11; Linux x86_64) AppleWebKit/537.36 (KHTML, like Gecko) Chrome/133.0.6943.53 Safari/537.36 (compatible; Google-InspectionTool/1.0)"
87.250.224.8 - - [19/Feb/2025:22:53:36 +0530] "GET / HTTP/1.1" 200 14267 "-" "Mozilla/5.0 (compatible; YandexBot/3.0; +http://yandex.com/bots) AppleWebKit/537.36 (KHTML, like Gecko) Chrome/108.0.0.0"
5.255.231.28 - - [19/Feb/2025:22:53:44 +0530] "GET /wp-includes/js/dist/hooks.min.js?ver=4d63a3d491d11ffd8ac6 HTTP/1.1" 200 1644 "https://www.freejobalerts.guru/" "Mozilla/5.0 (compatible; YandexRenderResourcesBot/1.0; +http://yandex.com/bots) AppleWebKit/537.36 (KHTML, like Gecko) Chrome/108.0.0.0"
5.255.231.150 - - [19/Feb/2025:22:53:45 +0530] "GET /wp-includes/js/masonry.min.js?ver=4.2.2 HTTP/1.1" 200 7376 "https://www.freejobalerts.guru/" "Mozilla/5.0 (compatible; YandexRenderResourcesBot/1.0; +http://yandex.com/bots) AppleWebKit/537.36 (KHTML, like Gecko) Chrome/108.0.0.0"
66.249.66.164 - - [19/Feb/2025:22:55:11 +0530] "GET /wp-includes/js/dist/hooks.min.js?ver=4d63a3d491d11ffd8ac6 HTTP/1.1" 200 1571 "https://www.freejobalerts.guru/sbi-clerk-prelims-admit-card-2025-out-at-sbi-co-in/" "Mozilla/5.0 (Linux; Android 6.0.1; Nexus 5X Build/MMB29P) AppleWebKit/537.36 (KHTML, like Gecko) Chrome/133.0.6943.53 Mobile Safari/537.36 (compatible; Googlebot/2.1; +http://www.google.com/bot.html)"
66.249.66.164 - - [19/Feb/2025:22:55:14 +0530] "GET /wp-includes/js/comment-reply.min.js?ver=6.7.2 HTTP/1.1" 200 1247 "https://www.freejobalerts.guru/sbi-clerk-prelims-admit-card-2025-out-at-sbi-co-in/" "Mozilla/5.0 (Linux; Android 6.0.1; Nexus 5X Build/MMB29P) AppleWebKit/537.36 (KHTML, like Gecko) Chrome/133.0.6943.53 Mobile Safari/537.36 (compatible; Googlebot/2.1; +http://www.google.com/bot.html)"
66.249.66.164 - - [19/Feb/2025:22:55:16 +0530] "GET /wp-content/plugins/contact-form-7/includes/swv/js/index.js?ver=6.0.3 HTTP/1.1" 200 3369 "https://www.freejobalerts.guru/sbi-clerk-prelims-admit-card-2025-out-at-sbi-co-in/" "Mozilla/5.0 (Linux; Android 6.0.1; Nexus 5X Build/MMB29P) AppleWebKit/537.36 (KHTML, like Gecko) Chrome/133.0.6943.53 Mobile Safari/537.36 (compatible; Googlebot/2.1; +http://www.google.com/bot.html)"
66.249.66.164 - - [19/Feb/2025:22:55:18 +0530] "GET /wp-content/plugins/contact-form-7/includes/css/styles.css?ver=6.0.3 HTTP/1.1" 200 890 "https://www.freejobalerts.guru/sbi-clerk-prelims-admit-card-2025-out-at-sbi-co-in/" "Mozilla/5.0 (Linux; Android 6.0.1; Nexus 5X Build/MMB29P) AppleWebKit/537.36 (KHTML, like Gecko) Chrome/133.0.6943.53 Mobile Safari/537.36 (compatible; Googlebot/2.1; +http://www.google.com/bot.html)"
66.249.76.4 - - [19/Feb/2025:22:50:04 +0530] "GET /wp-content/themes/generatepress/assets/css/components/comments.min.css?ver=3.5.1 HTTP/1.1" 200 488 "https://www.freejobalerts.guru/sbi-clerk-prelims-admit-card-2025-out-at-sbi-co-in/" "Mozilla/5.0 (X11; Linux x86_64) AppleWebKit/537.36 (KHTML, like Gecko) Chrome/133.0.6943.53 Safari/537.36 (compatible; Google-InspectionTool/1.0)"
66.249.76.4 - - [19/Feb/2025:22:50:04 +0530] "GET /wp-content/uploads/2025/02/sd-sdsdfs.png HTTP/1.1" 200 25553 "https://www.freejobalerts.guru/sbi-clerk-prelims-admit-card-2025-out-at-sbi-co-in/" "Mozilla/5.0 (X11; Linux x86_64) AppleWebKit/537.36 (KHTML, like Gecko) Chrome/133.0.6943.53 Safari/537.36 (compatible; Google-InspectionTool/1.0)"
66.249.66.166 - - [19/Feb/2025:22:49:59 +0530] "GET /sbi-clerk-prelims-admit-card-2025-out-at-sbi-co-in/ HTTP/1.1" 200 13134 "-" "Mozilla/5.0 (Linux; Android 6.0.1; Nexus 5X Build/MMB29P) AppleWebKit/537.36 (KHTML, like Gecko) Chrome/133.0.6943.98 Mobile Safari/537.36 (compatible; Google-InspectionTool/1.0;)"
66.249.76.4 - - [19/Feb/2025:22:50:05 +0530] "GET /wp-content/plugins/contact-form-7/includes/swv/js/index.js?ver=6.0.3 HTTP/1.1" 200 3369 "https://www.freejobalerts.guru/sbi-clerk-prelims-admit-card-2025-out-at-sbi-co-in/" "Mozilla/5.0 (Linux; Android 6.0.1; Nexus 5X Build/MMB29P) AppleWebKit/537.36 (KHTML, like Gecko) Chrome/133.0.6943.53 Mobile Safari/537.36 (compatible; Google-InspectionTool/1.0)"
66.249.76.4 - - [19/Feb/2025:22:50:05 +0530] "GET /wp-content/uploads/2025/02/sd-sdsdfs.png HTTP/1.1" 200 25553 "https://www.freejobalerts.guru/sbi-clerk-prelims-admit-card-2025-out-at-sbi-co-in/" "Mozilla/5.0 (Linux; Android 6.0.1; Nexus 5X Build/MMB29P) AppleWebKit/537.36 (KHTML, like Gecko) Chrome/133.0.6943.53 Mobile Safari/537.36 (compatible; Google-InspectionTool/1.0)"
66.249.76.4 - - [19/Feb/2025:22:50:05 +0530] "GET /wp-content/uploads/2025/02/sbi-Clerk-2025-Prelims-Call-Letter-Out-Notification-14191-Vacancies-150x150.png HTTP/1.1" 200 12244 "https://www.freejobalerts.guru/sbi-clerk-prelims-admit-card-2025-out-at-sbi-co-in/" "Mozilla/5.0 (Linux; Android 6.0.1; Nexus 5X Build/MMB29P) AppleWebKit/537.36 (KHTML, like Gecko) Chrome/133.0.6943.53 Mobile Safari/537.36 (compatible; Google-InspectionTool/1.0)"
66.249.66.164 - - [19/Feb/2025:22:50:24 +0530] "GET /wp-content/plugins/contact-form-7/includes/swv/js/index.js?ver=6.0.3 HTTP/1.1" 200 3369 "https://www.freejobalerts.guru/sbi-clerk-prelims-admit-card-2025-out-at-sbi-co-in/" "Mozilla/5.0 (X11; Linux x86_64) AppleWebKit/537.36 (KHTML, like Gecko) Chrome/133.0.6943.53 Safari/537.36 (compatible; Google-InspectionTool/1.0)"
