54.208.109.135 - - [17/Feb/2025:22:28:47 +0530] "GET /wp-includes/js/dist/script-modules/interactivity/index.min.js?ver=907ea3b2f317a78b7b9b HTTP/2" 200 13382 "https://freejobalerts.sarkariyojanaguru.xyz/" "Mozilla/5.0 (Windows NT 10.0; Win64; x64) AppleWebKit/537.36 (KHTML, like Gecko) Chrome/130.0.0.0 Safari/537.36"
54.208.109.135 - - [17/Feb/2025:22:28:47 +0530] "GET /wp-content/themes/twentytwentyfive/assets/fonts/manrope/Manrope-VariableFont_wght.woff2 HTTP/2" 200 53600 "https://freejobalerts.sarkariyojanaguru.xyz/" "Mozilla/5.0 (Windows NT 10.0; Win64; x64) AppleWebKit/537.36 (KHTML, like Gecko) Chrome/130.0.0.0 Safari/537.36"
54.208.109.135 - - [17/Feb/2025:22:28:48 +0530] "GET /favicon.ico HTTP/2" 404 1251 "https://freejobalerts.sarkariyojanaguru.xyz/" "Mozilla/5.0 (Windows NT 10.0; Win64; x64) AppleWebKit/537.36 (KHTML, like Gecko) Chrome/130.0.0.0 Safari/537.36"
152.59.85.14 - - [17/Feb/2025:22:28:38 +0530] "GET /wp-content/themes/twentytwentythree/screenshot.png?ver=1.6 HTTP/2" 200 81654 "https://www.freejobalerts.guru/wp-admin/themes.php" "Mozilla/5.0 (Windows NT 10.0; Win64; x64) AppleWebKit/537.36 (KHTML, like Gecko) Chrome/133.0.0.0 Safari/537.36"
152.59.85.14 - - [17/Feb/2025:22:28:40 +0530] "GET /wp-admin/theme-install.php HTTP/2" 200 12312 "https://www.freejobalerts.guru/wp-admin/themes.php" "Mozilla/5.0 (Windows NT 10.0; Win64; x64) AppleWebKit/537.36 (KHTML, like Gecko) Chrome/133.0.0.0 Safari/537.36"
152.59.85.14 - - [17/Feb/2025:22:28:36 +0530] "GET /wp-content/themes/twentytwentyfour/screenshot.png?ver=1.3 HTTP/2" 200 721059 "https://www.freejobalerts.guru/wp-admin/themes.php" "Mozilla/5.0 (Windows NT 10.0; Win64; x64) AppleWebKit/537.36 (KHTML, like Gecko) Chrome/133.0.0.0 Safari/537.36"
152.59.85.14 - - [17/Feb/2025:22:28:44 +0530] "GET /wp-admin/load-scripts.php?c=1&load%5Bchunk_0%5D=hoverIntent,wp-dom-ready,wp-hooks&ver=6.7.2 HTTP/2" 200 2400 "https://www.freejobalerts.guru/wp-admin/theme-install.php" "Mozilla/5.0 (Windows NT 10.0; Win64; x64) AppleWebKit/537.36 (KHTML, like Gecko) Chrome/133.0.0.0 Safari/537.36"
152.59.85.14 - - [17/Feb/2025:22:28:44 +0530] "GET /wp-admin/images/spinner-2x.gif HTTP/2" 200 7536 "https://www.freejobalerts.guru/wp-admin/load-styles.php?c=1&dir=ltr&load%5Bchunk_0%5D=dashicons,admin-bar,common,forms,admin-menu,dashboard,list-tables,edit,revisions,media,themes,about,nav-menus,wp-pointer,widgets&load%5Bchunk_1%5D=,site-icon,l10n,buttons,wp-auth-check&ver=6.7.2" "Mozilla/5.0 (Windows NT 10.0; Win64; x64) AppleWebKit/537.36 (KHTML, like Gecko) Chrome/133.0.0.0 Safari/537.36"
152.59.85.14 - - [17/Feb/2025:22:28:45 +0530] "POST /wp-admin/admin-ajax.php HTTP/2" 200 34848 "https://www.freejobalerts.guru/wp-admin/theme-install.php?browse=popular" "Mozilla/5.0 (Windows NT 10.0; Win64; x64) AppleWebKit/537.36 (KHTML, like Gecko) Chrome/133.0.0.0 Safari/537.36"
54.208.109.135 - - [17/Feb/2025:22:28:53 +0530] "GET /favicon.ico HTTP/1.1" 404 1251 "-" "Mozilla/5.0 (Windows NT 10.0; Win64; x64) AppleWebKit/537.36 (KHTML, like Gecko) Chrome/130.0.0.0 Safari/537.36"
152.59.85.14 - - [17/Feb/2025:22:28:51 +0530] "POST /wp-admin/admin-ajax.php HTTP/2" 200 109 "https://www.freejobalerts.guru/wp-admin/theme-install.php?browse=popular" "Mozilla/5.0 (Windows NT 10.0; Win64; x64) AppleWebKit/537.36 (KHTML, like Gecko) Chrome/133.0.0.0 Safari/537.36"
152.59.85.14 - - [17/Feb/2025:22:29:45 +0530] "POST /wp-admin/admin-ajax.php HTTP/2" 200 51 "https://www.freejobalerts.guru/wp-admin/theme-install.php?browse=popular" "Mozilla/5.0 (Windows NT 10.0; Win64; x64) AppleWebKit/537.36 (KHTML, like Gecko) Chrome/133.0.0.0 Safari/537.36"
23.27.145.228 - - [17/Feb/2025:22:27:08 +0530] "GET / HTTP/1.1" 200 12399 "-" "Mozilla/5.0 (X11; Linux i686; rv:109.0) Gecko/20100101 Firefox/120.0"
23.27.145.72 - - [17/Feb/2025:22:26:05 +0530] "GET / HTTP/1.1" 200 12376 "-" "Mozilla/5.0 (X11; Linux i686; rv:109.0) Gecko/20100101 Firefox/120.0"
54.208.109.135 - - [17/Feb/2025:22:28:47 +0530] "GET /wp-includes/blocks/navigation/style.min.css?ver=6.7.2 HTTP/2" 200 2069 "https://freejobalerts.sarkariyojanaguru.xyz/" "Mozilla/5.0 (Windows NT 10.0; Win64; x64) AppleWebKit/537.36 (KHTML, like Gecko) Chrome/130.0.0.0 Safari/537.36"
54.208.109.135 - - [17/Feb/2025:22:28:47 +0530] "GET /wp-content/themes/twentytwentyfive/style.css?ver=1.0 HTTP/2" 200 1008 "https://freejobalerts.sarkariyojanaguru.xyz/" "Mozilla/5.0 (Windows NT 10.0; Win64; x64) AppleWebKit/537.36 (KHTML, like Gecko) Chrome/130.0.0.0 Safari/537.36"
162.55.100.32 - - [17/Feb/2025:22:29:45 +0530] "POST /wp-cron.php?doing_wp_cron=1739811585.6319470405578613281250 HTTP/1.1" 200 0 "-" "WordPress/6.7.2; https://www.freejobalerts.guru"
23.27.145.72 - - [17/Feb/2025:22:26:04 +0530] "GET / HTTP/1.1" 301 0 "-" "Mozilla/5.0 (X11; Linux i686; rv:109.0) Gecko/20100101 Firefox/120.0"
23.27.145.106 - - [17/Feb/2025:22:27:50 +0530] "GET / HTTP/1.1" 200 12426 "-" "Mozilla/5.0 (X11; Linux i686; rv:109.0) Gecko/20100101 Firefox/120.0"
199.45.155.73 - - [17/Feb/2025:22:40:56 +0530] "GET /favicon.ico HTTP/1.1" 404 1251 "-" "Mozilla/5.0 (compatible; CensysInspect/1.1; +https://about.censys.io/)"
199.45.155.73 - - [17/Feb/2025:22:40:52 +0530] "GET / HTTP/1.1" 200 12426 "-" "Mozilla/5.0 (compatible; CensysInspect/1.1; +https://about.censys.io/)"
23.27.145.253 - - [17/Feb/2025:23:27:36 +0530] "GET / HTTP/1.1" 200 0 "-" "Mozilla/5.0 (X11; Linux i686; rv:109.0) Gecko/20100101 Firefox/120.0"
23.27.145.65 - - [17/Feb/2025:23:26:33 +0530] "GET / HTTP/1.1" 200 12426 "-" "Mozilla/5.0 (X11; Linux i686; rv:109.0) Gecko/20100101 Firefox/120.0"
54.76.35.238 - - [17/Feb/2025:23:22:53 +0530] "GET / HTTP/2" 200 0 "-" "Plesk screenshot bot https://support.plesk.com/hc/en-us/articles/10301006946066"
51.81.46.212 - - [17/Feb/2025:23:25:50 +0530] "GET / HTTP/1.1" 200 0 "-" "-"
23.27.145.58 - - [17/Feb/2025:23:55:33 +0530] "GET / HTTP/1.1" 200 12398 "-" "Mozilla/5.0 (X11; Linux i686; rv:109.0) Gecko/20100101 Firefox/120.0"
91.84.87.137 - - [18/Feb/2025:01:01:28 +0530] "GET / HTTP/2" 200 12402 "https://freejobalerts.guru/" "Mozilla/5.0 (Linux; Android 6.0; Nexus 5 Build/MRA58N) AppleWebKit/537.36 (KHTML, like Gecko) Chrome/130.0.0.0 Mobile Safari/537.36"
37.65.160.66 - - [18/Feb/2025:01:31:23 +0530] "GET / HTTP/2" 200 10779 "-" "Mozilla/5.0 (iPhone; CPU iPhone OS 18_1_1 like Mac OS X) AppleWebKit/605.1.15 (KHTML, like Gecko) Version/18.1.1 Mobile/15E148 Safari/604.1"
37.65.160.66 - - [18/Feb/2025:01:31:25 +0530] "GET /favicon.ico HTTP/2" 404 1251 "https://www.freejobalerts.sarkariyojanaguru.xyz/" "Mozilla/5.0 (iPhone; CPU iPhone OS 18_1_1 like Mac OS X) AppleWebKit/605.1.15 (KHTML, like Gecko) Version/18.1.1 Mobile/15E148 Safari/604.1"
162.142.125.202 - - [18/Feb/2025:01:33:54 +0530] "GET / HTTP/1.1" 200 12426 "-" "Mozilla/5.0 (compatible; CensysInspect/1.1; +https://about.censys.io/)"
185.126.239.61 - - [18/Feb/2025:01:39:17 +0530] "GET / HTTP/1.1" 200 12426 "http://www.freejobalerts.sarkariyojanaguru.xyz/" "Mozilla/5.0 (Windows NT 10.0; Win64; x64) AppleWebKit/537.36 (KHTML, like Gecko) Chrome/132.0.0.0 Safari/537.36 Edg/132.0.0.0"
91.84.87.137 - - [18/Feb/2025:01:01:26 +0530] "GET / HTTP/2" 301 0 "-" "Mozilla/5.0 (Linux; Android 6.0; Nexus 5 Build/MRA58N) AppleWebKit/537.36 (KHTML, like Gecko) Chrome/130.0.0.0 Mobile Safari/537.36"
172.111.197.5 - - [18/Feb/2025:01:26:52 +0530] "GET /wp-includes/js/dist/script-modules/block-library/navigation/view.min.js?ver=8ff192874fc8910a284c HTTP/2" 200 1026 "https://freejobalerts.sarkariyojanaguru.xyz/" "Mozilla/5.0 (Windows NT 10.0; Win64; x64) AppleWebKit/537.36 (KHTML, like Gecko) Chrome/126.0.0.0 Safari/537.36 Edg/126.0.0.0"
172.111.197.5 - - [18/Feb/2025:01:26:52 +0530] "GET /wp-includes/js/dist/script-modules/interactivity/index.min.js?ver=907ea3b2f317a78b7b9b HTTP/2" 200 13382 "https://freejobalerts.sarkariyojanaguru.xyz/" "Mozilla/5.0 (Windows NT 10.0; Win64; x64) AppleWebKit/537.36 (KHTML, like Gecko) Chrome/126.0.0.0 Safari/537.36 Edg/126.0.0.0"
172.111.197.5 - - [18/Feb/2025:01:26:52 +0530] "GET /wp-content/themes/twentytwentyfive/assets/fonts/manrope/Manrope-VariableFont_wght.woff2 HTTP/2" 200 53600 "https://freejobalerts.sarkariyojanaguru.xyz/" "Mozilla/5.0 (Windows NT 10.0; Win64; x64) AppleWebKit/537.36 (KHTML, like Gecko) Chrome/126.0.0.0 Safari/537.36 Edg/126.0.0.0"
185.126.239.61 - - [18/Feb/2025:01:36:23 +0530] "GET / HTTP/1.1" 200 12426 "http://freejobalerts.sarkariyojanaguru.xyz/" "Mozilla/5.0 (Windows NT 10.0; Win64; x64) AppleWebKit/537.36 (KHTML, like Gecko) Chrome/132.0.0.0 Safari/537.36 Edg/132.0.0.0"
91.84.87.137 - - [18/Feb/2025:00:56:56 +0530] "GET / HTTP/2" 200 12402 "-" "Mozilla/5.0 (Linux; Android 6.0; Nexus 5 Build/MRA58N) AppleWebKit/537.36 (KHTML, like Gecko) Chrome/130.0.0.0 Mobile Safari/537.36"
91.84.87.137 - - [18/Feb/2025:00:56:56 +0530] "GET /wp-content/themes/twentytwentyfive/assets/fonts/manrope/Manrope-VariableFont_wght.woff2 HTTP/2" 200 53600 "-" "Mozilla/5.0 (Linux; Android 6.0; Nexus 5 Build/MRA58N) AppleWebKit/537.36 (KHTML, like Gecko) Chrome/130.0.0.0 Mobile Safari/537.36"
91.84.87.137 - - [18/Feb/2025:00:56:56 +0530] "GET /wp-content/themes/twentytwentyfive/assets/fonts/fira-code/FiraCode-VariableFont_wght.woff2 HTTP/2" 200 106112 "-" "Mozilla/5.0 (Linux; Android 6.0; Nexus 5 Build/MRA58N) AppleWebKit/537.36 (KHTML, like Gecko) Chrome/130.0.0.0 Mobile Safari/537.36"
91.84.87.137 - - [18/Feb/2025:00:56:57 +0530] "GET /wp-includes/blocks/navigation/style.min.css?ver=6.7.2 HTTP/2" 200 2275 "-" "Mozilla/5.0 (Linux; Android 6.0; Nexus 5 Build/MRA58N) AppleWebKit/537.36 (KHTML, like Gecko) Chrome/130.0.0.0 Mobile Safari/537.36"
91.84.87.137 - - [18/Feb/2025:00:56:57 +0530] "GET /js/twint_ch.js HTTP/2" 404 13841 "-" "Mozilla/5.0 (Linux; Android 6.0; Nexus 5 Build/MRA58N) AppleWebKit/537.36 (KHTML, like Gecko) Chrome/130.0.0.0 Mobile Safari/537.36"
91.84.87.137 - - [18/Feb/2025:00:56:57 +0530] "GET /xmlrpc.php?rsd HTTP/2" 200 317 "-" "Mozilla/5.0 (Linux; Android 6.0; Nexus 5 Build/MRA58N) AppleWebKit/537.36 (KHTML, like Gecko) Chrome/130.0.0.0 Mobile Safari/537.36"
91.84.87.137 - - [18/Feb/2025:00:56:57 +0530] "GET /wp-includes/js/dist/script-modules/interactivity/index.min.js?ver=907ea3b2f317a78b7b9b HTTP/2" 200 13693 "-" "Mozilla/5.0 (Linux; Android 6.0; Nexus 5 Build/MRA58N) AppleWebKit/537.36 (KHTML, like Gecko) Chrome/130.0.0.0 Mobile Safari/537.36"
91.84.87.137 - - [18/Feb/2025:00:56:57 +0530] "GET /wp-content/themes/twentytwentyfive/style.css?ver=1.0 HTTP/2" 200 1159 "-" "Mozilla/5.0 (Linux; Android 6.0; Nexus 5 Build/MRA58N) AppleWebKit/537.36 (KHTML, like Gecko) Chrome/130.0.0.0 Mobile Safari/537.36"
91.84.87.137 - - [18/Feb/2025:00:56:57 +0530] "GET /wp-json/ HTTP/2" 200 18088 "-" "Mozilla/5.0 (Linux; Android 6.0; Nexus 5 Build/MRA58N) AppleWebKit/537.36 (KHTML, like Gecko) Chrome/130.0.0.0 Mobile Safari/537.36"
91.84.87.137 - - [18/Feb/2025:00:56:57 +0530] "GET /wp-includes/js/dist/script-modules/block-library/navigation/view.min.js?ver=8ff192874fc8910a284c HTTP/2" 200 1129 "-" "Mozilla/5.0 (Linux; Android 6.0; Nexus 5 Build/MRA58N) AppleWebKit/537.36 (KHTML, like Gecko) Chrome/130.0.0.0 Mobile Safari/537.36"
91.84.87.137 - - [18/Feb/2025:00:56:57 +0530] "GET /comments/feed/ HTTP/2" 200 856 "-" "Mozilla/5.0 (Linux; Android 6.0; Nexus 5 Build/MRA58N) AppleWebKit/537.36 (KHTML, like Gecko) Chrome/130.0.0.0 Mobile Safari/537.36"
91.84.87.137 - - [18/Feb/2025:00:56:57 +0530] "GET /feed/ HTTP/2" 200 850 "-" "Mozilla/5.0 (Linux; Android 6.0; Nexus 5 Build/MRA58N) AppleWebKit/537.36 (KHTML, like Gecko) Chrome/130.0.0.0 Mobile Safari/537.36"
37.65.160.66 - - [18/Feb/2025:01:31:24 +0530] "GET /wp-includes/blocks/navigation/style.min.css?ver=6.7.2 HTTP/2" 200 2069 "https://www.freejobalerts.sarkariyojanaguru.xyz/" "Mozilla/5.0 (iPhone; CPU iPhone OS 18_1_1 like Mac OS X) AppleWebKit/605.1.15 (KHTML, like Gecko) Version/18.1.1 Mobile/15E148 Safari/604.1"
37.65.160.66 - - [18/Feb/2025:01:31:24 +0530] "GET /wp-content/themes/twentytwentyfive/style.css?ver=1.0 HTTP/2" 200 1008 "https://www.freejobalerts.sarkariyojanaguru.xyz/" "Mozilla/5.0 (iPhone; CPU iPhone OS 18_1_1 like Mac OS X) AppleWebKit/605.1.15 (KHTML, like Gecko) Version/18.1.1 Mobile/15E148 Safari/604.1"
93.119.227.91 - - [18/Feb/2025:01:38:00 +0530] "GET / HTTP/1.1" 301 0 "-" "Mozilla/5.0 (Macintosh; Intel Mac OS X 10.13; rv:58.0) Gecko/20100101 Firefox/58.0"
93.119.227.91 - - [18/Feb/2025:00:56:51 +0530] "GET / HTTP/1.1" 200 51992 "-" "Mozilla/5.0 (Macintosh; Intel Mac OS X 10_12_6) AppleWebKit/604.5.6 (KHTML, like Gecko) Version/11.0.3 Safari/604.5.6"
93.119.227.91 - - [18/Feb/2025:00:56:51 +0530] "GET / HTTP/1.1" 200 51992 "-" "Mozilla/5.0 (Linux; Android 7.0; SM-G930V Build/NRD90M) AppleWebKit/537.36 (KHTML, like Gecko) Chrome/59.0.3071.125 Mobile Safari/537.36"
172.111.197.5 - - [18/Feb/2025:01:26:52 +0530] "GET /wp-includes/blocks/navigation/style.min.css?ver=6.7.2 HTTP/2" 200 2069 "https://freejobalerts.sarkariyojanaguru.xyz/" "Mozilla/5.0 (Windows NT 10.0; Win64; x64) AppleWebKit/537.36 (KHTML, like Gecko) Chrome/126.0.0.0 Safari/537.36 Edg/126.0.0.0"
172.111.197.5 - - [18/Feb/2025:01:26:52 +0530] "GET /wp-content/themes/twentytwentyfive/style.css?ver=1.0 HTTP/2" 200 1008 "https://freejobalerts.sarkariyojanaguru.xyz/" "Mozilla/5.0 (Windows NT 10.0; Win64; x64) AppleWebKit/537.36 (KHTML, like Gecko) Chrome/126.0.0.0 Safari/537.36 Edg/126.0.0.0"
91.84.87.137 - - [18/Feb/2025:01:01:30 +0530] "GET /js/twint_ch.js HTTP/2" 404 13841 "https://freejobalerts.guru/js/twint_ch.js" "Mozilla/5.0 (Linux; Android 6.0; Nexus 5 Build/MRA58N) AppleWebKit/537.36 (KHTML, like Gecko) Chrome/130.0.0.0 Mobile Safari/537.36"
69.4.87.74 - - [18/Feb/2025:01:18:07 +0530] "GET / HTTP/1.1" 301 0 "-" "Mozilla/5.0 (Windows NT 6.1; WOW64; Trident/7.0; rv:11.0) like Gecko"
172.111.197.5 - - [18/Feb/2025:01:26:50 +0530] "GET / HTTP/2" 200 10826 "-" "Mozilla/5.0 (Windows NT 10.0; Win64; x64) AppleWebKit/537.36 (KHTML, like Gecko) Chrome/126.0.0.0 Safari/537.36 Edg/126.0.0.0"
172.111.197.5 - - [18/Feb/2025:01:26:52 +0530] "GET /favicon.ico HTTP/2" 404 1251 "https://freejobalerts.sarkariyojanaguru.xyz/" "Mozilla/5.0 (Windows NT 10.0; Win64; x64) AppleWebKit/537.36 (KHTML, like Gecko) Chrome/126.0.0.0 Safari/537.36 Edg/126.0.0.0"
69.4.87.74 - - [18/Feb/2025:00:31:34 +0530] "GET / HTTP/1.1" 200 51992 "-" "Mozilla/5.0 (Linux; Android 7.0; SM-G930V Build/NRD90M) AppleWebKit/537.36 (KHTML, like Gecko) Chrome/59.0.3071.125 Mobile Safari/537.36"
162.142.125.202 - - [18/Feb/2025:01:33:59 +0530] "GET /favicon.ico HTTP/1.1" 404 1251 "-" "Mozilla/5.0 (compatible; CensysInspect/1.1; +https://about.censys.io/)"
15.188.83.160 - - [18/Feb/2025:01:36:23 +0530] "GET / HTTP/1.1" 200 12426 "http://freejobalerts.sarkariyojanaguru.xyz/" "Mozilla/5.0 (Macintosh; Intel Mac OS X 10_15_7) AppleWebKit/605.1.15 (KHTML, like Gecko) Version/17.6 Safari/605.1.15"
162.55.100.32 - - [18/Feb/2025:00:31:34 +0530] "POST /wp-cron.php?doing_wp_cron=1739818894.9286360740661621093750 HTTP/1.1" 200 0 "-" "WordPress/6.7.2; https://www.freejobalerts.guru"
162.55.100.32 - - [18/Feb/2025:01:01:27 +0530] "POST /wp-cron.php?doing_wp_cron=1739820687.0883049964904785156250 HTTP/1.1" 200 0 "-" "WordPress/6.7.2; https://www.freejobalerts.guru"
91.84.87.137 - - [18/Feb/2025:01:01:29 +0530] "GET /js/twint_ch.js HTTP/2" 301 0 "-" "Mozilla/5.0 (Linux; Android 6.0; Nexus 5 Build/MRA58N) AppleWebKit/537.36 (KHTML, like Gecko) Chrome/130.0.0.0 Mobile Safari/537.36"
69.4.87.74 - - [18/Feb/2025:00:31:34 +0530] "GET / HTTP/1.1" 200 51992 "-" "Mozilla/5.0 (Windows NT 10.0; Win64; x64) AppleWebKit/537.36 (KHTML, like Gecko) Chrome/58.0.3029.110 Safari/537.36 Edge/16.16299"
78.197.204.166 - - [18/Feb/2025:00:56:51 +0530] "GET / HTTP/2" 200 12402 "-" "INTWATCH"
69.4.87.74 - - [18/Feb/2025:01:18:07 +0530] "GET / HTTP/1.1" 200 51932 "-" "Mozilla/5.0 (Windows NT 6.1; WOW64; Trident/7.0; rv:11.0) like Gecko"
37.65.160.66 - - [18/Feb/2025:01:31:24 +0530] "GET /wp-includes/js/dist/script-modules/block-library/navigation/view.min.js?ver=8ff192874fc8910a284c HTTP/2" 200 1026 "https://www.freejobalerts.sarkariyojanaguru.xyz/" "Mozilla/5.0 (iPhone; CPU iPhone OS 18_1_1 like Mac OS X) AppleWebKit/605.1.15 (KHTML, like Gecko) Version/18.1.1 Mobile/15E148 Safari/604.1"
37.65.160.66 - - [18/Feb/2025:01:31:24 +0530] "GET /wp-includes/js/dist/script-modules/interactivity/index.min.js?ver=907ea3b2f317a78b7b9b HTTP/2" 200 13382 "https://www.freejobalerts.sarkariyojanaguru.xyz/" "Mozilla/5.0 (iPhone; CPU iPhone OS 18_1_1 like Mac OS X) AppleWebKit/605.1.15 (KHTML, like Gecko) Version/18.1.1 Mobile/15E148 Safari/604.1"
37.65.160.66 - - [18/Feb/2025:01:31:25 +0530] "GET /wp-content/themes/twentytwentyfive/assets/fonts/manrope/Manrope-VariableFont_wght.woff2 HTTP/2" 200 53600 "https://www.freejobalerts.sarkariyojanaguru.xyz/" "Mozilla/5.0 (iPhone; CPU iPhone OS 18_1_1 like Mac OS X) AppleWebKit/605.1.15 (KHTML, like Gecko) Version/18.1.1 Mobile/15E148 Safari/604.1"
93.119.227.91 - - [18/Feb/2025:01:38:01 +0530] "GET / HTTP/1.1" 200 51932 "-" "Mozilla/5.0 (Macintosh; Intel Mac OS X 10.13; rv:58.0) Gecko/20100101 Firefox/58.0"
15.188.83.160 - - [18/Feb/2025:01:39:17 +0530] "GET / HTTP/1.1" 200 12426 "http://www.freejobalerts.sarkariyojanaguru.xyz/" "Mozilla/5.0 (Macintosh; Intel Mac OS X 10_15_7) AppleWebKit/605.1.15 (KHTML, like Gecko) Version/17.6 Safari/605.1.15"
91.84.87.137 - - [18/Feb/2025:01:55:20 +0530] "GET /js/twint_ch.js HTTP/2" 404 13838 "-" "Mozilla/5.0 (Linux; Android 6.0; Nexus 5 Build/MRA58N) AppleWebKit/537.36 (KHTML, like Gecko) Chrome/130.0.0.0 Mobile Safari/537.36"
91.84.87.137 - - [18/Feb/2025:01:50:57 +0530] "GET /wp-includes/js/dist/script-modules/block-library/navigation/view.min.js?ver=8ff192874fc8910a284c HTTP/2" 200 1129 "-" "Mozilla/5.0 (Linux; Android 6.0; Nexus 5 Build/MRA58N) AppleWebKit/537.36 (KHTML, like Gecko) Chrome/130.0.0.0 Mobile Safari/537.36"
91.84.87.137 - - [18/Feb/2025:01:50:57 +0530] "GET /wp-content/themes/twentytwentyfive/assets/fonts/manrope/Manrope-VariableFont_wght.woff2 HTTP/2" 200 53600 "-" "Mozilla/5.0 (Linux; Android 6.0; Nexus 5 Build/MRA58N) AppleWebKit/537.36 (KHTML, like Gecko) Chrome/130.0.0.0 Mobile Safari/537.36"
91.84.87.137 - - [18/Feb/2025:01:50:57 +0530] "GET /comments/feed/ HTTP/2" 200 856 "-" "Mozilla/5.0 (Linux; Android 6.0; Nexus 5 Build/MRA58N) AppleWebKit/537.36 (KHTML, like Gecko) Chrome/130.0.0.0 Mobile Safari/537.36"
91.84.87.137 - - [18/Feb/2025:01:50:56 +0530] "GET / HTTP/2" 200 12402 "-" "Mozilla/5.0 (Linux; Android 6.0; Nexus 5 Build/MRA58N) AppleWebKit/537.36 (KHTML, like Gecko) Chrome/130.0.0.0 Mobile Safari/537.36"
91.84.87.137 - - [18/Feb/2025:01:50:58 +0530] "GET /js/twint_ch.js HTTP/2" 404 13838 "-" "Mozilla/5.0 (Linux; Android 6.0; Nexus 5 Build/MRA58N) AppleWebKit/537.36 (KHTML, like Gecko) Chrome/130.0.0.0 Mobile Safari/537.36"
91.84.87.137 - - [18/Feb/2025:01:55:19 +0530] "GET / HTTP/2" 301 0 "-" "Mozilla/5.0 (Linux; Android 6.0; Nexus 5 Build/MRA58N) AppleWebKit/537.36 (KHTML, like Gecko) Chrome/130.0.0.0 Mobile Safari/537.36"
91.84.87.137 - - [18/Feb/2025:01:55:19 +0530] "GET / HTTP/2" 200 12426 "-" "Mozilla/5.0 (Linux; Android 6.0; Nexus 5 Build/MRA58N) AppleWebKit/537.36 (KHTML, like Gecko) Chrome/130.0.0.0 Mobile Safari/537.36"
172.111.197.5 - - [18/Feb/2025:01:41:59 +0530] "GET /favicon.ico HTTP/1.1" 404 1251 "-" "Mozilla/5.0 (Windows NT 10.0; Win64; x64) AppleWebKit/537.36 (KHTML, like Gecko) Chrome/126.0.0.0 Safari/537.36 Edg/126.0.0.0"
91.84.87.137 - - [18/Feb/2025:01:55:21 +0530] "GET /js/twint_ch.js HTTP/2" 301 0 "-" "Mozilla/5.0 (Linux; Android 6.0; Nexus 5 Build/MRA58N) AppleWebKit/537.36 (KHTML, like Gecko) Chrome/130.0.0.0 Mobile Safari/537.36"
37.65.160.66 - - [18/Feb/2025:01:44:25 +0530] "GET /favicon.ico HTTP/1.1" 404 1251 "-" "Mozilla/5.0 (iPhone; CPU iPhone OS 18_1_1 like Mac OS X) AppleWebKit/605.1.15 (KHTML, like Gecko) Version/18.1.1 Mobile/15E148 Safari/604.1"
91.84.87.137 - - [18/Feb/2025:01:55:20 +0530] "GET / HTTP/2" 200 12402 "https://freejobalerts.guru/" "Mozilla/5.0 (Linux; Android 6.0; Nexus 5 Build/MRA58N) AppleWebKit/537.36 (KHTML, like Gecko) Chrome/130.0.0.0 Mobile Safari/537.36"
91.84.87.137 - - [18/Feb/2025:01:50:56 +0530] "GET / HTTP/2" 200 12426 "-" "Mozilla/5.0 (Linux; Android 6.0; Nexus 5 Build/MRA58N) AppleWebKit/537.36 (KHTML, like Gecko) Chrome/130.0.0.0 Mobile Safari/537.36"
91.84.87.137 - - [18/Feb/2025:01:50:57 +0530] "GET /wp-includes/js/dist/script-modules/interactivity/index.min.js?ver=907ea3b2f317a78b7b9b HTTP/2" 200 13693 "-" "Mozilla/5.0 (Linux; Android 6.0; Nexus 5 Build/MRA58N) AppleWebKit/537.36 (KHTML, like Gecko) Chrome/130.0.0.0 Mobile Safari/537.36"
91.84.87.137 - - [18/Feb/2025:01:50:57 +0530] "GET /wp-content/themes/twentytwentyfive/assets/fonts/fira-code/FiraCode-VariableFont_wght.woff2 HTTP/2" 200 106112 "-" "Mozilla/5.0 (Linux; Android 6.0; Nexus 5 Build/MRA58N) AppleWebKit/537.36 (KHTML, like Gecko) Chrome/130.0.0.0 Mobile Safari/537.36"
91.84.87.137 - - [18/Feb/2025:01:50:57 +0530] "GET /wp-content/themes/twentytwentyfive/style.css?ver=1.0 HTTP/2" 200 1159 "-" "Mozilla/5.0 (Linux; Android 6.0; Nexus 5 Build/MRA58N) AppleWebKit/537.36 (KHTML, like Gecko) Chrome/130.0.0.0 Mobile Safari/537.36"
91.84.87.137 - - [18/Feb/2025:01:50:57 +0530] "GET /xmlrpc.php?rsd HTTP/2" 200 317 "-" "Mozilla/5.0 (Linux; Android 6.0; Nexus 5 Build/MRA58N) AppleWebKit/537.36 (KHTML, like Gecko) Chrome/130.0.0.0 Mobile Safari/537.36"
91.84.87.137 - - [18/Feb/2025:01:50:57 +0530] "GET /js/twint_ch.js HTTP/2" 404 13841 "-" "Mozilla/5.0 (Linux; Android 6.0; Nexus 5 Build/MRA58N) AppleWebKit/537.36 (KHTML, like Gecko) Chrome/130.0.0.0 Mobile Safari/537.36"
91.84.87.137 - - [18/Feb/2025:01:50:58 +0530] "GET /wp-json/ HTTP/2" 200 18088 "-" "Mozilla/5.0 (Linux; Android 6.0; Nexus 5 Build/MRA58N) AppleWebKit/537.36 (KHTML, like Gecko) Chrome/130.0.0.0 Mobile Safari/537.36"
91.84.87.137 - - [18/Feb/2025:01:50:58 +0530] "GET /wp-includes/blocks/navigation/style.min.css?ver=6.7.2 HTTP/2" 200 2275 "-" "Mozilla/5.0 (Linux; Android 6.0; Nexus 5 Build/MRA58N) AppleWebKit/537.36 (KHTML, like Gecko) Chrome/130.0.0.0 Mobile Safari/537.36"
91.84.87.137 - - [18/Feb/2025:01:50:58 +0530] "GET /feed/ HTTP/2" 200 850 "-" "Mozilla/5.0 (Linux; Android 6.0; Nexus 5 Build/MRA58N) AppleWebKit/537.36 (KHTML, like Gecko) Chrome/130.0.0.0 Mobile Safari/537.36"
91.84.87.137 - - [18/Feb/2025:01:55:22 +0530] "GET /js/twint_ch.js HTTP/2" 404 13841 "https://freejobalerts.guru/js/twint_ch.js" "Mozilla/5.0 (Linux; Android 6.0; Nexus 5 Build/MRA58N) AppleWebKit/537.36 (KHTML, like Gecko) Chrome/130.0.0.0 Mobile Safari/537.36"
213.232.87.230 - - [18/Feb/2025:04:03:08 +0530] "GET /_vti_pvt/service.pwd HTTP/1.1" 404 13861 "-" "Go-http-client/1.1"
213.232.87.230 - - [18/Feb/2025:04:03:08 +0530] "GET /config.yaml HTTP/1.1" 404 13861 "-" "Go-http-client/1.1"
213.232.87.230 - - [18/Feb/2025:04:03:08 +0530] "GET /etc/ssl/private/server.key HTTP/1.1" 404 13861 "-" "Go-http-client/1.1"
162.55.100.32 - - [18/Feb/2025:03:57:51 +0530] "POST /wp-cron.php?doing_wp_cron=1739831271.7384989261627197265625 HTTP/1.1" 200 0 "-" "WordPress/6.7.2; https://www.freejobalerts.guru"
217.182.76.73 - - [18/Feb/2025:03:57:51 +0530] "GET / HTTP/1.1" 200 51992 "-" "Mozilla/5.0 (Windows NT 10.0; Win64; x64) AppleWebKit/537.36 (KHTML, like Gecko) Chrome/83.0.4103.116 Safari/537.36"
217.182.76.73 - - [18/Feb/2025:03:57:57 +0530] "HEAD / HTTP/1.1" 200 0 "-" "Mozilla/5.0 (Windows NT 10.0; Win64; x64) AppleWebKit/537.36 (KHTML, like Gecko) Chrome/42.0.2311.135 Safari/537.36 Edge/12.246"
217.182.76.73 - - [18/Feb/2025:03:57:58 +0530] "GET / HTTP/1.1" 200 51992 "-" "Mozilla/5.0 (Windows NT 10.0; Win64; x64) AppleWebKit/537.36 (KHTML, like Gecko) Chrome/42.0.2311.135 Safari/537.36 Edge/12.246"
213.232.87.230 - - [18/Feb/2025:04:03:08 +0530] "GET /.env.production HTTP/1.1" 404 13861 "-" "Go-http-client/1.1"
213.232.87.230 - - [18/Feb/2025:04:03:08 +0530] "GET /cloud-config.yml HTTP/1.1" 404 13861 "-" "Go-http-client/1.1"
213.232.87.230 - - [18/Feb/2025:04:03:08 +0530] "GET /user_secrets.yml HTTP/1.1" 404 13861 "-" "Go-http-client/1.1"
213.232.87.230 - - [18/Feb/2025:04:03:08 +0530] "GET /server-status HTTP/1.1" 404 13861 "-" "Go-http-client/1.1"
213.232.87.230 - - [18/Feb/2025:04:03:08 +0530] "GET /config.php HTTP/1.1" 404 13861 "-" "Go-http-client/1.1"
213.232.87.230 - - [18/Feb/2025:04:03:08 +0530] "GET /config.xml HTTP/1.1" 404 13861 "-" "Go-http-client/1.1"
217.182.76.73 - - [18/Feb/2025:03:57:55 +0530] "GET / HTTP/1.1" 200 51992 "-" "-"
213.232.87.230 - - [18/Feb/2025:04:03:08 +0530] "GET / HTTP/1.1" 200 12426 "-" "Go-http-client/1.1"
217.182.76.73 - - [18/Feb/2025:04:04:18 +0530] "GET / HTTP/1.1" 200 51992 "-" "Mozilla/5.0 (Windows NT 10.0; Win64; x64) AppleWebKit/537.36 (KHTML, like Gecko) Chrome/83.0.4103.116 Safari/537.36"
213.232.87.230 - - [18/Feb/2025:04:03:08 +0530] "GET /api/.env HTTP/1.1" 404 13853 "-" "Go-http-client/1.1"
213.232.87.230 - - [18/Feb/2025:04:03:08 +0530] "GET /etc/shadow HTTP/1.1" 404 13861 "-" "Go-http-client/1.1"
213.232.87.230 - - [18/Feb/2025:04:03:08 +0530] "GET /phpinfo.php HTTP/1.1" 404 13861 "-" "Go-http-client/1.1"
213.232.87.230 - - [18/Feb/2025:04:03:08 +0530] "GET /_vti_pvt/administrators.pwd HTTP/1.1" 404 13861 "-" "Go-http-client/1.1"
213.232.87.230 - - [18/Feb/2025:04:03:08 +0530] "GET /docker-compose.yml HTTP/1.1" 404 13861 "-" "Go-http-client/1.1"
213.232.87.230 - - [18/Feb/2025:04:03:08 +0530] "GET /.env HTTP/1.1" 404 13853 "-" "Go-http-client/1.1"
213.232.87.230 - - [18/Feb/2025:04:03:08 +0530] "GET /.aws/credentials HTTP/1.1" 404 13853 "-" "Go-http-client/1.1"
217.182.76.73 - - [18/Feb/2025:04:05:41 +0530] "GET /favicon.ico HTTP/1.1" 404 1251 "-" "Mozilla/5.0 (Windows NT 10.0; Win64; x64) AppleWebKit/537.36 (KHTML, like Gecko) Chrome/83.0.4103.116 Safari/537.36"
217.182.76.73 - - [18/Feb/2025:03:58:07 +0530] "GET / HTTP/1.1" 200 51992 "-" "Mozilla/5.0 (Windows NT 10.0; Win64; x64) AppleWebKit/537.36 (KHTML, like Gecko) Chrome/83.0.4103.116 Safari/537.36"
213.232.87.230 - - [18/Feb/2025:04:03:08 +0530] "GET /.svn/wc.db HTTP/1.1" 403 1242 "-" "Go-http-client/1.1"
213.232.87.230 - - [18/Feb/2025:04:03:08 +0530] "GET /_vti_pvt/authors.pwd HTTP/1.1" 404 13853 "-" "Go-http-client/1.1"
213.232.87.230 - - [18/Feb/2025:05:14:23 +0530] "GET /docker-compose.yml HTTP/1.1" 301 0 "-" "Go-http-client/1.1"
213.232.87.230 - - [18/Feb/2025:05:14:23 +0530] "GET /etc/shadow HTTP/1.1" 301 0 "-" "Go-http-client/1.1"
213.232.87.230 - - [18/Feb/2025:05:14:23 +0530] "GET /phpinfo.php HTTP/1.1" 301 0 "-" "Go-http-client/1.1"
213.232.87.230 - - [18/Feb/2025:05:14:23 +0530] "GET /secrets.json HTTP/1.1" 301 0 "-" "Go-http-client/1.1"
109.202.99.41 - - [18/Feb/2025:05:14:29 +0530] "GET /server.key HTTP/1.1" 404 13841 "https://freejobalerts.guru/server.key" "Go-http-client/1.1"
109.202.99.41 - - [18/Feb/2025:05:14:29 +0530] "GET /backup.zip HTTP/1.1" 404 13841 "https://freejobalerts.guru/backup.zip" "Go-http-client/1.1"
213.232.87.230 - - [18/Feb/2025:05:14:23 +0530] "GET /wp-config.php HTTP/1.1" 200 0 "-" "Go-http-client/1.1"
213.232.87.230 - - [18/Feb/2025:05:14:23 +0530] "GET /feed HTTP/1.1" 301 0 "-" "Go-http-client/1.1"
213.232.87.230 - - [18/Feb/2025:05:14:23 +0530] "GET /_vti_pvt/administrators.pwd HTTP/1.1" 301 0 "-" "Go-http-client/1.1"
213.232.87.230 - - [18/Feb/2025:05:14:23 +0530] "GET /api/.env HTTP/1.1" 301 0 "-" "Go-http-client/1.1"
213.232.87.230 - - [18/Feb/2025:05:14:23 +0530] "GET /.vscode/sftp.json HTTP/1.1" 301 0 "-" "Go-http-client/1.1"
213.232.87.230 - - [18/Feb/2025:05:14:23 +0530] "GET /.env.production HTTP/1.1" 301 0 "-" "Go-http-client/1.1"
213.232.87.230 - - [18/Feb/2025:05:14:23 +0530] "GET /.ssh/id_ecdsa HTTP/1.1" 301 0 "-" "Go-http-client/1.1"
213.232.87.230 - - [18/Feb/2025:05:14:23 +0530] "GET /_vti_pvt/authors.pwd HTTP/1.1" 301 0 "-" "Go-http-client/1.1"
213.232.87.230 - - [18/Feb/2025:05:14:23 +0530] "GET /etc/ssl/private/server.key HTTP/1.1" 301 0 "-" "Go-http-client/1.1"
213.232.87.230 - - [18/Feb/2025:05:14:23 +0530] "GET /config.json HTTP/1.1" 301 0 "-" "Go-http-client/1.1"
109.202.99.41 - - [18/Feb/2025:05:14:29 +0530] "GET /config.json HTTP/1.1" 404 13841 "https://freejobalerts.guru/config.json" "Go-http-client/1.1"
213.232.87.230 - - [18/Feb/2025:05:14:23 +0530] "GET /backup.tar.gz HTTP/1.1" 301 0 "-" "Go-http-client/1.1"
213.232.87.230 - - [18/Feb/2025:05:14:23 +0530] "GET /_vti_pvt/service.pwd HTTP/1.1" 301 0 "-" "Go-http-client/1.1"
109.202.99.41 - - [18/Feb/2025:05:14:29 +0530] "GET /phpinfo.php HTTP/1.1" 404 13841 "https://freejobalerts.guru/phpinfo.php" "Go-http-client/1.1"
213.232.87.230 - - [18/Feb/2025:05:14:23 +0530] "GET /server.key HTTP/1.1" 301 0 "-" "Go-http-client/1.1"
213.232.87.230 - - [18/Feb/2025:05:14:23 +0530] "GET /backup.zip HTTP/1.1" 301 0 "-" "Go-http-client/1.1"
213.232.87.230 - - [18/Feb/2025:05:14:23 +0530] "GET /wp-admin/setup-config.php HTTP/1.1" 409 1213 "-" "Go-http-client/1.1"
91.84.87.137 - - [18/Feb/2025:05:28:28 +0530] "GET /wp-includes/js/dist/script-modules/block-library/navigation/view.min.js?ver=8ff192874fc8910a284c HTTP/2" 200 1129 "-" "Mozilla/5.0 (Linux; Android 6.0; Nexus 5 Build/MRA58N) AppleWebKit/537.36 (KHTML, like Gecko) Chrome/130.0.0.0 Mobile Safari/537.36"
91.84.87.137 - - [18/Feb/2025:05:28:30 +0530] "GET /wp-content/themes/twentytwentyfive/assets/fonts/manrope/Manrope-VariableFont_wght.woff2 HTTP/2" 200 53600 "-" "Mozilla/5.0 (Linux; Android 6.0; Nexus 5 Build/MRA58N) AppleWebKit/537.36 (KHTML, like Gecko) Chrome/130.0.0.0 Mobile Safari/537.36"
91.84.87.137 - - [18/Feb/2025:05:28:30 +0530] "GET /wp-json/ HTTP/2" 200 18088 "-" "Mozilla/5.0 (Linux; Android 6.0; Nexus 5 Build/MRA58N) AppleWebKit/537.36 (KHTML, like Gecko) Chrome/130.0.0.0 Mobile Safari/537.36"
91.84.87.137 - - [18/Feb/2025:05:28:30 +0530] "GET /wp-includes/js/dist/script-modules/interactivity/index.min.js?ver=907ea3b2f317a78b7b9b HTTP/2" 200 13693 "-" "Mozilla/5.0 (Linux; Android 6.0; Nexus 5 Build/MRA58N) AppleWebKit/537.36 (KHTML, like Gecko) Chrome/130.0.0.0 Mobile Safari/537.36"
91.84.87.137 - - [18/Feb/2025:05:28:30 +0530] "GET /comments/feed/ HTTP/2" 200 856 "-" "Mozilla/5.0 (Linux; Android 6.0; Nexus 5 Build/MRA58N) AppleWebKit/537.36 (KHTML, like Gecko) Chrome/130.0.0.0 Mobile Safari/537.36"
91.84.87.137 - - [18/Feb/2025:05:28:30 +0530] "GET /feed/ HTTP/2" 200 850 "-" "Mozilla/5.0 (Linux; Android 6.0; Nexus 5 Build/MRA58N) AppleWebKit/537.36 (KHTML, like Gecko) Chrome/130.0.0.0 Mobile Safari/537.36"
91.84.87.137 - - [18/Feb/2025:05:28:30 +0530] "GET /wp-includes/blocks/navigation/style.min.css?ver=6.7.2 HTTP/2" 200 2275 "-" "Mozilla/5.0 (Linux; Android 6.0; Nexus 5 Build/MRA58N) AppleWebKit/537.36 (KHTML, like Gecko) Chrome/130.0.0.0 Mobile Safari/537.36"
91.84.87.137 - - [18/Feb/2025:05:28:30 +0530] "GET /wp-content/themes/twentytwentyfive/style.css?ver=1.0 HTTP/2" 200 1159 "-" "Mozilla/5.0 (Linux; Android 6.0; Nexus 5 Build/MRA58N) AppleWebKit/537.36 (KHTML, like Gecko) Chrome/130.0.0.0 Mobile Safari/537.36"
91.84.87.137 - - [18/Feb/2025:05:28:30 +0530] "GET /xmlrpc.php?rsd HTTP/2" 200 317 "-" "Mozilla/5.0 (Linux; Android 6.0; Nexus 5 Build/MRA58N) AppleWebKit/537.36 (KHTML, like Gecko) Chrome/130.0.0.0 Mobile Safari/537.36"
91.84.87.137 - - [18/Feb/2025:05:28:30 +0530] "GET /wp-content/themes/twentytwentyfive/assets/fonts/fira-code/FiraCode-VariableFont_wght.woff2 HTTP/2" 200 106112 "-" "Mozilla/5.0 (Linux; Android 6.0; Nexus 5 Build/MRA58N) AppleWebKit/537.36 (KHTML, like Gecko) Chrome/130.0.0.0 Mobile Safari/537.36"
91.84.87.137 - - [18/Feb/2025:05:28:29 +0530] "GET /js/twint_ch.js HTTP/2" 404 13861 "-" "Mozilla/5.0 (Linux; Android 6.0; Nexus 5 Build/MRA58N) AppleWebKit/537.36 (KHTML, like Gecko) Chrome/130.0.0.0 Mobile Safari/537.36"
91.84.87.137 - - [18/Feb/2025:05:32:05 +0530] "GET / HTTP/2" 200 12402 "https://freejobalerts.guru/" "Mozilla/5.0 (Linux; Android 6.0; Nexus 5 Build/MRA58N) AppleWebKit/537.36 (KHTML, like Gecko) Chrome/130.0.0.0 Mobile Safari/537.36"
91.84.87.137 - - [18/Feb/2025:05:32:04 +0530] "GET / HTTP/2" 200 0 "-" "Mozilla/5.0 (Linux; Android 6.0; Nexus 5 Build/MRA58N) AppleWebKit/537.36 (KHTML, like Gecko) Chrome/130.0.0.0 Mobile Safari/537.36"
35.94.134.194 - - [18/Feb/2025:05:53:21 +0530] "GET /wp-json/ HTTP/1.1" 200 10967 "-" "Mozilla/5.0 (Linux; Android 12; Pixel 6) AppleWebKit/537.36 (KHTML, like Gecko) Chrome/114.0.0.0 Mobile Safari/537.36"
35.94.134.194 - - [18/Feb/2025:05:53:21 +0530] "GET /wp-includes/js/dist/script-modules/block-library/navigation/view.min.js?ver=8ff192874fc8910a284c HTTP/1.1" 200 1026 "-" "Mozilla/5.0 (Linux; Android 12; Pixel 6) AppleWebKit/537.36 (KHTML, like Gecko) Chrome/114.0.0.0 Mobile Safari/537.36"
91.84.87.137 - - [18/Feb/2025:05:28:26 +0530] "GET / HTTP/2" 200 12426 "-" "Mozilla/5.0 (Linux; Android 6.0; Nexus 5 Build/MRA58N) AppleWebKit/537.36 (KHTML, like Gecko) Chrome/130.0.0.0 Mobile Safari/537.36"
91.84.87.137 - - [18/Feb/2025:05:32:06 +0530] "GET /js/twint_ch.js HTTP/2" 301 0 "-" "Mozilla/5.0 (Linux; Android 6.0; Nexus 5 Build/MRA58N) AppleWebKit/537.36 (KHTML, like Gecko) Chrome/130.0.0.0 Mobile Safari/537.36"
35.94.134.194 - - [18/Feb/2025:05:53:21 +0530] "GET /xmlrpc.php?rsd HTTP/1.1" 200 296 "-" "Mozilla/5.0 (Linux; Android 12; Pixel 6) AppleWebKit/537.36 (KHTML, like Gecko) Chrome/114.0.0.0 Mobile Safari/537.36"
91.84.87.137 - - [18/Feb/2025:05:32:04 +0530] "GET / HTTP/2" 301 0 "-" "Mozilla/5.0 (Linux; Android 6.0; Nexus 5 Build/MRA58N) AppleWebKit/537.36 (KHTML, like Gecko) Chrome/130.0.0.0 Mobile Safari/537.36"
91.84.87.137 - - [18/Feb/2025:05:32:07 +0530] "GET /js/twint_ch.js HTTP/2" 404 13841 "https://freejobalerts.guru/js/twint_ch.js" "Mozilla/5.0 (Linux; Android 6.0; Nexus 5 Build/MRA58N) AppleWebKit/537.36 (KHTML, like Gecko) Chrome/130.0.0.0 Mobile Safari/537.36"
35.94.134.194 - - [18/Feb/2025:05:53:21 +0530] "GET /wp-content/themes/twentytwentyfive/style.css?ver=1.0 HTTP/1.1" 200 1008 "-" "Mozilla/5.0 (Linux; Android 12; Pixel 6) AppleWebKit/537.36 (KHTML, like Gecko) Chrome/114.0.0.0 Mobile Safari/537.36"
35.94.134.194 - - [18/Feb/2025:05:53:21 +0530] "GET /wp-includes/blocks/navigation/style.min.css?ver=6.7.2 HTTP/1.1" 200 2069 "-" "Mozilla/5.0 (Linux; Android 12; Pixel 6) AppleWebKit/537.36 (KHTML, like Gecko) Chrome/114.0.0.0 Mobile Safari/537.36"
35.94.134.194 - - [18/Feb/2025:05:53:21 +0530] "GET /wp-includes/js/dist/script-modules/interactivity/index.min.js?ver=907ea3b2f317a78b7b9b HTTP/1.1" 200 13382 "-" "Mozilla/5.0 (Linux; Android 12; Pixel 6) AppleWebKit/537.36 (KHTML, like Gecko) Chrome/114.0.0.0 Mobile Safari/537.36"
35.94.134.194 - - [18/Feb/2025:05:53:21 +0530] "GET /feed/ HTTP/1.1" 200 781 "-" "Mozilla/5.0 (Linux; Android 12; Pixel 6) AppleWebKit/537.36 (KHTML, like Gecko) Chrome/114.0.0.0 Mobile Safari/537.36"
35.94.134.194 - - [18/Feb/2025:05:53:18 +0530] "GET / HTTP/1.1" 200 10846 "-" "Mozilla/5.0 (Linux; Android 12; Pixel 6) AppleWebKit/537.36 (KHTML, like Gecko) Chrome/114.0.0.0 Mobile Safari/537.36"
35.94.134.194 - - [18/Feb/2025:05:53:21 +0530] "GET / HTTP/1.1" 200 10775 "-" "Mozilla/5.0 (Linux; Android 12; Pixel 6) AppleWebKit/537.36 (KHTML, like Gecko) Chrome/114.0.0.0 Mobile Safari/537.36"
206.168.34.79 - - [18/Feb/2025:07:03:57 +0530] "GET /favicon.ico HTTP/1.1" 404 1251 "-" "Mozilla/5.0 (compatible; CensysInspect/1.1; +https://about.censys.io/)"
206.168.34.79 - - [18/Feb/2025:07:03:50 +0530] "GET / HTTP/1.1" 200 12402 "-" "Mozilla/5.0 (compatible; CensysInspect/1.1; +https://about.censys.io/)"
152.59.85.14 - - [18/Feb/2025:08:42:15 +0530] "POST /wp-admin/admin-ajax.php HTTP/2" 200 51 "https://www.freejobalerts.guru/wp-admin/theme-install.php?browse=popular" "Mozilla/5.0 (Windows NT 10.0; Win64; x64) AppleWebKit/537.36 (KHTML, like Gecko) Chrome/133.0.0.0 Safari/537.36"
152.59.85.14 - - [18/Feb/2025:08:42:21 +0530] "GET /wp-admin/themes.php HTTP/2" 200 13512 "https://www.freejobalerts.guru/wp-admin/theme-install.php?browse=popular" "Mozilla/5.0 (Windows NT 10.0; Win64; x64) AppleWebKit/537.36 (KHTML, like Gecko) Chrome/133.0.0.0 Safari/537.36"
152.59.85.14 - - [18/Feb/2025:08:42:22 +0530] "GET /wp-content/themes/twentytwentyfour/screenshot.png?ver=1.3 HTTP/2" 206 1 "https://www.freejobalerts.guru/wp-admin/themes.php" "Mozilla/5.0 (Windows NT 10.0; Win64; x64) AppleWebKit/537.36 (KHTML, like Gecko) Chrome/133.0.0.0 Safari/537.36"
152.59.85.14 - - [18/Feb/2025:08:42:22 +0530] "GET /wp-content/themes/twentytwentyfour/screenshot.png?ver=1.3 HTTP/2" 206 115184 "https://www.freejobalerts.guru/wp-admin/themes.php" "Mozilla/5.0 (Windows NT 10.0; Win64; x64) AppleWebKit/537.36 (KHTML, like Gecko) Chrome/133.0.0.0 Safari/537.36"
152.59.85.14 - - [18/Feb/2025:08:42:27 +0530] "POST /wp-admin/admin-ajax.php HTTP/2" 200 60 "https://www.freejobalerts.guru/wp-admin/themes.php?theme=twentytwentyfour" "Mozilla/5.0 (Windows NT 10.0; Win64; x64) AppleWebKit/537.36 (KHTML, like Gecko) Chrome/133.0.0.0 Safari/537.36"
152.59.85.14 - - [18/Feb/2025:08:42:31 +0530] "POST /wp-admin/admin-ajax.php HTTP/2" 200 59 "https://www.freejobalerts.guru/wp-admin/themes.php?theme=twentytwentythree" "Mozilla/5.0 (Windows NT 10.0; Win64; x64) AppleWebKit/537.36 (KHTML, like Gecko) Chrome/133.0.0.0 Safari/537.36"
152.59.85.14 - - [18/Feb/2025:08:42:33 +0530] "GET /wp-admin/theme-install.php HTTP/2" 200 12427 "https://www.freejobalerts.guru/wp-admin/themes.php" "Mozilla/5.0 (Windows NT 10.0; Win64; x64) AppleWebKit/537.36 (KHTML, like Gecko) Chrome/133.0.0.0 Safari/537.36"
152.59.85.14 - - [18/Feb/2025:08:42:35 +0530] "POST /wp-admin/admin-ajax.php HTTP/2" 200 34924 "https://www.freejobalerts.guru/wp-admin/theme-install.php?browse=popular" "Mozilla/5.0 (Windows NT 10.0; Win64; x64) AppleWebKit/537.36 (KHTML, like Gecko) Chrome/133.0.0.0 Safari/537.36"
152.59.85.14 - - [18/Feb/2025:08:42:39 +0530] "POST /wp-admin/admin-ajax.php HTTP/2" 200 220 "https://www.freejobalerts.guru/wp-admin/theme-install.php?browse=popular" "Mozilla/5.0 (Windows NT 10.0; Win64; x64) AppleWebKit/537.36 (KHTML, like Gecko) Chrome/133.0.0.0 Safari/537.36"
152.59.85.14 - - [18/Feb/2025:08:42:45 +0530] "GET /wp-admin/themes.php?action=activate&_wpnonce=ac809f2c47&stylesheet=generatepress HTTP/2" 302 0 "https://www.freejobalerts.guru/wp-admin/theme-install.php?browse=popular" "Mozilla/5.0 (Windows NT 10.0; Win64; x64) AppleWebKit/537.36 (KHTML, like Gecko) Chrome/133.0.0.0 Safari/537.36"
152.59.85.14 - - [18/Feb/2025:08:42:46 +0530] "GET /wp-admin/themes.php?activated=true HTTP/2" 200 12790 "https://www.freejobalerts.guru/wp-admin/theme-install.php?browse=popular" "Mozilla/5.0 (Windows NT 10.0; Win64; x64) AppleWebKit/537.36 (KHTML, like Gecko) Chrome/133.0.0.0 Safari/537.36"
152.59.85.14 - - [18/Feb/2025:08:42:46 +0530] "GET /wp-content/themes/generatepress/screenshot.png?ver=3.5.1 HTTP/2" 200 70674 "https://www.freejobalerts.guru/wp-admin/themes.php" "Mozilla/5.0 (Windows NT 10.0; Win64; x64) AppleWebKit/537.36 (KHTML, like Gecko) Chrome/133.0.0.0 Safari/537.36"
152.59.85.14 - - [18/Feb/2025:08:42:54 +0530] "POST /wp-admin/admin-ajax.php HTTP/2" 200 60 "https://www.freejobalerts.guru/wp-admin/themes.php?theme=twentytwentyfive" "Mozilla/5.0 (Windows NT 10.0; Win64; x64) AppleWebKit/537.36 (KHTML, like Gecko) Chrome/133.0.0.0 Safari/537.36"
152.59.85.14 - - [18/Feb/2025:08:43:01 +0530] "GET /wp-admin/plugin-install.php HTTP/2" 200 14798 "https://www.freejobalerts.guru/wp-admin/themes.php" "Mozilla/5.0 (Windows NT 10.0; Win64; x64) AppleWebKit/537.36 (KHTML, like Gecko) Chrome/133.0.0.0 Safari/537.36"
152.59.85.14 - - [18/Feb/2025:08:43:16 +0530] "POST /wp-admin/admin-ajax.php HTTP/2" 200 181 "https://www.freejobalerts.guru/wp-admin/plugin-install.php" "Mozilla/5.0 (Windows NT 10.0; Win64; x64) AppleWebKit/537.36 (KHTML, like Gecko) Chrome/133.0.0.0 Safari/537.36"
152.59.85.14 - - [18/Feb/2025:08:43:19 +0530] "POST /wp-admin/admin-ajax.php HTTP/2" 200 195 "https://www.freejobalerts.guru/wp-admin/plugin-install.php" "Mozilla/5.0 (Windows NT 10.0; Win64; x64) AppleWebKit/537.36 (KHTML, like Gecko) Chrome/133.0.0.0 Safari/537.36"
152.59.85.14 - - [18/Feb/2025:08:43:38 +0530] "GET /wp-admin/load-styles.php?c=1&dir=ltr&load%5Bchunk_0%5D=dashicons,admin-bar,common,forms,admin-menu,dashboard,list-tables,edit,revisions,media,themes,about,nav-menus,wp-pointer,widgets&load%5Bchunk_1%5D=,site-icon,l10n,buttons&ver=6.7.2 HTTP/2" 200 103339 "https://www.freejobalerts.guru/wp-admin/update.php?action=upload-plugin" "Mozilla/5.0 (Windows NT 10.0; Win64; x64) AppleWebKit/537.36 (KHTML, like Gecko) Chrome/133.0.0.0 Safari/537.36"
152.59.85.14 - - [18/Feb/2025:08:43:35 +0530] "POST /wp-admin/update.php?action=upload-plugin HTTP/2" 200 6659 "https://www.freejobalerts.guru/wp-admin/plugin-install.php" "Mozilla/5.0 (Windows NT 10.0; Win64; x64) AppleWebKit/537.36 (KHTML, like Gecko) Chrome/133.0.0.0 Safari/537.36"
152.59.85.14 - - [18/Feb/2025:08:43:42 +0530] "GET /wp-admin/plugins.php?action=activate&plugin=gp-premium%2Fgp-premium.php&_wpnonce=69d64e52d7 HTTP/2" 302 0 "https://www.freejobalerts.guru/wp-admin/update.php?action=upload-plugin" "Mozilla/5.0 (Windows NT 10.0; Win64; x64) AppleWebKit/537.36 (KHTML, like Gecko) Chrome/133.0.0.0 Safari/537.36"
152.59.85.14 - - [18/Feb/2025:08:43:43 +0530] "GET /wp-admin/plugins.php?activate=true&plugin_status=all&paged=1&s= HTTP/2" 200 13406 "https://www.freejobalerts.guru/wp-admin/update.php?action=upload-plugin" "Mozilla/5.0 (Windows NT 10.0; Win64; x64) AppleWebKit/537.36 (KHTML, like Gecko) Chrome/133.0.0.0 Safari/537.36"
152.59.85.14 - - [18/Feb/2025:08:43:52 +0530] "GET /wp-admin/themes.php?page=generate-options HTTP/2" 200 9789 "https://www.freejobalerts.guru/wp-admin/plugins.php?plugin_status=all&paged=1&s" "Mozilla/5.0 (Windows NT 10.0; Win64; x64) AppleWebKit/537.36 (KHTML, like Gecko) Chrome/133.0.0.0 Safari/537.36"
152.59.85.14 - - [18/Feb/2025:08:43:53 +0530] "GET /wp-content/plugins/gp-premium/inc/assets/dashboard.css?ver=2.0.2 HTTP/2" 200 910 "https://www.freejobalerts.guru/wp-admin/themes.php?page=generate-options" "Mozilla/5.0 (Windows NT 10.0; Win64; x64) AppleWebKit/537.36 (KHTML, like Gecko) Chrome/133.0.0.0 Safari/537.36"
152.59.85.14 - - [18/Feb/2025:08:43:53 +0530] "GET /wp-content/themes/generatepress/assets/css/admin/style.css?ver=3.5.1 HTTP/2" 200 1037 "https://www.freejobalerts.guru/wp-admin/themes.php?page=generate-options" "Mozilla/5.0 (Windows NT 10.0; Win64; x64) AppleWebKit/537.36 (KHTML, like Gecko) Chrome/133.0.0.0 Safari/537.36"
152.59.85.14 - - [18/Feb/2025:08:43:53 +0530] "GET /wp-content/plugins/gp-premium/inc/assets/dashboard.js?ver=2.0.2 HTTP/2" 200 299 "https://www.freejobalerts.guru/wp-admin/themes.php?page=generate-options" "Mozilla/5.0 (Windows NT 10.0; Win64; x64) AppleWebKit/537.36 (KHTML, like Gecko) Chrome/133.0.0.0 Safari/537.36"
152.59.85.14 - - [18/Feb/2025:08:43:57 +0530] "POST /wp-admin/themes.php?page=generate-options HTTP/2" 302 0 "https://www.freejobalerts.guru/wp-admin/themes.php?page=generate-options" "Mozilla/5.0 (Windows NT 10.0; Win64; x64) AppleWebKit/537.36 (KHTML, like Gecko) Chrome/133.0.0.0 Safari/537.36"
152.59.85.14 - - [18/Feb/2025:08:43:57 +0530] "GET /wp-admin/themes.php?page=generate-options HTTP/2" 200 10072 "https://www.freejobalerts.guru/wp-admin/themes.php?page=generate-options" "Mozilla/5.0 (Windows NT 10.0; Win64; x64) AppleWebKit/537.36 (KHTML, like Gecko) Chrome/133.0.0.0 Safari/537.36"
152.59.85.14 - - [18/Feb/2025:08:44:02 +0530] "GET /wp-admin/themes.php?page=generatepress-library HTTP/2" 200 8590 "https://www.freejobalerts.guru/wp-admin/themes.php?page=generate-options" "Mozilla/5.0 (Windows NT 10.0; Win64; x64) AppleWebKit/537.36 (KHTML, like Gecko) Chrome/133.0.0.0 Safari/537.36"
152.59.85.14 - - [18/Feb/2025:08:44:03 +0530] "GET /wp-content/plugins/gp-premium/dist/site-library.css?ver=2.0.2 HTTP/2" 200 1110 "https://www.freejobalerts.guru/wp-admin/themes.php?page=generatepress-library" "Mozilla/5.0 (Windows NT 10.0; Win64; x64) AppleWebKit/537.36 (KHTML, like Gecko) Chrome/133.0.0.0 Safari/537.36"
152.59.85.14 - - [18/Feb/2025:08:44:03 +0530] "GET /wp-includes/js/wp-api.min.js?ver=6.7.2 HTTP/2" 200 3983 "https://www.freejobalerts.guru/wp-admin/themes.php?page=generatepress-library" "Mozilla/5.0 (Windows NT 10.0; Win64; x64) AppleWebKit/537.36 (KHTML, like Gecko) Chrome/133.0.0.0 Safari/537.36"
152.59.85.14 - - [18/Feb/2025:08:44:03 +0530] "GET /wp-includes/js/dist/vendor/react.min.js?ver=18.3.1.1 HTTP/2" 200 4006 "https://www.freejobalerts.guru/wp-admin/themes.php?page=generatepress-library" "Mozilla/5.0 (Windows NT 10.0; Win64; x64) AppleWebKit/537.36 (KHTML, like Gecko) Chrome/133.0.0.0 Safari/537.36"
152.59.85.14 - - [18/Feb/2025:08:44:03 +0530] "GET /wp-admin/load-styles.php?c=1&dir=ltr&load%5Bchunk_0%5D=dashicons,admin-bar,common,forms,admin-menu,dashboard,list-tables,edit,revisions,media,themes,about,nav-menus,wp-pointer,widgets&load%5Bchunk_1%5D=,site-icon,l10n,buttons,wp-auth-check,wp-components&ver=6.7.2 HTTP/2" 200 116523 "https://www.freejobalerts.guru/wp-admin/themes.php?page=generatepress-library" "Mozilla/5.0 (Windows NT 10.0; Win64; x64) AppleWebKit/537.36 (KHTML, like Gecko) Chrome/133.0.0.0 Safari/537.36"
152.59.85.14 - - [18/Feb/2025:08:44:03 +0530] "GET /wp-includes/js/dist/vendor/react-dom.min.js?ver=18.3.1.1 HTTP/2" 200 40237 "https://www.freejobalerts.guru/wp-admin/themes.php?page=generatepress-library" "Mozilla/5.0 (Windows NT 10.0; Win64; x64) AppleWebKit/537.36 (KHTML, like Gecko) Chrome/133.0.0.0 Safari/537.36"
152.59.85.14 - - [18/Feb/2025:08:44:03 +0530] "GET /wp-includes/js/dist/vendor/react-jsx-runtime.min.js?ver=18.3.1 HTTP/2" 200 517 "https://www.freejobalerts.guru/wp-admin/themes.php?page=generatepress-library" "Mozilla/5.0 (Windows NT 10.0; Win64; x64) AppleWebKit/537.36 (KHTML, like Gecko) Chrome/133.0.0.0 Safari/537.36"
152.59.85.14 - - [18/Feb/2025:08:44:04 +0530] "GET /wp-includes/js/dist/dom.min.js?ver=93117dfee2692b04b770 HTTP/2" 200 4506 "https://www.freejobalerts.guru/wp-admin/themes.php?page=generatepress-library" "Mozilla/5.0 (Windows NT 10.0; Win64; x64) AppleWebKit/537.36 (KHTML, like Gecko) Chrome/133.0.0.0 Safari/537.36"
152.59.85.14 - - [18/Feb/2025:08:44:04 +0530] "GET /wp-includes/js/dist/escape-html.min.js?ver=6561a406d2d232a6fbd2 HTTP/2" 200 476 "https://www.freejobalerts.guru/wp-admin/themes.php?page=generatepress-library" "Mozilla/5.0 (Windows NT 10.0; Win64; x64) AppleWebKit/537.36 (KHTML, like Gecko) Chrome/133.0.0.0 Safari/537.36"
152.59.85.14 - - [18/Feb/2025:08:44:04 +0530] "GET /wp-includes/js/dist/element.min.js?ver=cb762d190aebbec25b27 HTTP/2" 200 4815 "https://www.freejobalerts.guru/wp-admin/themes.php?page=generatepress-library" "Mozilla/5.0 (Windows NT 10.0; Win64; x64) AppleWebKit/537.36 (KHTML, like Gecko) Chrome/133.0.0.0 Safari/537.36"
152.59.85.14 - - [18/Feb/2025:08:44:04 +0530] "GET /wp-includes/js/dist/is-shallow-equal.min.js?ver=e0f9f1d78d83f5196979 HTTP/2" 200 479 "https://www.freejobalerts.guru/wp-admin/themes.php?page=generatepress-library" "Mozilla/5.0 (Windows NT 10.0; Win64; x64) AppleWebKit/537.36 (KHTML, like Gecko) Chrome/133.0.0.0 Safari/537.36"
152.59.85.14 - - [18/Feb/2025:08:44:04 +0530] "GET /wp-includes/js/dist/keycodes.min.js?ver=034ff647a54b018581d3 HTTP/2" 200 1327 "https://www.freejobalerts.guru/wp-admin/themes.php?page=generatepress-library" "Mozilla/5.0 (Windows NT 10.0; Win64; x64) AppleWebKit/537.36 (KHTML, like Gecko) Chrome/133.0.0.0 Safari/537.36"
152.59.85.14 - - [18/Feb/2025:08:44:04 +0530] "GET /wp-includes/js/dist/priority-queue.min.js?ver=9c21c957c7e50ffdbf48 HTTP/2" 200 1450 "https://www.freejobalerts.guru/wp-admin/themes.php?page=generatepress-library" "Mozilla/5.0 (Windows NT 10.0; Win64; x64) AppleWebKit/537.36 (KHTML, like Gecko) Chrome/133.0.0.0 Safari/537.36"
152.59.85.14 - - [18/Feb/2025:08:44:04 +0530] "GET /wp-includes/js/dist/compose.min.js?ver=d52df0f868e03c1bd905 HTTP/2" 200 12519 "https://www.freejobalerts.guru/wp-admin/themes.php?page=generatepress-library" "Mozilla/5.0 (Windows NT 10.0; Win64; x64) AppleWebKit/537.36 (KHTML, like Gecko) Chrome/133.0.0.0 Safari/537.36"
152.59.85.14 - - [18/Feb/2025:08:44:04 +0530] "GET /wp-includes/js/dist/html-entities.min.js?ver=2cd3358363e0675638fb HTTP/2" 200 386 "https://www.freejobalerts.guru/wp-admin/themes.php?page=generatepress-library" "Mozilla/5.0 (Windows NT 10.0; Win64; x64) AppleWebKit/537.36 (KHTML, like Gecko) Chrome/133.0.0.0 Safari/537.36"
152.59.85.14 - - [18/Feb/2025:08:44:04 +0530] "GET /wp-includes/js/dist/primitives.min.js?ver=aef2543ab60c8c9bb609 HTTP/2" 200 762 "https://www.freejobalerts.guru/wp-admin/themes.php?page=generatepress-library" "Mozilla/5.0 (Windows NT 10.0; Win64; x64) AppleWebKit/537.36 (KHTML, like Gecko) Chrome/133.0.0.0 Safari/537.36"
152.59.85.14 - - [18/Feb/2025:08:44:04 +0530] "GET /wp-includes/js/dist/private-apis.min.js?ver=4b858962c15c2c7a135f HTTP/2" 200 904 "https://www.freejobalerts.guru/wp-admin/themes.php?page=generatepress-library" "Mozilla/5.0 (Windows NT 10.0; Win64; x64) AppleWebKit/537.36 (KHTML, like Gecko) Chrome/133.0.0.0 Safari/537.36"
152.59.85.14 - - [18/Feb/2025:08:44:04 +0530] "GET /wp-includes/js/dist/redux-routine.min.js?ver=a0a172871afaeb261566 HTTP/2" 200 2717 "https://www.freejobalerts.guru/wp-admin/themes.php?page=generatepress-library" "Mozilla/5.0 (Windows NT 10.0; Win64; x64) AppleWebKit/537.36 (KHTML, like Gecko) Chrome/133.0.0.0 Safari/537.36"
152.59.85.14 - - [18/Feb/2025:08:44:04 +0530] "GET /wp-includes/js/dist/data.min.js?ver=7c62e39de0308c73d50c HTTP/2" 200 8933 "https://www.freejobalerts.guru/wp-admin/themes.php?page=generatepress-library" "Mozilla/5.0 (Windows NT 10.0; Win64; x64) AppleWebKit/537.36 (KHTML, like Gecko) Chrome/133.0.0.0 Safari/537.36"
152.59.85.14 - - [18/Feb/2025:08:44:04 +0530] "GET /wp-includes/js/dist/rich-text.min.js?ver=4021b9e4e9ef4d3cd868 HTTP/2" 200 9696 "https://www.freejobalerts.guru/wp-admin/themes.php?page=generatepress-library" "Mozilla/5.0 (Windows NT 10.0; Win64; x64) AppleWebKit/537.36 (KHTML, like Gecko) Chrome/133.0.0.0 Safari/537.36"
