98.84.104.229 - - [19/Feb/2025:09:38:21 +0530] "GET /favicon.ico HTTP/1.1" 404 1251 "-" "Mozilla/5.0 (Windows NT 10.0; Win64; x64) AppleWebKit/537.36 (KHTML, like Gecko) Chrome/130.0.0.0 Safari/537.36"
162.55.100.32 - - [19/Feb/2025:09:51:56 +0530] "POST /wp-cron.php?doing_wp_cron=1739938916.9445250034332275390625 HTTP/1.1" 200 0 "-" "WordPress/6.7.2; https://www.freejobalerts.guru"
2a06:98c0:3600::103 - - [19/Feb/2025:09:51:57 +0530] "GET /wordpress/wp-admin/setup-config.php HTTP/1.1" 404 9400 "-" "Mozilla/5.0 (Windows NT 10.0; Win64; x64) AppleWebKit/537.36 (KHTML, like Gecko) Chrome/133.0.0.0 Safari/537.36"
40.113.118.83 - - [19/Feb/2025:09:57:36 +0530] "GET / HTTP/1.1" 301 0 "-" "curl/8.6.0"
209.127.105.183 - - [19/Feb/2025:09:59:26 +0530] "GET /wp-content/uploads/2025/02/image-4.jpeg HTTP/1.1" 200 135163 "-" "Mozilla/5.0 (X11; Linux x86_64) AppleWebKit/537.36 (KHTML, like Gecko) Chrome/108.0.0.0 Safari/537.36"
162.55.100.32 - - [19/Feb/2025:10:21:22 +0530] "POST /wp-cron.php?doing_wp_cron=1739940682.2606589794158935546875 HTTP/1.1" 200 0 "-" "WordPress/6.7.2; https://www.freejobalerts.guru"
152.56.68.162 - - [19/Feb/2025:10:27:21 +0530] "POST /wp-admin/admin-ajax.php HTTP/2" 200 81 "https://www.freejobalerts.guru/wp-admin/post-new.php" "Mozilla/5.0 (Windows NT 10.0; Win64; x64) AppleWebKit/537.36 (KHTML, like Gecko) Chrome/133.0.0.0 Safari/537.36"
162.55.100.32 - - [19/Feb/2025:10:33:27 +0530] "POST /wp-cron.php?doing_wp_cron=1739941407.0288579463958740234375 HTTP/1.1" 200 0 "-" "WordPress/6.7.2; https://www.freejobalerts.guru"
152.56.68.162 - - [19/Feb/2025:10:21:21 +0530] "POST /wp-admin/admin-ajax.php HTTP/2" 200 79 "https://www.freejobalerts.guru/wp-admin/post-new.php" "Mozilla/5.0 (Windows NT 10.0; Win64; x64) AppleWebKit/537.36 (KHTML, like Gecko) Chrome/133.0.0.0 Safari/537.36"
162.55.100.32 - - [19/Feb/2025:10:29:25 +0530] "POST /wp-cron.php?doing_wp_cron=1739941165.1319589614868164062500 HTTP/1.1" 200 0 "-" "WordPress/6.7.2; https://www.freejobalerts.guru"
152.56.68.162 - - [19/Feb/2025:10:35:25 +0530] "POST /wp-admin/admin-ajax.php HTTP/2" 200 79 "https://www.freejobalerts.guru/wp-admin/post-new.php" "Mozilla/5.0 (Windows NT 10.0; Win64; x64) AppleWebKit/537.36 (KHTML, like Gecko) Chrome/133.0.0.0 Safari/537.36"
152.56.68.162 - - [19/Feb/2025:10:43:29 +0530] "POST /wp-admin/admin-ajax.php HTTP/2" 200 79 "https://www.freejobalerts.guru/wp-admin/post-new.php" "Mozilla/5.0 (Windows NT 10.0; Win64; x64) AppleWebKit/537.36 (KHTML, like Gecko) Chrome/133.0.0.0 Safari/537.36"
149.88.19.14 - - [19/Feb/2025:10:56:20 +0530] "GET / HTTP/1.1" 301 0 "-" "Mozilla/5.0 (Windows NT 10.0; Win64; x64) AppleWebKit/537.36 (KHTML, like Gecko) Chrome/97.0.4692.71 Safari/537.36"
149.88.19.14 - - [19/Feb/2025:10:56:26 +0530] "GET / HTTP/1.1" 200 13799 "-" "Mozilla/5.0 (Windows NT 10.0; Win64; x64) AppleWebKit/537.36 (KHTML, like Gecko) Chrome/97.0.4692.71 Safari/537.36"
152.56.68.162 - - [19/Feb/2025:10:11:14 +0530] "GET /wp-json/wp/v2/taxonomies?context=edit&per_page=100&_locale=user HTTP/2" 200 1444 "https://www.freejobalerts.guru/wp-admin/post-new.php" "Mozilla/5.0 (Windows NT 10.0; Win64; x64) AppleWebKit/537.36 (KHTML, like Gecko) Chrome/133.0.0.0 Safari/537.36"
152.56.68.162 - - [19/Feb/2025:10:11:14 +0530] "GET /wp-json/wp/v2/users?context=view&who=authors&per_page=50&_fields=id%2Cname&_locale=user HTTP/2" 200 42 "https://www.freejobalerts.guru/wp-admin/post-new.php" "Mozilla/5.0 (Windows NT 10.0; Win64; x64) AppleWebKit/537.36 (KHTML, like Gecko) Chrome/133.0.0.0 Safari/537.36"
152.56.68.162 - - [19/Feb/2025:10:11:14 +0530] "GET /wp-json/wp/v2/types?context=view&_locale=user HTTP/2" 200 778 "https://www.freejobalerts.guru/wp-admin/post-new.php" "Mozilla/5.0 (Windows NT 10.0; Win64; x64) AppleWebKit/537.36 (KHTML, like Gecko) Chrome/133.0.0.0 Safari/537.36"
152.56.68.162 - - [19/Feb/2025:10:11:14 +0530] "OPTIONS /wp-json/wp/v2/posts?_locale=user HTTP/2" 200 2656 "https://www.freejobalerts.guru/wp-admin/post-new.php" "Mozilla/5.0 (Windows NT 10.0; Win64; x64) AppleWebKit/537.36 (KHTML, like Gecko) Chrome/133.0.0.0 Safari/537.36"
152.56.68.162 - - [19/Feb/2025:10:11:14 +0530] "GET /wp-json/wp/v2/block-patterns/patterns?_locale=user HTTP/2" 200 19595 "https://www.freejobalerts.guru/wp-admin/post-new.php" "Mozilla/5.0 (Windows NT 10.0; Win64; x64) AppleWebKit/537.36 (KHTML, like Gecko) Chrome/133.0.0.0 Safari/537.36"
162.55.100.32 - - [19/Feb/2025:10:13:17 +0530] "POST /wp-cron.php?doing_wp_cron=1739940196.9023070335388183593750 HTTP/1.1" 200 0 "-" "WordPress/6.7.2; https://www.freejobalerts.guru"
2a06:98c0:3600::103 - - [19/Feb/2025:10:14:45 +0530] "GET /wp-admin/setup-config.php HTTP/1.1" 409 1041 "-" "Mozilla/5.0 (Windows NT 10.0; Win64; x64) AppleWebKit/537.36 (KHTML, like Gecko) Chrome/133.0.0.0 Safari/537.36"
152.56.68.162 - - [19/Feb/2025:10:15:15 +0530] "POST /wp-admin/admin-ajax.php HTTP/2" 200 79 "https://www.freejobalerts.guru/wp-admin/post-new.php" "Mozilla/5.0 (Windows NT 10.0; Win64; x64) AppleWebKit/537.36 (KHTML, like Gecko) Chrome/133.0.0.0 Safari/537.36"
152.56.68.162 - - [19/Feb/2025:10:17:16 +0530] "POST /wp-admin/admin-ajax.php HTTP/2" 200 79 "https://www.freejobalerts.guru/wp-admin/post-new.php" "Mozilla/5.0 (Windows NT 10.0; Win64; x64) AppleWebKit/537.36 (KHTML, like Gecko) Chrome/133.0.0.0 Safari/537.36"
162.55.100.32 - - [19/Feb/2025:10:27:27 +0530] "POST /wp-cron.php?doing_wp_cron=1739941046.9062020778656005859375 HTTP/1.1" 200 0 "-" "WordPress/6.7.2; https://www.freejobalerts.guru"
2a06:98c0:3600::103 - - [19/Feb/2025:10:40:07 +0530] "GET /wordpress/wp-admin/setup-config.php HTTP/1.1" 404 6322 "-" "Mozilla/5.0 (Windows NT 10.0; Win64; x64) AppleWebKit/537.36 (KHTML, like Gecko) Chrome/133.0.0.0 Safari/537.36"
152.56.68.162 - - [19/Feb/2025:10:45:31 +0530] "POST /wp-admin/admin-ajax.php HTTP/2" 200 79 "https://www.freejobalerts.guru/wp-admin/post-new.php" "Mozilla/5.0 (Windows NT 10.0; Win64; x64) AppleWebKit/537.36 (KHTML, like Gecko) Chrome/133.0.0.0 Safari/537.36"
152.56.68.162 - - [19/Feb/2025:10:47:31 +0530] "POST /wp-admin/admin-ajax.php HTTP/2" 200 79 "https://www.freejobalerts.guru/wp-admin/post-new.php" "Mozilla/5.0 (Windows NT 10.0; Win64; x64) AppleWebKit/537.36 (KHTML, like Gecko) Chrome/133.0.0.0 Safari/537.36"
152.56.68.162 - - [19/Feb/2025:10:51:34 +0530] "POST /wp-admin/admin-ajax.php HTTP/2" 200 79 "https://www.freejobalerts.guru/wp-admin/post-new.php" "Mozilla/5.0 (Windows NT 10.0; Win64; x64) AppleWebKit/537.36 (KHTML, like Gecko) Chrome/133.0.0.0 Safari/537.36"
44.239.149.248 - - [19/Feb/2025:10:54:07 +0530] "GET /wp-content/uploads/2025/02/sd-sdsdfs.png HTTP/1.1" 200 25553 "-" "curl/7.58.0"
2a06:98c0:3600::103 - - [19/Feb/2025:11:05:07 +0530] "GET /wp-admin/setup-config.php HTTP/1.1" 409 1041 "-" "Mozilla/5.0 (Windows NT 10.0; Win64; x64) AppleWebKit/537.36 (KHTML, like Gecko) Chrome/133.0.0.0 Safari/537.36"
162.55.100.32 - - [19/Feb/2025:10:35:28 +0530] "POST /wp-cron.php?doing_wp_cron=1739941527.9591770172119140625000 HTTP/1.1" 200 0 "-" "WordPress/6.7.2; https://www.freejobalerts.guru"
152.56.68.162 - - [19/Feb/2025:10:37:27 +0530] "POST /wp-admin/admin-ajax.php HTTP/2" 200 79 "https://www.freejobalerts.guru/wp-admin/post-new.php" "Mozilla/5.0 (Windows NT 10.0; Win64; x64) AppleWebKit/537.36 (KHTML, like Gecko) Chrome/133.0.0.0 Safari/537.36"
152.56.68.162 - - [19/Feb/2025:10:41:28 +0530] "POST /wp-admin/admin-ajax.php HTTP/2" 200 81 "https://www.freejobalerts.guru/wp-admin/post-new.php" "Mozilla/5.0 (Windows NT 10.0; Win64; x64) AppleWebKit/537.36 (KHTML, like Gecko) Chrome/133.0.0.0 Safari/537.36"
162.55.100.32 - - [19/Feb/2025:10:43:34 +0530] "POST /wp-cron.php?doing_wp_cron=1739942013.6154329776763916015625 HTTP/1.1" 200 0 "-" "WordPress/6.7.2; https://www.freejobalerts.guru"
162.55.100.32 - - [19/Feb/2025:10:51:40 +0530] "POST /wp-cron.php?doing_wp_cron=1739942500.5814540386199951171875 HTTP/1.1" 200 0 "-" "WordPress/6.7.2; https://www.freejobalerts.guru"
34.218.241.189 - - [19/Feb/2025:10:54:01 +0530] "GET /wp-content/uploads/2025/02/sbi-Clerk-2025-Prelims-Call-Letter-Out-Notification-14191-Vacancies.png HTTP/2" 200 60925 "http://www.freejobalerts.guru/" "Mozilla/5.0 (Windows NT 10.0; Win64; x64; rv:109.0) Gecko/20100101 Firefox/109.0"
34.218.241.189 - - [19/Feb/2025:10:54:02 +0530] "GET /wp-content/uploads/2025/02/sd-sdsdfs.png HTTP/2" 200 25553 "http://www.freejobalerts.guru/" "Mozilla/5.0 (Windows NT 10.0; Win64; x64; rv:109.0) Gecko/20100101 Firefox/109.0"
34.218.241.189 - - [19/Feb/2025:10:54:02 +0530] "GET /wp-content/uploads/2025/02/image-4.jpeg HTTP/2" 200 135163 "http://www.freejobalerts.guru/" "Mozilla/5.0 (Windows NT 10.0; Win64; x64; rv:109.0) Gecko/20100101 Firefox/109.0"
34.218.241.189 - - [19/Feb/2025:10:54:02 +0530] "GET /wp-content/uploads/2025/02/freejobalerts.guru_.png HTTP/2" 200 372627 "http://www.freejobalerts.guru/" "Mozilla/5.0 (Windows NT 10.0; Win64; x64; rv:109.0) Gecko/20100101 Firefox/109.0"
20.105.137.134 - - [19/Feb/2025:09:57:37 +0530] "GET / HTTP/1.1" 200 13792 "https://freejobalerts.guru" "curl/8.6.0"
152.56.68.162 - - [19/Feb/2025:10:13:14 +0530] "POST /wp-admin/admin-ajax.php HTTP/1.1" 200 79 "https://www.freejobalerts.guru/wp-admin/post-new.php" "Mozilla/5.0 (Windows NT 10.0; Win64; x64) AppleWebKit/537.36 (KHTML, like Gecko) Chrome/133.0.0.0 Safari/537.36"
162.55.100.32 - - [19/Feb/2025:10:15:00 +0530] "POST /wp-cron.php?doing_wp_cron=1739940300.5361509323120117187500 HTTP/1.1" 200 0 "-" "WordPress/6.7.2; https://www.freejobalerts.guru"
152.56.68.162 - - [19/Feb/2025:10:23:19 +0530] "POST /wp-admin/admin-ajax.php HTTP/2" 200 79 "https://www.freejobalerts.guru/wp-admin/post-new.php" "Mozilla/5.0 (Windows NT 10.0; Win64; x64) AppleWebKit/537.36 (KHTML, like Gecko) Chrome/133.0.0.0 Safari/537.36"
152.56.68.162 - - [19/Feb/2025:10:25:20 +0530] "POST /wp-admin/admin-ajax.php HTTP/2" 200 79 "https://www.freejobalerts.guru/wp-admin/post-new.php" "Mozilla/5.0 (Windows NT 10.0; Win64; x64) AppleWebKit/537.36 (KHTML, like Gecko) Chrome/133.0.0.0 Safari/537.36"
2a06:98c0:3600::103 - - [19/Feb/2025:10:40:05 +0530] "GET /wordpress/wp-admin/setup-config.php HTTP/1.1" 301 0 "-" "Mozilla/5.0 (Windows NT 10.0; Win64; x64) AppleWebKit/537.36 (KHTML, like Gecko) Chrome/133.0.0.0 Safari/537.36"
162.55.100.32 - - [19/Feb/2025:10:45:34 +0530] "POST /wp-cron.php?doing_wp_cron=1739942133.6060500144958496093750 HTTP/1.1" 200 0 "-" "WordPress/6.7.2; https://www.freejobalerts.guru"
162.55.100.32 - - [19/Feb/2025:10:47:34 +0530] "POST /wp-cron.php?doing_wp_cron=1739942254.3143510818481445312500 HTTP/1.1" 200 0 "-" "WordPress/6.7.2; https://www.freejobalerts.guru"
162.55.100.32 - - [19/Feb/2025:11:05:35 +0530] "POST /wp-cron.php?doing_wp_cron=1739943334.5547790527343750000000 HTTP/1.1" 200 0 "-" "WordPress/6.7.2; https://www.freejobalerts.guru"
98.84.104.229 - - [19/Feb/2025:09:38:13 +0530] "GET / HTTP/2" 200 12318 "-" "Mozilla/5.0 (Windows NT 10.0; Win64; x64) AppleWebKit/537.36 (KHTML, like Gecko) Chrome/130.0.0.0 Safari/537.36"
152.56.68.162 - - [19/Feb/2025:10:11:16 +0530] "GET /wp-json/wp/v2/users/1?context=view&_fields=id%2Cname&_locale=user HTTP/1.1" 200 40 "https://www.freejobalerts.guru/wp-admin/post-new.php" "Mozilla/5.0 (Windows NT 10.0; Win64; x64) AppleWebKit/537.36 (KHTML, like Gecko) Chrome/133.0.0.0 Safari/537.36"
152.56.68.162 - - [19/Feb/2025:10:11:16 +0530] "GET /wp-json/wp/v2/tags?context=view&per_page=10&orderby=count&order=desc&hide_empty=true&_fields=id%2Cname%2Ccount&_locale=user HTTP/1.1" 200 138 "https://www.freejobalerts.guru/wp-admin/post-new.php" "Mozilla/5.0 (Windows NT 10.0; Win64; x64) AppleWebKit/537.36 (KHTML, like Gecko) Chrome/133.0.0.0 Safari/537.36"
152.56.68.162 - - [19/Feb/2025:10:11:16 +0530] "GET /wp-json/wp/v2/taxonomies/post_tag?context=edit&_locale=user HTTP/1.1" 200 864 "https://www.freejobalerts.guru/wp-admin/post-new.php" "Mozilla/5.0 (Windows NT 10.0; Win64; x64) AppleWebKit/537.36 (KHTML, like Gecko) Chrome/133.0.0.0 Safari/537.36"
152.56.68.162 - - [19/Feb/2025:10:11:15 +0530] "GET /wp-json/wp/v2/taxonomies/category?context=edit&_locale=user HTTP/1.1" 200 901 "https://www.freejobalerts.guru/wp-admin/post-new.php" "Mozilla/5.0 (Windows NT 10.0; Win64; x64) AppleWebKit/537.36 (KHTML, like Gecko) Chrome/133.0.0.0 Safari/537.36"
152.56.68.162 - - [19/Feb/2025:10:11:16 +0530] "GET /wp-json/wp/v2/categories?context=view&per_page=100&orderby=name&order=asc&_fields=id%2Cname%2Cparent&_locale=user HTTP/1.1" 200 89 "https://www.freejobalerts.guru/wp-admin/post-new.php" "Mozilla/5.0 (Windows NT 10.0; Win64; x64) AppleWebKit/537.36 (KHTML, like Gecko) Chrome/133.0.0.0 Safari/537.36"
152.56.68.162 - - [19/Feb/2025:10:11:15 +0530] "GET /wp-json/wp/v2/categories?per_page=100&orderby=count&order=desc&_fields=id%2Cname&_locale=user HTTP/1.1" 200 77 "https://www.freejobalerts.guru/wp-admin/post-new.php" "Mozilla/5.0 (Windows NT 10.0; Win64; x64) AppleWebKit/537.36 (KHTML, like Gecko) Chrome/133.0.0.0 Safari/537.36"
2a06:98c0:3600::103 - - [19/Feb/2025:10:15:01 +0530] "GET /wordpress/wp-admin/setup-config.php HTTP/1.1" 404 9362 "-" "Mozilla/5.0 (Windows NT 10.0; Win64; x64) AppleWebKit/537.36 (KHTML, like Gecko) Chrome/133.0.0.0 Safari/537.36"
162.55.100.32 - - [19/Feb/2025:10:17:17 +0530] "POST /wp-cron.php?doing_wp_cron=1739940437.9041869640350341796875 HTTP/1.1" 200 0 "-" "WordPress/6.7.2; https://www.freejobalerts.guru"
152.56.68.162 - - [19/Feb/2025:10:19:17 +0530] "POST /wp-admin/admin-ajax.php HTTP/2" 200 79 "https://www.freejobalerts.guru/wp-admin/post-new.php" "Mozilla/5.0 (Windows NT 10.0; Win64; x64) AppleWebKit/537.36 (KHTML, like Gecko) Chrome/133.0.0.0 Safari/537.36"
162.55.100.32 - - [19/Feb/2025:10:31:27 +0530] "POST /wp-cron.php?doing_wp_cron=1739941287.1273291110992431640625 HTTP/1.1" 200 0 "-" "WordPress/6.7.2; https://www.freejobalerts.guru"
152.56.68.162 - - [19/Feb/2025:10:31:23 +0530] "POST /wp-admin/admin-ajax.php HTTP/2" 200 79 "https://www.freejobalerts.guru/wp-admin/post-new.php" "Mozilla/5.0 (Windows NT 10.0; Win64; x64) AppleWebKit/537.36 (KHTML, like Gecko) Chrome/133.0.0.0 Safari/537.36"
162.55.100.32 - - [19/Feb/2025:10:41:37 +0530] "POST /wp-cron.php?doing_wp_cron=1739941896.5968959331512451171875 HTTP/1.1" 200 0 "-" "WordPress/6.7.2; https://www.freejobalerts.guru"
152.56.68.162 - - [19/Feb/2025:10:49:32 +0530] "POST /wp-admin/admin-ajax.php HTTP/2" 200 81 "https://www.freejobalerts.guru/wp-admin/post-new.php" "Mozilla/5.0 (Windows NT 10.0; Win64; x64) AppleWebKit/537.36 (KHTML, like Gecko) Chrome/133.0.0.0 Safari/537.36"
2a06:98c0:3600::103 - - [19/Feb/2025:11:05:30 +0530] "GET /wordpress/wp-admin/setup-config.php HTTP/1.1" 301 0 "-" "Mozilla/5.0 (Windows NT 10.0; Win64; x64) AppleWebKit/537.36 (KHTML, like Gecko) Chrome/133.0.0.0 Safari/537.36"
2a06:98c0:3600::103 - - [19/Feb/2025:09:28:58 +0530] "GET /wp-admin/setup-config.php HTTP/1.1" 409 1041 "-" "Mozilla/5.0 (Windows NT 10.0; Win64; x64) AppleWebKit/537.36 (KHTML, like Gecko) Chrome/133.0.0.0 Safari/537.36"
2a06:98c0:3600::103 - - [19/Feb/2025:09:29:19 +0530] "GET /wordpress/wp-admin/setup-config.php HTTP/1.1" 301 0 "-" "Mozilla/5.0 (Windows NT 10.0; Win64; x64) AppleWebKit/537.36 (KHTML, like Gecko) Chrome/133.0.0.0 Safari/537.36"
52.167.144.222 - - [19/Feb/2025:09:30:40 +0530] "GET /bafeac5e77a34e769253a8961a0bf5a0.txt HTTP/2" 200 32 "-" "Mozilla/5.0 AppleWebKit/537.36 (KHTML, like Gecko; compatible; bingbot/2.0; +http://www.bing.com/bingbot.htm) Chrome/116.0.1938.76 Safari/537.36"
66.249.66.165 - - [19/Feb/2025:09:33:13 +0530] "GET /wp-content/plugins/contact-form-7/includes/css/styles.css?ver=6.0.3 HTTP/1.1" 200 890 "https://www.freejobalerts.guru/sbi-clerk-2025-prelims-call-letter-out-notification-14191-vacancies/" "Mozilla/5.0 (X11; Linux x86_64) AppleWebKit/537.36 (KHTML, like Gecko) Chrome/133.0.6943.53 Safari/537.36 (compatible; Google-InspectionTool/1.0)"
66.249.66.164 - - [19/Feb/2025:09:33:48 +0530] "GET /sbi-clerk-2025-prelims-call-letter-out-notification-14191-vacancies/ HTTP/1.1" 200 25749 "-" "Mozilla/5.0 (compatible; Google-InspectionTool/1.0;)"
66.249.66.164 - - [19/Feb/2025:09:33:50 +0530] "GET /wp-content/uploads/2025/02/image-5-1024x563.jpeg HTTP/1.1" 200 68905 "https://www.freejobalerts.guru/sbi-clerk-2025-prelims-call-letter-out-notification-14191-vacancies/" "Mozilla/5.0 (X11; Linux x86_64) AppleWebKit/537.36 (KHTML, like Gecko) Chrome/133.0.6943.53 Safari/537.36 (compatible; Google-InspectionTool/1.0)"
66.249.66.164 - - [19/Feb/2025:09:33:50 +0530] "GET /wp-includes/js/comment-reply.min.js?ver=6.7.2 HTTP/1.1" 200 1247 "https://www.freejobalerts.guru/sbi-clerk-2025-prelims-call-letter-out-notification-14191-vacancies/" "Mozilla/5.0 (X11; Linux x86_64) AppleWebKit/537.36 (KHTML, like Gecko) Chrome/133.0.6943.53 Safari/537.36 (compatible; Google-InspectionTool/1.0)"
66.249.66.164 - - [19/Feb/2025:09:33:50 +0530] "GET /wp-content/themes/generatepress/assets/css/main.min.css?ver=3.5.1 HTTP/1.1" 200 4410 "https://www.freejobalerts.guru/sbi-clerk-2025-prelims-call-letter-out-notification-14191-vacancies/" "Mozilla/5.0 (Linux; Android 6.0.1; Nexus 5X Build/MMB29P) AppleWebKit/537.36 (KHTML, like Gecko) Chrome/133.0.6943.53 Mobile Safari/537.36 (compatible; Google-InspectionTool/1.0)"
66.249.66.164 - - [19/Feb/2025:09:33:50 +0530] "GET /wp-includes/css/dist/block-library/style.min.css?ver=6.7.2 HTTP/1.1" 200 14225 "https://www.freejobalerts.guru/sbi-clerk-2025-prelims-call-letter-out-notification-14191-vacancies/" "Mozilla/5.0 (Linux; Android 6.0.1; Nexus 5X Build/MMB29P) AppleWebKit/537.36 (KHTML, like Gecko) Chrome/133.0.6943.53 Mobile Safari/537.36 (compatible; Google-InspectionTool/1.0)"
66.249.66.164 - - [19/Feb/2025:09:33:50 +0530] "GET /wp-content/uploads/2025/02/image-4-150x150.jpeg HTTP/1.1" 200 6762 "https://www.freejobalerts.guru/sbi-clerk-2025-prelims-call-letter-out-notification-14191-vacancies/" "Mozilla/5.0 (Linux; Android 6.0.1; Nexus 5X Build/MMB29P) AppleWebKit/537.36 (KHTML, like Gecko) Chrome/133.0.6943.53 Mobile Safari/537.36 (compatible; Google-InspectionTool/1.0)"
162.55.100.32 - - [19/Feb/2025:11:00:26 +0530] "POST /wp-cron.php?doing_wp_cron=1739943026.2651851177215576171875 HTTP/1.1" 200 0 "-" "WordPress/6.7.2; https://www.freejobalerts.guru"
23.27.145.76 - - [19/Feb/2025:11:00:15 +0530] "GET / HTTP/1.1" 200 0 "-" "Mozilla/5.0 (X11; Linux i686; rv:109.0) Gecko/20100101 Firefox/120.0"
162.55.100.32 - - [19/Feb/2025:10:25:21 +0530] "POST /wp-cron.php?doing_wp_cron=1739940921.5018930435180664062500 HTTP/1.1" 200 0 "-" "WordPress/6.7.2; https://www.freejobalerts.guru"
152.56.68.162 - - [19/Feb/2025:10:33:24 +0530] "POST /wp-admin/admin-ajax.php HTTP/2" 200 79 "https://www.freejobalerts.guru/wp-admin/post-new.php" "Mozilla/5.0 (Windows NT 10.0; Win64; x64) AppleWebKit/537.36 (KHTML, like Gecko) Chrome/133.0.0.0 Safari/537.36"
2a06:98c0:3600::103 - - [19/Feb/2025:10:39:22 +0530] "GET /wp-admin/setup-config.php HTTP/1.1" 409 1041 "-" "Mozilla/5.0 (Windows NT 10.0; Win64; x64) AppleWebKit/537.36 (KHTML, like Gecko) Chrome/133.0.0.0 Safari/537.36"
162.55.100.32 - - [19/Feb/2025:10:39:29 +0530] "POST /wp-cron.php?doing_wp_cron=1739941769.0069510936737060546875 HTTP/1.1" 200 0 "-" "WordPress/6.7.2; https://www.freejobalerts.guru"
162.55.100.32 - - [19/Feb/2025:10:49:36 +0530] "POST /wp-cron.php?doing_wp_cron=1739942376.0167059898376464843750 HTTP/1.1" 200 0 "-" "WordPress/6.7.2; https://www.freejobalerts.guru"
132.255.135.33 - - [19/Feb/2025:09:59:24 +0530] "GET /wp-content/uploads/2025/02/sd-sdsdfs.png HTTP/1.1" 200 25553 "-" "Mozilla/5.0 (Windows NT 10.0; WOW64) AppleWebKit/537.36 (KHTML, like Gecko) Chrome/108.0.0.0 Safari/537.36"
209.127.109.232 - - [19/Feb/2025:09:59:27 +0530] "GET /wp-content/uploads/2025/02/freejobalerts.guru_.png HTTP/1.1" 200 372627 "-" "Mozilla/5.0 (Macintosh; Intel Mac OS X 13_0_1) AppleWebKit/537.36 (KHTML, like Gecko) Chrome/108.0.0.0 Safari/537.36"
152.56.68.162 - - [19/Feb/2025:10:29:23 +0530] "POST /wp-admin/admin-ajax.php HTTP/2" 200 79 "https://www.freejobalerts.guru/wp-admin/post-new.php" "Mozilla/5.0 (Windows NT 10.0; Win64; x64) AppleWebKit/537.36 (KHTML, like Gecko) Chrome/133.0.0.0 Safari/537.36"
162.55.100.32 - - [19/Feb/2025:10:37:28 +0530] "POST /wp-cron.php?doing_wp_cron=1739941648.1805899143218994140625 HTTP/1.1" 200 0 "-" "WordPress/6.7.2; https://www.freejobalerts.guru"
152.56.68.162 - - [19/Feb/2025:10:39:27 +0530] "POST /wp-admin/admin-ajax.php HTTP/2" 200 79 "https://www.freejobalerts.guru/wp-admin/post-new.php" "Mozilla/5.0 (Windows NT 10.0; Win64; x64) AppleWebKit/537.36 (KHTML, like Gecko) Chrome/133.0.0.0 Safari/537.36"
162.55.100.32 - - [19/Feb/2025:10:56:25 +0530] "POST /wp-cron.php?doing_wp_cron=1739942785.2880051136016845703125 HTTP/1.1" 200 0 "-" "WordPress/6.7.2; https://www.freejobalerts.guru"
156.59.175.141 - - [19/Feb/2025:11:27:29 +0530] "GET /wp-content/plugins/contextual-related-posts/css/rounded-thumbs.min.css?ver=3.6.2 HTTP/1.1" 200 348 "https://www.freejobalerts.guru/" "Mozilla/5.0 (Windows NT 10.0; Win64; x64) AppleWebKit/537.36 (KHTML, like Gecko) Chrome/122.0.0.0 Safari/537.36"
156.59.175.141 - - [19/Feb/2025:11:27:30 +0530] "GET /wp-content/plugins/gp-premium/blog/functions/css/style.min.css?ver=2.0.2 HTTP/1.1" 200 1020 "https://www.freejobalerts.guru/" "Mozilla/5.0 (Windows NT 10.0; Win64; x64) AppleWebKit/537.36 (KHTML, like Gecko) Chrome/122.0.0.0 Safari/537.36"
156.59.175.141 - - [19/Feb/2025:11:27:29 +0530] "GET /wp-content/themes/generatepress/assets/css/main.min.css?ver=3.5.1 HTTP/1.1" 200 4410 "https://www.freejobalerts.guru/" "Mozilla/5.0 (Windows NT 10.0; Win64; x64) AppleWebKit/537.36 (KHTML, like Gecko) Chrome/122.0.0.0 Safari/537.36"
156.59.175.141 - - [19/Feb/2025:11:27:30 +0530] "GET /wp-content/uploads/2025/02/sbi-Clerk-2025-Prelims-Call-Letter-Out-Notification-14191-Vacancies.png HTTP/1.1" 200 60925 "https://www.freejobalerts.guru/" "Mozilla/5.0 (Windows NT 10.0; Win64; x64) AppleWebKit/537.36 (KHTML, like Gecko) Chrome/122.0.0.0 Safari/537.36"
156.59.175.141 - - [19/Feb/2025:11:27:30 +0530] "GET /wp-content/uploads/2025/02/sd-sdsdfs.png HTTP/1.1" 200 25553 "https://www.freejobalerts.guru/" "Mozilla/5.0 (Windows NT 10.0; Win64; x64) AppleWebKit/537.36 (KHTML, like Gecko) Chrome/122.0.0.0 Safari/537.36"
156.59.175.141 - - [19/Feb/2025:11:27:31 +0530] "GET /wp-includes/js/dist/hooks.min.js?ver=4d63a3d491d11ffd8ac6 HTTP/1.1" 200 1571 "https://www.freejobalerts.guru/" "Mozilla/5.0 (Windows NT 10.0; Win64; x64) AppleWebKit/537.36 (KHTML, like Gecko) Chrome/122.0.0.0 Safari/537.36"
156.59.175.141 - - [19/Feb/2025:11:27:30 +0530] "GET /wp-content/uploads/2025/02/image-4.jpeg HTTP/1.1" 200 135163 "https://www.freejobalerts.guru/" "Mozilla/5.0 (Windows NT 10.0; Win64; x64) AppleWebKit/537.36 (KHTML, like Gecko) Chrome/122.0.0.0 Safari/537.36"
156.59.175.141 - - [19/Feb/2025:11:27:31 +0530] "GET /wp-includes/js/dist/i18n.min.js?ver=5e580eb46a90c2b997e6 HTTP/1.1" 200 3542 "https://www.freejobalerts.guru/" "Mozilla/5.0 (Windows NT 10.0; Win64; x64) AppleWebKit/537.36 (KHTML, like Gecko) Chrome/122.0.0.0 Safari/537.36"
156.59.175.141 - - [19/Feb/2025:11:27:32 +0530] "GET /wp-content/plugins/contact-form-7/includes/swv/js/index.js?ver=6.0.3 HTTP/1.1" 200 3369 "https://www.freejobalerts.guru/" "Mozilla/5.0 (Windows NT 10.0; Win64; x64) AppleWebKit/537.36 (KHTML, like Gecko) Chrome/122.0.0.0 Safari/537.36"
156.59.175.141 - - [19/Feb/2025:11:27:32 +0530] "GET /wp-content/plugins/contact-form-7/includes/js/index.js?ver=6.0.3 HTTP/1.1" 200 4008 "https://www.freejobalerts.guru/" "Mozilla/5.0 (Windows NT 10.0; Win64; x64) AppleWebKit/537.36 (KHTML, like Gecko) Chrome/122.0.0.0 Safari/537.36"
156.59.175.141 - - [19/Feb/2025:11:27:31 +0530] "GET /wp-content/uploads/2025/02/freejobalerts.guru_.png HTTP/1.1" 200 372627 "https://www.freejobalerts.guru/" "Mozilla/5.0 (Windows NT 10.0; Win64; x64) AppleWebKit/537.36 (KHTML, like Gecko) Chrome/122.0.0.0 Safari/537.36"
156.59.175.141 - - [19/Feb/2025:11:27:32 +0530] "GET /wp-content/themes/generatepress/assets/js/menu.min.js?ver=3.5.1 HTTP/1.1" 200 1678 "https://www.freejobalerts.guru/" "Mozilla/5.0 (Windows NT 10.0; Win64; x64) AppleWebKit/537.36 (KHTML, like Gecko) Chrome/122.0.0.0 Safari/537.36"
156.59.175.141 - - [19/Feb/2025:11:27:32 +0530] "GET /wp-includes/js/imagesloaded.min.js?ver=5.0.0 HTTP/1.1" 200 1687 "https://www.freejobalerts.guru/" "Mozilla/5.0 (Windows NT 10.0; Win64; x64) AppleWebKit/537.36 (KHTML, like Gecko) Chrome/122.0.0.0 Safari/537.36"
156.59.175.141 - - [19/Feb/2025:11:27:33 +0530] "GET /wp-includes/js/masonry.min.js?ver=4.2.2 HTTP/1.1" 200 7117 "https://www.freejobalerts.guru/" "Mozilla/5.0 (Windows NT 10.0; Win64; x64) AppleWebKit/537.36 (KHTML, like Gecko) Chrome/122.0.0.0 Safari/537.36"
156.59.175.141 - - [19/Feb/2025:11:27:33 +0530] "GET /wp-content/plugins/gp-premium/blog/functions/js/scripts.min.js?ver=2.0.2 HTTP/1.1" 200 515 "https://www.freejobalerts.guru/" "Mozilla/5.0 (Windows NT 10.0; Win64; x64) AppleWebKit/537.36 (KHTML, like Gecko) Chrome/122.0.0.0 Safari/537.36"
156.59.175.141 - - [19/Feb/2025:11:27:33 +0530] "GET /wp-includes/js/wp-emoji-release.min.js?ver=6.7.2 HTTP/1.1" 200 4676 "https://www.freejobalerts.guru/" "Mozilla/5.0 (Windows NT 10.0; Win64; x64) AppleWebKit/537.36 (KHTML, like Gecko) Chrome/122.0.0.0 Safari/537.36"
156.59.175.141 - - [19/Feb/2025:11:27:34 +0530] "GET /favicon.ico HTTP/1.1" 404 1251 "https://www.freejobalerts.guru/" "Mozilla/5.0 (Windows NT 10.0; Win64; x64) AppleWebKit/537.36 (KHTML, like Gecko) Chrome/122.0.0.0 Safari/537.36"
156.59.175.132 - - [19/Feb/2025:11:24:28 +0530] "GET /wp-content/uploads/2025/02/sbi-Clerk-2025-Prelims-Call-Letter-Out-Notification-14191-Vacancies.png HTTP/2" 200 60925 "http://www.freejobalerts.guru/" "Mozilla/5.0 (Windows NT 10.0; Win64; x64) AppleWebKit/537.36 (KHTML, like Gecko) Chrome/122.0.0.0 Safari/537.36"
156.59.175.132 - - [19/Feb/2025:11:24:28 +0530] "GET /wp-content/uploads/2025/02/sd-sdsdfs.png HTTP/2" 200 25553 "http://www.freejobalerts.guru/" "Mozilla/5.0 (Windows NT 10.0; Win64; x64) AppleWebKit/537.36 (KHTML, like Gecko) Chrome/122.0.0.0 Safari/537.36"
156.59.175.132 - - [19/Feb/2025:11:24:28 +0530] "GET /wp-content/uploads/2025/02/image-4.jpeg HTTP/2" 200 135163 "http://www.freejobalerts.guru/" "Mozilla/5.0 (Windows NT 10.0; Win64; x64) AppleWebKit/537.36 (KHTML, like Gecko) Chrome/122.0.0.0 Safari/537.36"
156.59.175.132 - - [19/Feb/2025:11:24:29 +0530] "GET /wp-content/uploads/2025/02/freejobalerts.guru_.png HTTP/2" 200 372627 "http://www.freejobalerts.guru/" "Mozilla/5.0 (Windows NT 10.0; Win64; x64) AppleWebKit/537.36 (KHTML, like Gecko) Chrome/122.0.0.0 Safari/537.36"
162.55.100.32 - - [19/Feb/2025:11:23:21 +0530] "POST /wp-cron.php?doing_wp_cron=1739944401.7626309394836425781250 HTTP/1.1" 200 0 "-" "WordPress/6.7.2; https://www.freejobalerts.guru"
162.55.100.32 - - [19/Feb/2025:11:24:23 +0530] "POST /wp-cron.php?doing_wp_cron=1739944463.7815980911254882812500 HTTP/1.1" 200 0 "-" "WordPress/6.7.2; https://www.freejobalerts.guru"
35.202.72.83 - - [19/Feb/2025:11:23:19 +0530] "GET / HTTP/2" 301 0 "http://www.google.com/" "Mozilla/5.0 (X11; Linux x86_64) AppleWebKit/537.36 (KHTML, like Gecko) Chrome/85.0.4183.121 Safari/537.36"
35.202.72.83 - - [19/Feb/2025:11:23:23 +0530] "GET / HTTP/2" 200 56061 "http://www.google.com/" "Mozilla/5.0 (X11; Linux x86_64) AppleWebKit/537.36 (KHTML, like Gecko) Chrome/85.0.4183.121 Safari/537.36"
156.59.175.132 - - [19/Feb/2025:11:24:16 +0530] "GET / HTTP/2" 301 0 "http://www.openurls.com.cn/" "Mozilla/5.0 (Windows NT 10.0; Win64; x64) AppleWebKit/537.36 (KHTML, like Gecko) Chrome/122.0.0.0 Safari/537.36"
156.59.175.140 - - [19/Feb/2025:11:24:22 +0530] "GET / HTTP/2" 200 0 "http://www.openurls.com.cn/" "Mozilla/5.0 (Windows NT 10.0; Win64; x64) AppleWebKit/537.36 (KHTML, like Gecko) Chrome/122.0.0.0 Safari/537.36"
104.152.52.72 - - [19/Feb/2025:11:19:16 +0530] "GET / HTTP/1.1" 200 27597 "-" "curl/7.61.1"
104.152.52.63 - - [19/Feb/2025:11:19:16 +0530] "GET / HTTP/1.1" 301 0 "-" "curl/7.61.1"
173.208.148.34 - - [19/Feb/2025:11:58:26 +0530] "GET / HTTP/1.1" 301 0 "-" "Mozilla/5.0 (compatible; Googlebot/2.1; +http://www.google.com/bot.html)"
173.208.148.34 - - [19/Feb/2025:11:58:28 +0530] "GET / HTTP/1.1" 200 56061 "-" "Mozilla/5.0 (compatible; Googlebot/2.1; +http://www.google.com/bot.html)"
173.208.148.34 - - [19/Feb/2025:11:58:17 +0530] "GET / HTTP/1.1" 301 0 "-" "Mozilla/5.0 (Windows NT 10.0; Win64; x64) AppleWebKit/537.36 (KHTML, like Gecko) Chrome/91.0.4472.106 Safari/537.36"
162.55.100.32 - - [19/Feb/2025:12:05:04 +0530] "POST /wp-cron.php?doing_wp_cron=1739946904.9248840808868408203125 HTTP/1.1" 200 0 "-" "WordPress/6.7.2; https://www.freejobalerts.guru"
45.148.10.172 - - [19/Feb/2025:11:48:14 +0530] "GET /.env HTTP/1.1" 404 9470 "-" "Mozilla/5.0 (Windows NT 10.0; WOW64) AppleWebKit/537.36 (KHTML, like Gecko) Chrome/53.0.2785.90 Safari/537.36 Vivaldi/1.4.589.11"
162.55.100.32 - - [19/Feb/2025:11:58:23 +0530] "POST /wp-cron.php?doing_wp_cron=1739946503.6442899703979492187500 HTTP/1.1" 200 0 "-" "WordPress/6.7.2; https://www.freejobalerts.guru"
2a06:98c0:3600::103 - - [19/Feb/2025:11:57:34 +0530] "GET /wp-admin/setup-config.php HTTP/1.1" 409 1041 "-" "Mozilla/5.0 (Windows NT 10.0; Win64; x64) AppleWebKit/537.36 (KHTML, like Gecko) Chrome/133.0.0.0 Safari/537.36"
162.55.100.32 - - [19/Feb/2025:11:58:14 +0530] "POST /wp-cron.php?doing_wp_cron=1739946494.0742321014404296875000 HTTP/1.1" 200 0 "-" "WordPress/6.7.2; https://www.freejobalerts.guru"
2a06:98c0:3600::103 - - [19/Feb/2025:11:58:10 +0530] "GET /wordpress/wp-admin/setup-config.php HTTP/1.1" 301 0 "-" "Mozilla/5.0 (Windows NT 10.0; Win64; x64) AppleWebKit/537.36 (KHTML, like Gecko) Chrome/133.0.0.0 Safari/537.36"
162.55.100.32 - - [19/Feb/2025:11:34:42 +0530] "POST /wp-cron.php?doing_wp_cron=1739945082.6959850788116455078125 HTTP/1.1" 200 0 "-" "WordPress/6.7.2; https://www.freejobalerts.guru"
2a06:98c0:3600::103 - - [19/Feb/2025:11:34:43 +0530] "GET /wordpress/wp-admin/setup-config.php HTTP/1.1" 404 9362 "-" "Mozilla/5.0 (Windows NT 10.0; Win64; x64) AppleWebKit/537.36 (KHTML, like Gecko) Chrome/133.0.0.0 Safari/537.36"
162.55.100.32 - - [19/Feb/2025:11:48:16 +0530] "POST /wp-cron.php?doing_wp_cron=1739945896.2426838874816894531250 HTTP/1.1" 200 0 "-" "WordPress/6.7.2; https://www.freejobalerts.guru"
173.208.148.34 - - [19/Feb/2025:11:58:19 +0530] "GET / HTTP/1.1" 200 56061 "-" "Mozilla/5.0 (Windows NT 10.0; Win64; x64) AppleWebKit/537.36 (KHTML, like Gecko) Chrome/91.0.4472.106 Safari/537.36"
2a06:98c0:3600::103 - - [19/Feb/2025:11:34:42 +0530] "GET /wordpress/wp-admin/setup-config.php HTTP/1.1" 301 0 "-" "Mozilla/5.0 (Windows NT 10.0; Win64; x64) AppleWebKit/537.36 (KHTML, like Gecko) Chrome/133.0.0.0 Safari/537.36"
45.148.10.172 - - [19/Feb/2025:11:48:14 +0530] "GET /.env HTTP/1.1" 404 9498 "-" "Mozilla/5.0 (Linux; Android 8.0.0; F5121) AppleWebKit/537.36 (KHTML, like Gecko) Chrome/75.0.3770.101 Mobile Safari/537.36"
2a06:98c0:3600::103 - - [19/Feb/2025:11:34:03 +0530] "GET /wp-admin/setup-config.php HTTP/1.1" 409 1041 "-" "Mozilla/5.0 (Windows NT 10.0; Win64; x64) AppleWebKit/537.36 (KHTML, like Gecko) Chrome/133.0.0.0 Safari/537.36"
152.56.68.162 - - [19/Feb/2025:12:05:02 +0530] "POST /wp-admin/admin-ajax.php HTTP/2" 200 0 "https://www.freejobalerts.guru/wp-admin/post-new.php" "Mozilla/5.0 (Windows NT 10.0; Win64; x64) AppleWebKit/537.36 (KHTML, like Gecko) Chrome/133.0.0.0 Safari/537.36"
152.56.68.162 - - [19/Feb/2025:12:05:06 +0530] "POST /wp-admin/admin-ajax.php HTTP/2" 200 5 "https://www.freejobalerts.guru/wp-admin/post-new.php" "Mozilla/5.0 (Windows NT 10.0; Win64; x64) AppleWebKit/537.36 (KHTML, like Gecko) Chrome/133.0.0.0 Safari/537.36"
156.59.175.131 - - [19/Feb/2025:11:27:26 +0530] "GET / HTTP/2" 200 12332 "http://www.openurls.com.cn/" "Mozilla/5.0 (Windows NT 10.0; Win64; x64) AppleWebKit/537.36 (KHTML, like Gecko) Chrome/122.0.0.0 Safari/537.36"
156.59.175.131 - - [19/Feb/2025:11:27:29 +0530] "GET /wp-includes/css/dist/block-library/style.min.css?ver=6.7.2 HTTP/2" 200 14225 "https://www.freejobalerts.guru/" "Mozilla/5.0 (Windows NT 10.0; Win64; x64) AppleWebKit/537.36 (KHTML, like Gecko) Chrome/122.0.0.0 Safari/537.36"
156.59.175.131 - - [19/Feb/2025:11:27:29 +0530] "GET /wp-content/plugins/related-posts-thumbnails/assets/css/front.css?ver=4.2.1 HTTP/2" 200 1088 "https://www.freejobalerts.guru/" "Mozilla/5.0 (Windows NT 10.0; Win64; x64) AppleWebKit/537.36 (KHTML, like Gecko) Chrome/122.0.0.0 Safari/537.36"
156.59.175.131 - - [19/Feb/2025:11:27:29 +0530] "GET /wp-content/plugins/contact-form-7/includes/css/styles.css?ver=6.0.3 HTTP/2" 200 890 "https://www.freejobalerts.guru/" "Mozilla/5.0 (Windows NT 10.0; Win64; x64) AppleWebKit/537.36 (KHTML, like Gecko) Chrome/122.0.0.0 Safari/537.36"
162.55.100.32 - - [19/Feb/2025:12:05:32 +0530] "POST /wp-cron.php?doing_wp_cron=1739946932.7266108989715576171875 HTTP/1.1" 200 0 "-" "WordPress/6.7.2; https://www.freejobalerts.guru"
152.56.68.162 - - [19/Feb/2025:12:05:30 +0530] "GET / HTTP/1.1" 200 15308 "https://www.google.com/" "Mozilla/5.0 (Windows NT 10.0; Win64; x64) AppleWebKit/537.36 (KHTML, like Gecko) Chrome/133.0.0.0 Safari/537.36"
152.56.68.162 - - [19/Feb/2025:12:05:36 +0530] "GET /wp-content/uploads/2025/02/sbi-Clerk-2025-Prelims-Call-Letter-Out-Notification-14191-Vacancies.png HTTP/1.1" 200 60925 "https://www.freejobalerts.guru/" "Mozilla/5.0 (Windows NT 10.0; Win64; x64) AppleWebKit/537.36 (KHTML, like Gecko) Chrome/133.0.0.0 Safari/537.36"
162.55.100.32 - - [19/Feb/2025:12:12:57 +0530] "POST /wp-cron.php?doing_wp_cron=1739947376.9840979576110839843750 HTTP/1.1" 200 0 "-" "WordPress/6.7.2; https://www.freejobalerts.guru"
100.29.140.0 - - [19/Feb/2025:12:12:56 +0530] "GET / HTTP/2" 301 0 "-" "okhttp/4.9.2"
100.29.140.0 - - [19/Feb/2025:12:12:58 +0530] "GET / HTTP/2" 200 13769 "-" "okhttp/4.9.2"
100.29.140.0 - - [19/Feb/2025:12:12:59 +0530] "GET /favicon.ico HTTP/2" 404 1251 "-" "okhttp/4.9.2"
100.29.140.0 - - [19/Feb/2025:12:12:59 +0530] "GET /favicon.png HTTP/2" 404 6894 "-" "okhttp/4.9.2"
165.232.115.32 - - [19/Feb/2025:12:16:52 +0530] "GET / HTTP/1.1" 200 13775 "-" "Mozilla/5.0 (compatible)"
165.232.115.32 - - [19/Feb/2025:12:16:54 +0530] "GET /favicon.ico HTTP/1.1" 404 1251 "https://www.freejobalerts.guru/" "Mozilla/5.0 (compatible)"
2a06:98c0:3600::103 - - [19/Feb/2025:12:25:13 +0530] "GET /wp-admin/setup-config.php HTTP/1.1" 409 1041 "-" "Mozilla/5.0 (Windows NT 10.0; Win64; x64) AppleWebKit/537.36 (KHTML, like Gecko) Chrome/133.0.0.0 Safari/537.36"
217.198.191.215 - - [19/Feb/2025:12:25:39 +0530] "GET /robots.txt HTTP/1.1" 200 119 "-" "Mozilla/5.0 (Macintosh; Intel Mac OS X 10_9_4) AppleWebKit/537.36 (KHTML, like Gecko) Chrome/36.0.1985.125 Safari/537.36"
217.198.191.215 - - [19/Feb/2025:12:25:40 +0530] "GET /robots.txt HTTP/1.1" 301 0 "-" "Mozilla/5.0 (Macintosh; Intel Mac OS X 10_9_4) AppleWebKit/537.36 (KHTML, like Gecko) Chrome/36.0.1985.125 Safari/537.36"
217.198.191.215 - - [19/Feb/2025:12:26:03 +0530] "GET /robots.txt HTTP/1.1" 200 119 "-" "Mozilla/5.0 (Macintosh; Intel Mac OS X 10_9_4) AppleWebKit/537.36 (KHTML, like Gecko) Chrome/36.0.1985.125 Safari/537.36"
162.55.100.32 - - [19/Feb/2025:12:27:32 +0530] "POST /wp-cron.php?doing_wp_cron=1739948252.6790859699249267578125 HTTP/1.1" 200 0 "-" "WordPress/6.7.2; https://www.freejobalerts.guru"
95.177.180.85 - - [19/Feb/2025:12:48:38 +0530] "GET / HTTP/2" 301 0 "-" "Mozilla/5.0 (iPhone; CPU iPhone OS 10_3_1 like Mac OS X) AppleWebKit/603.1.30 (KHTML, like Gecko) Version/10.0 Mobile/14E304 Safari/602.1"
95.177.180.85 - - [19/Feb/2025:12:48:41 +0530] "GET / HTTP/2" 200 12318 "-" "Mozilla/5.0 (iPhone; CPU iPhone OS 10_3_1 like Mac OS X) AppleWebKit/603.1.30 (KHTML, like Gecko) Version/10.0 Mobile/14E304 Safari/602.1"
95.177.180.85 - - [19/Feb/2025:12:48:43 +0530] "GET /wp-includes/css/dist/block-library/style.min.css?ver=6.7.2 HTTP/2" 200 14225 "https://www.freejobalerts.guru/" "Mozilla/5.0 (iPhone; CPU iPhone OS 10_3_1 like Mac OS X) AppleWebKit/603.1.30 (KHTML, like Gecko) Version/10.0 Mobile/14E304 Safari/602.1"
95.177.180.85 - - [19/Feb/2025:12:48:43 +0530] "GET /wp-content/plugins/contact-form-7/includes/css/styles.css?ver=6.0.3 HTTP/2" 200 890 "https://www.freejobalerts.guru/" "Mozilla/5.0 (iPhone; CPU iPhone OS 10_3_1 like Mac OS X) AppleWebKit/603.1.30 (KHTML, like Gecko) Version/10.0 Mobile/14E304 Safari/602.1"
95.177.180.85 - - [19/Feb/2025:12:48:43 +0530] "GET /wp-content/plugins/related-posts-thumbnails/assets/css/front.css?ver=4.2.1 HTTP/2" 200 1088 "https://www.freejobalerts.guru/" "Mozilla/5.0 (iPhone; CPU iPhone OS 10_3_1 like Mac OS X) AppleWebKit/603.1.30 (KHTML, like Gecko) Version/10.0 Mobile/14E304 Safari/602.1"
95.177.180.85 - - [19/Feb/2025:12:48:43 +0530] "GET /wp-content/plugins/contextual-related-posts/css/rounded-thumbs.min.css?ver=3.6.2 HTTP/2" 200 348 "https://www.freejobalerts.guru/" "Mozilla/5.0 (iPhone; CPU iPhone OS 10_3_1 like Mac OS X) AppleWebKit/603.1.30 (KHTML, like Gecko) Version/10.0 Mobile/14E304 Safari/602.1"
95.177.180.85 - - [19/Feb/2025:12:48:43 +0530] "GET /wp-content/themes/generatepress/assets/css/main.min.css?ver=3.5.1 HTTP/2" 200 4410 "https://www.freejobalerts.guru/" "Mozilla/5.0 (iPhone; CPU iPhone OS 10_3_1 like Mac OS X) AppleWebKit/603.1.30 (KHTML, like Gecko) Version/10.0 Mobile/14E304 Safari/602.1"
95.177.180.85 - - [19/Feb/2025:12:48:43 +0530] "GET /wp-content/plugins/gp-premium/blog/functions/css/style.min.css?ver=2.0.2 HTTP/2" 200 1020 "https://www.freejobalerts.guru/" "Mozilla/5.0 (iPhone; CPU iPhone OS 10_3_1 like Mac OS X) AppleWebKit/603.1.30 (KHTML, like Gecko) Version/10.0 Mobile/14E304 Safari/602.1"
95.177.180.85 - - [19/Feb/2025:12:48:43 +0530] "GET /wp-content/uploads/2025/02/sbi-Clerk-2025-Prelims-Call-Letter-Out-Notification-14191-Vacancies-1024x576.png HTTP/2" 200 113164 "https://www.freejobalerts.guru/" "Mozilla/5.0 (iPhone; CPU iPhone OS 10_3_1 like Mac OS X) AppleWebKit/603.1.30 (KHTML, like Gecko) Version/10.0 Mobile/14E304 Safari/602.1"
95.177.180.85 - - [19/Feb/2025:12:48:43 +0530] "GET /wp-content/uploads/2025/02/sd-sdsdfs.png HTTP/2" 200 25553 "https://www.freejobalerts.guru/" "Mozilla/5.0 (iPhone; CPU iPhone OS 10_3_1 like Mac OS X) AppleWebKit/603.1.30 (KHTML, like Gecko) Version/10.0 Mobile/14E304 Safari/602.1"
143.198.137.83 - - [19/Feb/2025:12:41:55 +0530] "GET /view-source: HTTP/1.1" 404 9470 "-" "python-requests/2.18.4"
2a06:98c0:3600::103 - - [19/Feb/2025:12:48:20 +0530] "GET /wp-admin/setup-config.php HTTP/1.1" 409 1041 "-" "Mozilla/5.0 (Windows NT 10.0; Win64; x64) AppleWebKit/537.36 (KHTML, like Gecko) Chrome/133.0.0.0 Safari/537.36"
217.198.191.215 - - [19/Feb/2025:12:27:18 +0530] "GET / HTTP/1.1" 301 0 "-" "Mozilla/5.0 (Macintosh; Intel Mac OS X 10_9_4) AppleWebKit/537.36 (KHTML, like Gecko) Chrome/36.0.1985.125 Safari/537.36"
217.198.191.215 - - [19/Feb/2025:12:27:30 +0530] "GET / HTTP/1.1" 200 13769 "-" "Mozilla/5.0 (Macintosh; Intel Mac OS X 10_9_4) AppleWebKit/537.36 (KHTML, like Gecko) Chrome/36.0.1985.125 Safari/537.36"
143.198.137.83 - - [19/Feb/2025:12:41:36 +0530] "GET /wp-includes/wlwmanifest.xml HTTP/1.1" 301 0 "-" "python-requests/2.18.4"
217.198.191.215 - - [19/Feb/2025:12:27:18 +0530] "GET //favicon.ico HTTP/1.1" 404 1251 "-" "python-requests/2.23.0"
143.198.137.83 - - [19/Feb/2025:12:41:52 +0530] "GET /view-source: HTTP/1.1" 301 0 "-" "python-requests/2.18.4"
217.198.191.215 - - [19/Feb/2025:12:25:19 +0530] "GET /robots.txt HTTP/1.1" 301 0 "-" "Mozilla/5.0 (Macintosh; Intel Mac OS X 10_9_4) AppleWebKit/537.36 (KHTML, like Gecko) Chrome/36.0.1985.125 Safari/537.36"
162.55.100.32 - - [19/Feb/2025:12:41:39 +0530] "POST /wp-cron.php?doing_wp_cron=1739949098.9167599678039550781250 HTTP/1.1" 200 0 "-" "WordPress/6.7.2; https://www.freejobalerts.guru"
143.198.137.83 - - [19/Feb/2025:12:41:40 +0530] "GET /wp-includes/wlwmanifest.xml HTTP/1.1" 404 9470 "-" "python-requests/2.18.4"
143.198.137.83 - - [19/Feb/2025:12:41:46 +0530] "GET /administrator/ HTTP/1.1" 404 9475 "-" "python-requests/2.18.4"
143.198.137.83 - - [19/Feb/2025:12:41:58 +0530] "GET /misc/ajax.js HTTP/1.1" 301 0 "-" "python-requests/2.18.4"
217.198.191.215 - - [19/Feb/2025:12:26:03 +0530] "GET / HTTP/1.1" 301 0 "-" "Mozilla/5.0 (Macintosh; Intel Mac OS X 10_9_4) AppleWebKit/537.36 (KHTML, like Gecko) Chrome/36.0.1985.125 Safari/537.36"
143.198.137.83 - - [19/Feb/2025:12:41:43 +0530] "GET /administrator/index.php HTTP/1.1" 301 0 "-" "python-requests/2.18.4"
2a06:98c0:3600::103 - - [19/Feb/2025:12:48:46 +0530] "GET /wordpress/wp-admin/setup-config.php HTTP/1.1" 404 6322 "-" "Mozilla/5.0 (Windows NT 10.0; Win64; x64) AppleWebKit/537.36 (KHTML, like Gecko) Chrome/133.0.0.0 Safari/537.36"
162.55.100.32 - - [19/Feb/2025:12:25:15 +0530] "POST /wp-cron.php?doing_wp_cron=1739948115.4180169105529785156250 HTTP/1.1" 200 0 "-" "WordPress/6.7.2; https://www.freejobalerts.guru"
2a06:98c0:3600::103 - - [19/Feb/2025:12:25:13 +0530] "GET /wordpress/wp-admin/setup-config.php HTTP/1.1" 301 0 "-" "Mozilla/5.0 (Windows NT 10.0; Win64; x64) AppleWebKit/537.36 (KHTML, like Gecko) Chrome/133.0.0.0 Safari/537.36"
217.198.191.215 - - [19/Feb/2025:12:26:47 +0530] "GET / HTTP/1.1" 200 13792 "-" "Mozilla/5.0 (Macintosh; Intel Mac OS X 10_9_4) AppleWebKit/537.36 (KHTML, like Gecko) Chrome/36.0.1985.125 Safari/537.36"
217.198.191.215 - - [19/Feb/2025:12:26:59 +0530] "GET /test_404_page/ HTTP/1.1" 404 9470 "-" "Mozilla/5.0 (Macintosh; Intel Mac OS X 10_9_4) AppleWebKit/537.36 (KHTML, like Gecko) Chrome/36.0.1985.125 Safari/537.36"
217.198.191.215 - - [19/Feb/2025:12:27:54 +0530] "GET /test_404_page/ HTTP/1.1" 404 9470 "-" "Mozilla/5.0 (Macintosh; Intel Mac OS X 10_9_4) AppleWebKit/537.36 (KHTML, like Gecko) Chrome/36.0.1985.125 Safari/537.36"
143.198.137.83 - - [19/Feb/2025:12:42:00 +0530] "GET /misc/ajax.js HTTP/1.1" 404 9475 "-" "python-requests/2.18.4"
2a06:98c0:3600::103 - - [19/Feb/2025:12:48:44 +0530] "GET /wordpress/wp-admin/setup-config.php HTTP/1.1" 301 0 "-" "Mozilla/5.0 (Windows NT 10.0; Win64; x64) AppleWebKit/537.36 (KHTML, like Gecko) Chrome/133.0.0.0 Safari/537.36"
95.177.180.85 - - [19/Feb/2025:12:48:43 +0530] "GET /wp-includes/js/dist/hooks.min.js?ver=4d63a3d491d11ffd8ac6 HTTP/2" 200 1571 "https://www.freejobalerts.guru/" "Mozilla/5.0 (iPhone; CPU iPhone OS 10_3_1 like Mac OS X) AppleWebKit/603.1.30 (KHTML, like Gecko) Version/10.0 Mobile/14E304 Safari/602.1"
95.177.180.85 - - [19/Feb/2025:12:48:43 +0530] "GET /wp-includes/js/dist/i18n.min.js?ver=5e580eb46a90c2b997e6 HTTP/2" 200 3542 "https://www.freejobalerts.guru/" "Mozilla/5.0 (iPhone; CPU iPhone OS 10_3_1 like Mac OS X) AppleWebKit/603.1.30 (KHTML, like Gecko) Version/10.0 Mobile/14E304 Safari/602.1"
95.177.180.85 - - [19/Feb/2025:12:48:43 +0530] "GET /wp-content/plugins/contact-form-7/includes/swv/js/index.js?ver=6.0.3 HTTP/2" 200 3369 "https://www.freejobalerts.guru/" "Mozilla/5.0 (iPhone; CPU iPhone OS 10_3_1 like Mac OS X) AppleWebKit/603.1.30 (KHTML, like Gecko) Version/10.0 Mobile/14E304 Safari/602.1"
95.177.180.85 - - [19/Feb/2025:12:48:43 +0530] "GET /wp-content/plugins/contact-form-7/includes/js/index.js?ver=6.0.3 HTTP/2" 200 4008 "https://www.freejobalerts.guru/" "Mozilla/5.0 (iPhone; CPU iPhone OS 10_3_1 like Mac OS X) AppleWebKit/603.1.30 (KHTML, like Gecko) Version/10.0 Mobile/14E304 Safari/602.1"
95.177.180.85 - - [19/Feb/2025:12:48:43 +0530] "GET /wp-content/themes/generatepress/assets/js/menu.min.js?ver=3.5.1 HTTP/2" 200 1678 "https://www.freejobalerts.guru/" "Mozilla/5.0 (iPhone; CPU iPhone OS 10_3_1 like Mac OS X) AppleWebKit/603.1.30 (KHTML, like Gecko) Version/10.0 Mobile/14E304 Safari/602.1"
95.177.180.85 - - [19/Feb/2025:12:48:43 +0530] "GET /wp-includes/js/imagesloaded.min.js?ver=5.0.0 HTTP/2" 200 1687 "https://www.freejobalerts.guru/" "Mozilla/5.0 (iPhone; CPU iPhone OS 10_3_1 like Mac OS X) AppleWebKit/603.1.30 (KHTML, like Gecko) Version/10.0 Mobile/14E304 Safari/602.1"
95.177.180.85 - - [19/Feb/2025:12:48:43 +0530] "GET /wp-includes/js/masonry.min.js?ver=4.2.2 HTTP/2" 200 7117 "https://www.freejobalerts.guru/" "Mozilla/5.0 (iPhone; CPU iPhone OS 10_3_1 like Mac OS X) AppleWebKit/603.1.30 (KHTML, like Gecko) Version/10.0 Mobile/14E304 Safari/602.1"
95.177.180.85 - - [19/Feb/2025:12:48:43 +0530] "GET /wp-content/plugins/gp-premium/blog/functions/js/scripts.min.js?ver=2.0.2 HTTP/2" 200 515 "https://www.freejobalerts.guru/" "Mozilla/5.0 (iPhone; CPU iPhone OS 10_3_1 like Mac OS X) AppleWebKit/603.1.30 (KHTML, like Gecko) Version/10.0 Mobile/14E304 Safari/602.1"
95.177.180.85 - - [19/Feb/2025:12:48:43 +0530] "GET /wp-content/uploads/2025/02/image-4-1024x563.jpeg HTTP/2" 200 99628 "https://www.freejobalerts.guru/" "Mozilla/5.0 (iPhone; CPU iPhone OS 10_3_1 like Mac OS X) AppleWebKit/603.1.30 (KHTML, like Gecko) Version/10.0 Mobile/14E304 Safari/602.1"
95.177.180.85 - - [19/Feb/2025:12:48:44 +0530] "GET /wp-includes/js/wp-emoji-release.min.js?ver=6.7.2 HTTP/2" 200 4676 "https://www.freejobalerts.guru/" "Mozilla/5.0 (iPhone; CPU iPhone OS 10_3_1 like Mac OS X) AppleWebKit/603.1.30 (KHTML, like Gecko) Version/10.0 Mobile/14E304 Safari/602.1"
95.177.180.85 - - [19/Feb/2025:12:48:43 +0530] "GET /wp-content/uploads/2025/02/freejobalerts.guru_-1024x576.png HTTP/2" 200 775408 "https://www.freejobalerts.guru/" "Mozilla/5.0 (iPhone; CPU iPhone OS 10_3_1 like Mac OS X) AppleWebKit/603.1.30 (KHTML, like Gecko) Version/10.0 Mobile/14E304 Safari/602.1"
162.55.100.32 - - [19/Feb/2025:12:59:13 +0530] "POST /wp-cron.php?doing_wp_cron=1739950152.8005299568176269531250 HTTP/1.1" 200 0 "-" "WordPress/6.7.2; https://www.freejobalerts.guru"
13.95.133.245 - - [19/Feb/2025:12:59:09 +0530] "GET / HTTP/1.1" 301 0 "-" "curl/8.6.0"
162.55.100.32 - - [19/Feb/2025:13:02:16 +0530] "POST /wp-cron.php?doing_wp_cron=1739950336.4732470512390136718750 HTTP/1.1" 200 0 "-" "WordPress/6.7.2; https://www.freejobalerts.guru"
143.198.137.83 - - [19/Feb/2025:13:02:09 +0530] "GET /wp-includes/wlwmanifest.xml HTTP/1.1" 200 0 "-" "python-requests/2.18.4"
143.198.137.83 - - [19/Feb/2025:13:02:25 +0530] "GET /misc/ajax.js HTTP/1.1" 301 0 "-" "python-requests/2.18.4"
143.198.137.83 - - [19/Feb/2025:13:02:20 +0530] "GET /view-source: HTTP/1.1" 301 0 "-" "python-requests/2.18.4"
143.198.137.83 - - [19/Feb/2025:13:02:14 +0530] "GET /administrator/index.php HTTP/1.1" 301 0 "-" "python-requests/2.18.4"
164.90.241.135 - - [19/Feb/2025:13:34:37 +0530] "GET / HTTP/1.1" 200 13779 "https://freejobalerts.guru/" "Mozilla/5.0 (Linux; Android 10; K) AppleWebKit/537.36 (KHTML, like Gecko) Chrome/132.0.0.0 Safari/537.36"
162.55.100.32 - - [19/Feb/2025:13:34:42 +0530] "POST /wp-cron.php?doing_wp_cron=1739952282.4938108921051025390625 HTTP/1.1" 200 0 "-" "WordPress/6.7.2; https://www.freejobalerts.guru"
162.55.100.32 - - [19/Feb/2025:13:34:43 +0530] "POST /wp-cron.php?doing_wp_cron=1739952282.4938449859619140625000 HTTP/1.1" 200 0 "-" "WordPress/6.7.2; https://www.freejobalerts.guru"
165.231.253.249 - - [19/Feb/2025:13:22:16 +0530] "GET / HTTP/1.1" 301 0 "-" "Mozilla/5.0 (Windows NT 10.0; Win64; x64) AppleWebKit/537.36 (KHTML, like Gecko) Chrome/130.0.0.0 Safari/537.36 Edg/130.0.0.0"
2a06:98c0:3600::103 - - [19/Feb/2025:13:13:46 +0530] "GET /wp-admin/setup-config.php HTTP/1.1" 409 1041 "-" "Mozilla/5.0 (Windows NT 10.0; Win64; x64) AppleWebKit/537.36 (KHTML, like Gecko) Chrome/133.0.0.0 Safari/537.36"
162.55.100.32 - - [19/Feb/2025:13:22:18 +0530] "POST /wp-cron.php?doing_wp_cron=1739951538.1941239833831787109375 HTTP/1.1" 200 0 "-" "WordPress/6.7.2; https://www.freejobalerts.guru"
162.55.100.32 - - [19/Feb/2025:13:27:09 +0530] "POST /wp-cron.php?doing_wp_cron=1739951828.8746740818023681640625 HTTP/1.1" 200 0 "-" "WordPress/6.7.2; https://www.freejobalerts.guru"
212.102.57.79 - - [19/Feb/2025:13:34:37 +0530] "GET / HTTP/1.1" 200 13779 "https://freejobalerts.guru/" "Mozilla/5.0 (iPhone; CPU iPhone OS 17_4_1 like Mac OS X) AppleWebKit/605.1.15 (KHTML, like Gecko) Version/17.4.1 Mobile/15E148 Safari/604.1"
68.183.245.101 - - [19/Feb/2025:13:34:38 +0530] "GET / HTTP/1.1" 200 13779 "https://freejobalerts.guru/" "Mozilla/5.0 (Windows NT 10.0; Win64; x64) AppleWebKit/537.36 (KHTML, like Gecko) Chrome/132.0.0.0 Safari/537.36 Edg/132.0.0.0"
2a06:98c0:3600::103 - - [19/Feb/2025:13:14:02 +0530] "GET /wordpress/wp-admin/setup-config.php HTTP/1.1" 404 6322 "-" "Mozilla/5.0 (Windows NT 10.0; Win64; x64) AppleWebKit/537.36 (KHTML, like Gecko) Chrome/133.0.0.0 Safari/537.36"
143.198.137.83 - - [19/Feb/2025:13:27:02 +0530] "GET /wp-includes/wlwmanifest.xml HTTP/1.1" 200 0 "-" "python-requests/2.18.4"
143.198.137.83 - - [19/Feb/2025:13:27:07 +0530] "GET /administrator/index.php HTTP/1.1" 301 0 "-" "python-requests/2.18.4"
152.56.68.162 - - [19/Feb/2025:13:27:18 +0530] "GET /wp-content/uploads/2025/02/sbi-Clerk-2025-Prelims-Call-Letter-Out-Notification-14191-Vacancies-1-1024x576.png HTTP/2" 200 88259 "https://www.google.com/" "Mozilla/5.0 (Windows NT 10.0; Win64; x64) AppleWebKit/537.36 (KHTML, like Gecko) Chrome/133.0.0.0 Safari/537.36"
143.198.137.83 - - [19/Feb/2025:13:27:13 +0530] "GET /view-source: HTTP/1.1" 301 0 "-" "python-requests/2.18.4"
2a06:98c0:3600::103 - - [19/Feb/2025:13:13:59 +0530] "GET /wordpress/wp-admin/setup-config.php HTTP/1.1" 301 0 "-" "Mozilla/5.0 (Windows NT 10.0; Win64; x64) AppleWebKit/537.36 (KHTML, like Gecko) Chrome/133.0.0.0 Safari/537.36"
164.90.241.135 - - [19/Feb/2025:13:22:14 +0530] "GET / HTTP/1.1" 301 0 "-" "Mozilla/5.0 (Linux; Android 10; K) AppleWebKit/537.36 (KHTML, like Gecko) Chrome/132.0.0.0 Safari/537.36"
143.198.137.83 - - [19/Feb/2025:13:27:18 +0530] "GET /misc/ajax.js HTTP/1.1" 200 0 "-" "python-requests/2.18.4"
212.102.57.79 - - [19/Feb/2025:13:39:10 +0530] "GET /favicon.ico HTTP/1.1" 404 1251 "https://freejobalerts.guru/" "Mozilla/5.0 (iPhone; CPU iPhone OS 17_4_1 like Mac OS X) AppleWebKit/605.1.15 (KHTML, like Gecko) Version/17.4.1 Mobile/15E148 Safari/604.1"
