152.59.85.14 - - [18/Feb/2025:11:35:22 +0530] "GET /wp-admin/css/admin-menu.min.css?ver=6.7.2 HTTP/1.1" 200 2711 "https://www.freejobalerts.guru/wp-admin/admin.php?page=rank-math-registration" "Mozilla/5.0 (Windows NT 10.0; Win64; x64) AppleWebKit/537.36 (KHTML, like Gecko) Chrome/133.0.0.0 Safari/537.36"
152.59.85.14 - - [18/Feb/2025:11:35:22 +0530] "GET /wp-admin/css/revisions.min.css?ver=6.7.2 HTTP/1.1" 200 2058 "https://www.freejobalerts.guru/wp-admin/admin.php?page=rank-math-registration" "Mozilla/5.0 (Windows NT 10.0; Win64; x64) AppleWebKit/537.36 (KHTML, like Gecko) Chrome/133.0.0.0 Safari/537.36"
152.59.85.14 - - [18/Feb/2025:11:35:22 +0530] "GET /wp-admin/css/about.min.css?ver=6.7.2 HTTP/1.1" 200 3664 "https://www.freejobalerts.guru/wp-admin/admin.php?page=rank-math-registration" "Mozilla/5.0 (Windows NT 10.0; Win64; x64) AppleWebKit/537.36 (KHTML, like Gecko) Chrome/133.0.0.0 Safari/537.36"
152.59.85.14 - - [18/Feb/2025:11:35:22 +0530] "GET /wp-admin/css/nav-menus.min.css?ver=6.7.2 HTTP/1.1" 200 3323 "https://www.freejobalerts.guru/wp-admin/admin.php?page=rank-math-registration" "Mozilla/5.0 (Windows NT 10.0; Win64; x64) AppleWebKit/537.36 (KHTML, like Gecko) Chrome/133.0.0.0 Safari/537.36"
152.59.85.14 - - [18/Feb/2025:11:35:22 +0530] "GET /wp-includes/css/wp-pointer.min.css?ver=6.7.2 HTTP/1.1" 200 799 "https://www.freejobalerts.guru/wp-admin/admin.php?page=rank-math-registration" "Mozilla/5.0 (Windows NT 10.0; Win64; x64) AppleWebKit/537.36 (KHTML, like Gecko) Chrome/133.0.0.0 Safari/537.36"
152.59.85.14 - - [18/Feb/2025:11:35:22 +0530] "GET /wp-admin/css/widgets.min.css?ver=6.7.2 HTTP/1.1" 200 3113 "https://www.freejobalerts.guru/wp-admin/admin.php?page=rank-math-registration" "Mozilla/5.0 (Windows NT 10.0; Win64; x64) AppleWebKit/537.36 (KHTML, like Gecko) Chrome/133.0.0.0 Safari/537.36"
152.59.85.14 - - [18/Feb/2025:11:35:22 +0530] "GET /wp-admin/css/site-icon.min.css?ver=6.7.2 HTTP/1.1" 200 1054 "https://www.freejobalerts.guru/wp-admin/admin.php?page=rank-math-registration" "Mozilla/5.0 (Windows NT 10.0; Win64; x64) AppleWebKit/537.36 (KHTML, like Gecko) Chrome/133.0.0.0 Safari/537.36"
152.59.85.14 - - [18/Feb/2025:11:35:22 +0530] "GET /wp-admin/css/l10n.min.css?ver=6.7.2 HTTP/1.1" 200 675 "https://www.freejobalerts.guru/wp-admin/admin.php?page=rank-math-registration" "Mozilla/5.0 (Windows NT 10.0; Win64; x64) AppleWebKit/537.36 (KHTML, like Gecko) Chrome/133.0.0.0 Safari/537.36"
152.59.85.14 - - [18/Feb/2025:11:35:22 +0530] "GET /wp-includes/css/buttons.min.css?ver=6.7.2 HTTP/1.1" 200 1275 "https://www.freejobalerts.guru/wp-admin/admin.php?page=rank-math-registration" "Mozilla/5.0 (Windows NT 10.0; Win64; x64) AppleWebKit/537.36 (KHTML, like Gecko) Chrome/133.0.0.0 Safari/537.36"
152.59.85.14 - - [18/Feb/2025:11:35:22 +0530] "GET /wp-content/plugins/seo-by-rank-math/assets/admin/css/cmb2.css?ver=1.0.238 HTTP/1.1" 200 3267 "https://www.freejobalerts.guru/wp-admin/admin.php?page=rank-math-registration" "Mozilla/5.0 (Windows NT 10.0; Win64; x64) AppleWebKit/537.36 (KHTML, like Gecko) Chrome/133.0.0.0 Safari/537.36"
152.59.85.14 - - [18/Feb/2025:11:35:22 +0530] "GET /wp-admin/load-styles.php?c=1&dir=ltr&load%5Bchunk_0%5D=admin-bar&ver=6.7.2 HTTP/1.1" 200 3963 "https://www.freejobalerts.guru/wp-admin/admin.php?page=rank-math-registration" "Mozilla/5.0 (Windows NT 10.0; Win64; x64) AppleWebKit/537.36 (KHTML, like Gecko) Chrome/133.0.0.0 Safari/537.36"
152.59.85.14 - - [18/Feb/2025:11:35:22 +0530] "GET /wp-content/plugins/seo-by-rank-math/assets/admin/img/logo.svg HTTP/1.1" 200 904 "https://www.freejobalerts.guru/wp-admin/admin.php?page=rank-math-registration" "Mozilla/5.0 (Windows NT 10.0; Win64; x64) AppleWebKit/537.36 (KHTML, like Gecko) Chrome/133.0.0.0 Safari/537.36"
152.59.85.14 - - [18/Feb/2025:11:35:22 +0530] "GET /wp-content/plugins/seo-by-rank-math/vendor/cmb2/cmb2/js/cmb2.min.js?ver=2.11.0 HTTP/1.1" 200 8860 "https://www.freejobalerts.guru/wp-admin/admin.php?page=rank-math-registration" "Mozilla/5.0 (Windows NT 10.0; Win64; x64) AppleWebKit/537.36 (KHTML, like Gecko) Chrome/133.0.0.0 Safari/537.36"
152.59.85.14 - - [18/Feb/2025:11:35:22 +0530] "GET /wp-admin/css/dashboard.min.css?ver=6.7.2 HTTP/1.1" 200 4797 "https://www.freejobalerts.guru/wp-admin/admin.php?page=rank-math-registration" "Mozilla/5.0 (Windows NT 10.0; Win64; x64) AppleWebKit/537.36 (KHTML, like Gecko) Chrome/133.0.0.0 Safari/537.36"
152.59.85.14 - - [18/Feb/2025:11:35:22 +0530] "GET /wp-admin/css/list-tables.min.css?ver=6.7.2 HTTP/1.1" 200 6947 "https://www.freejobalerts.guru/wp-admin/admin.php?page=rank-math-registration" "Mozilla/5.0 (Windows NT 10.0; Win64; x64) AppleWebKit/537.36 (KHTML, like Gecko) Chrome/133.0.0.0 Safari/537.36"
152.59.85.14 - - [18/Feb/2025:11:35:22 +0530] "GET /wp-admin/css/edit.min.css?ver=6.7.2 HTTP/1.1" 200 6607 "https://www.freejobalerts.guru/wp-admin/admin.php?page=rank-math-registration" "Mozilla/5.0 (Windows NT 10.0; Win64; x64) AppleWebKit/537.36 (KHTML, like Gecko) Chrome/133.0.0.0 Safari/537.36"
152.59.85.14 - - [18/Feb/2025:11:35:22 +0530] "GET /wp-admin/css/media.min.css?ver=6.7.2 HTTP/1.1" 200 4490 "https://www.freejobalerts.guru/wp-admin/admin.php?page=rank-math-registration" "Mozilla/5.0 (Windows NT 10.0; Win64; x64) AppleWebKit/537.36 (KHTML, like Gecko) Chrome/133.0.0.0 Safari/537.36"
152.59.85.14 - - [18/Feb/2025:11:35:22 +0530] "GET /wp-admin/css/themes.min.css?ver=6.7.2 HTTP/1.1" 200 5944 "https://www.freejobalerts.guru/wp-admin/admin.php?page=rank-math-registration" "Mozilla/5.0 (Windows NT 10.0; Win64; x64) AppleWebKit/537.36 (KHTML, like Gecko) Chrome/133.0.0.0 Safari/537.36"
152.59.85.14 - - [18/Feb/2025:11:30:55 +0530] "POST /wp-admin/admin-ajax.php HTTP/1.1" 200 79 "https://www.freejobalerts.guru/wp-admin/post.php?post=53&action=edit" "Mozilla/5.0 (Windows NT 10.0; Win64; x64) AppleWebKit/537.36 (KHTML, like Gecko) Chrome/133.0.0.0 Safari/537.36"
152.59.85.14 - - [18/Feb/2025:11:27:38 +0530] "POST /wp-admin/admin-ajax.php HTTP/1.1" 200 51 "https://www.freejobalerts.guru/wp-admin/edit-tags.php?taxonomy=category" "Mozilla/5.0 (Windows NT 10.0; Win64; x64) AppleWebKit/537.36 (KHTML, like Gecko) Chrome/133.0.0.0 Safari/537.36"
152.59.85.14 - - [18/Feb/2025:11:28:54 +0530] "POST /wp-admin/admin-ajax.php HTTP/1.1" 200 79 "https://www.freejobalerts.guru/wp-admin/post.php?post=53&action=edit" "Mozilla/5.0 (Windows NT 10.0; Win64; x64) AppleWebKit/537.36 (KHTML, like Gecko) Chrome/133.0.0.0 Safari/537.36"
152.59.85.14 - - [18/Feb/2025:11:29:39 +0530] "POST /wp-admin/admin-ajax.php HTTP/1.1" 200 51 "https://www.freejobalerts.guru/wp-admin/edit-tags.php?taxonomy=category" "Mozilla/5.0 (Windows NT 10.0; Win64; x64) AppleWebKit/537.36 (KHTML, like Gecko) Chrome/133.0.0.0 Safari/537.36"
152.59.85.14 - - [18/Feb/2025:11:26:34 +0530] "GET /wp-json/wp-block-editor/v1/url-details?url=https%3A%2F%2Fimg2.freejobalert.com%2Fnews%2F2025%2F02%2Fnotification-for-punjab-and-sind-bank-local-bank-officers-posts-67a6d499eccd420165533.pdf&_locale=user HTTP/1.1" 200 47 "https://www.freejobalerts.guru/wp-admin/post.php?post=53&action=edit" "Mozilla/5.0 (Windows NT 10.0; Win64; x64) AppleWebKit/537.36 (KHTML, like Gecko) Chrome/133.0.0.0 Safari/537.36"
152.59.85.14 - - [18/Feb/2025:11:26:43 +0530] "POST /wp-admin/admin-ajax.php HTTP/1.1" 200 79 "https://www.freejobalerts.guru/wp-admin/post.php?post=53&action=edit" "Mozilla/5.0 (Windows NT 10.0; Win64; x64) AppleWebKit/537.36 (KHTML, like Gecko) Chrome/133.0.0.0 Safari/537.36"
152.59.85.14 - - [18/Feb/2025:11:26:53 +0530] "POST /wp-admin/admin-ajax.php HTTP/1.1" 200 79 "https://www.freejobalerts.guru/wp-admin/post.php?post=53&action=edit" "Mozilla/5.0 (Windows NT 10.0; Win64; x64) AppleWebKit/537.36 (KHTML, like Gecko) Chrome/133.0.0.0 Safari/537.36"
152.59.85.14 - - [18/Feb/2025:11:36:25 +0530] "POST /wp-admin/admin-post.php HTTP/2" 302 0 "https://www.freejobalerts.guru/wp-admin/admin.php?page=rank-math-wizard&step=schema-markup" "Mozilla/5.0 (Windows NT 10.0; Win64; x64) AppleWebKit/537.36 (KHTML, like Gecko) Chrome/133.0.0.0 Safari/537.36"
152.59.85.14 - - [18/Feb/2025:11:36:30 +0530] "GET /wp-admin/admin.php?page=rank-math HTTP/2" 200 16879 "https://www.freejobalerts.guru/wp-admin/admin.php?page=rank-math-wizard&step=schema-markup" "Mozilla/5.0 (Windows NT 10.0; Win64; x64) AppleWebKit/537.36 (KHTML, like Gecko) Chrome/133.0.0.0 Safari/537.36"
152.59.85.14 - - [18/Feb/2025:11:36:31 +0530] "GET /wp-content/plugins/seo-by-rank-math/assets/admin/css/dashboard.css?ver=1.0.238 HTTP/2" 200 3778 "https://www.freejobalerts.guru/wp-admin/admin.php?page=rank-math" "Mozilla/5.0 (Windows NT 10.0; Win64; x64) AppleWebKit/537.36 (KHTML, like Gecko) Chrome/133.0.0.0 Safari/537.36"
152.59.85.14 - - [18/Feb/2025:11:36:31 +0530] "GET /wp-admin/load-styles.php?c=1&dir=ltr&load%5Bchunk_0%5D=dashicons,admin-bar,common,forms,admin-menu,dashboard,list-tables,edit,revisions,media,themes,about,nav-menus,wp-pointer,widgets&load%5Bchunk_1%5D=,site-icon,l10n,buttons,wp-auth-check,wp-components&ver=6.7.2 HTTP/2" 200 116566 "https://www.freejobalerts.guru/wp-admin/admin.php?page=rank-math" "Mozilla/5.0 (Windows NT 10.0; Win64; x64) AppleWebKit/537.36 (KHTML, like Gecko) Chrome/133.0.0.0 Safari/537.36"
152.59.85.14 - - [18/Feb/2025:11:36:31 +0530] "GET /wp-content/plugins/seo-by-rank-math/assets/admin/js/dashboard.js?ver=1.0.238 HTTP/2" 200 1852 "https://www.freejobalerts.guru/wp-admin/admin.php?page=rank-math" "Mozilla/5.0 (Windows NT 10.0; Win64; x64) AppleWebKit/537.36 (KHTML, like Gecko) Chrome/133.0.0.0 Safari/537.36"
152.59.85.14 - - [18/Feb/2025:11:36:32 +0530] "GET /wp-content/plugins/seo-by-rank-math/assets/admin/fonts/Rank-Math.ttf?v1.0.94 HTTP/2" 200 18496 "https://www.freejobalerts.guru/wp-content/plugins/seo-by-rank-math/assets/admin/css/common.css?ver=1.0.238" "Mozilla/5.0 (Windows NT 10.0; Win64; x64) AppleWebKit/537.36 (KHTML, like Gecko) Chrome/133.0.0.0 Safari/537.36"
152.59.85.14 - - [18/Feb/2025:11:36:37 +0530] "GET /wp-admin/admin.php?page=rank-math-options-titles HTTP/2" 200 54763 "https://www.freejobalerts.guru/wp-admin/admin.php?page=rank-math" "Mozilla/5.0 (Windows NT 10.0; Win64; x64) AppleWebKit/537.36 (KHTML, like Gecko) Chrome/133.0.0.0 Safari/537.36"
152.59.85.14 - - [18/Feb/2025:11:36:37 +0530] "GET /wp-content/plugins/seo-by-rank-math/assets/admin/css/option-panel.css?ver=1.0.238 HTTP/2" 200 3667 "https://www.freejobalerts.guru/wp-admin/admin.php?page=rank-math-options-titles" "Mozilla/5.0 (Windows NT 10.0; Win64; x64) AppleWebKit/537.36 (KHTML, like Gecko) Chrome/133.0.0.0 Safari/537.36"
152.59.85.14 - - [18/Feb/2025:11:36:38 +0530] "GET /wp-content/plugins/seo-by-rank-math/assets/admin/js/option-panel.js?ver=1.0.238 HTTP/2" 200 3603 "https://www.freejobalerts.guru/wp-admin/admin.php?page=rank-math-options-titles" "Mozilla/5.0 (Windows NT 10.0; Win64; x64) AppleWebKit/537.36 (KHTML, like Gecko) Chrome/133.0.0.0 Safari/537.36"
152.59.85.14 - - [18/Feb/2025:11:36:38 +0530] "GET /wp-admin/load-styles.php?c=1&dir=ltr&load%5Bchunk_0%5D=media-views&ver=6.7.2 HTTP/2" 200 9159 "https://www.freejobalerts.guru/wp-admin/admin.php?page=rank-math-options-titles" "Mozilla/5.0 (Windows NT 10.0; Win64; x64) AppleWebKit/537.36 (KHTML, like Gecko) Chrome/133.0.0.0 Safari/537.36"
152.59.85.14 - - [18/Feb/2025:11:36:38 +0530] "GET /wp-admin/admin.php?page=rank-math-options-general HTTP/2" 200 25337 "https://www.freejobalerts.guru/wp-admin/admin.php?page=rank-math-options-titles" "Mozilla/5.0 (Windows NT 10.0; Win64; x64) AppleWebKit/537.36 (KHTML, like Gecko) Chrome/133.0.0.0 Safari/537.36"
66.249.69.103 - - [18/Feb/2025:11:34:10 +0530] "GET /wp-includes/js/comment-reply.min.js?ver=6.7.2 HTTP/1.1" 200 1247 "https://www.freejobalerts.guru/punjab-and-sind-bank-lbo-recruitment-2025-apply-online-for-110-posts/" "Mozilla/5.0 (Linux; Android 6.0.1; Nexus 5X Build/MMB29P) AppleWebKit/537.36 (KHTML, like Gecko) Chrome/133.0.6943.53 Mobile Safari/537.36 (compatible; Google-InspectionTool/1.0)"
66.249.69.102 - - [18/Feb/2025:11:34:10 +0530] "GET /wp-content/plugins/contact-form-7/includes/js/index.js?ver=6.0.3 HTTP/1.1" 200 4008 "https://www.freejobalerts.guru/punjab-and-sind-bank-lbo-recruitment-2025-apply-online-for-110-posts/" "Mozilla/5.0 (X11; Linux x86_64) AppleWebKit/537.36 (KHTML, like Gecko) Chrome/133.0.6943.53 Safari/537.36 (compatible; Google-InspectionTool/1.0)"
66.249.69.103 - - [18/Feb/2025:11:34:10 +0530] "GET /wp-content/uploads/2025/02/image-4.jpeg HTTP/1.1" 200 135163 "https://www.freejobalerts.guru/punjab-and-sind-bank-lbo-recruitment-2025-apply-online-for-110-posts/" "Mozilla/5.0 (Linux; Android 6.0.1; Nexus 5X Build/MMB29P) AppleWebKit/537.36 (KHTML, like Gecko) Chrome/133.0.6943.53 Mobile Safari/537.36 (compatible; Google-InspectionTool/1.0)"
66.249.69.102 - - [18/Feb/2025:11:34:32 +0530] "GET /punjab-and-sind-bank-lbo-recruitment-2025-apply-online-for-110-posts/ HTTP/1.1" 200 15261 "-" "Mozilla/5.0 (compatible; Google-InspectionTool/1.0;)"
66.249.69.102 - - [18/Feb/2025:11:34:32 +0530] "GET /wp-includes/js/dist/i18n.min.js?ver=5e580eb46a90c2b997e6 HTTP/1.1" 200 3542 "https://www.freejobalerts.guru/punjab-and-sind-bank-lbo-recruitment-2025-apply-online-for-110-posts/" "Mozilla/5.0 (Linux; Android 6.0.1; Nexus 5X Build/MMB29P) AppleWebKit/537.36 (KHTML, like Gecko) Chrome/133.0.6943.53 Mobile Safari/537.36 (compatible; Google-InspectionTool/1.0)"
66.249.69.102 - - [18/Feb/2025:11:34:33 +0530] "GET /wp-content/uploads/2025/02/sd-sdsdfs.png HTTP/1.1" 200 25553 "https://www.freejobalerts.guru/punjab-and-sind-bank-lbo-recruitment-2025-apply-online-for-110-posts/" "Mozilla/5.0 (X11; Linux x86_64) AppleWebKit/537.36 (KHTML, like Gecko) Chrome/133.0.6943.53 Safari/537.36 (compatible; Google-InspectionTool/1.0)"
66.249.69.102 - - [18/Feb/2025:11:34:33 +0530] "GET /wp-includes/js/dist/hooks.min.js?ver=4d63a3d491d11ffd8ac6 HTTP/1.1" 200 1571 "https://www.freejobalerts.guru/punjab-and-sind-bank-lbo-recruitment-2025-apply-online-for-110-posts/" "Mozilla/5.0 (Linux; Android 6.0.1; Nexus 5X Build/MMB29P) AppleWebKit/537.36 (KHTML, like Gecko) Chrome/133.0.6943.53 Mobile Safari/537.36 (compatible; Google-InspectionTool/1.0)"
66.249.69.102 - - [18/Feb/2025:11:34:33 +0530] "GET /wp-content/plugins/contact-form-7/includes/js/index.js?ver=6.0.3 HTTP/1.1" 200 4008 "https://www.freejobalerts.guru/punjab-and-sind-bank-lbo-recruitment-2025-apply-online-for-110-posts/" "Mozilla/5.0 (Linux; Android 6.0.1; Nexus 5X Build/MMB29P) AppleWebKit/537.36 (KHTML, like Gecko) Chrome/133.0.6943.53 Mobile Safari/537.36 (compatible; Google-InspectionTool/1.0)"
66.249.69.102 - - [18/Feb/2025:11:34:33 +0530] "GET /wp-includes/js/comment-reply.min.js?ver=6.7.2 HTTP/1.1" 200 1247 "https://www.freejobalerts.guru/punjab-and-sind-bank-lbo-recruitment-2025-apply-online-for-110-posts/" "Mozilla/5.0 (Linux; Android 6.0.1; Nexus 5X Build/MMB29P) AppleWebKit/537.36 (KHTML, like Gecko) Chrome/133.0.6943.53 Mobile Safari/537.36 (compatible; Google-InspectionTool/1.0)"
66.249.69.102 - - [18/Feb/2025:11:34:33 +0530] "GET /wp-content/themes/generatepress/assets/js/menu.min.js?ver=3.5.1 HTTP/1.1" 200 1678 "https://www.freejobalerts.guru/punjab-and-sind-bank-lbo-recruitment-2025-apply-online-for-110-posts/" "Mozilla/5.0 (X11; Linux x86_64) AppleWebKit/537.36 (KHTML, like Gecko) Chrome/133.0.6943.53 Safari/537.36 (compatible; Google-InspectionTool/1.0)"
66.249.69.103 - - [18/Feb/2025:11:34:10 +0530] "GET /wp-content/themes/generatepress/assets/js/menu.min.js?ver=3.5.1 HTTP/1.1" 200 1678 "https://www.freejobalerts.guru/punjab-and-sind-bank-lbo-recruitment-2025-apply-online-for-110-posts/" "Mozilla/5.0 (X11; Linux x86_64) AppleWebKit/537.36 (KHTML, like Gecko) Chrome/133.0.6943.53 Safari/537.36 (compatible; Google-InspectionTool/1.0)"
66.249.69.103 - - [18/Feb/2025:11:34:10 +0530] "GET /wp-includes/js/dist/i18n.min.js?ver=5e580eb46a90c2b997e6 HTTP/1.1" 200 3542 "https://www.freejobalerts.guru/punjab-and-sind-bank-lbo-recruitment-2025-apply-online-for-110-posts/" "Mozilla/5.0 (X11; Linux x86_64) AppleWebKit/537.36 (KHTML, like Gecko) Chrome/133.0.6943.53 Safari/537.36 (compatible; Google-InspectionTool/1.0)"
66.249.69.102 - - [18/Feb/2025:11:34:32 +0530] "GET /punjab-and-sind-bank-lbo-recruitment-2025-apply-online-for-110-posts/ HTTP/1.1" 200 15261 "-" "Mozilla/5.0 (Linux; Android 6.0.1; Nexus 5X Build/MMB29P) AppleWebKit/537.36 (KHTML, like Gecko) Chrome/133.0.6943.98 Mobile Safari/537.36 (compatible; Google-InspectionTool/1.0;)"
66.249.69.102 - - [18/Feb/2025:11:34:32 +0530] "GET /wp-content/plugins/contact-form-7/includes/swv/js/index.js?ver=6.0.3 HTTP/1.1" 200 3369 "https://www.freejobalerts.guru/punjab-and-sind-bank-lbo-recruitment-2025-apply-online-for-110-posts/" "Mozilla/5.0 (Linux; Android 6.0.1; Nexus 5X Build/MMB29P) AppleWebKit/537.36 (KHTML, like Gecko) Chrome/133.0.6943.53 Mobile Safari/537.36 (compatible; Google-InspectionTool/1.0)"
66.249.76.3 - - [18/Feb/2025:11:34:33 +0530] "GET /wp-includes/css/dist/block-library/style.min.css?ver=6.7.2 HTTP/1.1" 200 14225 "https://www.freejobalerts.guru/punjab-and-sind-bank-lbo-recruitment-2025-apply-online-for-110-posts/" "Mozilla/5.0 (Linux; Android 6.0.1; Nexus 5X Build/MMB29P) AppleWebKit/537.36 (KHTML, like Gecko) Chrome/133.0.6943.53 Mobile Safari/537.36 (compatible; Google-InspectionTool/1.0)"
66.249.76.3 - - [18/Feb/2025:11:34:33 +0530] "GET /wp-content/plugins/related-posts-thumbnails/assets/css/front.css?ver=4.2.1 HTTP/1.1" 200 1088 "https://www.freejobalerts.guru/punjab-and-sind-bank-lbo-recruitment-2025-apply-online-for-110-posts/" "Mozilla/5.0 (Linux; Android 6.0.1; Nexus 5X Build/MMB29P) AppleWebKit/537.36 (KHTML, like Gecko) Chrome/133.0.6943.53 Mobile Safari/537.36 (compatible; Google-InspectionTool/1.0)"
66.249.76.3 - - [18/Feb/2025:11:34:33 +0530] "GET /wp-content/plugins/related-posts-thumbnails/assets/css/front.css?ver=4.2.1 HTTP/1.1" 200 1088 "https://www.freejobalerts.guru/punjab-and-sind-bank-lbo-recruitment-2025-apply-online-for-110-posts/" "Mozilla/5.0 (X11; Linux x86_64) AppleWebKit/537.36 (KHTML, like Gecko) Chrome/133.0.6943.53 Safari/537.36 (compatible; Google-InspectionTool/1.0)"
66.249.69.102 - - [18/Feb/2025:11:34:33 +0530] "GET /wp-content/themes/generatepress/assets/css/main.min.css?ver=3.5.1 HTTP/1.1" 200 4410 "https://www.freejobalerts.guru/punjab-and-sind-bank-lbo-recruitment-2025-apply-online-for-110-posts/" "Mozilla/5.0 (X11; Linux x86_64) AppleWebKit/537.36 (KHTML, like Gecko) Chrome/133.0.6943.53 Safari/537.36 (compatible; Google-InspectionTool/1.0)"
66.249.76.3 - - [18/Feb/2025:11:34:33 +0530] "GET /wp-content/plugins/contextual-related-posts/css/rounded-thumbs.min.css?ver=3.6.2 HTTP/1.1" 200 348 "https://www.freejobalerts.guru/punjab-and-sind-bank-lbo-recruitment-2025-apply-online-for-110-posts/" "Mozilla/5.0 (X11; Linux x86_64) AppleWebKit/537.36 (KHTML, like Gecko) Chrome/133.0.6943.53 Safari/537.36 (compatible; Google-InspectionTool/1.0)"
66.249.69.102 - - [18/Feb/2025:11:34:33 +0530] "GET /wp-content/plugins/contact-form-7/includes/swv/js/index.js?ver=6.0.3 HTTP/1.1" 200 3369 "https://www.freejobalerts.guru/punjab-and-sind-bank-lbo-recruitment-2025-apply-online-for-110-posts/" "Mozilla/5.0 (X11; Linux x86_64) AppleWebKit/537.36 (KHTML, like Gecko) Chrome/133.0.6943.53 Safari/537.36 (compatible; Google-InspectionTool/1.0)"
66.249.69.104 - - [18/Feb/2025:11:34:10 +0530] "GET /wp-content/themes/generatepress/assets/css/main.min.css?ver=3.5.1 HTTP/1.1" 200 4410 "https://www.freejobalerts.guru/punjab-and-sind-bank-lbo-recruitment-2025-apply-online-for-110-posts/" "Mozilla/5.0 (Linux; Android 6.0.1; Nexus 5X Build/MMB29P) AppleWebKit/537.36 (KHTML, like Gecko) Chrome/133.0.6943.53 Mobile Safari/537.36 (compatible; Google-InspectionTool/1.0)"
66.249.69.104 - - [18/Feb/2025:11:34:10 +0530] "GET /wp-content/themes/generatepress/assets/css/components/comments.min.css?ver=3.5.1 HTTP/1.1" 200 488 "https://www.freejobalerts.guru/punjab-and-sind-bank-lbo-recruitment-2025-apply-online-for-110-posts/" "Mozilla/5.0 (Linux; Android 6.0.1; Nexus 5X Build/MMB29P) AppleWebKit/537.36 (KHTML, like Gecko) Chrome/133.0.6943.53 Mobile Safari/537.36 (compatible; Google-InspectionTool/1.0)"
66.249.69.102 - - [18/Feb/2025:11:34:10 +0530] "GET /wp-content/themes/generatepress/assets/js/menu.min.js?ver=3.5.1 HTTP/1.1" 200 1678 "https://www.freejobalerts.guru/punjab-and-sind-bank-lbo-recruitment-2025-apply-online-for-110-posts/" "Mozilla/5.0 (Linux; Android 6.0.1; Nexus 5X Build/MMB29P) AppleWebKit/537.36 (KHTML, like Gecko) Chrome/133.0.6943.53 Mobile Safari/537.36 (compatible; Google-InspectionTool/1.0)"
66.249.69.103 - - [18/Feb/2025:11:34:10 +0530] "GET /wp-content/themes/generatepress/assets/css/main.min.css?ver=3.5.1 HTTP/1.1" 200 4410 "https://www.freejobalerts.guru/punjab-and-sind-bank-lbo-recruitment-2025-apply-online-for-110-posts/" "Mozilla/5.0 (X11; Linux x86_64) AppleWebKit/537.36 (KHTML, like Gecko) Chrome/133.0.6943.53 Safari/537.36 (compatible; Google-InspectionTool/1.0)"
66.249.69.102 - - [18/Feb/2025:11:34:10 +0530] "GET /wp-content/plugins/contact-form-7/includes/swv/js/index.js?ver=6.0.3 HTTP/1.1" 200 3369 "https://www.freejobalerts.guru/punjab-and-sind-bank-lbo-recruitment-2025-apply-online-for-110-posts/" "Mozilla/5.0 (X11; Linux x86_64) AppleWebKit/537.36 (KHTML, like Gecko) Chrome/133.0.6943.53 Safari/537.36 (compatible; Google-InspectionTool/1.0)"
66.249.69.103 - - [18/Feb/2025:11:34:10 +0530] "GET /wp-content/themes/generatepress/assets/css/components/comments.min.css?ver=3.5.1 HTTP/1.1" 200 488 "https://www.freejobalerts.guru/punjab-and-sind-bank-lbo-recruitment-2025-apply-online-for-110-posts/" "Mozilla/5.0 (X11; Linux x86_64) AppleWebKit/537.36 (KHTML, like Gecko) Chrome/133.0.6943.53 Safari/537.36 (compatible; Google-InspectionTool/1.0)"
66.249.76.3 - - [18/Feb/2025:11:34:33 +0530] "GET /wp-content/plugins/contextual-related-posts/css/rounded-thumbs.min.css?ver=3.6.2 HTTP/1.1" 200 348 "https://www.freejobalerts.guru/punjab-and-sind-bank-lbo-recruitment-2025-apply-online-for-110-posts/" "Mozilla/5.0 (Linux; Android 6.0.1; Nexus 5X Build/MMB29P) AppleWebKit/537.36 (KHTML, like Gecko) Chrome/133.0.6943.53 Mobile Safari/537.36 (compatible; Google-InspectionTool/1.0)"
66.249.69.102 - - [18/Feb/2025:11:34:33 +0530] "GET /wp-includes/js/dist/hooks.min.js?ver=4d63a3d491d11ffd8ac6 HTTP/1.1" 200 1571 "https://www.freejobalerts.guru/punjab-and-sind-bank-lbo-recruitment-2025-apply-online-for-110-posts/" "Mozilla/5.0 (X11; Linux x86_64) AppleWebKit/537.36 (KHTML, like Gecko) Chrome/133.0.6943.53 Safari/537.36 (compatible; Google-InspectionTool/1.0)"
162.55.100.32 - - [18/Feb/2025:11:33:13 +0530] "HEAD /wp-content/uploads/2025/02/image-4-1024x563.jpeg HTTP/1.1" 200 0 "-" "WordPress/6.7.2; https://www.freejobalerts.guru"
66.249.69.102 - - [18/Feb/2025:11:34:10 +0530] "GET /wp-content/uploads/2025/02/image-4-1024x563.jpeg HTTP/1.1" 200 99628 "https://www.freejobalerts.guru/punjab-and-sind-bank-lbo-recruitment-2025-apply-online-for-110-posts/" "Mozilla/5.0 (X11; Linux x86_64) AppleWebKit/537.36 (KHTML, like Gecko) Chrome/133.0.6943.53 Safari/537.36 (compatible; Google-InspectionTool/1.0)"
66.249.69.102 - - [18/Feb/2025:11:34:33 +0530] "GET /wp-content/uploads/2025/02/sd-sdsdfs.png HTTP/1.1" 200 25553 "https://www.freejobalerts.guru/punjab-and-sind-bank-lbo-recruitment-2025-apply-online-for-110-posts/" "Mozilla/5.0 (Linux; Android 6.0.1; Nexus 5X Build/MMB29P) AppleWebKit/537.36 (KHTML, like Gecko) Chrome/133.0.6943.53 Mobile Safari/537.36 (compatible; Google-InspectionTool/1.0)"
66.249.69.102 - - [18/Feb/2025:11:34:33 +0530] "GET /wp-includes/js/comment-reply.min.js?ver=6.7.2 HTTP/1.1" 200 1247 "https://www.freejobalerts.guru/punjab-and-sind-bank-lbo-recruitment-2025-apply-online-for-110-posts/" "Mozilla/5.0 (X11; Linux x86_64) AppleWebKit/537.36 (KHTML, like Gecko) Chrome/133.0.6943.53 Safari/537.36 (compatible; Google-InspectionTool/1.0)"
162.55.100.32 - - [18/Feb/2025:11:33:14 +0530] "HEAD /wp-content/uploads/2025/02/image-3-1024x563.jpeg HTTP/1.1" 200 0 "-" "WordPress/6.7.2; https://www.freejobalerts.guru"
66.249.69.103 - - [18/Feb/2025:11:34:09 +0530] "GET /robots.txt HTTP/1.1" 200 100 "-" "Mozilla/5.0 (compatible; Googlebot/2.1; +http://www.google.com/bot.html)"
66.249.69.104 - - [18/Feb/2025:11:34:10 +0530] "GET /wp-content/plugins/related-posts-thumbnails/assets/css/front.css?ver=4.2.1 HTTP/1.1" 200 1088 "https://www.freejobalerts.guru/punjab-and-sind-bank-lbo-recruitment-2025-apply-online-for-110-posts/" "Mozilla/5.0 (Linux; Android 6.0.1; Nexus 5X Build/MMB29P) AppleWebKit/537.36 (KHTML, like Gecko) Chrome/133.0.6943.53 Mobile Safari/537.36 (compatible; Google-InspectionTool/1.0)"
66.249.69.102 - - [18/Feb/2025:11:34:10 +0530] "GET /wp-content/plugins/contact-form-7/includes/css/styles.css?ver=6.0.3 HTTP/1.1" 200 890 "https://www.freejobalerts.guru/punjab-and-sind-bank-lbo-recruitment-2025-apply-online-for-110-posts/" "Mozilla/5.0 (X11; Linux x86_64) AppleWebKit/537.36 (KHTML, like Gecko) Chrome/133.0.6943.53 Safari/537.36 (compatible; Google-InspectionTool/1.0)"
152.59.85.14 - - [18/Feb/2025:11:35:53 +0530] "POST /wp-admin/admin-post.php HTTP/2" 302 0 "https://www.freejobalerts.guru/wp-admin/admin.php?page=rank-math-wizard&step=yoursite" "Mozilla/5.0 (Windows NT 10.0; Win64; x64) AppleWebKit/537.36 (KHTML, like Gecko) Chrome/133.0.0.0 Safari/537.36"
152.59.85.14 - - [18/Feb/2025:11:35:54 +0530] "GET /wp-admin/admin.php?page=rank-math-wizard&step=analytics HTTP/2" 200 19377 "https://www.freejobalerts.guru/wp-admin/admin.php?page=rank-math-wizard&step=yoursite" "Mozilla/5.0 (Windows NT 10.0; Win64; x64) AppleWebKit/537.36 (KHTML, like Gecko) Chrome/133.0.0.0 Safari/537.36"
152.59.85.14 - - [18/Feb/2025:11:36:18 +0530] "POST /wp-admin/admin-post.php HTTP/2" 302 0 "https://www.freejobalerts.guru/wp-admin/admin.php?page=rank-math-wizard&step=redirection" "Mozilla/5.0 (Windows NT 10.0; Win64; x64) AppleWebKit/537.36 (KHTML, like Gecko) Chrome/133.0.0.0 Safari/537.36"
152.59.85.14 - - [18/Feb/2025:11:36:18 +0530] "GET /wp-admin/admin.php?page=rank-math-wizard&step=schema-markup HTTP/2" 200 20027 "https://www.freejobalerts.guru/wp-admin/admin.php?page=rank-math-wizard&step=redirection" "Mozilla/5.0 (Windows NT 10.0; Win64; x64) AppleWebKit/537.36 (KHTML, like Gecko) Chrome/133.0.0.0 Safari/537.36"
152.59.85.14 - - [18/Feb/2025:11:35:22 +0530] "GET /wp-content/plugins/seo-by-rank-math/vendor/cmb2/cmb2/css/cmb2.min.css?ver=6.7.2 HTTP/1.1" 200 5042 "https://www.freejobalerts.guru/wp-admin/admin.php?page=rank-math-registration" "Mozilla/5.0 (Windows NT 10.0; Win64; x64) AppleWebKit/537.36 (KHTML, like Gecko) Chrome/133.0.0.0 Safari/537.36"
152.59.85.14 - - [18/Feb/2025:11:35:22 +0530] "GET /wp-content/plugins/seo-by-rank-math/assets/admin/css/common.css?ver=1.0.238 HTTP/1.1" 200 7591 "https://www.freejobalerts.guru/wp-admin/admin.php?page=rank-math-registration" "Mozilla/5.0 (Windows NT 10.0; Win64; x64) AppleWebKit/537.36 (KHTML, like Gecko) Chrome/133.0.0.0 Safari/537.36"
152.59.85.14 - - [18/Feb/2025:11:35:22 +0530] "GET /wp-content/plugins/seo-by-rank-math/assets/admin/css/setup-wizard.css?ver=1.0.238 HTTP/1.1" 200 6451 "https://www.freejobalerts.guru/wp-admin/admin.php?page=rank-math-registration" "Mozilla/5.0 (Windows NT 10.0; Win64; x64) AppleWebKit/537.36 (KHTML, like Gecko) Chrome/133.0.0.0 Safari/537.36"
152.59.85.14 - - [18/Feb/2025:11:35:25 +0530] "POST /wp-admin/admin-post.php HTTP/1.1" 302 0 "https://www.freejobalerts.guru/wp-admin/admin.php?page=rank-math-registration" "Mozilla/5.0 (Windows NT 10.0; Win64; x64) AppleWebKit/537.36 (KHTML, like Gecko) Chrome/133.0.0.0 Safari/537.36"
152.59.85.14 - - [18/Feb/2025:11:35:25 +0530] "GET /wp-admin/admin.php?page=rank-math-wizard HTTP/1.1" 200 19548 "https://www.freejobalerts.guru/wp-admin/admin.php?page=rank-math-registration" "Mozilla/5.0 (Windows NT 10.0; Win64; x64) AppleWebKit/537.36 (KHTML, like Gecko) Chrome/133.0.0.0 Safari/537.36"
66.249.69.102 - - [18/Feb/2025:11:34:36 +0530] "GET /wp-content/uploads/2025/02/image-3-1024x563.jpeg HTTP/1.1" 200 92480 "https://www.freejobalerts.guru/punjab-and-sind-bank-lbo-recruitment-2025-apply-online-for-110-posts/" "Mozilla/5.0 (Linux; Android 6.0.1; Nexus 5X Build/MMB29P) AppleWebKit/537.36 (KHTML, like Gecko) Chrome/133.0.6943.53 Mobile Safari/537.36 (compatible; Google-InspectionTool/1.0)"
66.249.69.102 - - [18/Feb/2025:11:34:37 +0530] "GET /wp-content/uploads/2025/02/image-3-768x422.jpeg HTTP/1.1" 200 59075 "https://www.freejobalerts.guru/punjab-and-sind-bank-lbo-recruitment-2025-apply-online-for-110-posts/" "Mozilla/5.0 (X11; Linux x86_64) AppleWebKit/537.36 (KHTML, like Gecko) Chrome/133.0.6943.53 Safari/537.36 (compatible; Google-InspectionTool/1.0)"
66.249.69.102 - - [18/Feb/2025:11:34:09 +0530] "GET /punjab-and-sind-bank-lbo-recruitment-2025-apply-online-for-110-posts/ HTTP/1.1" 200 15261 "-" "Mozilla/5.0 (Linux; Android 6.0.1; Nexus 5X Build/MMB29P) AppleWebKit/537.36 (KHTML, like Gecko) Chrome/133.0.6943.98 Mobile Safari/537.36 (compatible; Google-InspectionTool/1.0;)"
66.249.69.102 - - [18/Feb/2025:11:34:09 +0530] "GET /wp-includes/js/dist/hooks.min.js?ver=4d63a3d491d11ffd8ac6 HTTP/1.1" 200 1571 "https://www.freejobalerts.guru/punjab-and-sind-bank-lbo-recruitment-2025-apply-online-for-110-posts/" "Mozilla/5.0 (Linux; Android 6.0.1; Nexus 5X Build/MMB29P) AppleWebKit/537.36 (KHTML, like Gecko) Chrome/133.0.6943.53 Mobile Safari/537.36 (compatible; Google-InspectionTool/1.0)"
66.249.69.102 - - [18/Feb/2025:11:34:10 +0530] "GET /wp-includes/css/dist/block-library/style.min.css?ver=6.7.2 HTTP/1.1" 200 14225 "https://www.freejobalerts.guru/punjab-and-sind-bank-lbo-recruitment-2025-apply-online-for-110-posts/" "Mozilla/5.0 (X11; Linux x86_64) AppleWebKit/537.36 (KHTML, like Gecko) Chrome/133.0.6943.53 Safari/537.36 (compatible; Google-InspectionTool/1.0)"
66.249.69.104 - - [18/Feb/2025:11:34:10 +0530] "GET /wp-content/uploads/2025/02/sd-sdsdfs.png HTTP/1.1" 200 25553 "https://www.freejobalerts.guru/punjab-and-sind-bank-lbo-recruitment-2025-apply-online-for-110-posts/" "Mozilla/5.0 (Linux; Android 6.0.1; Nexus 5X Build/MMB29P) AppleWebKit/537.36 (KHTML, like Gecko) Chrome/133.0.6943.53 Mobile Safari/537.36 (compatible; Google-InspectionTool/1.0)"
66.249.69.103 - - [18/Feb/2025:11:34:10 +0530] "GET /wp-content/plugins/contact-form-7/includes/css/styles.css?ver=6.0.3 HTTP/1.1" 200 890 "https://www.freejobalerts.guru/punjab-and-sind-bank-lbo-recruitment-2025-apply-online-for-110-posts/" "Mozilla/5.0 (Linux; Android 6.0.1; Nexus 5X Build/MMB29P) AppleWebKit/537.36 (KHTML, like Gecko) Chrome/133.0.6943.53 Mobile Safari/537.36 (compatible; Google-InspectionTool/1.0)"
66.249.69.102 - - [18/Feb/2025:11:34:10 +0530] "GET /wp-includes/css/dist/block-library/style.min.css?ver=6.7.2 HTTP/1.1" 200 14225 "https://www.freejobalerts.guru/punjab-and-sind-bank-lbo-recruitment-2025-apply-online-for-110-posts/" "Mozilla/5.0 (Linux; Android 6.0.1; Nexus 5X Build/MMB29P) AppleWebKit/537.36 (KHTML, like Gecko) Chrome/133.0.6943.53 Mobile Safari/537.36 (compatible; Google-InspectionTool/1.0)"
66.249.69.102 - - [18/Feb/2025:11:34:10 +0530] "GET /wp-content/uploads/2025/02/sd-sdsdfs.png HTTP/1.1" 200 25553 "https://www.freejobalerts.guru/punjab-and-sind-bank-lbo-recruitment-2025-apply-online-for-110-posts/" "Mozilla/5.0 (X11; Linux x86_64) AppleWebKit/537.36 (KHTML, like Gecko) Chrome/133.0.6943.53 Safari/537.36 (compatible; Google-InspectionTool/1.0)"
66.249.76.3 - - [18/Feb/2025:11:34:33 +0530] "GET /wp-content/plugins/gp-premium/blog/functions/css/featured-images.min.css?ver=2.0.2 HTTP/1.1" 200 431 "https://www.freejobalerts.guru/punjab-and-sind-bank-lbo-recruitment-2025-apply-online-for-110-posts/" "Mozilla/5.0 (Linux; Android 6.0.1; Nexus 5X Build/MMB29P) AppleWebKit/537.36 (KHTML, like Gecko) Chrome/133.0.6943.53 Mobile Safari/537.36 (compatible; Google-InspectionTool/1.0)"
66.249.76.3 - - [18/Feb/2025:11:34:33 +0530] "GET /wp-content/plugins/contact-form-7/includes/css/styles.css?ver=6.0.3 HTTP/1.1" 200 890 "https://www.freejobalerts.guru/punjab-and-sind-bank-lbo-recruitment-2025-apply-online-for-110-posts/" "Mozilla/5.0 (Linux; Android 6.0.1; Nexus 5X Build/MMB29P) AppleWebKit/537.36 (KHTML, like Gecko) Chrome/133.0.6943.53 Mobile Safari/537.36 (compatible; Google-InspectionTool/1.0)"
152.59.85.14 - - [18/Feb/2025:11:36:38 +0530] "GET /wp-admin/admin.php?page=rank-math-options-sitemap HTTP/2" 200 20157 "https://www.freejobalerts.guru/wp-admin/admin.php?page=rank-math-options-titles" "Mozilla/5.0 (Windows NT 10.0; Win64; x64) AppleWebKit/537.36 (KHTML, like Gecko) Chrome/133.0.0.0 Safari/537.36"
152.59.85.14 - - [18/Feb/2025:11:36:38 +0530] "GET /wp-admin/admin.php?page=rank-math-options-titles HTTP/2" 200 54869 "https://www.freejobalerts.guru/wp-admin/admin.php?page=rank-math-options-titles" "Mozilla/5.0 (Windows NT 10.0; Win64; x64) AppleWebKit/537.36 (KHTML, like Gecko) Chrome/133.0.0.0 Safari/537.36"
152.59.85.14 - - [18/Feb/2025:11:37:38 +0530] "POST /wp-admin/admin-ajax.php HTTP/2" 200 51 "https://www.freejobalerts.guru/wp-admin/admin.php?page=rank-math-options-titles" "Mozilla/5.0 (Windows NT 10.0; Win64; x64) AppleWebKit/537.36 (KHTML, like Gecko) Chrome/133.0.0.0 Safari/537.36"
162.55.100.32 - - [18/Feb/2025:11:36:25 +0530] "POST /wp-admin/admin-ajax.php?action=as_async_request_queue_runner&nonce=f4e14748e6 HTTP/1.1" 200 0 "-" "WordPress/6.7.2; https://www.freejobalerts.guru"
162.55.100.32 - - [18/Feb/2025:11:38:39 +0530] "POST /wp-cron.php?doing_wp_cron=1739858919.2349860668182373046875 HTTP/1.1" 200 0 "-" "WordPress/6.7.2; https://www.freejobalerts.guru"
152.59.85.14 - - [18/Feb/2025:11:38:39 +0530] "POST /wp-admin/admin-ajax.php HTTP/2" 200 51 "https://www.freejobalerts.guru/wp-admin/admin.php?page=rank-math-options-titles" "Mozilla/5.0 (Windows NT 10.0; Win64; x64) AppleWebKit/537.36 (KHTML, like Gecko) Chrome/133.0.0.0 Safari/537.36"
162.55.100.32 - - [18/Feb/2025:11:36:25 +0530] "POST /wp-cron.php?doing_wp_cron=1739858785.7133789062500000000000 HTTP/1.1" 200 0 "-" "WordPress/6.7.2; https://www.freejobalerts.guru"
162.55.100.32 - - [18/Feb/2025:11:37:38 +0530] "POST /wp-cron.php?doing_wp_cron=1739858858.6841959953308105468750 HTTP/1.1" 200 0 "-" "WordPress/6.7.2; https://www.freejobalerts.guru"
162.55.100.32 - - [18/Feb/2025:11:37:38 +0530] "POST /wp-admin/admin-ajax.php?action=as_async_request_queue_runner&nonce=f4e14748e6 HTTP/1.1" 200 0 "-" "WordPress/6.7.2; https://www.freejobalerts.guru"
152.59.85.14 - - [18/Feb/2025:11:35:57 +0530] "POST /wp-admin/admin-post.php HTTP/2" 302 0 "https://www.freejobalerts.guru/wp-admin/admin.php?page=rank-math-wizard&step=analytics" "Mozilla/5.0 (Windows NT 10.0; Win64; x64) AppleWebKit/537.36 (KHTML, like Gecko) Chrome/133.0.0.0 Safari/537.36"
152.59.85.14 - - [18/Feb/2025:11:35:58 +0530] "GET /wp-admin/admin.php?page=rank-math-wizard&step=sitemaps HTTP/2" 200 19747 "https://www.freejobalerts.guru/wp-admin/admin.php?page=rank-math-wizard&step=analytics" "Mozilla/5.0 (Windows NT 10.0; Win64; x64) AppleWebKit/537.36 (KHTML, like Gecko) Chrome/133.0.0.0 Safari/537.36"
152.59.85.14 - - [18/Feb/2025:11:36:14 +0530] "POST /wp-admin/admin-post.php HTTP/2" 302 0 "https://www.freejobalerts.guru/wp-admin/admin.php?page=rank-math-wizard&step=role" "Mozilla/5.0 (Windows NT 10.0; Win64; x64) AppleWebKit/537.36 (KHTML, like Gecko) Chrome/133.0.0.0 Safari/537.36"
152.59.85.14 - - [18/Feb/2025:11:36:15 +0530] "GET /wp-admin/admin.php?page=rank-math-wizard&step=redirection HTTP/2" 200 19439 "https://www.freejobalerts.guru/wp-admin/admin.php?page=rank-math-wizard&step=role" "Mozilla/5.0 (Windows NT 10.0; Win64; x64) AppleWebKit/537.36 (KHTML, like Gecko) Chrome/133.0.0.0 Safari/537.36"
152.59.85.14 - - [18/Feb/2025:11:35:26 +0530] "GET /wp-admin/admin.php?page=rank-math-wizard HTTP/2" 200 19548 "https://www.freejobalerts.guru/wp-admin/admin.php?page=rank-math-registration" "Mozilla/5.0 (Windows NT 10.0; Win64; x64) AppleWebKit/537.36 (KHTML, like Gecko) Chrome/133.0.0.0 Safari/537.36"
152.59.85.14 - - [18/Feb/2025:11:35:26 +0530] "GET /wp-content/plugins/seo-by-rank-math/assets/vendor/select2/select2.min.css?ver=4.0.6-rc.1 HTTP/2" 200 1812 "https://www.freejobalerts.guru/wp-admin/admin.php?page=rank-math-wizard" "Mozilla/5.0 (Windows NT 10.0; Win64; x64) AppleWebKit/537.36 (KHTML, like Gecko) Chrome/133.0.0.0 Safari/537.36"
152.59.85.14 - - [18/Feb/2025:11:35:27 +0530] "GET /wp-content/plugins/seo-by-rank-math/assets/admin/js/analyzer.js?ver=1.0.238 HTTP/2" 200 84563 "https://www.freejobalerts.guru/wp-admin/admin.php?page=rank-math-wizard" "Mozilla/5.0 (Windows NT 10.0; Win64; x64) AppleWebKit/537.36 (KHTML, like Gecko) Chrome/133.0.0.0 Safari/537.36"
152.59.85.14 - - [18/Feb/2025:11:35:27 +0530] "GET /wp-content/plugins/seo-by-rank-math/assets/vendor/select2/select2.min.js?ver=4.0.6-rc.1 HTTP/2" 200 18573 "https://www.freejobalerts.guru/wp-admin/admin.php?page=rank-math-wizard" "Mozilla/5.0 (Windows NT 10.0; Win64; x64) AppleWebKit/537.36 (KHTML, like Gecko) Chrome/133.0.0.0 Safari/537.36"
152.59.85.14 - - [18/Feb/2025:11:35:27 +0530] "GET /wp-content/plugins/seo-by-rank-math/assets/admin/js/common.js?ver=1.0.238 HTTP/2" 200 8244 "https://www.freejobalerts.guru/wp-admin/admin.php?page=rank-math-wizard" "Mozilla/5.0 (Windows NT 10.0; Win64; x64) AppleWebKit/537.36 (KHTML, like Gecko) Chrome/133.0.0.0 Safari/537.36"
152.59.85.14 - - [18/Feb/2025:11:35:27 +0530] "GET /wp-content/plugins/seo-by-rank-math/assets/admin/js/wizard.js?ver=1.0.238 HTTP/2" 200 2908 "https://www.freejobalerts.guru/wp-admin/admin.php?page=rank-math-wizard" "Mozilla/5.0 (Windows NT 10.0; Win64; x64) AppleWebKit/537.36 (KHTML, like Gecko) Chrome/133.0.0.0 Safari/537.36"
152.59.85.14 - - [18/Feb/2025:11:35:29 +0530] "POST /wp-admin/admin-post.php HTTP/2" 302 0 "https://www.freejobalerts.guru/wp-admin/admin.php?page=rank-math-wizard" "Mozilla/5.0 (Windows NT 10.0; Win64; x64) AppleWebKit/537.36 (KHTML, like Gecko) Chrome/133.0.0.0 Safari/537.36"
152.59.85.14 - - [18/Feb/2025:11:35:29 +0530] "GET /wp-admin/admin.php?page=rank-math-wizard&step=yoursite HTTP/2" 200 35900 "https://www.freejobalerts.guru/wp-admin/admin.php?page=rank-math-wizard" "Mozilla/5.0 (Windows NT 10.0; Win64; x64) AppleWebKit/537.36 (KHTML, like Gecko) Chrome/133.0.0.0 Safari/537.36"
152.59.85.14 - - [18/Feb/2025:11:35:30 +0530] "GET /wp-admin/load-styles.php?c=1&dir=ltr&load%5Bchunk_0%5D=admin-bar,media-views&ver=6.7.2 HTTP/2" 200 12549 "https://www.freejobalerts.guru/wp-admin/admin.php?page=rank-math-wizard&step=yoursite" "Mozilla/5.0 (Windows NT 10.0; Win64; x64) AppleWebKit/537.36 (KHTML, like Gecko) Chrome/133.0.0.0 Safari/537.36"
152.59.85.14 - - [18/Feb/2025:11:36:03 +0530] "POST /wp-admin/admin-post.php HTTP/2" 302 0 "https://www.freejobalerts.guru/wp-admin/admin.php?page=rank-math-wizard&step=sitemaps" "Mozilla/5.0 (Windows NT 10.0; Win64; x64) AppleWebKit/537.36 (KHTML, like Gecko) Chrome/133.0.0.0 Safari/537.36"
152.59.85.14 - - [18/Feb/2025:11:36:04 +0530] "GET /wp-admin/admin.php?page=rank-math-wizard&step=optimization HTTP/2" 200 19662 "https://www.freejobalerts.guru/wp-admin/admin.php?page=rank-math-wizard&step=sitemaps" "Mozilla/5.0 (Windows NT 10.0; Win64; x64) AppleWebKit/537.36 (KHTML, like Gecko) Chrome/133.0.0.0 Safari/537.36"
152.59.85.14 - - [18/Feb/2025:11:36:07 +0530] "POST /wp-admin/admin-post.php HTTP/2" 302 0 "https://www.freejobalerts.guru/wp-admin/admin.php?page=rank-math-wizard&step=optimization" "Mozilla/5.0 (Windows NT 10.0; Win64; x64) AppleWebKit/537.36 (KHTML, like Gecko) Chrome/133.0.0.0 Safari/537.36"
152.59.85.14 - - [18/Feb/2025:11:36:07 +0530] "GET /wp-admin/admin.php?page=rank-math-wizard&step=ready HTTP/2" 200 19498 "https://www.freejobalerts.guru/wp-admin/admin.php?page=rank-math-wizard&step=optimization" "Mozilla/5.0 (Windows NT 10.0; Win64; x64) AppleWebKit/537.36 (KHTML, like Gecko) Chrome/133.0.0.0 Safari/537.36"
152.59.85.14 - - [18/Feb/2025:11:36:08 +0530] "GET /wp-content/plugins/seo-by-rank-math//assets/admin/img/score-100.png HTTP/2" 200 17141 "https://www.freejobalerts.guru/wp-admin/admin.php?page=rank-math-wizard&step=ready" "Mozilla/5.0 (Windows NT 10.0; Win64; x64) AppleWebKit/537.36 (KHTML, like Gecko) Chrome/133.0.0.0 Safari/537.36"
152.59.85.14 - - [18/Feb/2025:11:36:11 +0530] "GET /wp-admin/admin.php?page=rank-math-wizard&step=role HTTP/2" 200 20887 "https://www.freejobalerts.guru/wp-admin/admin.php?page=rank-math-wizard&step=ready" "Mozilla/5.0 (Windows NT 10.0; Win64; x64) AppleWebKit/537.36 (KHTML, like Gecko) Chrome/133.0.0.0 Safari/537.36"
162.55.100.32 - - [18/Feb/2025:11:36:30 +0530] "POST /wp-admin/admin-ajax.php?action=as_async_request_queue_runner&nonce=f4e14748e6 HTTP/1.1" 200 0 "-" "WordPress/6.7.2; https://www.freejobalerts.guru"
3.82.11.58 - - [18/Feb/2025:11:55:04 +0530] "GET / HTTP/2" 301 0 "-" "Mozilla/5.0 (X11; Linux x86_64) AppleWebKit/537.36 (KHTML, like Gecko) Chrome/129.0.0.0 Safari/537.36"
3.82.11.58 - - [18/Feb/2025:11:55:05 +0530] "GET / HTTP/2" 200 11587 "-" "Mozilla/5.0 (X11; Linux x86_64) AppleWebKit/537.36 (KHTML, like Gecko) Chrome/129.0.0.0 Safari/537.36"
3.82.11.58 - - [18/Feb/2025:11:55:05 +0530] "GET /wp-includes/css/dist/block-library/style.min.css?ver=6.7.2 HTTP/2" 200 14225 "https://www.freejobalerts.guru/" "Mozilla/5.0 (X11; Linux x86_64) AppleWebKit/537.36 (KHTML, like Gecko) Chrome/129.0.0.0 Safari/537.36"
3.82.11.58 - - [18/Feb/2025:11:55:05 +0530] "GET /wp-content/plugins/contact-form-7/includes/css/styles.css?ver=6.0.3 HTTP/2" 200 890 "https://www.freejobalerts.guru/" "Mozilla/5.0 (X11; Linux x86_64) AppleWebKit/537.36 (KHTML, like Gecko) Chrome/129.0.0.0 Safari/537.36"
3.82.11.58 - - [18/Feb/2025:11:55:05 +0530] "GET /wp-content/plugins/related-posts-thumbnails/assets/css/front.css?ver=4.2.1 HTTP/2" 200 1088 "https://www.freejobalerts.guru/" "Mozilla/5.0 (X11; Linux x86_64) AppleWebKit/537.36 (KHTML, like Gecko) Chrome/129.0.0.0 Safari/537.36"
3.82.11.58 - - [18/Feb/2025:11:55:05 +0530] "GET /wp-content/plugins/contextual-related-posts/css/rounded-thumbs.min.css?ver=3.6.2 HTTP/2" 200 348 "https://www.freejobalerts.guru/" "Mozilla/5.0 (X11; Linux x86_64) AppleWebKit/537.36 (KHTML, like Gecko) Chrome/129.0.0.0 Safari/537.36"
3.82.11.58 - - [18/Feb/2025:11:55:05 +0530] "GET /wp-content/themes/generatepress/assets/css/main.min.css?ver=3.5.1 HTTP/2" 200 4410 "https://www.freejobalerts.guru/" "Mozilla/5.0 (X11; Linux x86_64) AppleWebKit/537.36 (KHTML, like Gecko) Chrome/129.0.0.0 Safari/537.36"
3.82.11.58 - - [18/Feb/2025:11:55:05 +0530] "GET /wp-content/plugins/gp-premium/blog/functions/css/featured-images.min.css?ver=2.0.2 HTTP/2" 200 431 "https://www.freejobalerts.guru/" "Mozilla/5.0 (X11; Linux x86_64) AppleWebKit/537.36 (KHTML, like Gecko) Chrome/129.0.0.0 Safari/537.36"
3.82.11.58 - - [18/Feb/2025:11:55:05 +0530] "GET /wp-content/uploads/2025/02/image-4.jpeg HTTP/2" 200 135163 "https://www.freejobalerts.guru/" "Mozilla/5.0 (X11; Linux x86_64) AppleWebKit/537.36 (KHTML, like Gecko) Chrome/129.0.0.0 Safari/537.36"
3.82.11.58 - - [18/Feb/2025:11:55:05 +0530] "GET /wp-content/uploads/2025/02/sd-sdsdfs.png HTTP/2" 200 25553 "https://www.freejobalerts.guru/" "Mozilla/5.0 (X11; Linux x86_64) AppleWebKit/537.36 (KHTML, like Gecko) Chrome/129.0.0.0 Safari/537.36"
3.82.11.58 - - [18/Feb/2025:11:55:05 +0530] "GET /wp-includes/js/dist/hooks.min.js?ver=4d63a3d491d11ffd8ac6 HTTP/2" 200 1571 "https://www.freejobalerts.guru/" "Mozilla/5.0 (X11; Linux x86_64) AppleWebKit/537.36 (KHTML, like Gecko) Chrome/129.0.0.0 Safari/537.36"
3.82.11.58 - - [18/Feb/2025:11:55:05 +0530] "GET /wp-includes/js/dist/i18n.min.js?ver=5e580eb46a90c2b997e6 HTTP/2" 200 3542 "https://www.freejobalerts.guru/" "Mozilla/5.0 (X11; Linux x86_64) AppleWebKit/537.36 (KHTML, like Gecko) Chrome/129.0.0.0 Safari/537.36"
3.82.11.58 - - [18/Feb/2025:11:55:05 +0530] "GET /wp-content/plugins/contact-form-7/includes/swv/js/index.js?ver=6.0.3 HTTP/2" 200 3369 "https://www.freejobalerts.guru/" "Mozilla/5.0 (X11; Linux x86_64) AppleWebKit/537.36 (KHTML, like Gecko) Chrome/129.0.0.0 Safari/537.36"
3.82.11.58 - - [18/Feb/2025:11:55:05 +0530] "GET /wp-content/uploads/2025/02/freejobalerts.guru_.png HTTP/2" 200 372627 "https://www.freejobalerts.guru/" "Mozilla/5.0 (X11; Linux x86_64) AppleWebKit/537.36 (KHTML, like Gecko) Chrome/129.0.0.0 Safari/537.36"
3.82.11.58 - - [18/Feb/2025:11:55:05 +0530] "GET /wp-content/plugins/contact-form-7/includes/js/index.js?ver=6.0.3 HTTP/2" 200 4008 "https://www.freejobalerts.guru/" "Mozilla/5.0 (X11; Linux x86_64) AppleWebKit/537.36 (KHTML, like Gecko) Chrome/129.0.0.0 Safari/537.36"
162.55.100.32 - - [18/Feb/2025:12:09:22 +0530] "POST /wp-cron.php?doing_wp_cron=1739860762.1033570766448974609375 HTTP/1.1" 200 0 "-" "WordPress/6.7.2; https://www.freejobalerts.guru"
100.29.140.0 - - [18/Feb/2025:12:09:21 +0530] "GET / HTTP/2" 301 0 "-" "okhttp/4.9.2"
100.29.140.0 - - [18/Feb/2025:12:09:22 +0530] "GET / HTTP/2" 200 12842 "-" "okhttp/4.9.2"
100.29.140.0 - - [18/Feb/2025:12:09:22 +0530] "GET /favicon.ico HTTP/2" 404 1251 "-" "okhttp/4.9.2"
100.29.140.0 - - [18/Feb/2025:12:09:22 +0530] "GET /favicon.png HTTP/2" 404 10012 "-" "okhttp/4.9.2"
193.34.75.75 - - [18/Feb/2025:12:07:49 +0530] "GET /wp-content/uploads/2025/02/image-4.jpeg HTTP/1.1" 200 135163 "-" "Mozilla/5.0 (X11; Linux x86_64) AppleWebKit/537.36 (KHTML, like Gecko) Chrome/108.0.0.0 Safari/537.36"
152.59.85.14 - - [18/Feb/2025:12:15:25 +0530] "GET / HTTP/2" 200 14529 "-" "Mozilla/5.0 (Windows NT 10.0; Win64; x64) AppleWebKit/537.36 (KHTML, like Gecko) Chrome/133.0.0.0 Safari/537.36"
152.59.85.14 - - [18/Feb/2025:12:15:26 +0530] "GET /wp-content/plugins/seo-by-rank-math/assets/front/css/rank-math.css?ver=1.0.238 HTTP/2" 200 263 "https://www.freejobalerts.guru/" "Mozilla/5.0 (Windows NT 10.0; Win64; x64) AppleWebKit/537.36 (KHTML, like Gecko) Chrome/133.0.0.0 Safari/537.36"
152.59.85.14 - - [18/Feb/2025:12:15:27 +0530] "GET /wp-content/plugins/seo-by-rank-math/assets/front/js/rank-math.js?ver=1.0.238 HTTP/2" 200 517 "https://www.freejobalerts.guru/" "Mozilla/5.0 (Windows NT 10.0; Win64; x64) AppleWebKit/537.36 (KHTML, like Gecko) Chrome/133.0.0.0 Safari/537.36"
162.55.100.32 - - [18/Feb/2025:11:53:39 +0530] "POST /wp-cron.php?doing_wp_cron=1739859819.5674910545349121093750 HTTP/1.1" 200 0 "-" "WordPress/6.7.2; https://www.freejobalerts.guru"
192.198.123.129 - - [18/Feb/2025:12:05:17 +0530] "GET / HTTP/1.1" 301 0 "-" "Apache-HttpClient/5.1.4 (Java/11.0.18)"
193.34.75.75 - - [18/Feb/2025:12:07:50 +0530] "GET /wp-content/uploads/2025/02/freejobalerts.guru_.png HTTP/1.1" 200 372627 "-" "Mozilla/5.0 (Macintosh; Intel Mac OS X 13_0_1) AppleWebKit/537.36 (KHTML, like Gecko) Chrome/108.0.0.0 Safari/537.36"
162.55.100.32 - - [18/Feb/2025:12:15:26 +0530] "POST /wp-cron.php?doing_wp_cron=1739861126.5211660861968994140625 HTTP/1.1" 200 0 "-" "WordPress/6.7.2; https://www.freejobalerts.guru"
3.82.11.58 - - [18/Feb/2025:11:55:05 +0530] "GET /wp-content/themes/generatepress/assets/js/menu.min.js?ver=3.5.1 HTTP/2" 200 1678 "https://www.freejobalerts.guru/" "Mozilla/5.0 (X11; Linux x86_64) AppleWebKit/537.36 (KHTML, like Gecko) Chrome/129.0.0.0 Safari/537.36"
3.82.11.58 - - [18/Feb/2025:11:55:05 +0530] "GET /wp-includes/js/wp-emoji-release.min.js?ver=6.7.2 HTTP/2" 200 4676 "https://www.freejobalerts.guru/" "Mozilla/5.0 (X11; Linux x86_64) AppleWebKit/537.36 (KHTML, like Gecko) Chrome/129.0.0.0 Safari/537.36"
3.82.11.58 - - [18/Feb/2025:11:55:05 +0530] "GET /favicon.ico HTTP/2" 404 1251 "https://www.freejobalerts.guru/" "Mozilla/5.0 (X11; Linux x86_64) AppleWebKit/537.36 (KHTML, like Gecko) Chrome/129.0.0.0 Safari/537.36"
3.82.11.58 - - [18/Feb/2025:11:55:10 +0530] "GET /favicon.ico HTTP/1.1" 404 1251 "-" "Mozilla/5.0 (X11; Linux x86_64) AppleWebKit/537.36 (KHTML, like Gecko) Chrome/129.0.0.0 Safari/537.36"
209.127.106.70 - - [18/Feb/2025:12:07:48 +0530] "GET /wp-content/uploads/2025/02/sd-sdsdfs.png HTTP/1.1" 200 25553 "-" "Mozilla/5.0 (X11; Linux x86_64) AppleWebKit/537.36 (KHTML, like Gecko) Chrome/108.0.0.0 Safari/537.36"
162.55.100.32 - - [18/Feb/2025:11:40:34 +0530] "POST /wp-cron.php?doing_wp_cron=1739859034.2119789123535156250000 HTTP/1.1" 200 0 "-" "WordPress/6.7.2; https://www.freejobalerts.guru"
162.55.100.32 - - [18/Feb/2025:11:41:30 +0530] "POST /wp-cron.php?doing_wp_cron=1739859090.5086319446563720703125 HTTP/1.1" 200 0 "-" "WordPress/6.7.2; https://www.freejobalerts.guru"
20.229.51.198 - - [18/Feb/2025:11:53:39 +0530] "GET / HTTP/1.1" 200 9585 "https://freejobalerts.guru" "curl/8.6.0"
162.55.100.32 - - [18/Feb/2025:11:55:04 +0530] "POST /wp-cron.php?doing_wp_cron=1739859904.7060899734497070312500 HTTP/1.1" 200 0 "-" "WordPress/6.7.2; https://www.freejobalerts.guru"
162.55.100.32 - - [18/Feb/2025:12:05:18 +0530] "POST /wp-cron.php?doing_wp_cron=1739860518.3101210594177246093750 HTTP/1.1" 200 0 "-" "WordPress/6.7.2; https://www.freejobalerts.guru"
152.59.85.14 - - [18/Feb/2025:11:39:36 +0530] "POST /wp-admin/admin-post.php HTTP/2" 303 0 "https://www.freejobalerts.guru/wp-admin/admin.php?page=rank-math-options-titles" "Mozilla/5.0 (Windows NT 10.0; Win64; x64) AppleWebKit/537.36 (KHTML, like Gecko) Chrome/133.0.0.0 Safari/537.36"
152.59.85.14 - - [18/Feb/2025:11:39:36 +0530] "GET /wp-admin/admin.php?page=rank-math-options-titles&settings-updated=true HTTP/2" 200 55105 "https://www.freejobalerts.guru/wp-admin/admin.php?page=rank-math-options-titles" "Mozilla/5.0 (Windows NT 10.0; Win64; x64) AppleWebKit/537.36 (KHTML, like Gecko) Chrome/133.0.0.0 Safari/537.36"
152.59.85.14 - - [18/Feb/2025:11:40:34 +0530] "POST /wp-admin/admin-post.php HTTP/2" 303 0 "https://www.freejobalerts.guru/wp-admin/admin.php?page=rank-math-options-titles" "Mozilla/5.0 (Windows NT 10.0; Win64; x64) AppleWebKit/537.36 (KHTML, like Gecko) Chrome/133.0.0.0 Safari/537.36"
