66.249.66.164 - - [19/Feb/2025:22:50:24 +0530] "GET /wp-content/plugins/contact-form-7/includes/js/index.js?ver=6.0.3 HTTP/1.1" 200 4008 "https://www.freejobalerts.guru/sbi-clerk-prelims-admit-card-2025-out-at-sbi-co-in/" "Mozilla/5.0 (Linux; Android 6.0.1; Nexus 5X Build/MMB29P) AppleWebKit/537.36 (KHTML, like Gecko) Chrome/133.0.6943.53 Mobile Safari/537.36 (compatible; Google-InspectionTool/1.0)"
66.249.66.164 - - [19/Feb/2025:22:50:25 +0530] "GET /wp-includes/css/dist/block-library/style.min.css?ver=6.7.2 HTTP/1.1" 200 14225 "https://www.freejobalerts.guru/sbi-clerk-prelims-admit-card-2025-out-at-sbi-co-in/" "Mozilla/5.0 (Linux; Android 6.0.1; Nexus 5X Build/MMB29P) AppleWebKit/537.36 (KHTML, like Gecko) Chrome/133.0.6943.53 Mobile Safari/537.36 (compatible; Google-InspectionTool/1.0)"
5.255.231.175 - - [19/Feb/2025:22:53:44 +0530] "GET /wp-content/plugins/contact-form-7/includes/swv/js/index.js?ver=6.0.3 HTTP/1.1" 200 3522 "https://www.freejobalerts.guru/" "Mozilla/5.0 (compatible; YandexRenderResourcesBot/1.0; +http://yandex.com/bots) AppleWebKit/537.36 (KHTML, like Gecko) Chrome/108.0.0.0"
5.255.231.28 - - [19/Feb/2025:23:04:21 +0530] "GET /author/admin/ HTTP/1.1" 200 14444 "-" "Mozilla/5.0 (compatible; YandexBot/3.0; +http://yandex.com/bots)"
5.255.231.175 - - [19/Feb/2025:23:04:21 +0530] "GET /tag/free-job-alert-odisha/ HTTP/1.1" 200 12700 "-" "Mozilla/5.0 (compatible; YandexBot/3.0; +http://yandex.com/bots)"
162.55.100.32 - - [19/Feb/2025:22:47:21 +0530] "POST /wp-cron.php?doing_wp_cron=1739985441.2909739017486572265625 HTTP/1.1" 200 0 "-" "WordPress/6.7.2; https://www.freejobalerts.guru"
66.249.66.164 - - [19/Feb/2025:22:50:04 +0530] "GET /wp-content/plugins/contact-form-7/includes/swv/js/index.js?ver=6.0.3 HTTP/1.1" 200 3369 "https://www.freejobalerts.guru/sbi-clerk-prelims-admit-card-2025-out-at-sbi-co-in/" "Mozilla/5.0 (X11; Linux x86_64) AppleWebKit/537.36 (KHTML, like Gecko) Chrome/133.0.6943.53 Safari/537.36 (compatible; Google-InspectionTool/1.0)"
66.249.66.164 - - [19/Feb/2025:22:50:04 +0530] "GET /wp-content/themes/generatepress/assets/js/menu.min.js?ver=3.5.1 HTTP/1.1" 200 1678 "https://www.freejobalerts.guru/sbi-clerk-prelims-admit-card-2025-out-at-sbi-co-in/" "Mozilla/5.0 (X11; Linux x86_64) AppleWebKit/537.36 (KHTML, like Gecko) Chrome/133.0.6943.53 Safari/537.36 (compatible; Google-InspectionTool/1.0)"
66.249.76.3 - - [19/Feb/2025:22:50:04 +0530] "GET /wp-content/plugins/contextual-related-posts/css/rounded-thumbs.min.css?ver=3.6.2 HTTP/1.1" 200 348 "https://www.freejobalerts.guru/sbi-clerk-prelims-admit-card-2025-out-at-sbi-co-in/" "Mozilla/5.0 (X11; Linux x86_64) AppleWebKit/537.36 (KHTML, like Gecko) Chrome/133.0.6943.53 Safari/537.36 (compatible; Google-InspectionTool/1.0)"
66.249.76.3 - - [19/Feb/2025:22:50:05 +0530] "GET /wp-content/themes/generatepress/assets/css/components/comments.min.css?ver=3.5.1 HTTP/1.1" 200 488 "https://www.freejobalerts.guru/sbi-clerk-prelims-admit-card-2025-out-at-sbi-co-in/" "Mozilla/5.0 (Linux; Android 6.0.1; Nexus 5X Build/MMB29P) AppleWebKit/537.36 (KHTML, like Gecko) Chrome/133.0.6943.53 Mobile Safari/537.36 (compatible; Google-InspectionTool/1.0)"
66.249.76.3 - - [19/Feb/2025:22:50:05 +0530] "GET /wp-includes/js/dist/i18n.min.js?ver=5e580eb46a90c2b997e6 HTTP/1.1" 200 3542 "https://www.freejobalerts.guru/sbi-clerk-prelims-admit-card-2025-out-at-sbi-co-in/" "Mozilla/5.0 (Linux; Android 6.0.1; Nexus 5X Build/MMB29P) AppleWebKit/537.36 (KHTML, like Gecko) Chrome/133.0.6943.53 Mobile Safari/537.36 (compatible; Google-InspectionTool/1.0)"
66.249.66.164 - - [19/Feb/2025:22:50:05 +0530] "GET /wp-includes/js/dist/hooks.min.js?ver=4d63a3d491d11ffd8ac6 HTTP/1.1" 200 1571 "https://www.freejobalerts.guru/sbi-clerk-prelims-admit-card-2025-out-at-sbi-co-in/" "Mozilla/5.0 (Linux; Android 6.0.1; Nexus 5X Build/MMB29P) AppleWebKit/537.36 (KHTML, like Gecko) Chrome/133.0.6943.53 Mobile Safari/537.36 (compatible; Google-InspectionTool/1.0)"
66.249.66.164 - - [19/Feb/2025:22:50:05 +0530] "GET /wp-content/uploads/2025/02/image-4-150x150.jpeg HTTP/1.1" 200 6762 "https://www.freejobalerts.guru/sbi-clerk-prelims-admit-card-2025-out-at-sbi-co-in/" "Mozilla/5.0 (Linux; Android 6.0.1; Nexus 5X Build/MMB29P) AppleWebKit/537.36 (KHTML, like Gecko) Chrome/133.0.6943.53 Mobile Safari/537.36 (compatible; Google-InspectionTool/1.0)"
213.180.203.21 - - [19/Feb/2025:22:53:44 +0530] "GET /wp-content/plugins/contact-form-7/includes/js/index.js?ver=6.0.3 HTTP/1.1" 200 4236 "https://www.freejobalerts.guru/" "Mozilla/5.0 (compatible; YandexRenderResourcesBot/1.0; +http://yandex.com/bots) AppleWebKit/537.36 (KHTML, like Gecko) Chrome/108.0.0.0"
87.250.224.44 - - [19/Feb/2025:22:53:45 +0530] "GET /wp-content/plugins/gp-premium/blog/functions/js/scripts.min.js?ver=2.0.2 HTTP/1.1" 200 608 "https://www.freejobalerts.guru/" "Mozilla/5.0 (compatible; YandexRenderResourcesBot/1.0; +http://yandex.com/bots) AppleWebKit/537.36 (KHTML, like Gecko) Chrome/108.0.0.0"
66.249.66.165 - - [19/Feb/2025:22:54:19 +0530] "GET /wp-content/uploads/2025/02/image-1024x577.png HTTP/1.1" 200 219695 "-" "Googlebot-Image/1.0"
5.255.231.111 - - [19/Feb/2025:23:04:27 +0530] "GET /wp-content/uploads/2025/02/freejobalerts.guru_-300x169.png HTTP/1.1" 200 74396 "-" "Mozilla/5.0 (compatible; YandexImages/3.0; +http://yandex.com/bots)"
5.255.231.111 - - [19/Feb/2025:23:04:20 +0530] "GET /tag/free-job-alert-bihar/ HTTP/1.1" 200 13364 "-" "Mozilla/5.0 (compatible; YandexBot/3.0; +http://yandex.com/bots)"
66.249.66.166 - - [19/Feb/2025:22:49:58 +0530] "GET /sbi-clerk-prelims-admit-card-2025-out-at-sbi-co-in/ HTTP/1.1" 200 13134 "-" "Mozilla/5.0 (compatible; Google-InspectionTool/1.0;)"
66.249.66.164 - - [19/Feb/2025:22:50:04 +0530] "GET /wp-content/plugins/contact-form-7/includes/css/styles.css?ver=6.0.3 HTTP/1.1" 200 890 "https://www.freejobalerts.guru/sbi-clerk-prelims-admit-card-2025-out-at-sbi-co-in/" "Mozilla/5.0 (X11; Linux x86_64) AppleWebKit/537.36 (KHTML, like Gecko) Chrome/133.0.6943.53 Safari/537.36 (compatible; Google-InspectionTool/1.0)"
66.249.66.164 - - [19/Feb/2025:22:50:04 +0530] "GET /wp-includes/js/dist/i18n.min.js?ver=5e580eb46a90c2b997e6 HTTP/1.1" 200 3542 "https://www.freejobalerts.guru/sbi-clerk-prelims-admit-card-2025-out-at-sbi-co-in/" "Mozilla/5.0 (X11; Linux x86_64) AppleWebKit/537.36 (KHTML, like Gecko) Chrome/133.0.6943.53 Safari/537.36 (compatible; Google-InspectionTool/1.0)"
66.249.66.164 - - [19/Feb/2025:22:50:05 +0530] "GET /wp-content/plugins/related-posts-thumbnails/assets/css/front.css?ver=4.2.1 HTTP/1.1" 200 1088 "https://www.freejobalerts.guru/sbi-clerk-prelims-admit-card-2025-out-at-sbi-co-in/" "Mozilla/5.0 (Linux; Android 6.0.1; Nexus 5X Build/MMB29P) AppleWebKit/537.36 (KHTML, like Gecko) Chrome/133.0.6943.53 Mobile Safari/537.36 (compatible; Google-InspectionTool/1.0)"
66.249.66.164 - - [19/Feb/2025:22:50:05 +0530] "GET /wp-content/themes/generatepress/assets/js/menu.min.js?ver=3.5.1 HTTP/1.1" 200 1678 "https://www.freejobalerts.guru/sbi-clerk-prelims-admit-card-2025-out-at-sbi-co-in/" "Mozilla/5.0 (Linux; Android 6.0.1; Nexus 5X Build/MMB29P) AppleWebKit/537.36 (KHTML, like Gecko) Chrome/133.0.6943.53 Mobile Safari/537.36 (compatible; Google-InspectionTool/1.0)"
66.249.66.164 - - [19/Feb/2025:22:50:25 +0530] "GET /wp-content/uploads/2025/02/sd-sdsdfs.png HTTP/1.1" 200 25553 "https://www.freejobalerts.guru/sbi-clerk-prelims-admit-card-2025-out-at-sbi-co-in/" "Mozilla/5.0 (Linux; Android 6.0.1; Nexus 5X Build/MMB29P) AppleWebKit/537.36 (KHTML, like Gecko) Chrome/133.0.6943.53 Mobile Safari/537.36 (compatible; Google-InspectionTool/1.0)"
66.249.66.164 - - [19/Feb/2025:22:50:25 +0530] "GET /wp-content/plugins/contact-form-7/includes/swv/js/index.js?ver=6.0.3 HTTP/1.1" 200 3369 "https://www.freejobalerts.guru/sbi-clerk-prelims-admit-card-2025-out-at-sbi-co-in/" "Mozilla/5.0 (Linux; Android 6.0.1; Nexus 5X Build/MMB29P) AppleWebKit/537.36 (KHTML, like Gecko) Chrome/133.0.6943.53 Mobile Safari/537.36 (compatible; Google-InspectionTool/1.0)"
66.249.66.164 - - [19/Feb/2025:22:53:27 +0530] "GET /sbi-clerk-prelims-admit-card-2025-out-at-sbi-co-in/ HTTP/1.1" 200 13134 "-" "Mozilla/5.0 (Linux; Android 6.0.1; Nexus 5X Build/MMB29P) AppleWebKit/537.36 (KHTML, like Gecko) Chrome/133.0.6943.53 Mobile Safari/537.36 (compatible; Googlebot/2.1; +http://www.google.com/bot.html)"
213.180.203.17 - - [19/Feb/2025:23:04:23 +0530] "GET /xmlrpc.php?rsd HTTP/1.1" 200 317 "-" "Mozilla/5.0 (compatible; YandexBot/3.0; +http://yandex.com/bots)"
213.180.203.21 - - [19/Feb/2025:23:04:22 +0530] "GET /tag/free-job-alert-crpf/ HTTP/1.1" 200 13362 "-" "Mozilla/5.0 (compatible; YandexBot/3.0; +http://yandex.com/bots)"
95.108.213.239 - - [19/Feb/2025:23:04:26 +0530] "GET /category/freejobalert/ HTTP/1.1" 200 12786 "-" "Mozilla/5.0 (compatible; YandexBot/3.0; +http://yandex.com/bots)"
213.180.203.56 - - [19/Feb/2025:23:04:26 +0530] "GET /tag/odisha-govt-job/ HTTP/1.1" 200 12715 "-" "Mozilla/5.0 (compatible; YandexBot/3.0; +http://yandex.com/bots)"
213.180.203.17 - - [19/Feb/2025:23:08:30 +0530] "GET /wp-json/wp/v2/users/1 HTTP/1.1" 200 300 "-" "Mozilla/5.0 (compatible; YandexBot/3.0; +http://yandex.com/bots)"
5.255.231.44 - - [19/Feb/2025:23:08:30 +0530] "GET /author/admin/feed/ HTTP/1.1" 200 38442 "-" "Mozilla/5.0 (compatible; YandexBot/3.0; +http://yandex.com/bots)"
5.255.231.94 - - [19/Feb/2025:23:10:33 +0530] "GET /tag/free-job-alert-rajasthan/feed/ HTTP/1.1" 200 13895 "-" "Mozilla/5.0 (compatible; YandexBot/3.0; +http://yandex.com/bots)"
66.249.76.4 - - [19/Feb/2025:22:50:04 +0530] "GET /wp-content/plugins/contact-form-7/includes/js/index.js?ver=6.0.3 HTTP/1.1" 200 4008 "https://www.freejobalerts.guru/sbi-clerk-prelims-admit-card-2025-out-at-sbi-co-in/" "Mozilla/5.0 (X11; Linux x86_64) AppleWebKit/537.36 (KHTML, like Gecko) Chrome/133.0.6943.53 Safari/537.36 (compatible; Google-InspectionTool/1.0)"
66.249.66.165 - - [19/Feb/2025:22:50:04 +0530] "GET /wp-includes/js/dist/hooks.min.js?ver=4d63a3d491d11ffd8ac6 HTTP/1.1" 200 1571 "https://www.freejobalerts.guru/sbi-clerk-prelims-admit-card-2025-out-at-sbi-co-in/" "Mozilla/5.0 (X11; Linux x86_64) AppleWebKit/537.36 (KHTML, like Gecko) Chrome/133.0.6943.53 Safari/537.36 (compatible; Google-InspectionTool/1.0)"
66.249.66.165 - - [19/Feb/2025:22:50:05 +0530] "GET /wp-content/plugins/contact-form-7/includes/js/index.js?ver=6.0.3 HTTP/1.1" 200 4008 "https://www.freejobalerts.guru/sbi-clerk-prelims-admit-card-2025-out-at-sbi-co-in/" "Mozilla/5.0 (Linux; Android 6.0.1; Nexus 5X Build/MMB29P) AppleWebKit/537.36 (KHTML, like Gecko) Chrome/133.0.6943.53 Mobile Safari/537.36 (compatible; Google-InspectionTool/1.0)"
66.249.66.165 - - [19/Feb/2025:22:50:05 +0530] "GET /wp-includes/js/comment-reply.min.js?ver=6.7.2 HTTP/1.1" 200 1247 "https://www.freejobalerts.guru/sbi-clerk-prelims-admit-card-2025-out-at-sbi-co-in/" "Mozilla/5.0 (Linux; Android 6.0.1; Nexus 5X Build/MMB29P) AppleWebKit/537.36 (KHTML, like Gecko) Chrome/133.0.6943.53 Mobile Safari/537.36 (compatible; Google-InspectionTool/1.0)"
66.249.66.164 - - [19/Feb/2025:22:50:24 +0530] "GET /wp-content/plugins/related-posts-thumbnails/assets/css/front.css?ver=4.2.1 HTTP/1.1" 200 1088 "https://www.freejobalerts.guru/sbi-clerk-prelims-admit-card-2025-out-at-sbi-co-in/" "Mozilla/5.0 (X11; Linux x86_64) AppleWebKit/537.36 (KHTML, like Gecko) Chrome/133.0.6943.53 Safari/537.36 (compatible; Google-InspectionTool/1.0)"
87.250.224.8 - - [19/Feb/2025:23:04:20 +0530] "GET /wp-json/ HTTP/1.1" 200 21570 "-" "Mozilla/5.0 (compatible; YandexBot/3.0; +http://yandex.com/bots)"
5.255.231.94 - - [19/Feb/2025:23:04:24 +0530] "GET /feed/ HTTP/1.1" 200 38424 "-" "Mozilla/5.0 (compatible; YandexBot/3.0; +http://yandex.com/bots)"
87.250.224.8 - - [19/Feb/2025:23:04:28 +0530] "GET /wp-content/uploads/2025/02/image-4.jpeg HTTP/1.1" 200 135163 "-" "Mozilla/5.0 (compatible; YandexImages/3.0; +http://yandex.com/bots)"
95.108.213.219 - - [19/Feb/2025:23:04:58 +0530] "GET /sbi-clerk-prelims-admit-card-2025-out-at-sbi-co-in/feed/ HTTP/1.1" 200 561 "-" "Mozilla/5.0 (compatible; YandexBot/3.0; +http://yandex.com/bots)"
213.180.203.240 - - [19/Feb/2025:23:05:00 +0530] "GET /wp-content/uploads/2025/02/image-1024x577.png HTTP/1.1" 200 219695 "-" "Mozilla/5.0 (compatible; YandexImages/3.0; +http://yandex.com/bots)"
5.255.231.94 - - [19/Feb/2025:23:05:46 +0530] "GET /wp-json/wp/v2/tags/10 HTTP/1.1" 200 314 "-" "Mozilla/5.0 (compatible; YandexBot/3.0; +http://yandex.com/bots)"
87.250.224.8 - - [19/Feb/2025:23:06:35 +0530] "GET /tag/free-job-alert-bihar/feed/ HTTP/1.1" 200 16019 "-" "Mozilla/5.0 (compatible; YandexBot/3.0; +http://yandex.com/bots)"
5.255.231.28 - - [19/Feb/2025:23:08:28 +0530] "GET /wp-content/uploads/2025/02/image-4-768x422.jpeg HTTP/1.1" 200 64115 "-" "Mozilla/5.0 (compatible; YandexImages/3.0; +http://yandex.com/bots)"
5.255.231.175 - - [19/Feb/2025:23:08:29 +0530] "GET /wp-content/uploads/2025/02/sbi-Clerk-2025-Prelims-Call-Letter-Out-Notification-14191-Vacancies-300x169.png HTTP/1.1" 200 22474 "-" "Mozilla/5.0 (compatible; YandexImages/3.0; +http://yandex.com/bots)"
2a06:98c0:3600::103 - - [19/Feb/2025:23:09:42 +0530] "GET /wp-admin/setup-config.php HTTP/1.1" 409 1041 "-" "Mozilla/5.0 (Windows NT 10.0; Win64; x64) AppleWebKit/537.36 (KHTML, like Gecko) Chrome/133.0.0.0 Safari/537.36"
66.249.66.164 - - [19/Feb/2025:22:50:25 +0530] "GET /wp-includes/js/dist/hooks.min.js?ver=4d63a3d491d11ffd8ac6 HTTP/1.1" 200 1571 "https://www.freejobalerts.guru/sbi-clerk-prelims-admit-card-2025-out-at-sbi-co-in/" "Mozilla/5.0 (Linux; Android 6.0.1; Nexus 5X Build/MMB29P) AppleWebKit/537.36 (KHTML, like Gecko) Chrome/133.0.6943.53 Mobile Safari/537.36 (compatible; Google-InspectionTool/1.0)"
162.55.100.32 - - [19/Feb/2025:22:53:32 +0530] "POST /wp-cron.php?doing_wp_cron=1739985811.4047060012817382812500 HTTP/1.1" 200 0 "-" "WordPress/6.7.2; https://www.freejobalerts.guru"
162.55.100.32 - - [19/Feb/2025:22:55:01 +0530] "POST /wp-cron.php?doing_wp_cron=1739985900.8049340248107910156250 HTTP/1.1" 200 0 "-" "WordPress/6.7.2; https://www.freejobalerts.guru"
162.55.100.32 - - [19/Feb/2025:23:04:21 +0530] "POST /wp-cron.php?doing_wp_cron=1739986461.3918640613555908203125 HTTP/1.1" 200 0 "-" "WordPress/6.7.2; https://www.freejobalerts.guru"
213.180.203.21 - - [19/Feb/2025:23:04:56 +0530] "GET /wp-json/oembed/1.0/embed?url=https%3A%2F%2Fwww.freejobalerts.guru%2Fsbi-clerk-prelims-admit-card-2025-out-at-sbi-co-in%2F HTTP/1.1" 200 1245 "-" "Mozilla/5.0 (compatible; YandexBot/3.0; +http://yandex.com/bots)"
5.255.231.111 - - [19/Feb/2025:23:05:00 +0530] "GET /wp-content/uploads/2025/02/freejobalerts.guru_.png HTTP/1.1" 200 372627 "-" "Mozilla/5.0 (compatible; YandexImages/3.0; +http://yandex.com/bots)"
213.180.203.56 - - [19/Feb/2025:23:04:59 +0530] "GET /free-job-alert-all-india-govt-job-alert-2025/ HTTP/1.1" 200 25078 "-" "Mozilla/5.0 (compatible; YandexBot/3.0; +http://yandex.com/bots)"
162.55.100.32 - - [19/Feb/2025:23:13:07 +0530] "POST /wp-cron.php?doing_wp_cron=1739986987.5034170150756835937500 HTTP/1.1" 200 0 "-" "WordPress/6.7.2; https://www.freejobalerts.guru"
35.153.141.91 - - [19/Feb/2025:23:13:26 +0530] "GET / HTTP/1.1" 200 62137 "-" "Mozilla/5.0 (X11; Linux x86_64) AppleWebKit/537.36 (KHTML, like Gecko) Chrome/58.0.3029.110 Safari/537.36"
95.108.213.219 - - [19/Feb/2025:22:53:46 +0530] "GET /wp-includes/js/wp-emoji-release.min.js?ver=6.7.2 HTTP/1.1" 200 5072 "https://www.freejobalerts.guru/" "Mozilla/5.0 (compatible; YandexRenderResourcesBot/1.0; +http://yandex.com/bots) AppleWebKit/537.36 (KHTML, like Gecko) Chrome/108.0.0.0"
213.180.203.240 - - [19/Feb/2025:23:04:27 +0530] "GET /wp-content/uploads/2025/02/sbi-Clerk-2025-Prelims-Call-Letter-Out-Notification-14191-Vacancies-1024x576.png HTTP/1.1" 200 113164 "-" "Mozilla/5.0 (compatible; YandexImages/3.0; +http://yandex.com/bots)"
87.250.224.44 - - [19/Feb/2025:23:04:57 +0530] "GET /category/freejobalert/feed/ HTTP/1.1" 200 13914 "-" "Mozilla/5.0 (compatible; YandexBot/3.0; +http://yandex.com/bots)"
213.180.203.21 - - [19/Feb/2025:23:05:02 +0530] "GET /wp-content/uploads/2025/02/freejobalerts.guru_-768x432.png HTTP/1.1" 200 431607 "-" "Mozilla/5.0 (compatible; YandexImages/3.0; +http://yandex.com/bots)"
87.250.224.44 - - [19/Feb/2025:23:05:04 +0530] "GET /wp-json/wp/v2/tags/7 HTTP/1.1" 200 316 "-" "Mozilla/5.0 (compatible; YandexBot/3.0; +http://yandex.com/bots)"
213.180.203.17 - - [19/Feb/2025:23:05:03 +0530] "GET /tag/free-job-alert-rajasthan/feed/ HTTP/1.1" 200 13915 "-" "Mozilla/5.0 (compatible; YandexBot/3.0; +http://yandex.com/bots)"
213.180.203.240 - - [19/Feb/2025:23:05:50 +0530] "GET /wp-content/uploads/2025/02/sbi-Clerk-2025-Prelims-Call-Letter-Out-Notification-14191-Vacancies-1-768x432.png HTTP/1.1" 200 56781 "-" "Mozilla/5.0 (compatible; YandexImages/3.0; +http://yandex.com/bots)"
5.255.231.44 - - [19/Feb/2025:22:53:44 +0530] "GET /wp-content/themes/generatepress/assets/js/menu.min.js?ver=3.5.1 HTTP/1.1" 200 1828 "https://www.freejobalerts.guru/" "Mozilla/5.0 (compatible; YandexRenderResourcesBot/1.0; +http://yandex.com/bots) AppleWebKit/537.36 (KHTML, like Gecko) Chrome/108.0.0.0"
213.180.203.17 - - [19/Feb/2025:22:53:45 +0530] "GET /wp-includes/js/dist/i18n.min.js?ver=5e580eb46a90c2b997e6 HTTP/1.1" 200 3667 "https://www.freejobalerts.guru/" "Mozilla/5.0 (compatible; YandexRenderResourcesBot/1.0; +http://yandex.com/bots) AppleWebKit/537.36 (KHTML, like Gecko) Chrome/108.0.0.0"
5.255.231.94 - - [19/Feb/2025:22:53:46 +0530] "GET /wp-includes/js/imagesloaded.min.js?ver=5.0.0 HTTP/1.1" 200 1801 "https://www.freejobalerts.guru/" "Mozilla/5.0 (compatible; YandexRenderResourcesBot/1.0; +http://yandex.com/bots) AppleWebKit/537.36 (KHTML, like Gecko) Chrome/108.0.0.0"
66.249.66.164 - - [19/Feb/2025:22:54:34 +0530] "GET /wp-content/uploads/2025/02/sbi-Clerk-2025-Prelims-Call-Letter-Out-Notification-14191-Vacancies-1.png HTTP/1.1" 200 54910 "-" "Googlebot-Image/1.0"
66.249.66.164 - - [19/Feb/2025:22:54:58 +0530] "GET /sbi-clerk-prelims-admit-card-2025-out-at-sbi-co-in/ HTTP/1.1" 200 13068 "-" "Mozilla/5.0 (Linux; Android 6.0.1; Nexus 5X Build/MMB29P) AppleWebKit/537.36 (KHTML, like Gecko) Chrome/133.0.6943.53 Mobile Safari/537.36 (compatible; Googlebot/2.1; +http://www.google.com/bot.html)"
87.250.224.44 - - [19/Feb/2025:23:04:24 +0530] "GET /category/bank-job/ HTTP/1.1" 200 12542 "-" "Mozilla/5.0 (compatible; YandexBot/3.0; +http://yandex.com/bots)"
95.108.213.227 - - [19/Feb/2025:23:04:20 +0530] "GET /tag/free-job-alert-rajasthan/ HTTP/1.1" 200 12730 "-" "Mozilla/5.0 (compatible; YandexBot/3.0; +http://yandex.com/bots)"
5.255.231.94 - - [19/Feb/2025:23:04:58 +0530] "GET /wp-content/uploads/2025/02/image-300x169.png HTTP/1.1" 200 24521 "-" "Mozilla/5.0 (compatible; YandexImages/3.0; +http://yandex.com/bots)"
95.108.213.227 - - [19/Feb/2025:23:04:58 +0530] "GET /wp-json/wp/v2/categories/1 HTTP/1.1" 200 302 "-" "Mozilla/5.0 (compatible; YandexBot/3.0; +http://yandex.com/bots)"
95.108.213.239 - - [19/Feb/2025:23:04:59 +0530] "GET /?p=75 HTTP/1.1" 301 0 "-" "Mozilla/5.0 (compatible; YandexBot/3.0; +http://yandex.com/bots)"
5.255.231.111 - - [19/Feb/2025:23:06:34 +0530] "GET /wp-json/wp/v2/tags/11 HTTP/1.1" 200 313 "-" "Mozilla/5.0 (compatible; YandexBot/3.0; +http://yandex.com/bots)"
95.108.213.227 - - [19/Feb/2025:23:04:25 +0530] "GET /category/freegovtjobalert/ HTTP/1.1" 200 12793 "-" "Mozilla/5.0 (compatible; YandexBot/3.0; +http://yandex.com/bots)"
87.250.224.8 - - [19/Feb/2025:23:05:01 +0530] "GET /wp-content/uploads/2025/02/freejobalerts.guru_-1024x576.png HTTP/1.1" 200 775408 "-" "Mozilla/5.0 (compatible; YandexImages/3.0; +http://yandex.com/bots)"
95.108.213.227 - - [19/Feb/2025:23:05:47 +0530] "GET /tag/offline-free-job-alert/feed/ HTTP/1.1" 200 16030 "-" "Mozilla/5.0 (compatible; YandexBot/3.0; +http://yandex.com/bots)"
95.108.213.239 - - [19/Feb/2025:23:04:20 +0530] "GET /sbi-clerk-2025-prelims-call-letter-out-notification-14191-vacancies/ HTTP/1.1" 200 29766 "-" "Mozilla/5.0 (compatible; YandexBot/3.0; +http://yandex.com/bots)"
5.255.231.28 - - [19/Feb/2025:23:04:28 +0530] "GET /wp-content/uploads/2025/02/sbi-Clerk-2025-Prelims-Call-Letter-Out-Notification-14191-Vacancies-768x432.png HTTP/1.1" 200 74719 "-" "Mozilla/5.0 (compatible; YandexImages/3.0; +http://yandex.com/bots)"
213.180.203.56 - - [19/Feb/2025:23:04:20 +0530] "GET /tag/free-job-alert-punjab/ HTTP/1.1" 200 12727 "-" "Mozilla/5.0 (compatible; YandexBot/3.0; +http://yandex.com/bots)"
5.255.231.44 - - [19/Feb/2025:23:04:23 +0530] "GET /punjab-and-sind-bank-lbo-recruitment-2025-apply-online-for-110-posts/ HTTP/1.1" 200 18475 "-" "Mozilla/5.0 (compatible; YandexBot/3.0; +http://yandex.com/bots)"
95.108.213.219 - - [19/Feb/2025:23:04:25 +0530] "GET /sbi-clerk-prelims-admit-card-2025-out-at-sbi-co-in/ HTTP/1.1" 200 14581 "-" "Mozilla/5.0 (compatible; YandexBot/3.0; +http://yandex.com/bots)"
5.255.231.44 - - [19/Feb/2025:23:04:56 +0530] "GET /wp-json/oembed/1.0/embed?url=https%3A%2F%2Fwww.freejobalerts.guru%2Fsbi-clerk-prelims-admit-card-2025-out-at-sbi-co-in%2F&format=xml HTTP/1.1" 200 1289 "-" "Mozilla/5.0 (compatible; YandexBot/3.0; +http://yandex.com/bots)"
5.255.231.150 - - [19/Feb/2025:23:04:57 +0530] "GET /wp-content/uploads/2025/02/sd-sdsdfs.png HTTP/1.1" 200 25553 "-" "Mozilla/5.0 (compatible; YandexImages/3.0; +http://yandex.com/bots)"
5.255.231.150 - - [19/Feb/2025:23:05:04 +0530] "GET /wp-json/wp/v2/categories/3 HTTP/1.1" 200 307 "-" "Mozilla/5.0 (compatible; YandexBot/3.0; +http://yandex.com/bots)"
5.255.231.44 - - [19/Feb/2025:23:05:03 +0530] "GET /sbi-clerk-prelims-admit-card-2025-out-at-sbi-co-in/ HTTP/1.1" 200 14581 "-" "Mozilla/5.0 (compatible; YandexBot/3.0; +http://yandex.com/bots)"
5.255.231.28 - - [19/Feb/2025:23:05:01 +0530] "GET /category/freegovtjobalert/feed/ HTTP/1.1" 200 13896 "-" "Mozilla/5.0 (compatible; YandexBot/3.0; +http://yandex.com/bots)"
95.108.213.219 - - [19/Feb/2025:23:05:45 +0530] "GET /wp-content/uploads/2025/02/sbi-Clerk-2025-Prelims-Call-Letter-Out-Notification-14191-Vacancies-1-1024x576.png HTTP/1.1" 200 88259 "-" "Mozilla/5.0 (compatible; YandexImages/3.0; +http://yandex.com/bots)"
213.180.203.56 - - [19/Feb/2025:23:05:47 +0530] "GET /wp-content/uploads/2025/02/sbi-Clerk-2025-Prelims-Call-Letter-Out-Notification-14191-Vacancies-1-300x169.png HTTP/1.1" 200 13878 "-" "Mozilla/5.0 (compatible; YandexImages/3.0; +http://yandex.com/bots)"
87.250.224.44 - - [19/Feb/2025:23:08:31 +0530] "GET /wp-content/uploads/2025/02/image-4-1024x563.jpeg HTTP/1.1" 200 99628 "-" "Mozilla/5.0 (compatible; YandexImages/3.0; +http://yandex.com/bots)"
2a06:98c0:3600::103 - - [19/Feb/2025:23:10:17 +0530] "GET /wordpress/wp-admin/setup-config.php HTTP/1.1" 301 0 "-" "Mozilla/5.0 (Windows NT 10.0; Win64; x64) AppleWebKit/537.36 (KHTML, like Gecko) Chrome/133.0.0.0 Safari/537.36"
35.153.141.91 - - [19/Feb/2025:23:13:06 +0530] "GET / HTTP/1.1" 301 0 "-" "Mozilla/5.0 (X11; Linux x86_64) AppleWebKit/537.36 (KHTML, like Gecko) Chrome/58.0.3029.110 Safari/537.36"
66.249.66.164 - - [19/Feb/2025:22:55:21 +0530] "GET /wp-content/themes/generatepress/assets/css/components/comments.min.css?ver=3.5.1 HTTP/1.1" 200 488 "https://www.freejobalerts.guru/sbi-clerk-prelims-admit-card-2025-out-at-sbi-co-in/" "Mozilla/5.0 (Linux; Android 6.0.1; Nexus 5X Build/MMB29P) AppleWebKit/537.36 (KHTML, like Gecko) Chrome/133.0.6943.53 Mobile Safari/537.36 (compatible; Googlebot/2.1; +http://www.google.com/bot.html)"
5.255.231.150 - - [19/Feb/2025:23:04:24 +0530] "GET /comments/feed/ HTTP/1.1" 200 518 "-" "Mozilla/5.0 (compatible; YandexBot/3.0; +http://yandex.com/bots)"
213.180.203.240 - - [19/Feb/2025:23:04:20 +0530] "GET /category/latest-jobs/ HTTP/1.1" 200 12955 "-" "Mozilla/5.0 (compatible; YandexBot/3.0; +http://yandex.com/bots)"
5.255.231.175 - - [19/Feb/2025:23:04:56 +0530] "GET /wp-json/wp/v2/posts/75 HTTP/1.1" 200 3176 "-" "Mozilla/5.0 (compatible; YandexBot/3.0; +http://yandex.com/bots)"
213.180.203.17 - - [19/Feb/2025:23:04:56 +0530] "GET /xmlrpc.php HTTP/1.1" 405 62 "-" "Mozilla/5.0 (compatible; YandexBot/3.0; +http://yandex.com/bots)"
5.255.231.175 - - [19/Feb/2025:23:05:02 +0530] "GET /tag/offline-free-job-alert/ HTTP/1.1" 200 13390 "-" "Mozilla/5.0 (compatible; YandexBot/3.0; +http://yandex.com/bots)"
95.108.213.239 - - [19/Feb/2025:23:05:48 +0530] "GET /wp-content/uploads/2025/02/sbi-Clerk-2025-Prelims-Call-Letter-Out-Notification-14191-Vacancies-1.png HTTP/1.1" 200 54910 "-" "Mozilla/5.0 (compatible; YandexImages/3.0; +http://yandex.com/bots)"
213.180.203.21 - - [19/Feb/2025:23:08:29 +0530] "GET /wp-content/uploads/2025/02/image-4-300x165.jpeg HTTP/1.1" 200 14330 "-" "Mozilla/5.0 (compatible; YandexImages/3.0; +http://yandex.com/bots)"
5.255.231.150 - - [19/Feb/2025:23:08:30 +0530] "GET /wp-content/uploads/2025/02/sbi-Clerk-2025-Prelims-Call-Letter-Out-Notification-14191-Vacancies.png HTTP/1.1" 200 60925 "-" "Mozilla/5.0 (compatible; YandexImages/3.0; +http://yandex.com/bots)"
23.27.145.81 - - [19/Feb/2025:23:08:51 +0530] "GET / HTTP/1.1" 200 14265 "-" "Mozilla/5.0 (X11; Linux i686; rv:109.0) Gecko/20100101 Firefox/120.0"
162.55.100.32 - - [19/Feb/2025:23:13:29 +0530] "POST /wp-cron.php?doing_wp_cron=1739987009.1978209018707275390625 HTTP/1.1" 200 0 "-" "WordPress/6.7.2; https://www.freejobalerts.guru"
162.55.100.32 - - [19/Feb/2025:23:24:54 +0530] "POST /wp-cron.php?doing_wp_cron=1739987693.7072579860687255859375 HTTP/1.1" 200 0 "-" "WordPress/6.7.2; https://www.freejobalerts.guru"
95.108.213.219 - - [19/Feb/2025:23:24:49 +0530] "GET /wp-json/wp/v2/posts/75 HTTP/1.1" 200 3176 "-" "Mozilla/5.0 (compatible; YandexBot/3.0; +http://yandex.com/bots)"
23.27.145.68 - - [19/Feb/2025:23:39:46 +0530] "GET / HTTP/1.1" 200 14265 "-" "Mozilla/5.0 (X11; Linux i686; rv:109.0) Gecko/20100101 Firefox/120.0"
2a06:98c0:3600::103 - - [19/Feb/2025:23:35:39 +0530] "GET /wordpress/wp-admin/setup-config.php HTTP/1.1" 301 0 "-" "Mozilla/5.0 (Windows NT 10.0; Win64; x64) AppleWebKit/537.36 (KHTML, like Gecko) Chrome/133.0.0.0 Safari/537.36"
2a06:98c0:3600::103 - - [19/Feb/2025:23:35:41 +0530] "GET /wordpress/wp-admin/setup-config.php HTTP/1.1" 404 6322 "-" "Mozilla/5.0 (Windows NT 10.0; Win64; x64) AppleWebKit/537.36 (KHTML, like Gecko) Chrome/133.0.0.0 Safari/537.36"
23.27.145.87 - - [19/Feb/2025:23:39:43 +0530] "GET / HTTP/1.1" 200 14266 "-" "Mozilla/5.0 (X11; Linux i686; rv:109.0) Gecko/20100101 Firefox/120.0"
23.27.145.119 - - [19/Feb/2025:23:39:54 +0530] "GET / HTTP/1.1" 200 14284 "-" "Mozilla/5.0 (X11; Linux i686; rv:109.0) Gecko/20100101 Firefox/120.0"
2a06:98c0:3600::103 - - [19/Feb/2025:23:35:06 +0530] "GET /wordpress/wp-admin/setup-config.php HTTP/1.1" 301 0 "-" "Mozilla/5.0 (Windows NT 10.0; Win64; x64) AppleWebKit/537.36 (KHTML, like Gecko) Chrome/133.0.0.0 Safari/537.36"
2a06:98c0:3600::103 - - [19/Feb/2025:23:35:08 +0530] "GET /wordpress/wp-admin/setup-config.php HTTP/1.1" 404 6322 "-" "Mozilla/5.0 (Windows NT 10.0; Win64; x64) AppleWebKit/537.36 (KHTML, like Gecko) Chrome/133.0.0.0 Safari/537.36"
23.27.145.87 - - [19/Feb/2025:23:39:42 +0530] "GET / HTTP/1.1" 301 0 "-" "Mozilla/5.0 (X11; Linux i686; rv:109.0) Gecko/20100101 Firefox/120.0"
162.55.100.32 - - [19/Feb/2025:23:35:07 +0530] "POST /wp-cron.php?doing_wp_cron=1739988307.7973999977111816406250 HTTP/1.1" 200 0 "-" "WordPress/6.7.2; https://www.freejobalerts.guru"
95.108.213.227 - - [19/Feb/2025:23:38:54 +0530] "GET /wp-json/wp/v2/tags/11 HTTP/1.1" 200 313 "-" "Mozilla/5.0 (compatible; YandexBot/3.0; +http://yandex.com/bots)"
2a06:98c0:3600::103 - - [19/Feb/2025:23:33:04 +0530] "GET /wp-admin/setup-config.php HTTP/1.1" 409 1041 "-" "Mozilla/5.0 (Windows NT 10.0; Win64; x64) AppleWebKit/537.36 (KHTML, like Gecko) Chrome/133.0.0.0 Safari/537.36"
162.55.100.32 - - [20/Feb/2025:00:00:40 +0530] "POST /wp-cron.php?doing_wp_cron=1739989840.6498138904571533203125 HTTP/1.1" 200 0 "-" "WordPress/6.7.2; https://www.freejobalerts.guru"
5.255.231.150 - - [20/Feb/2025:00:01:36 +0530] "GET /tag/free-job-alert-punjab/ HTTP/1.1" 200 12727 "-" "Mozilla/5.0 (compatible; YandexBot/3.0; +http://yandex.com/bots)"
162.55.100.32 - - [20/Feb/2025:00:02:21 +0530] "POST /wp-cron.php?doing_wp_cron=1739989941.2096099853515625000000 HTTP/1.1" 200 0 "-" "WordPress/6.7.2; https://www.freejobalerts.guru"
95.108.213.239 - - [20/Feb/2025:00:02:20 +0530] "GET /feed/ HTTP/1.1" 200 38413 "-" "Mozilla/5.0 (compatible; YandexBot/3.0; +http://yandex.com/bots)"
213.180.203.21 - - [20/Feb/2025:00:02:23 +0530] "GET /tag/offline-free-job-alert/ HTTP/1.1" 200 13424 "-" "Mozilla/5.0 (compatible; YandexBot/3.0; +http://yandex.com/bots)"
95.108.213.227 - - [20/Feb/2025:00:02:19 +0530] "GET /tag/free-job-alert-punjab/feed/ HTTP/1.1" 200 13663 "-" "Mozilla/5.0 (compatible; YandexBot/3.0; +http://yandex.com/bots)"
87.250.224.44 - - [20/Feb/2025:00:01:36 +0530] "GET /tag/free-job-alert-rajasthan/ HTTP/1.1" 200 12730 "-" "Mozilla/5.0 (compatible; YandexBot/3.0; +http://yandex.com/bots)"
5.255.231.94 - - [20/Feb/2025:00:01:36 +0530] "GET /tag/free-job-alert-odisha/ HTTP/1.1" 200 12725 "-" "Mozilla/5.0 (compatible; YandexBot/3.0; +http://yandex.com/bots)"
213.180.203.56 - - [20/Feb/2025:00:02:19 +0530] "GET /xmlrpc.php?rsd HTTP/1.1" 200 317 "-" "Mozilla/5.0 (compatible; YandexBot/3.0; +http://yandex.com/bots)"
5.255.231.28 - - [20/Feb/2025:00:02:21 +0530] "GET /tag/free-job-alert-crpf/ HTTP/1.1" 200 13362 "-" "Mozilla/5.0 (compatible; YandexBot/3.0; +http://yandex.com/bots)"
95.108.213.239 - - [20/Feb/2025:00:00:39 +0530] "GET /wp-json/wp/v2/categories/1 HTTP/1.1" 200 302 "-" "Mozilla/5.0 (compatible; YandexBot/3.0; +http://yandex.com/bots)"
213.180.203.21 - - [20/Feb/2025:00:01:34 +0530] "GET /wp-json/wp/v2/tags/9 HTTP/1.1" 200 307 "-" "Mozilla/5.0 (compatible; YandexBot/3.0; +http://yandex.com/bots)"
5.255.231.175 - - [20/Feb/2025:00:01:33 +0530] "GET /category/freejobalert/ HTTP/1.1" 200 12786 "-" "Mozilla/5.0 (compatible; YandexBot/3.0; +http://yandex.com/bots)"
87.250.224.8 - - [20/Feb/2025:00:02:20 +0530] "GET /comments/feed/ HTTP/1.1" 200 518 "-" "Mozilla/5.0 (compatible; YandexBot/3.0; +http://yandex.com/bots)"
5.255.231.111 - - [20/Feb/2025:00:02:20 +0530] "GET /free-job-alert-all-india-govt-job-alert-2025/ HTTP/1.1" 200 25078 "-" "Mozilla/5.0 (compatible; YandexBot/3.0; +http://yandex.com/bots)"
2a06:98c0:3600::103 - - [20/Feb/2025:00:03:03 +0530] "GET /wordpress/wp-admin/setup-config.php HTTP/1.1" 404 9362 "-" "Mozilla/5.0 (Windows NT 10.0; Win64; x64) AppleWebKit/537.36 (KHTML, like Gecko) Chrome/133.0.0.0 Safari/537.36"
213.180.203.240 - - [20/Feb/2025:00:00:55 +0530] "GET /tag/odisha-govt-job/ HTTP/1.1" 200 12715 "-" "Mozilla/5.0 (compatible; YandexBot/3.0; +http://yandex.com/bots)"
95.108.213.219 - - [20/Feb/2025:00:01:36 +0530] "GET /category/freegovtjobalert/ HTTP/1.1" 200 12793 "-" "Mozilla/5.0 (compatible; YandexBot/3.0; +http://yandex.com/bots)"
5.255.231.44 - - [20/Feb/2025:00:01:34 +0530] "GET /author/admin/ HTTP/1.1" 200 14451 "-" "Mozilla/5.0 (compatible; YandexBot/3.0; +http://yandex.com/bots)"
213.180.203.240 - - [20/Feb/2025:00:02:20 +0530] "GET /wp-json/wp/v2/tags/6 HTTP/1.1" 200 314 "-" "Mozilla/5.0 (compatible; YandexBot/3.0; +http://yandex.com/bots)"
5.255.231.175 - - [20/Feb/2025:00:02:23 +0530] "GET /tag/free-job-alert-odisha/feed/ HTTP/1.1" 200 13895 "-" "Mozilla/5.0 (compatible; YandexBot/3.0; +http://yandex.com/bots)"
2a06:98c0:3600::103 - - [20/Feb/2025:00:03:27 +0530] "GET /wp-admin/setup-config.php HTTP/1.1" 409 1041 "-" "Mozilla/5.0 (Windows NT 10.0; Win64; x64) AppleWebKit/537.36 (KHTML, like Gecko) Chrome/133.0.0.0 Safari/537.36"
162.55.100.32 - - [20/Feb/2025:00:08:37 +0530] "POST /wp-cron.php?doing_wp_cron=1739990316.6076669692993164062500 HTTP/1.1" 200 0 "-" "WordPress/6.7.2; https://www.freejobalerts.guru"
170.106.180.139 - - [20/Feb/2025:00:08:35 +0530] "GET /sbi-clerk-prelims-admit-card-2025-out-at-sbi-co-in/ HTTP/1.1" 200 14581 "-" "Mozilla/5.0 (iPhone; CPU iPhone OS 13_2_3 like Mac OS X) AppleWebKit/605.1.15 (KHTML, like Gecko) Version/13.0.3 Mobile/15E148 Safari/604.1"
87.250.224.8 - - [20/Feb/2025:00:01:33 +0530] "GET /category/bank-job/ HTTP/1.1" 200 12564 "-" "Mozilla/5.0 (compatible; YandexBot/3.0; +http://yandex.com/bots)"
5.255.231.111 - - [20/Feb/2025:00:01:33 +0530] "GET /tag/odisha-govt-job/feed/ HTTP/1.1" 200 13891 "-" "Mozilla/5.0 (compatible; YandexBot/3.0; +http://yandex.com/bots)"
5.255.231.28 - - [20/Feb/2025:00:01:33 +0530] "GET /category/latest-jobs/ HTTP/1.1" 200 12972 "-" "Mozilla/5.0 (compatible; YandexBot/3.0; +http://yandex.com/bots)"
2a06:98c0:3600::103 - - [20/Feb/2025:00:03:01 +0530] "GET /wordpress/wp-admin/setup-config.php HTTP/1.1" 301 0 "-" "Mozilla/5.0 (Windows NT 10.0; Win64; x64) AppleWebKit/537.36 (KHTML, like Gecko) Chrome/133.0.0.0 Safari/537.36"
162.55.100.32 - - [19/Feb/2025:23:48:38 +0530] "POST /wp-cron.php?doing_wp_cron=1739989118.2805809974670410156250 HTTP/1.1" 200 0 "-" "WordPress/6.7.2; https://www.freejobalerts.guru"
213.180.203.56 - - [19/Feb/2025:23:48:36 +0530] "GET /wp-json/ HTTP/1.1" 200 21570 "-" "Mozilla/5.0 (compatible; YandexBot/3.0; +http://yandex.com/bots)"
213.180.203.17 - - [20/Feb/2025:00:01:34 +0530] "GET /tag/free-job-alert-bihar/ HTTP/1.1" 200 13357 "-" "Mozilla/5.0 (compatible; YandexBot/3.0; +http://yandex.com/bots)"
95.111.244.79 - - [20/Feb/2025:00:02:13 +0530] "GET /.env HTTP/1.1" 404 9470 "-" "Mozilla/5.0 (X11; Linux i686 (x86_64)) AppleWebKit/537.36 (KHTML, like Gecko) Chrome/44.0.2403.130 Safari/537.36"
5.255.231.44 - - [20/Feb/2025:00:02:23 +0530] "GET /wp-json/wp/v2/tags/8 HTTP/1.1" 200 311 "-" "Mozilla/5.0 (compatible; YandexBot/3.0; +http://yandex.com/bots)"
5.255.231.150 - - [20/Feb/2025:00:13:09 +0530] "GET /tag/free-job-alert-odisha/ HTTP/1.1" 200 12725 "-" "Mozilla/5.0 (compatible; YandexBot/3.0; +http://yandex.com/bots)"
213.180.203.17 - - [20/Feb/2025:00:11:06 +0530] "GET /tag/free-job-alert-odisha/feed/ HTTP/1.1" 200 13665 "-" "Mozilla/5.0 (compatible; YandexBot/3.0; +http://yandex.com/bots)"
162.55.100.32 - - [20/Feb/2025:00:11:08 +0530] "POST /wp-cron.php?doing_wp_cron=1739990467.3479390144348144531250 HTTP/1.1" 200 0 "-" "WordPress/6.7.2; https://www.freejobalerts.guru"
43.153.71.132 - - [20/Feb/2025:00:19:38 +0530] "GET /sbi-clerk-prelims-admit-card-2025-out-at-sbi-co-in/ HTTP/1.1" 200 14581 "-" "Mozilla/5.0 (iPhone; CPU iPhone OS 13_2_3 like Mac OS X) AppleWebKit/605.1.15 (KHTML, like Gecko) Version/13.0.3 Mobile/15E148 Safari/604.1"
171.241.161.151 - - [20/Feb/2025:00:20:29 +0530] "GET / HTTP/1.1" 200 12769 "http://www.freejobalerts.guru/" "Mozilla/5.0 (Windows NT 10.0; WOW64) AppleWebKit/537.36 (KHTML, like Gecko) Chrome/114.0.0.0 Safari/537.36 Vivaldi/5.3.2679.68"
171.241.161.151 - - [20/Feb/2025:00:20:45 +0530] "GET /wp-json/ HTTP/1.1" 200 13252 "http://www.freejobalerts.guru/" "Mozilla/5.0 (Windows NT 10.0; WOW64) AppleWebKit/537.36 (KHTML, like Gecko) Chrome/114.0.0.0 Safari/537.36 Vivaldi/5.3.2679.68"
171.241.161.151 - - [20/Feb/2025:00:20:46 +0530] "GET /category/latest-jobs/ HTTP/1.1" 200 11700 "http://www.freejobalerts.guru/" "Mozilla/5.0 (Windows NT 10.0; WOW64) AppleWebKit/537.36 (KHTML, like Gecko) Chrome/114.0.0.0 Safari/537.36 Vivaldi/5.3.2679.68"
171.241.161.151 - - [20/Feb/2025:00:20:48 +0530] "GET /xmlrpc.php?rsd HTTP/1.1" 200 296 "http://www.freejobalerts.guru/" "Mozilla/5.0 (Windows NT 10.0; WOW64) AppleWebKit/537.36 (KHTML, like Gecko) Chrome/114.0.0.0 Safari/537.36 Vivaldi/5.3.2679.68"
171.241.161.151 - - [20/Feb/2025:00:21:16 +0530] "GET /tag/free-job-alert-bihar/ HTTP/1.1" 200 12032 "http://www.freejobalerts.guru/" "Mozilla/5.0 (Windows NT 10.0; WOW64) AppleWebKit/537.36 (KHTML, like Gecko) Chrome/114.0.0.0 Safari/537.36 Vivaldi/5.3.2679.68"
171.241.161.151 - - [20/Feb/2025:00:21:25 +0530] "GET /tag/free-job-alert-crpf/ HTTP/1.1" 200 12026 "http://www.freejobalerts.guru/" "Mozilla/5.0 (Windows NT 10.0; WOW64) AppleWebKit/537.36 (KHTML, like Gecko) Chrome/114.0.0.0 Safari/537.36 Vivaldi/5.3.2679.68"
171.241.161.151 - - [20/Feb/2025:00:20:35 +0530] "GET /sbi-clerk-prelims-admit-card-2025-out-at-sbi-co-in/ HTTP/1.1" 200 13070 "http://www.freejobalerts.guru/" "Mozilla/5.0 (Windows NT 10.0; WOW64) AppleWebKit/537.36 (KHTML, like Gecko) Chrome/114.0.0.0 Safari/537.36 Vivaldi/5.3.2679.68"
171.241.161.151 - - [20/Feb/2025:00:20:40 +0530] "GET /feed/ HTTP/1.1" 200 32222 "http://www.freejobalerts.guru/" "Mozilla/5.0 (Windows NT 10.0; WOW64) AppleWebKit/537.36 (KHTML, like Gecko) Chrome/114.0.0.0 Safari/537.36 Vivaldi/5.3.2679.68"
171.241.161.151 - - [20/Feb/2025:00:20:54 +0530] "GET /free-job-alert-all-india-govt-job-alert-2025/ HTTP/1.1" 200 21766 "http://www.freejobalerts.guru/" "Mozilla/5.0 (Windows NT 10.0; WOW64) AppleWebKit/537.36 (KHTML, like Gecko) Chrome/114.0.0.0 Safari/537.36 Vivaldi/5.3.2679.68"
171.241.161.151 - - [20/Feb/2025:00:20:31 +0530] "GET /?s= HTTP/1.1" 200 12660 "http://www.freejobalerts.guru/" "Mozilla/5.0 (Windows NT 10.0; WOW64) AppleWebKit/537.36 (KHTML, like Gecko) Chrome/114.0.0.0 Safari/537.36 Vivaldi/5.3.2679.68"
171.241.161.151 - - [20/Feb/2025:00:20:36 +0530] "GET /comments/feed/ HTTP/1.1" 200 471 "http://www.freejobalerts.guru/" "Mozilla/5.0 (Windows NT 10.0; WOW64) AppleWebKit/537.36 (KHTML, like Gecko) Chrome/114.0.0.0 Safari/537.36 Vivaldi/5.3.2679.68"
171.241.161.151 - - [20/Feb/2025:00:20:28 +0530] "GET / HTTP/1.1" 200 12751 "http://www.freejobalerts.guru/" "Mozilla/5.0 (Windows NT 10.0; WOW64) AppleWebKit/537.36 (KHTML, like Gecko) Chrome/114.0.0.0 Safari/537.36 Vivaldi/5.3.2679.68"
171.241.161.151 - - [20/Feb/2025:00:20:57 +0530] "GET /author/admin/ HTTP/1.1" 200 12961 "http://www.freejobalerts.guru/" "Mozilla/5.0 (Windows NT 10.0; WOW64) AppleWebKit/537.36 (KHTML, like Gecko) Chrome/114.0.0.0 Safari/537.36 Vivaldi/5.3.2679.68"
171.241.161.151 - - [20/Feb/2025:00:21:28 +0530] "GET /tag/free-job-alert-odisha/ HTTP/1.1" 200 11488 "http://www.freejobalerts.guru/" "Mozilla/5.0 (Windows NT 10.0; WOW64) AppleWebKit/537.36 (KHTML, like Gecko) Chrome/114.0.0.0 Safari/537.36 Vivaldi/5.3.2679.68"
171.241.161.151 - - [20/Feb/2025:00:20:50 +0530] "GET /punjab-and-sind-bank-lbo-recruitment-2025-apply-online-for-110-posts/ HTTP/1.1" 200 16503 "http://www.freejobalerts.guru/" "Mozilla/5.0 (Windows NT 10.0; WOW64) AppleWebKit/537.36 (KHTML, like Gecko) Chrome/114.0.0.0 Safari/537.36 Vivaldi/5.3.2679.68"
171.241.161.151 - - [20/Feb/2025:00:20:59 +0530] "GET /tag/offline-free-job-alert/ HTTP/1.1" 200 12020 "http://www.freejobalerts.guru/" "Mozilla/5.0 (Windows NT 10.0; WOW64) AppleWebKit/537.36 (KHTML, like Gecko) Chrome/114.0.0.0 Safari/537.36 Vivaldi/5.3.2679.68"
171.241.161.151 - - [20/Feb/2025:00:21:12 +0530] "GET /tag/free-job-alert-rajasthan/ HTTP/1.1" 200 11540 "http://www.freejobalerts.guru/" "Mozilla/5.0 (Windows NT 10.0; WOW64) AppleWebKit/537.36 (KHTML, like Gecko) Chrome/114.0.0.0 Safari/537.36 Vivaldi/5.3.2679.68"
171.241.161.151 - - [20/Feb/2025:00:21:00 +0530] "GET /category/freegovtjobalert/ HTTP/1.1" 200 11534 "http://www.freejobalerts.guru/" "Mozilla/5.0 (Windows NT 10.0; WOW64) AppleWebKit/537.36 (KHTML, like Gecko) Chrome/114.0.0.0 Safari/537.36 Vivaldi/5.3.2679.68"
171.241.161.151 - - [20/Feb/2025:00:21:10 +0530] "GET /category/freejobalert/ HTTP/1.1" 200 11533 "http://www.freejobalerts.guru/" "Mozilla/5.0 (Windows NT 10.0; WOW64) AppleWebKit/537.36 (KHTML, like Gecko) Chrome/114.0.0.0 Safari/537.36 Vivaldi/5.3.2679.68"
171.241.161.151 - - [20/Feb/2025:00:20:38 +0530] "GET /category/bank-job/ HTTP/1.1" 200 11308 "http://www.freejobalerts.guru/" "Mozilla/5.0 (Windows NT 10.0; WOW64) AppleWebKit/537.36 (KHTML, like Gecko) Chrome/114.0.0.0 Safari/537.36 Vivaldi/5.3.2679.68"
171.241.161.151 - - [20/Feb/2025:00:21:04 +0530] "GET /tag/odisha-govt-job/ HTTP/1.1" 200 11497 "http://www.freejobalerts.guru/" "Mozilla/5.0 (Windows NT 10.0; WOW64) AppleWebKit/537.36 (KHTML, like Gecko) Chrome/114.0.0.0 Safari/537.36 Vivaldi/5.3.2679.68"
171.241.161.151 - - [20/Feb/2025:00:21:21 +0530] "GET /tag/free-job-alert-punjab/ HTTP/1.1" 200 11488 "http://www.freejobalerts.guru/" "Mozilla/5.0 (Windows NT 10.0; WOW64) AppleWebKit/537.36 (KHTML, like Gecko) Chrome/114.0.0.0 Safari/537.36 Vivaldi/5.3.2679.68"
162.55.100.32 - - [20/Feb/2025:00:19:38 +0530] "POST /wp-cron.php?doing_wp_cron=1739990978.8071830272674560546875 HTTP/1.1" 200 0 "-" "WordPress/6.7.2; https://www.freejobalerts.guru"
171.241.161.151 - - [20/Feb/2025:00:20:42 +0530] "GET /sbi-clerk-2025-prelims-call-letter-out-notification-14191-vacancies/ HTTP/1.1" 200 26001 "http://www.freejobalerts.guru/" "Mozilla/5.0 (Windows NT 10.0; WOW64) AppleWebKit/537.36 (KHTML, like Gecko) Chrome/114.0.0.0 Safari/537.36 Vivaldi/5.3.2679.68"
162.55.100.32 - - [20/Feb/2025:00:21:23 +0530] "POST /wp-cron.php?doing_wp_cron=1739991083.6515710353851318359375 HTTP/1.1" 200 0 "-" "WordPress/6.7.2; https://www.freejobalerts.guru"
95.111.244.79 - - [20/Feb/2025:00:26:15 +0530] "GET /.env HTTP/1.1" 301 0 "-" "Mozilla/5.0 (iPhone; CPU iPhone OS 12_1_2 like Mac OS X) AppleWebKit/605.1.15 (KHTML, like Gecko) Version/12.0 Mobile/15E148 Safari/604.1"
162.55.100.32 - - [20/Feb/2025:00:26:16 +0530] "POST /wp-cron.php?doing_wp_cron=1739991376.3208229541778564453125 HTTP/1.1" 200 0 "-" "WordPress/6.7.2; https://www.freejobalerts.guru"
162.55.100.32 - - [20/Feb/2025:00:35:46 +0530] "POST /wp-cron.php?doing_wp_cron=1739991945.3798570632934570312500 HTTP/1.1" 200 0 "-" "WordPress/6.7.2; https://www.freejobalerts.guru"
2a06:98c0:3600::103 - - [20/Feb/2025:00:30:34 +0530] "GET /wordpress/wp-admin/setup-config.php HTTP/1.1" 404 9362 "-" "Mozilla/5.0 (Windows NT 10.0; Win64; x64) AppleWebKit/537.36 (KHTML, like Gecko) Chrome/133.0.0.0 Safari/537.36"
162.55.100.32 - - [20/Feb/2025:00:40:36 +0530] "POST /wp-cron.php?doing_wp_cron=1739992236.0047199726104736328125 HTTP/1.1" 200 0 "-" "WordPress/6.7.2; https://www.freejobalerts.guru"
162.55.100.32 - - [20/Feb/2025:00:30:33 +0530] "POST /wp-cron.php?doing_wp_cron=1739991633.7860639095306396484375 HTTP/1.1" 200 0 "-" "WordPress/6.7.2; https://www.freejobalerts.guru"
87.250.224.44 - - [20/Feb/2025:00:35:44 +0530] "GET /tag/free-job-alert-rajasthan/ HTTP/1.1" 200 12730 "-" "Mozilla/5.0 (compatible; YandexBot/3.0; +http://yandex.com/bots)"
5.255.231.94 - - [20/Feb/2025:00:40:35 +0530] "GET /?p=75 HTTP/1.1" 301 0 "-" "Mozilla/5.0 (compatible; YandexBot/3.0; +http://yandex.com/bots)"
162.55.100.32 - - [20/Feb/2025:00:29:27 +0530] "POST /wp-cron.php?doing_wp_cron=1739991566.9320399761199951171875 HTTP/1.1" 200 0 "-" "WordPress/6.7.2; https://www.freejobalerts.guru"
2a06:98c0:3600::103 - - [20/Feb/2025:00:31:53 +0530] "GET /wp-admin/setup-config.php HTTP/1.1" 409 1041 "-" "Mozilla/5.0 (Windows NT 10.0; Win64; x64) AppleWebKit/537.36 (KHTML, like Gecko) Chrome/133.0.0.0 Safari/537.36"
2a06:98c0:3600::103 - - [20/Feb/2025:00:30:31 +0530] "GET /wordpress/wp-admin/setup-config.php HTTP/1.1" 301 0 "-" "Mozilla/5.0 (Windows NT 10.0; Win64; x64) AppleWebKit/537.36 (KHTML, like Gecko) Chrome/133.0.0.0 Safari/537.36"
43.157.95.239 - - [20/Feb/2025:00:29:26 +0530] "GET /sbi-clerk-prelims-admit-card-2025-out-at-sbi-co-in/ HTTP/1.1" 200 14581 "-" "Mozilla/5.0 (iPhone; CPU iPhone OS 13_2_3 like Mac OS X) AppleWebKit/605.1.15 (KHTML, like Gecko) Version/13.0.3 Mobile/15E148 Safari/604.1"
95.108.213.219 - - [20/Feb/2025:00:40:37 +0530] "GET /sbi-clerk-prelims-admit-card-2025-out-at-sbi-co-in/ HTTP/1.1" 200 14581 "-" "Mozilla/5.0 (compatible; YandexBot/3.0; +http://yandex.com/bots)"
5.255.231.111 - - [20/Feb/2025:01:13:36 +0530] "GET /tag/free-job-alert-rajasthan/ HTTP/1.1" 200 12730 "-" "Mozilla/5.0 (compatible; YandexBot/3.0; +http://yandex.com/bots)"
162.55.100.32 - - [20/Feb/2025:01:02:48 +0530] "POST /wp-cron.php?doing_wp_cron=1739993567.9377059936523437500000 HTTP/1.1" 200 0 "-" "WordPress/6.7.2; https://www.freejobalerts.guru"
95.108.213.239 - - [20/Feb/2025:01:02:51 +0530] "GET /sbi-clerk-prelims-admit-card-2025-out-at-sbi-co-in/ HTTP/1.1" 200 14581 "-" "Mozilla/5.0 (compatible; YandexBot/3.0; +http://yandex.com/bots)"
162.55.100.32 - - [20/Feb/2025:01:03:29 +0530] "POST /wp-cron.php?doing_wp_cron=1739993609.3890419006347656250000 HTTP/1.1" 200 0 "-" "WordPress/6.7.2; https://www.freejobalerts.guru"
213.180.203.240 - - [20/Feb/2025:01:03:08 +0530] "GET /tag/free-job-alert-punjab/ HTTP/1.1" 200 12727 "-" "Mozilla/5.0 (compatible; YandexBot/3.0; +http://yandex.com/bots)"
2a06:98c0:3600::103 - - [20/Feb/2025:00:56:36 +0530] "GET /wordpress/wp-admin/setup-config.php HTTP/1.1" 301 0 "-" "Mozilla/5.0 (Windows NT 10.0; Win64; x64) AppleWebKit/537.36 (KHTML, like Gecko) Chrome/133.0.0.0 Safari/537.36"
162.55.100.32 - - [20/Feb/2025:00:51:39 +0530] "POST /wp-cron.php?doing_wp_cron=1739992899.5893828868865966796875 HTTP/1.1" 200 0 "-" "WordPress/6.7.2; https://www.freejobalerts.guru"
2a06:98c0:3600::103 - - [20/Feb/2025:00:56:49 +0530] "GET /wp-admin/setup-config.php HTTP/1.1" 409 1041 "-" "Mozilla/5.0 (Windows NT 10.0; Win64; x64) AppleWebKit/537.36 (KHTML, like Gecko) Chrome/133.0.0.0 Safari/537.36"
213.180.203.56 - - [20/Feb/2025:01:02:46 +0530] "GET /?p=75 HTTP/1.1" 301 0 "-" "Mozilla/5.0 (compatible; YandexBot/3.0; +http://yandex.com/bots)"
95.108.213.227 - - [20/Feb/2025:00:51:34 +0530] "GET /tag/free-job-alert-odisha/ HTTP/1.1" 200 12725 "-" "Mozilla/5.0 (compatible; YandexBot/3.0; +http://yandex.com/bots)"
2a06:98c0:3600::103 - - [20/Feb/2025:00:56:37 +0530] "GET /wordpress/wp-admin/setup-config.php HTTP/1.1" 404 9362 "-" "Mozilla/5.0 (Windows NT 10.0; Win64; x64) AppleWebKit/537.36 (KHTML, like Gecko) Chrome/133.0.0.0 Safari/537.36"
5.255.231.175 - - [20/Feb/2025:01:23:14 +0530] "GET /tag/free-job-alert-bihar/ HTTP/1.1" 200 13346 "-" "Mozilla/5.0 (compatible; YandexBot/3.0; +http://yandex.com/bots)"
162.55.100.32 - - [20/Feb/2025:01:23:19 +0530] "POST /wp-cron.php?doing_wp_cron=1739994798.1322820186614990234375 HTTP/1.1" 200 0 "-" "WordPress/6.7.2; https://www.freejobalerts.guru"
5.255.231.28 - - [20/Feb/2025:01:21:29 +0530] "GET /sbi-clerk-prelims-admit-card-2025-out-at-sbi-co-in/ HTTP/1.1" 200 14581 "-" "Mozilla/5.0 (compatible; YandexBot/3.0; +http://yandex.com/bots)"
2a06:98c0:3600::103 - - [20/Feb/2025:01:21:11 +0530] "GET /wordpress/wp-admin/setup-config.php HTTP/1.1" 301 0 "-" "Mozilla/5.0 (Windows NT 10.0; Win64; x64) AppleWebKit/537.36 (KHTML, like Gecko) Chrome/133.0.0.0 Safari/537.36"
87.250.224.8 - - [20/Feb/2025:01:21:25 +0530] "GET /?p=75 HTTP/1.1" 301 0 "-" "Mozilla/5.0 (compatible; YandexBot/3.0; +http://yandex.com/bots)"
213.180.203.21 - - [20/Feb/2025:01:41:38 +0530] "GET /tag/free-job-alert-crpf/ HTTP/1.1" 200 13362 "-" "Mozilla/5.0 (compatible; YandexBot/3.0; +http://yandex.com/bots)"
142.54.186.42 - - [20/Feb/2025:01:29:06 +0530] "GET /.git/config HTTP/2" 403 1242 "-" "PycURL/7.45.4 libcurl/8.11.1-DEV OpenSSL/3.4.0 zlib/1.2.11 libssh2/1.11.1_DEV nghttp2/1.64.0"
162.55.100.32 - - [20/Feb/2025:01:41:39 +0530] "POST /wp-cron.php?doing_wp_cron=1739995899.7772789001464843750000 HTTP/1.1" 200 0 "-" "WordPress/6.7.2; https://www.freejobalerts.guru"
2a06:98c0:3600::103 - - [20/Feb/2025:01:46:04 +0530] "GET /wordpress/wp-admin/setup-config.php HTTP/1.1" 301 0 "-" "Mozilla/5.0 (Windows NT 10.0; Win64; x64) AppleWebKit/537.36 (KHTML, like Gecko) Chrome/133.0.0.0 Safari/537.36"
95.108.213.227 - - [20/Feb/2025:01:42:13 +0530] "GET /tag/odisha-govt-job/ HTTP/1.1" 200 12715 "-" "Mozilla/5.0 (compatible; YandexBot/3.0; +http://yandex.com/bots)"
5.255.231.150 - - [20/Feb/2025:01:42:13 +0530] "GET /tag/offline-free-job-alert/ HTTP/1.1" 200 13390 "-" "Mozilla/5.0 (compatible; YandexBot/3.0; +http://yandex.com/bots)"
162.55.100.32 - - [20/Feb/2025:01:44:04 +0530] "POST /wp-cron.php?doing_wp_cron=1739996044.4663341045379638671875 HTTP/1.1" 200 0 "-" "WordPress/6.7.2; https://www.freejobalerts.guru"
213.180.203.17 - - [20/Feb/2025:01:42:15 +0530] "GET /author/admin/ HTTP/1.1" 200 14444 "-" "Mozilla/5.0 (compatible; YandexBot/3.0; +http://yandex.com/bots)"
142.54.186.42 - - [20/Feb/2025:01:46:44 +0530] "GET /.git/config HTTP/2" 403 1242 "-" "PycURL/7.45.4 libcurl/8.11.1-DEV OpenSSL/3.4.0 zlib/1.2.11 libssh2/1.11.1_DEV nghttp2/1.64.0"
213.180.203.240 - - [20/Feb/2025:01:43:59 +0530] "GET /?p=75 HTTP/1.1" 301 0 "-" "Mozilla/5.0 (compatible; YandexBot/3.0; +http://yandex.com/bots)"
5.255.231.111 - - [20/Feb/2025:01:44:07 +0530] "GET /sbi-clerk-prelims-admit-card-2025-out-at-sbi-co-in/ HTTP/1.1" 200 14581 "-" "Mozilla/5.0 (compatible; YandexBot/3.0; +http://yandex.com/bots)"
87.250.224.44 - - [20/Feb/2025:01:42:12 +0530] "GET /tag/free-job-alert-rajasthan/ HTTP/1.1" 200 12791 "-" "Mozilla/5.0 (compatible; YandexBot/3.0; +http://yandex.com/bots)"
213.180.203.56 - - [20/Feb/2025:01:42:14 +0530] "GET /tag/free-job-alert-bihar/ HTTP/1.1" 200 13364 "-" "Mozilla/5.0 (compatible; YandexBot/3.0; +http://yandex.com/bots)"
162.55.100.32 - - [20/Feb/2025:01:46:08 +0530] "POST /wp-cron.php?doing_wp_cron=1739996168.3357799053192138671875 HTTP/1.1" 200 0 "-" "WordPress/6.7.2; https://www.freejobalerts.guru"
5.255.231.94 - - [20/Feb/2025:01:42:12 +0530] "GET /tag/free-job-alert-punjab/ HTTP/1.1" 200 12786 "-" "Mozilla/5.0 (compatible; YandexBot/3.0; +http://yandex.com/bots)"
95.108.213.219 - - [20/Feb/2025:01:42:13 +0530] "GET /tag/free-job-alert-odisha/ HTTP/1.1" 200 12783 "-" "Mozilla/5.0 (compatible; YandexBot/3.0; +http://yandex.com/bots)"
5.255.231.44 - - [20/Feb/2025:01:42:15 +0530] "GET /wp-json/wp/v2/tags/12 HTTP/1.1" 200 315 "-" "Mozilla/5.0 (compatible; YandexBot/3.0; +http://yandex.com/bots)"
95.108.213.239 - - [20/Feb/2025:01:42:15 +0530] "GET /tag/free-job-alert-crpf/feed/ HTTP/1.1" 200 15770 "-" "Mozilla/5.0 (compatible; YandexBot/3.0; +http://yandex.com/bots)"
142.54.186.42 - - [20/Feb/2025:01:43:09 +0530] "GET /.git/config HTTP/2" 403 1242 "-" "PycURL/7.45.4 libcurl/8.11.1-DEV OpenSSL/3.4.0 zlib/1.2.11 libssh2/1.11.1_DEV nghttp2/1.64.0"
