45.148.10.35 - - [20/Feb/2025:01:50:34 +0530] "GET //www.freejobalerts.guru/wp-content/plugins/contact-form-7/includes/swv/js/index.js HTTP/1.1" 301 0 "-" "Mozilla/5.0 (Windows NT 10.0; Win64; x64) AppleWebKit/537.36 (KHTML, like Gecko) Chrome/66.0.3359.170 Safari/537.36"
45.148.10.35 - - [20/Feb/2025:01:50:34 +0530] "GET //www.freejobalerts.guru/wp-content/themes/generatepress/assets/js/classList.min.js HTTP/1.1" 301 0 "-" "Mozilla/5.0 (Windows NT 6.1; Win64; x64) AppleWebKit/537.36 (KHTML, like Gecko) Chrome/66.0.3359.170 Safari/537.36"
45.148.10.35 - - [20/Feb/2025:01:50:38 +0530] "GET //www.freejobalerts.guru/wp-content/themes/generatepress/assets/js/menu.min.js HTTP/1.1" 301 0 "-" "Mozilla/5.0 (Macintosh; Intel Mac OS X 10_12_6) AppleWebKit/537.36 (KHTML, like Gecko) Chrome/69.0.3497.100 Safari/537.36"
162.55.100.32 - - [20/Feb/2025:01:51:25 +0530] "POST /wp-cron.php?doing_wp_cron=1739996485.5155179500579833984375 HTTP/1.1" 200 0 "-" "WordPress/6.7.2; https://www.freejobalerts.guru"
45.148.10.35 - - [20/Feb/2025:01:52:16 +0530] "GET //www.freejobalerts.guru/wp-includes/js/dist/hooks.min.js HTTP/1.1" 301 0 "-" "Mozilla/5.0 (Linux; Android 5.0.1; SCH-R970 Build/LRX22C) AppleWebKit/537.36 (KHTML, like Gecko) Chrome/45.0.2454.84 Mobile Safari/537.36"
45.148.10.35 - - [20/Feb/2025:01:52:16 +0530] "GET /wp-emoji-release.min.js HTTP/1.1" 404 9470 "-" "Mozilla/5.0 (Linux; Android 9; ONEPLUS 6) AppleWebKit/537.36 (KHTML, like Gecko) Chrome/76.0.3809.89 Mobile Safari/537.36"
162.55.100.32 - - [20/Feb/2025:02:12:14 +0530] "POST /wp-cron.php?doing_wp_cron=1739997734.1384530067443847656250 HTTP/1.1" 200 0 "-" "WordPress/6.7.2; https://www.freejobalerts.guru"
45.148.10.35 - - [20/Feb/2025:01:50:01 +0530] "GET //www.freejobalerts.guru/wp-content/plugins/contact-form-7/includes/swv/js/index.js HTTP/1.1" 301 0 "-" "Mozilla/5.0 (iPhone; U; CPU iPhone OS 2_0 like Mac OS X; en-us) AppleWebKit/525.18.1 (KHTML, like Gecko) Version/3.1.1 Mobile/5A347 Safari/525.200"
45.148.10.35 - - [20/Feb/2025:01:50:33 +0530] "GET //www.freejobalerts.guru/wp-includes/js/dist/hooks.min.js HTTP/1.1" 301 0 "-" "Mozilla/5.0 (Macintosh; U; PPC Mac OS X; en) AppleWebKit/418.8 (KHTML, like Gecko) Safari/419.3"
45.148.10.35 - - [20/Feb/2025:01:51:24 +0530] "GET //www.freejobalerts.guru/wp-includes/js/imagesloaded.min.js HTTP/1.1" 301 0 "-" "Mozilla/5.0 (iPod; U; CPU iPhone OS 3_1_1 like Mac OS X; en-us) AppleWebKit/528.18 (KHTML, like Gecko) Mobile/7C145"
45.148.10.35 - - [20/Feb/2025:01:51:24 +0530] "GET //www.freejobalerts.guru/wp-content/plugins/contact-form-7/includes/js/index.js HTTP/1.1" 301 0 "-" "Mozilla/5.0 (Macintosh; Intel Mac OS X 10_10_1) AppleWebKit/537.36 (KHTML, like Gecko) Chrome/41.0.2227.1 Safari/537.36"
45.148.10.35 - - [20/Feb/2025:01:51:24 +0530] "GET //www.freejobalerts.guru/wp-content/themes/generatepress/assets/js/menu.min.js HTTP/1.1" 301 0 "-" "Mozilla/5.0 (Macintosh; Intel Mac OS X 10_13_6) AppleWebKit/605.1.15 (KHTML, like Gecko) Version/12.1.2 Safari/605.1.15"
45.148.10.35 - - [20/Feb/2025:01:51:24 +0530] "GET //www.freejobalerts.guru/wp-content/themes/generatepress/assets/js/classList.min.js HTTP/1.1" 301 0 "-" "Mozilla/5.0 (Windows NT 10.0; Win64; x64) AppleWebKit/537.36 (KHTML, like Gecko) Chrome/73.0.3683.103 Safari/537.36 OPR/60.0.3255.83"
45.148.10.35 - - [20/Feb/2025:01:51:25 +0530] "GET /wp-emoji-release.min.js HTTP/1.1" 404 9470 "-" "Mozilla/5.0 (X11; Linux x86_64) AppleWebKit/537.36 (KHTML, like Gecko) Chrome/73.0.3683.103 Safari/537.36 OPR/60.0.3255.170"
45.148.10.35 - - [20/Feb/2025:01:52:17 +0530] "GET //www.freejobalerts.guru/wp-content/plugins/gp-premium/blog/functions/js/scripts.min.js HTTP/1.1" 301 0 "-" "Mozilla/5.0 (Linux; Android 5.1; Neffos C5 Max) AppleWebKit/537.36 (KHTML, like Gecko) Chrome/76.0.3809.111 Mobile Safari/537.36"
45.148.10.35 - - [20/Feb/2025:01:52:17 +0530] "GET //www.freejobalerts.guru/wp-content/plugins/contact-form-7/includes/js/index.js HTTP/1.1" 301 0 "-" "Mozilla/5.0 (Windows NT 10.0; WOW64) AppleWebKit/537.36 (KHTML, like Gecko) Chrome/76.0.3809.100 Safari/537.36"
118.193.43.247 - - [20/Feb/2025:01:54:44 +0530] "GET / HTTP/1.1" 301 0 "https://freejobalerts.guru/" "Mozilla/5.0 (Linux; Android 11; vivo 1906; wv) AppleWebKit/537.36 (KHTML, like Gecko) Version/4.0 Chrome/87.0.4280.141 Mobile Safari/537.36 VivoBrowser/8.9.0.0 uni-app Html5Plus/1.0"
5.255.231.28 - - [20/Feb/2025:01:54:58 +0530] "GET /wp-content/uploads/2025/02/image-4-300x165.jpeg HTTP/1.1" 200 14330 "-" "Mozilla/5.0 (compatible; YandexImages/3.0; +http://yandex.com/bots)"
5.255.231.175 - - [20/Feb/2025:01:54:58 +0530] "GET /wp-json/wp/v2/categories/5 HTTP/1.1" 200 309 "-" "Mozilla/5.0 (compatible; YandexBot/3.0; +http://yandex.com/bots)"
87.250.224.44 - - [20/Feb/2025:02:14:09 +0530] "GET /author/admin/ HTTP/1.1" 200 14460 "-" "Mozilla/5.0 (compatible; YandexBot/3.0; +http://yandex.com/bots)"
45.148.10.35 - - [20/Feb/2025:01:51:24 +0530] "GET //www.freejobalerts.guru/wp-includes/js/dist/i18n.min.js HTTP/1.1" 301 0 "-" "Mozilla/5.0 (Windows NT 10.0; Win64; x64) AppleWebKit/537.36 (KHTML, like Gecko) Chrome/68.0.3440.75 Safari/537.36"
45.148.10.35 - - [20/Feb/2025:01:52:16 +0530] "GET //www.freejobalerts.guru/wp-content/plugins/contact-form-7/includes/swv/js/index.js HTTP/1.1" 301 0 "-" "Mozilla/5.0 (Macintosh; Intel Mac OS X 10_14_5) AppleWebKit/537.36 (KHTML, like Gecko) Chrome/74.0.3729.131 Safari/537.36"
45.148.10.35 - - [20/Feb/2025:01:52:16 +0530] "GET //www.freejobalerts.guru/xmlrpc.php HTTP/1.1" 301 0 "-" "Mozilla/5.0 (Macintosh; Intel Mac OS X 10_14_6) AppleWebKit/537.36 (KHTML, like Gecko) Chrome/75.0.3770.142 Safari/537.36"
213.180.203.21 - - [20/Feb/2025:01:54:59 +0530] "GET /tag/offline-free-job-alert/ HTTP/1.1" 200 13390 "-" "Mozilla/5.0 (compatible; YandexBot/3.0; +http://yandex.com/bots)"
45.148.10.35 - - [20/Feb/2025:01:49:42 +0530] "GET / HTTP/1.1" 200 11217 "-" "Mozilla/5.0 (Windows NT 6.0) AppleWebKit/535.2 (KHTML, like Gecko) Chrome/15.0.874.120 Safari/535.2"
45.148.10.35 - - [20/Feb/2025:01:50:01 +0530] "GET //www.freejobalerts.guru/wp-content/plugins/gp-premium/blog/functions/js/scripts.min.js HTTP/1.1" 301 0 "-" "UCWEB/8.8 (SymbianOS/9.2; U; en-US; NokiaE63) AppleWebKit/534.1 UCBrowser/8.8.0.245 Mobile"
45.148.10.35 - - [20/Feb/2025:01:50:01 +0530] "GET //www.freejobalerts.guru/xmlrpc.php HTTP/1.1" 301 0 "-" "Mozilla/5.0 (Windows; U; Windows NT 6.0; en-US) AppleWebKit/533.1 (KHTML, like Gecko) Maxthon/3.0.8.2 Safari/533.1"
45.148.10.35 - - [20/Feb/2025:01:50:03 +0530] "GET //www.freejobalerts.guru/wp-includes/js/imagesloaded.min.js HTTP/1.1" 301 0 "-" "Mozilla/5.0 (Windows NT 6.1; WOW64; rv:6.0a2) Gecko/20110622 Firefox/6.0a2"
45.148.10.35 - - [20/Feb/2025:01:52:16 +0530] "GET //www.freejobalerts.guru/wp-content/themes/generatepress/assets/js/menu.min.js HTTP/1.1" 301 0 "-" "Opera/9.80 (Windows NT 6.1; WOW64) Presto/2.12.388 Version/12.16"
45.148.10.35 - - [20/Feb/2025:01:52:16 +0530] "GET //www.freejobalerts.guru/wp-includes/js/imagesloaded.min.js HTTP/1.1" 301 0 "-" "Mozilla/4.0 (compatible; MSIE 6.0; Windows CE; IEMobile 7.11) Sprint:PPC6800"
87.250.224.8 - - [20/Feb/2025:01:54:58 +0530] "GET /tag/free-job-alert-bihar/ HTTP/1.1" 200 13364 "-" "Mozilla/5.0 (compatible; YandexBot/3.0; +http://yandex.com/bots)"
2a06:98c0:3600::103 - - [20/Feb/2025:02:12:09 +0530] "GET /wordpress/wp-admin/setup-config.php HTTP/1.1" 301 0 "-" "Mozilla/5.0 (Windows NT 10.0; Win64; x64) AppleWebKit/537.36 (KHTML, like Gecko) Chrome/133.0.0.0 Safari/537.36"
45.148.10.35 - - [20/Feb/2025:01:50:02 +0530] "GET //www.freejobalerts.guru/wp-content/themes/generatepress/assets/js/classList.min.js HTTP/1.1" 301 0 "-" "Mozilla/5.0 (Linux; Android 6.0.1; SM-J700F) AppleWebKit/537.36 (KHTML, like Gecko) Chrome/75.0.3770.143 Mobile Safari/537.36"
45.148.10.35 - - [20/Feb/2025:01:50:36 +0530] "GET //www.freejobalerts.guru/wp-includes/js/masonry.min.js HTTP/1.1" 301 0 "-" "Mozilla/5.0 (iPhone; CPU iPhone OS 12_1_4 like Mac OS X) AppleWebKit/605.1.15 (KHTML, like Gecko) Mobile/16D57"
45.148.10.35 - - [20/Feb/2025:01:50:36 +0530] "GET //www.freejobalerts.guru/wp-includes/js/dist/i18n.min.js HTTP/1.1" 301 0 "-" "Mozilla/5.0 (Linux; Android 9; SM-M205FN) AppleWebKit/537.36 (KHTML, like Gecko) Chrome/76.0.3809.111 Mobile Safari/537.36"
45.148.10.35 - - [20/Feb/2025:01:50:36 +0530] "GET //www.freejobalerts.guru/xmlrpc.php HTTP/1.1" 301 0 "-" "Konqueror/3.0-rc4; (Konqueror/3.0-rc4; i686 Linux;;datecode)"
45.148.10.35 - - [20/Feb/2025:01:51:24 +0530] "GET //www.freejobalerts.guru/wp-content/plugins/contact-form-7/includes/swv/js/index.js HTTP/1.1" 301 0 "-" "Mozilla/5.0 (Macintosh; Intel Mac OS X 10_14_4) AppleWebKit/537.36 (KHTML, like Gecko) Chrome/72.0.3626.121 Safari/537.36"
45.148.10.35 - - [20/Feb/2025:01:51:24 +0530] "GET //www.freejobalerts.guru/wp-includes/js/dist/hooks.min.js HTTP/1.1" 301 0 "-" "Mozilla/5.0 (Linux; Android 9; Redmi K20 Pro Build/PKQ1.181121.001; wv) AppleWebKit/537.36 (KHTML, like Gecko) Version/4.0 Chrome/66.0.3359.126 MQQBrowser/6.2 TBS/044807 Mobile Safari/537.36 MMWEBID/4406 MicroMessenger/7.0.6.1460(0x27000634) Process/tools NetType/WIFI Language/zh_CN"
45.148.10.35 - - [20/Feb/2025:01:51:26 +0530] "GET //www.freejobalerts.guru/wp-content/plugins/gp-premium/blog/functions/js/scripts.min.js HTTP/1.1" 301 0 "-" "Mozilla/5.0 (X11; U; Linux x86_64; en-US) AppleWebKit/534.7 (KHTML, like Gecko) Chrome/7.0.514.0 Safari/534.7"
45.148.10.35 - - [20/Feb/2025:01:50:05 +0530] "GET //www.freejobalerts.guru/wp-content/themes/generatepress/assets/js/menu.min.js HTTP/1.1" 301 0 "-" "Mozilla/5.0 (X11; Linux x86_64) AppleWebKit/537.36 (KHTML, like Gecko) Chrome/33.0.1750.166 Safari/537.36 OPR/20.0.1396.73172"
45.148.10.35 - - [20/Feb/2025:01:50:34 +0530] "GET //www.freejobalerts.guru/wp-content/plugins/contact-form-7/includes/js/index.js HTTP/1.1" 301 0 "-" "Mozilla/5.0 (Windows NT 6.1; Win64; x64) AppleWebKit/537.36 (KHTML, like Gecko) Chrome/77.0.3835.0 Safari/537.36"
45.148.10.35 - - [20/Feb/2025:01:50:34 +0530] "GET //www.freejobalerts.guru/wp-includes/js/imagesloaded.min.js HTTP/1.1" 301 0 "-" "Mozilla/5.0 (Windows NT 10.0; Win64; x64) AppleWebKit/537.36 (KHTML, like Gecko) Chrome/78.0.3890.0 Safari/537.36"
45.148.10.35 - - [20/Feb/2025:01:51:24 +0530] "GET //www.freejobalerts.guru/xmlrpc.php HTTP/1.1" 301 0 "-" "Mozilla/5.0 (X11; Linux x86_64) AppleWebKit/537.36 (KHTML, like Gecko) Chrome/70.0.3538.77 Safari/537.36"
45.148.10.35 - - [20/Feb/2025:01:52:19 +0530] "GET //www.freejobalerts.guru/wp-content/themes/generatepress/assets/js/classList.min.js HTTP/1.1" 301 0 "-" "Mozilla/5.0 (Macintosh; Intel Mac OS X 10_10_5) AppleWebKit/537.36 (KHTML, like Gecko) Chrome/73.0.3683.103 Safari/537.36"
162.55.100.32 - - [20/Feb/2025:01:49:43 +0530] "POST /wp-cron.php?doing_wp_cron=1739996383.2371590137481689453125 HTTP/1.1" 200 0 "-" "WordPress/6.7.2; https://www.freejobalerts.guru"
45.148.10.35 - - [20/Feb/2025:01:50:02 +0530] "GET //www.freejobalerts.guru/wp-includes/js/masonry.min.js HTTP/1.1" 301 0 "-" "Mozilla/4.0 (compatible; Linux 2.6.22) NetFront/3.4 Kindle/2.0 (screen 600x800)"
45.148.10.35 - - [20/Feb/2025:01:50:03 +0530] "GET //www.freejobalerts.guru/wp-includes/js/dist/i18n.min.js HTTP/1.1" 301 0 "-" "Mozilla/5.0 (Windows NT 6.1; Win64; x64) AppleWebKit/537.36 (KHTML, like Gecko) Chrome/66.0.3359.170 Safari/537.36"
45.148.10.35 - - [20/Feb/2025:01:50:03 +0530] "GET /wp-emoji-release.min.js HTTP/1.1" 404 9470 "-" "Mozilla/5.0 (Macintosh; Intel Mac OS X 10_14_6) AppleWebKit/537.36 (KHTML, like Gecko) Chrome/76.0.3809.87 Safari/537.36"
162.55.100.32 - - [20/Feb/2025:01:50:35 +0530] "POST /wp-cron.php?doing_wp_cron=1739996434.8952169418334960937500 HTTP/1.1" 200 0 "-" "WordPress/6.7.2; https://www.freejobalerts.guru"
45.148.10.35 - - [20/Feb/2025:01:50:33 +0530] "GET /wp-emoji-release.min.js HTTP/1.1" 404 9475 "-" "Mozilla/4.0 (compatible; MSIE 7.0; Windows NT 5.1; Avant Browser; Avant Browser; .NET CLR 1.0.3705; .NET CLR 1.1.4322; Media Center PC 4.0; .NET CLR 2.0.50727; .NET CLR 3.0.04506.30)"
45.148.10.35 - - [20/Feb/2025:01:51:24 +0530] "GET //www.freejobalerts.guru/wp-includes/js/masonry.min.js HTTP/1.1" 301 0 "-" "Mozilla/5.0 (Windows NT 6.2; ARM; Trident/7.0; Touch; rv:11.0; WPDesktop; NOKIA; Lumia 635) like Gecko"
118.193.43.247 - - [20/Feb/2025:01:54:47 +0530] "GET / HTTP/1.1" 200 14267 "https://freejobalerts.guru/" "Mozilla/5.0 (Linux; Android 11; vivo 1906; wv) AppleWebKit/537.36 (KHTML, like Gecko) Version/4.0 Chrome/87.0.4280.141 Mobile Safari/537.36 VivoBrowser/8.9.0.0 uni-app Html5Plus/1.0"
5.255.231.150 - - [20/Feb/2025:01:55:01 +0530] "GET /author/admin/ HTTP/1.1" 200 14458 "-" "Mozilla/5.0 (compatible; YandexBot/3.0; +http://yandex.com/bots)"
213.180.203.17 - - [20/Feb/2025:01:55:01 +0530] "GET /category/latest-jobs/feed/ HTTP/1.1" 200 26153 "-" "Mozilla/5.0 (compatible; YandexBot/3.0; +http://yandex.com/bots)"
2a06:98c0:3600::103 - - [20/Feb/2025:02:12:04 +0530] "GET /wp-admin/setup-config.php HTTP/1.1" 409 1041 "-" "Mozilla/5.0 (Windows NT 10.0; Win64; x64) AppleWebKit/537.36 (KHTML, like Gecko) Chrome/133.0.0.0 Safari/537.36"
162.55.100.32 - - [20/Feb/2025:02:14:15 +0530] "POST /wp-cron.php?doing_wp_cron=1739997855.0318601131439208984375 HTTP/1.1" 200 0 "-" "WordPress/6.7.2; https://www.freejobalerts.guru"
45.148.10.35 - - [20/Feb/2025:01:50:01 +0530] "GET //www.freejobalerts.guru/wp-includes/js/dist/hooks.min.js HTTP/1.1" 301 0 "-" "Mozilla/5.0 (Windows NT 6.1; Win64; x64) AppleWebKit/537.36 (KHTML, like Gecko) Chrome/72.0.3626.119 Safari/537.36"
45.148.10.35 - - [20/Feb/2025:01:50:03 +0530] "GET //www.freejobalerts.guru/wp-content/plugins/contact-form-7/includes/js/index.js HTTP/1.1" 301 0 "-" "Mozilla/5.0 (Linux; U; Android 1.6; en-us; SonyEricssonX10i Build/R1AA056) AppleWebKit/528.5 (KHTML, like Gecko) Version/3.1.2 Mobile Safari/525.20.1"
45.148.10.35 - - [20/Feb/2025:01:50:35 +0530] "GET //www.freejobalerts.guru/wp-content/plugins/gp-premium/blog/functions/js/scripts.min.js HTTP/1.1" 301 0 "-" "Mozilla/5.0 (Windows NT 10.0; WOW64) AppleWebKit/537.36 (KHTML, like Gecko) Chrome/70.0.3538.25 Safari/537.36 Core/1.70.3704.400 QQBrowser/10.4.3587.400"
45.148.10.35 - - [20/Feb/2025:01:52:17 +0530] "GET //www.freejobalerts.guru/wp-includes/js/dist/i18n.min.js HTTP/1.1" 301 0 "-" "Mozilla/5.0 (X11; Linux x86_64) AppleWebKit/537.36 (KHTML, like Gecko) Chrome/70.0.3538.102 YaBrowser/18.11.1.715 (beta) Yowser/2.5 Safari/537.36"
45.148.10.35 - - [20/Feb/2025:01:52:17 +0530] "GET //www.freejobalerts.guru/wp-includes/js/masonry.min.js HTTP/1.1" 301 0 "-" "Mozilla/5.0 (X11; U; Linux i686; en-US; rv:1.9.1.2) Gecko/20090803 Ubuntu/9.04 (jaunty) Shiretoko/3.5.2"
5.255.231.44 - - [20/Feb/2025:01:54:59 +0530] "GET /tag/free-job-alert-crpf/ HTTP/1.1" 200 13371 "-" "Mozilla/5.0 (compatible; YandexBot/3.0; +http://yandex.com/bots)"