152.56.68.162 - - [19/Feb/2025:08:50:58 +0530] "POST /wp-json/wp/v2/media?_embed=wp%3Afeaturedmedia&_locale=user HTTP/1.1" 403 81 "https://www.freejobalerts.guru/wp-admin/post-new.php" "Mozilla/5.0 (Windows NT 10.0; Win64; x64) AppleWebKit/537.36 (KHTML, like Gecko) Chrome/133.0.0.0 Safari/537.36"
152.56.68.162 - - [19/Feb/2025:08:50:59 +0530] "GET /wp-admin/admin-ajax.php?action=rest-nonce HTTP/1.1" 400 5 "https://www.freejobalerts.guru/wp-admin/post-new.php" "Mozilla/5.0 (Windows NT 10.0; Win64; x64) AppleWebKit/537.36 (KHTML, like Gecko) Chrome/133.0.0.0 Safari/537.36"
152.56.68.162 - - [19/Feb/2025:08:50:59 +0530] "GET /wp-admin/admin-ajax.php?action=rest-nonce HTTP/1.1" 400 5 "https://www.freejobalerts.guru/wp-admin/post-new.php" "Mozilla/5.0 (Windows NT 10.0; Win64; x64) AppleWebKit/537.36 (KHTML, like Gecko) Chrome/133.0.0.0 Safari/537.36"
152.56.68.162 - - [19/Feb/2025:08:51:00 +0530] "GET /wp-admin/admin-ajax.php?action=rest-nonce HTTP/1.1" 400 5 "https://www.freejobalerts.guru/wp-admin/post-new.php" "Mozilla/5.0 (Windows NT 10.0; Win64; x64) AppleWebKit/537.36 (KHTML, like Gecko) Chrome/133.0.0.0 Safari/537.36"
152.56.68.162 - - [19/Feb/2025:08:51:02 +0530] "GET /wp-admin/admin-ajax.php?action=rest-nonce HTTP/1.1" 400 5 "https://www.freejobalerts.guru/wp-admin/post-new.php" "Mozilla/5.0 (Windows NT 10.0; Win64; x64) AppleWebKit/537.36 (KHTML, like Gecko) Chrome/133.0.0.0 Safari/537.36"
152.56.68.162 - - [19/Feb/2025:08:51:03 +0530] "POST /wp-json/wp/v2/posts/64?_locale=user HTTP/1.1" 403 81 "https://www.freejobalerts.guru/wp-admin/post-new.php" "Mozilla/5.0 (Windows NT 10.0; Win64; x64) AppleWebKit/537.36 (KHTML, like Gecko) Chrome/133.0.0.0 Safari/537.36"
152.56.68.162 - - [19/Feb/2025:08:51:03 +0530] "POST /wp-json/rankmath/v1/updateMeta?_locale=user HTTP/1.1" 403 81 "https://www.freejobalerts.guru/wp-admin/post-new.php" "Mozilla/5.0 (Windows NT 10.0; Win64; x64) AppleWebKit/537.36 (KHTML, like Gecko) Chrome/133.0.0.0 Safari/537.36"
152.56.68.162 - - [19/Feb/2025:08:51:03 +0530] "GET /wp-admin/admin-ajax.php?action=rest-nonce HTTP/1.1" 400 5 "https://www.freejobalerts.guru/wp-admin/post-new.php" "Mozilla/5.0 (Windows NT 10.0; Win64; x64) AppleWebKit/537.36 (KHTML, like Gecko) Chrome/133.0.0.0 Safari/537.36"
152.56.68.162 - - [19/Feb/2025:08:51:04 +0530] "POST /wp-json/rankmath/v1/updateMeta?_locale=user HTTP/1.1" 403 81 "https://www.freejobalerts.guru/wp-admin/post-new.php" "Mozilla/5.0 (Windows NT 10.0; Win64; x64) AppleWebKit/537.36 (KHTML, like Gecko) Chrome/133.0.0.0 Safari/537.36"
152.56.68.162 - - [19/Feb/2025:08:51:05 +0530] "POST /wp-admin/admin-ajax.php HTTP/1.1" 200 50 "https://www.freejobalerts.guru/wp-admin/post-new.php" "Mozilla/5.0 (Windows NT 10.0; Win64; x64) AppleWebKit/537.36 (KHTML, like Gecko) Chrome/133.0.0.0 Safari/537.36"
152.56.68.162 - - [19/Feb/2025:08:51:05 +0530] "GET /wp-admin/admin-ajax.php?action=rest-nonce HTTP/1.1" 400 5 "https://www.freejobalerts.guru/wp-admin/post-new.php" "Mozilla/5.0 (Windows NT 10.0; Win64; x64) AppleWebKit/537.36 (KHTML, like Gecko) Chrome/133.0.0.0 Safari/537.36"
152.56.68.162 - - [19/Feb/2025:08:51:08 +0530] "POST /wp-json/rankmath/v1/updateMeta?_locale=user HTTP/1.1" 403 81 "https://www.freejobalerts.guru/wp-admin/post-new.php" "Mozilla/5.0 (Windows NT 10.0; Win64; x64) AppleWebKit/537.36 (KHTML, like Gecko) Chrome/133.0.0.0 Safari/537.36"
152.56.68.162 - - [19/Feb/2025:08:51:10 +0530] "POST /wp-json/wp/v2/posts/64/autosaves?_locale=user HTTP/1.1" 403 81 "https://www.freejobalerts.guru/wp-admin/post-new.php" "Mozilla/5.0 (Windows NT 10.0; Win64; x64) AppleWebKit/537.36 (KHTML, like Gecko) Chrome/133.0.0.0 Safari/537.36"
152.56.68.162 - - [19/Feb/2025:08:51:10 +0530] "GET /wp-admin/admin-ajax.php?action=rest-nonce HTTP/1.1" 400 5 "https://www.freejobalerts.guru/wp-admin/post-new.php" "Mozilla/5.0 (Windows NT 10.0; Win64; x64) AppleWebKit/537.36 (KHTML, like Gecko) Chrome/133.0.0.0 Safari/537.36"
152.56.68.162 - - [19/Feb/2025:08:51:11 +0530] "POST /wp-admin/admin-ajax.php HTTP/1.1" 400 5 "https://www.freejobalerts.guru/wp-admin/post-new.php" "Mozilla/5.0 (Windows NT 10.0; Win64; x64) AppleWebKit/537.36 (KHTML, like Gecko) Chrome/133.0.0.0 Safari/537.36"
152.56.68.162 - - [19/Feb/2025:08:51:12 +0530] "GET /wp-admin/admin-ajax.php?action=rest-nonce HTTP/1.1" 400 5 "https://www.freejobalerts.guru/wp-admin/post-new.php" "Mozilla/5.0 (Windows NT 10.0; Win64; x64) AppleWebKit/537.36 (KHTML, like Gecko) Chrome/133.0.0.0 Safari/537.36"
152.56.68.162 - - [19/Feb/2025:08:51:13 +0530] "GET /wp-admin/admin-ajax.php?action=rest-nonce HTTP/1.1" 400 5 "https://www.freejobalerts.guru/wp-admin/post-new.php" "Mozilla/5.0 (Windows NT 10.0; Win64; x64) AppleWebKit/537.36 (KHTML, like Gecko) Chrome/133.0.0.0 Safari/537.36"
152.56.68.162 - - [19/Feb/2025:08:51:15 +0530] "GET /wp-admin/admin-ajax.php?action=rest-nonce HTTP/1.1" 400 5 "https://www.freejobalerts.guru/wp-admin/post-new.php" "Mozilla/5.0 (Windows NT 10.0; Win64; x64) AppleWebKit/537.36 (KHTML, like Gecko) Chrome/133.0.0.0 Safari/537.36"
152.56.68.162 - - [19/Feb/2025:08:51:15 +0530] "POST /wp-admin/admin-ajax.php HTTP/1.1" 200 50 "https://www.freejobalerts.guru/wp-admin/post-new.php" "Mozilla/5.0 (Windows NT 10.0; Win64; x64) AppleWebKit/537.36 (KHTML, like Gecko) Chrome/133.0.0.0 Safari/537.36"
2a06:98c0:3600::103 - - [19/Feb/2025:07:51:21 +0530] "GET /wordpress/wp-admin/setup-config.php HTTP/1.1" 301 0 "-" "Mozilla/5.0 (Windows NT 10.0; Win64; x64) AppleWebKit/537.36 (KHTML, like Gecko) Chrome/133.0.0.0 Safari/537.36"
45.148.10.86 - - [19/Feb/2025:08:07:11 +0530] "GET /.git/config HTTP/1.1" 403 1242 "-" "Links (2.1pre15; FreeBSD 5.3-RELEASE i386; 196x84)"
15.204.182.106 - - [19/Feb/2025:08:10:26 +0530] "GET / HTTP/1.1" 200 13256 "-" "Mozilla/5.0 (Windows NT 10.0; Win64; x64) AppleWebKit/537.36 (KHTML, like Gecko) Chrome/131.0.0.0 Safari/537.36"
2a06:98c0:3600::103 - - [19/Feb/2025:08:17:39 +0530] "GET /wp-admin/setup-config.php HTTP/1.1" 409 1041 "-" "Mozilla/5.0 (Windows NT 10.0; Win64; x64) AppleWebKit/537.36 (KHTML, like Gecko) Chrome/133.0.0.0 Safari/537.36"
138.94.216.19 - - [19/Feb/2025:08:39:38 +0530] "GET /wp-content/uploads/2025/02/sd-sdsdfs.png HTTP/1.1" 200 25553 "-" "Mozilla/5.0 (Windows NT 10.0; Win64; x64) AppleWebKit/537.36 (KHTML, like Gecko) Chrome/108.0.0.0 Safari/537.36"
2a06:98c0:3600::103 - - [19/Feb/2025:08:40:48 +0530] "GET /wordpress/wp-admin/setup-config.php HTTP/1.1" 404 9342 "-" "Mozilla/5.0 (Windows NT 10.0; Win64; x64) AppleWebKit/537.36 (KHTML, like Gecko) Chrome/133.0.0.0 Safari/537.36"
162.55.100.32 - - [19/Feb/2025:08:48:03 +0530] "POST /wp-cron.php?doing_wp_cron=1739935083.1340429782867431640625 HTTP/1.1" 200 0 "-" "WordPress/6.7.2; https://www.freejobalerts.guru"
152.56.68.162 - - [19/Feb/2025:08:53:25 +0530] "GET /sapp-wp-signon.php?pass=qkxonqh4qegsmyidvmohkcszjmzmmyqn HTTP/1.1" 302 0 "https://server596.iseencloud.net:2083/" "Mozilla/5.0 (Windows NT 10.0; Win64; x64) AppleWebKit/537.36 (KHTML, like Gecko) Chrome/133.0.0.0 Safari/537.36"
152.56.68.162 - - [19/Feb/2025:08:53:26 +0530] "GET /sapp-wp-signon.php?pass=qkxonqh4qegsmyidvmohkcszjmzmmyqn&FLUSH_CACHE=1 HTTP/1.1" 302 0 "https://server596.iseencloud.net:2083/" "Mozilla/5.0 (Windows NT 10.0; Win64; x64) AppleWebKit/537.36 (KHTML, like Gecko) Chrome/133.0.0.0 Safari/537.36"
152.56.68.162 - - [19/Feb/2025:08:53:27 +0530] "GET /wp-admin/ HTTP/1.1" 200 20481 "https://server596.iseencloud.net:2083/" "Mozilla/5.0 (Windows NT 10.0; Win64; x64) AppleWebKit/537.36 (KHTML, like Gecko) Chrome/133.0.0.0 Safari/537.36"
152.56.68.162 - - [19/Feb/2025:08:53:30 +0530] "POST /wp-admin/admin-ajax.php HTTP/1.1" 200 405 "https://www.freejobalerts.guru/wp-admin/" "Mozilla/5.0 (Windows NT 10.0; Win64; x64) AppleWebKit/537.36 (KHTML, like Gecko) Chrome/133.0.0.0 Safari/537.36"
152.56.68.162 - - [19/Feb/2025:08:53:30 +0530] "GET /wp-json/rankmath/v1/dashboardWidget HTTP/1.1" 200 602 "https://www.freejobalerts.guru/wp-admin/" "Mozilla/5.0 (Windows NT 10.0; Win64; x64) AppleWebKit/537.36 (KHTML, like Gecko) Chrome/133.0.0.0 Safari/537.36"
152.56.68.162 - - [19/Feb/2025:08:53:30 +0530] "GET /wp-admin/admin-ajax.php?action=dashboard-widgets&widget=dashboard_primary&pagenow=dashboard HTTP/1.1" 200 357 "https://www.freejobalerts.guru/wp-admin/" "Mozilla/5.0 (Windows NT 10.0; Win64; x64) AppleWebKit/537.36 (KHTML, like Gecko) Chrome/133.0.0.0 Safari/537.36"
152.56.68.162 - - [19/Feb/2025:08:53:33 +0530] "GET /wp-admin/edit.php HTTP/1.1" 200 21605 "https://www.freejobalerts.guru/wp-admin/" "Mozilla/5.0 (Windows NT 10.0; Win64; x64) AppleWebKit/537.36 (KHTML, like Gecko) Chrome/133.0.0.0 Safari/537.36"
152.56.68.162 - - [19/Feb/2025:08:53:34 +0530] "GET /wp-content/plugins/seo-by-rank-math/assets/admin/css/post-list.css?ver=1.0.238 HTTP/1.1" 200 2054 "https://www.freejobalerts.guru/wp-admin/edit.php" "Mozilla/5.0 (Windows NT 10.0; Win64; x64) AppleWebKit/537.36 (KHTML, like Gecko) Chrome/133.0.0.0 Safari/537.36"
152.56.68.162 - - [19/Feb/2025:08:53:34 +0530] "GET /wp-admin/js/tags-suggest.min.js?ver=6.7.2 HTTP/1.1" 200 975 "https://www.freejobalerts.guru/wp-admin/edit.php" "Mozilla/5.0 (Windows NT 10.0; Win64; x64) AppleWebKit/537.36 (KHTML, like Gecko) Chrome/133.0.0.0 Safari/537.36"
152.56.68.162 - - [19/Feb/2025:08:53:34 +0530] "GET /wp-admin/js/inline-edit-post.min.js?ver=6.7.2 HTTP/1.1" 200 3129 "https://www.freejobalerts.guru/wp-admin/edit.php" "Mozilla/5.0 (Windows NT 10.0; Win64; x64) AppleWebKit/537.36 (KHTML, like Gecko) Chrome/133.0.0.0 Safari/537.36"
152.56.68.162 - - [19/Feb/2025:08:53:34 +0530] "GET /wp-content/plugins/contextual-related-posts/includes/admin/js/bulk-edit.min.js?ver=3.6.2 HTTP/1.1" 200 415 "https://www.freejobalerts.guru/wp-admin/edit.php" "Mozilla/5.0 (Windows NT 10.0; Win64; x64) AppleWebKit/537.36 (KHTML, like Gecko) Chrome/133.0.0.0 Safari/537.36"
152.56.68.162 - - [19/Feb/2025:08:53:34 +0530] "GET /wp-content/plugins/seo-by-rank-math/assets/admin/js/post-list.js?ver=1.0.238 HTTP/1.1" 200 5054 "https://www.freejobalerts.guru/wp-admin/edit.php" "Mozilla/5.0 (Windows NT 10.0; Win64; x64) AppleWebKit/537.36 (KHTML, like Gecko) Chrome/133.0.0.0 Safari/537.36"
152.56.68.162 - - [19/Feb/2025:08:53:34 +0530] "GET /wp-admin/load-styles.php?c=1&dir=ltr&load%5Bchunk_0%5D=dashicons,admin-bar,common,forms,admin-menu,dashboard,list-tables,edit,revisions,media,themes,about,nav-menus,wp-pointer,widgets&load%5Bchunk_1%5D=,site-icon,l10n,buttons,wp-auth-check,wp-components&ver=6.7.2 HTTP/1.1" 200 116511 "https://www.freejobalerts.guru/wp-admin/edit.php" "Mozilla/5.0 (Windows NT 10.0; Win64; x64) AppleWebKit/537.36 (KHTML, like Gecko) Chrome/133.0.0.0 Safari/537.36"
152.56.68.162 - - [19/Feb/2025:08:53:35 +0530] "POST /wp-admin/admin-ajax.php HTTP/1.1" 200 51 "https://www.freejobalerts.guru/wp-admin/edit.php" "Mozilla/5.0 (Windows NT 10.0; Win64; x64) AppleWebKit/537.36 (KHTML, like Gecko) Chrome/133.0.0.0 Safari/537.36"
152.56.68.162 - - [19/Feb/2025:08:53:38 +0530] "GET /wp-admin/post-new.php HTTP/1.1" 200 84733 "https://www.freejobalerts.guru/wp-admin/edit.php" "Mozilla/5.0 (Windows NT 10.0; Win64; x64) AppleWebKit/537.36 (KHTML, like Gecko) Chrome/133.0.0.0 Safari/537.36"
152.56.68.162 - - [19/Feb/2025:08:53:40 +0530] "GET /wp-content/plugins/seo-by-rank-math/assets/admin/css/blocks.css?ver=1.0.238 HTTP/1.1" 200 1281 "https://www.freejobalerts.guru/wp-admin/post-new.php" "Mozilla/5.0 (Windows NT 10.0; Win64; x64) AppleWebKit/537.36 (KHTML, like Gecko) Chrome/133.0.0.0 Safari/537.36"
152.56.68.162 - - [19/Feb/2025:08:53:40 +0530] "GET /wp-content/plugins/seo-by-rank-math/includes/modules/schema/blocks/howto/assets/css/howto.css?ver=6.7.2 HTTP/1.1" 200 588 "https://www.freejobalerts.guru/wp-admin/post-new.php" "Mozilla/5.0 (Windows NT 10.0; Win64; x64) AppleWebKit/537.36 (KHTML, like Gecko) Chrome/133.0.0.0 Safari/537.36"
152.56.68.162 - - [19/Feb/2025:08:53:39 +0530] "GET /wp-admin/load-styles.php?c=1&dir=ltr&load%5Bchunk_0%5D=dashicons,admin-bar,buttons,media-views,editor-buttons,wp-components,wp-preferences,wp-block-editor,wp-reusable-blocks,wp-patter&load%5Bchunk_1%5D=ns,wp-editor,common,forms,wp-reset-editor-styles,wp-block-library,wp-block-editor-content,wp-editor-classic-layout-styles,wp-edi&load%5Bchunk_2%5D=t-blocks,wp-commands,wp-edit-post,wp-block-directory,wp-format-library,admin-menu,dashboard,list-tables,edit,revisions,media,the&load%5Bchunk_3%5D=mes,about,nav-menus,wp-pointer,widgets,site-icon,l10n,wp-auth-check&ver=6.7.2 HTTP/1.1" 200 192491 "https://www.freejobalerts.guru/wp-admin/post-new.php" "Mozilla/5.0 (Windows NT 10.0; Win64; x64) AppleWebKit/537.36 (KHTML, like Gecko) Chrome/133.0.0.0 Safari/537.36"
152.56.68.162 - - [19/Feb/2025:08:53:40 +0530] "GET /wp-content/plugins/seo-by-rank-math/includes/modules/schema/blocks/toc/assets/css/toc.css?ver=6.7.2 HTTP/1.1" 200 327 "https://www.freejobalerts.guru/wp-admin/post-new.php" "Mozilla/5.0 (Windows NT 10.0; Win64; x64) AppleWebKit/537.36 (KHTML, like Gecko) Chrome/133.0.0.0 Safari/537.36"
152.56.68.162 - - [19/Feb/2025:08:53:40 +0530] "GET /wp-content/plugins/seo-by-rank-math/includes/modules/schema/blocks/toc/assets/css/toc_list_style.css?ver=6.7.2 HTTP/1.1" 200 105 "https://www.freejobalerts.guru/wp-admin/post-new.php" "Mozilla/5.0 (Windows NT 10.0; Win64; x64) AppleWebKit/537.36 (KHTML, like Gecko) Chrome/133.0.0.0 Safari/537.36"
152.56.68.162 - - [19/Feb/2025:08:53:40 +0530] "GET /wp-content/plugins/seo-by-rank-math/includes/modules/schema/blocks/schema/assets/css/schema.css?ver=6.7.2 HTTP/1.1" 200 723 "https://www.freejobalerts.guru/wp-admin/post-new.php" "Mozilla/5.0 (Windows NT 10.0; Win64; x64) AppleWebKit/537.36 (KHTML, like Gecko) Chrome/133.0.0.0 Safari/537.36"
152.56.68.162 - - [19/Feb/2025:08:53:40 +0530] "GET /wp-content/plugins/contextual-related-posts/includes/admin/css/admin-styles.min.css?ver=3.6.2 HTTP/1.1" 200 346 "https://www.freejobalerts.guru/wp-admin/post-new.php" "Mozilla/5.0 (Windows NT 10.0; Win64; x64) AppleWebKit/537.36 (KHTML, like Gecko) Chrome/133.0.0.0 Safari/537.36"
152.56.68.162 - - [19/Feb/2025:08:53:40 +0530] "GET /wp-content/plugins/seo-by-rank-math/assets/admin/css/gutenberg.css?ver=1.0.238 HTTP/1.1" 200 14673 "https://www.freejobalerts.guru/wp-admin/post-new.php" "Mozilla/5.0 (Windows NT 10.0; Win64; x64) AppleWebKit/537.36 (KHTML, like Gecko) Chrome/133.0.0.0 Safari/537.36"
152.56.68.162 - - [19/Feb/2025:08:53:40 +0530] "GET /wp-content/plugins/seo-by-rank-math/includes/modules/schema/assets/css/schema.css?ver=1.0.238 HTTP/1.1" 200 3494 "https://www.freejobalerts.guru/wp-admin/post-new.php" "Mozilla/5.0 (Windows NT 10.0; Win64; x64) AppleWebKit/537.36 (KHTML, like Gecko) Chrome/133.0.0.0 Safari/537.36"
152.56.68.162 - - [19/Feb/2025:08:53:40 +0530] "GET /wp-content/plugins/seo-by-rank-math/includes/modules/content-ai/assets/css/content-ai.css?ver=1.0.238 HTTP/1.1" 200 5204 "https://www.freejobalerts.guru/wp-admin/post-new.php" "Mozilla/5.0 (Windows NT 10.0; Win64; x64) AppleWebKit/537.36 (KHTML, like Gecko) Chrome/133.0.0.0 Safari/537.36"
152.56.68.162 - - [19/Feb/2025:08:53:40 +0530] "GET /wp-content/plugins/seo-by-rank-math/includes/modules/content-ai/assets/css/content-ai-page.css?ver=1.0.238 HTTP/1.1" 200 12960 "https://www.freejobalerts.guru/wp-admin/post-new.php" "Mozilla/5.0 (Windows NT 10.0; Win64; x64) AppleWebKit/537.36 (KHTML, like Gecko) Chrome/133.0.0.0 Safari/537.36"
152.56.68.162 - - [19/Feb/2025:08:53:41 +0530] "GET /wp-content/themes/generatepress/assets/css/admin/meta-box.css?ver=3.5.1 HTTP/1.1" 200 515 "https://www.freejobalerts.guru/wp-admin/post-new.php" "Mozilla/5.0 (Windows NT 10.0; Win64; x64) AppleWebKit/537.36 (KHTML, like Gecko) Chrome/133.0.0.0 Safari/537.36"
152.56.68.162 - - [19/Feb/2025:08:53:41 +0530] "GET /wp-content/plugins/seo-by-rank-math/vendor/cmb2/cmb2/css/cmb2.min.css?ver=6.7.2 HTTP/1.1" 200 5042 "https://www.freejobalerts.guru/wp-admin/post-new.php" "Mozilla/5.0 (Windows NT 10.0; Win64; x64) AppleWebKit/537.36 (KHTML, like Gecko) Chrome/133.0.0.0 Safari/537.36"
152.56.68.162 - - [19/Feb/2025:08:53:41 +0530] "GET /wp-admin/load-scripts.php?c=1&load%5Bchunk_0%5D=jquery-core,jquery-migrate,utils,wp-dom-ready,wp-hooks&ver=6.7.2 HTTP/1.1" 200 37725 "https://www.freejobalerts.guru/wp-admin/post-new.php" "Mozilla/5.0 (Windows NT 10.0; Win64; x64) AppleWebKit/537.36 (KHTML, like Gecko) Chrome/133.0.0.0 Safari/537.36"
152.56.68.162 - - [19/Feb/2025:08:53:41 +0530] "GET /wp-content/plugins/seo-by-rank-math/includes/modules/content-ai/blocks/command/assets/js/index.js?ver=1.0.238 HTTP/1.1" 200 1907 "https://www.freejobalerts.guru/wp-admin/post-new.php" "Mozilla/5.0 (Windows NT 10.0; Win64; x64) AppleWebKit/537.36 (KHTML, like Gecko) Chrome/133.0.0.0 Safari/537.36"
152.56.68.162 - - [19/Feb/2025:08:53:41 +0530] "GET /wp-content/plugins/seo-by-rank-math/includes/modules/schema/blocks/faq/assets/js/index.js?ver=6.7.2 HTTP/1.1" 200 4218 "https://www.freejobalerts.guru/wp-admin/post-new.php" "Mozilla/5.0 (Windows NT 10.0; Win64; x64) AppleWebKit/537.36 (KHTML, like Gecko) Chrome/133.0.0.0 Safari/537.36"
152.56.68.162 - - [19/Feb/2025:08:53:41 +0530] "GET /wp-includes/js/dist/reusable-blocks.min.js?ver=73735a77e4e5095733da HTTP/1.1" 200 2371 "https://www.freejobalerts.guru/wp-admin/post-new.php" "Mozilla/5.0 (Windows NT 10.0; Win64; x64) AppleWebKit/537.36 (KHTML, like Gecko) Chrome/133.0.0.0 Safari/537.36"
152.56.68.162 - - [19/Feb/2025:08:53:41 +0530] "GET /wp-content/plugins/seo-by-rank-math/includes/modules/schema/blocks/schema/assets/js/index.js?ver=6.7.2 HTTP/1.1" 200 2062 "https://www.freejobalerts.guru/wp-admin/post-new.php" "Mozilla/5.0 (Windows NT 10.0; Win64; x64) AppleWebKit/537.36 (KHTML, like Gecko) Chrome/133.0.0.0 Safari/537.36"
152.56.68.162 - - [19/Feb/2025:08:53:41 +0530] "GET /wp-admin/load-scripts.php?c=1&load%5Bchunk_0%5D=hoverIntent&ver=6.7.2 HTTP/1.1" 200 712 "https://www.freejobalerts.guru/wp-admin/post-new.php" "Mozilla/5.0 (Windows NT 10.0; Win64; x64) AppleWebKit/537.36 (KHTML, like Gecko) Chrome/133.0.0.0 Safari/537.36"
152.56.68.162 - - [19/Feb/2025:08:53:41 +0530] "GET /wp-content/plugins/seo-by-rank-math/includes/modules/schema/blocks/howto/assets/js/index.js?ver=6.7.2 HTTP/1.1" 200 4487 "https://www.freejobalerts.guru/wp-admin/post-new.php" "Mozilla/5.0 (Windows NT 10.0; Win64; x64) AppleWebKit/537.36 (KHTML, like Gecko) Chrome/133.0.0.0 Safari/537.36"
152.56.68.162 - - [19/Feb/2025:08:53:41 +0530] "GET /wp-content/plugins/seo-by-rank-math/includes/modules/schema/blocks/toc/assets/js/index.js?ver=1.0.238 HTTP/1.1" 200 4370 "https://www.freejobalerts.guru/wp-admin/post-new.php" "Mozilla/5.0 (Windows NT 10.0; Win64; x64) AppleWebKit/537.36 (KHTML, like Gecko) Chrome/133.0.0.0 Safari/537.36"
152.56.68.162 - - [19/Feb/2025:08:53:41 +0530] "GET /wp-includes/js/dist/router.min.js?ver=e4887fecc16ef03e908f HTTP/1.1" 200 1864 "https://www.freejobalerts.guru/wp-admin/post-new.php" "Mozilla/5.0 (Windows NT 10.0; Win64; x64) AppleWebKit/537.36 (KHTML, like Gecko) Chrome/133.0.0.0 Safari/537.36"
152.56.68.162 - - [19/Feb/2025:08:53:41 +0530] "GET /wp-includes/js/dist/core-commands.min.js?ver=e398c3f43e502a9c4a8f HTTP/1.1" 200 2927 "https://www.freejobalerts.guru/wp-admin/post-new.php" "Mozilla/5.0 (Windows NT 10.0; Win64; x64) AppleWebKit/537.36 (KHTML, like Gecko) Chrome/133.0.0.0 Safari/537.36"
152.56.68.162 - - [19/Feb/2025:08:53:41 +0530] "GET /wp-content/plugins/contextual-related-posts/includes/admin/js/metabox.min.js?ver=3.6.2 HTTP/1.1" 200 844 "https://www.freejobalerts.guru/wp-admin/post-new.php" "Mozilla/5.0 (Windows NT 10.0; Win64; x64) AppleWebKit/537.36 (KHTML, like Gecko) Chrome/133.0.0.0 Safari/537.36"
152.56.68.162 - - [19/Feb/2025:08:53:41 +0530] "GET /wp-content/plugins/contextual-related-posts/includes/admin/settings/js/taxonomy-suggest.min.js?ver=3.6.2 HTTP/1.1" 200 589 "https://www.freejobalerts.guru/wp-admin/post-new.php" "Mozilla/5.0 (Windows NT 10.0; Win64; x64) AppleWebKit/537.36 (KHTML, like Gecko) Chrome/133.0.0.0 Safari/537.36"
152.56.68.162 - - [19/Feb/2025:08:53:41 +0530] "GET /wp-content/plugins/seo-by-rank-math/assets/admin/js/gutenberg-formats.js?ver=1.0.238 HTTP/1.1" 200 3731 "https://www.freejobalerts.guru/wp-admin/post-new.php" "Mozilla/5.0 (Windows NT 10.0; Win64; x64) AppleWebKit/537.36 (KHTML, like Gecko) Chrome/133.0.0.0 Safari/537.36"
152.56.68.162 - - [19/Feb/2025:08:53:41 +0530] "GET /wp-includes/js/dist/edit-post.min.js?ver=5a5c5b7ad8a2b07e5161 HTTP/1.1" 200 13193 "https://www.freejobalerts.guru/wp-admin/post-new.php" "Mozilla/5.0 (Windows NT 10.0; Win64; x64) AppleWebKit/537.36 (KHTML, like Gecko) Chrome/133.0.0.0 Safari/537.36"
152.56.68.162 - - [19/Feb/2025:08:53:41 +0530] "GET /wp-content/plugins/seo-by-rank-math/assets/admin/js/wplink.js?ver=1.0.238 HTTP/1.1" 200 4221 "https://www.freejobalerts.guru/wp-admin/post-new.php" "Mozilla/5.0 (Windows NT 10.0; Win64; x64) AppleWebKit/537.36 (KHTML, like Gecko) Chrome/133.0.0.0 Safari/537.36"
152.56.68.162 - - [19/Feb/2025:08:53:41 +0530] "GET /wp-content/plugins/seo-by-rank-math/assets/admin/js/analyzer.js?ver=1.0.238 HTTP/1.1" 200 84563 "https://www.freejobalerts.guru/wp-admin/post-new.php" "Mozilla/5.0 (Windows NT 10.0; Win64; x64) AppleWebKit/537.36 (KHTML, like Gecko) Chrome/133.0.0.0 Safari/537.36"
152.56.68.162 - - [19/Feb/2025:08:53:41 +0530] "GET /wp-content/plugins/seo-by-rank-math/assets/admin/js/rank-math-app.js?ver=1.0.238 HTTP/1.1" 200 42188 "https://www.freejobalerts.guru/wp-admin/post-new.php" "Mozilla/5.0 (Windows NT 10.0; Win64; x64) AppleWebKit/537.36 (KHTML, like Gecko) Chrome/133.0.0.0 Safari/537.36"
152.56.68.162 - - [19/Feb/2025:08:53:41 +0530] "GET /wp-content/plugins/seo-by-rank-math/assets/admin/js/gutenberg.js?ver=1.0.238 HTTP/1.1" 200 14575 "https://www.freejobalerts.guru/wp-admin/post-new.php" "Mozilla/5.0 (Windows NT 10.0; Win64; x64) AppleWebKit/537.36 (KHTML, like Gecko) Chrome/133.0.0.0 Safari/537.36"
152.56.68.162 - - [19/Feb/2025:08:53:42 +0530] "GET /wp-content/plugins/seo-by-rank-math/includes/modules/schema/assets/js/schema-gutenberg.js?ver=1.0.238 HTTP/1.1" 200 20785 "https://www.freejobalerts.guru/wp-admin/post-new.php" "Mozilla/5.0 (Windows NT 10.0; Win64; x64) AppleWebKit/537.36 (KHTML, like Gecko) Chrome/133.0.0.0 Safari/537.36"
152.56.68.162 - - [19/Feb/2025:08:53:42 +0530] "GET /wp-content/plugins/seo-by-rank-math/includes/modules/content-ai/assets/js/content-ai.js?ver=1.0.238 HTTP/1.1" 200 89071 "https://www.freejobalerts.guru/wp-admin/post-new.php" "Mozilla/5.0 (Windows NT 10.0; Win64; x64) AppleWebKit/537.36 (KHTML, like Gecko) Chrome/133.0.0.0 Safari/537.36"
152.56.68.162 - - [19/Feb/2025:08:53:43 +0530] "GET /wp-content/plugins/seo-by-rank-math/assets/admin/fonts/Rank-Math.ttf?v1.0.94 HTTP/1.1" 200 18496 "https://www.freejobalerts.guru/wp-content/plugins/seo-by-rank-math/assets/admin/css/common.css?ver=1.0.238" "Mozilla/5.0 (Windows NT 10.0; Win64; x64) AppleWebKit/537.36 (KHTML, like Gecko) Chrome/133.0.0.0 Safari/537.36"
152.56.68.162 - - [19/Feb/2025:08:53:43 +0530] "GET /wp-json/wp/v2/types?context=view&_locale=user HTTP/1.1" 200 778 "https://www.freejobalerts.guru/wp-admin/post-new.php" "Mozilla/5.0 (Windows NT 10.0; Win64; x64) AppleWebKit/537.36 (KHTML, like Gecko) Chrome/133.0.0.0 Safari/537.36"
152.56.68.162 - - [19/Feb/2025:08:53:43 +0530] "OPTIONS /wp-json/wp/v2/settings?_locale=user HTTP/1.1" 200 1087 "https://www.freejobalerts.guru/wp-admin/post-new.php" "Mozilla/5.0 (Windows NT 10.0; Win64; x64) AppleWebKit/537.36 (KHTML, like Gecko) Chrome/133.0.0.0 Safari/537.36"
152.56.68.162 - - [19/Feb/2025:08:53:43 +0530] "GET /wp-json/wp/v2/users?context=view&who=authors&per_page=50&_fields=id%2Cname&_locale=user HTTP/1.1" 200 42 "https://www.freejobalerts.guru/wp-admin/post-new.php" "Mozilla/5.0 (Windows NT 10.0; Win64; x64) AppleWebKit/537.36 (KHTML, like Gecko) Chrome/133.0.0.0 Safari/537.36"
152.56.68.162 - - [19/Feb/2025:08:53:43 +0530] "OPTIONS /wp-json/wp/v2/posts?_locale=user HTTP/1.1" 200 2658 "https://www.freejobalerts.guru/wp-admin/post-new.php" "Mozilla/5.0 (Windows NT 10.0; Win64; x64) AppleWebKit/537.36 (KHTML, like Gecko) Chrome/133.0.0.0 Safari/537.36"
152.56.68.162 - - [19/Feb/2025:08:53:43 +0530] "GET /wp-json/wp/v2/wp_pattern_category?context=view&per_page=100&_fields=id%2Cname%2Cdescription%2Cslug&_locale=user HTTP/1.1" 200 6 "https://www.freejobalerts.guru/wp-admin/post-new.php" "Mozilla/5.0 (Windows NT 10.0; Win64; x64) AppleWebKit/537.36 (KHTML, like Gecko) Chrome/133.0.0.0 Safari/537.36"
152.56.68.162 - - [19/Feb/2025:08:53:43 +0530] "GET /wp-json/wp/v2/taxonomies?context=edit&per_page=100&_locale=user HTTP/1.1" 200 1444 "https://www.freejobalerts.guru/wp-admin/post-new.php" "Mozilla/5.0 (Windows NT 10.0; Win64; x64) AppleWebKit/537.36 (KHTML, like Gecko) Chrome/133.0.0.0 Safari/537.36"
152.56.68.162 - - [19/Feb/2025:08:53:43 +0530] "GET /wp-json/wp/v2/block-patterns/categories?_locale=user HTTP/1.1" 200 614 "https://www.freejobalerts.guru/wp-admin/post-new.php" "Mozilla/5.0 (Windows NT 10.0; Win64; x64) AppleWebKit/537.36 (KHTML, like Gecko) Chrome/133.0.0.0 Safari/537.36"
152.56.68.162 - - [19/Feb/2025:08:53:43 +0530] "GET /wp-json/?_fields=description%2Cgmt_offset%2Chome%2Cname%2Csite_icon%2Csite_icon_url%2Csite_logo%2Ctimezone_string%2Curl&_locale=user HTTP/1.1" 200 356 "https://www.freejobalerts.guru/wp-admin/post-new.php" "Mozilla/5.0 (Windows NT 10.0; Win64; x64) AppleWebKit/537.36 (KHTML, like Gecko) Chrome/133.0.0.0 Safari/537.36"
152.56.68.162 - - [19/Feb/2025:08:53:44 +0530] "GET /wp-json/wp/v2/users/1?context=view&_fields=id%2Cname&_locale=user HTTP/1.1" 200 40 "https://www.freejobalerts.guru/wp-admin/post-new.php" "Mozilla/5.0 (Windows NT 10.0; Win64; x64) AppleWebKit/537.36 (KHTML, like Gecko) Chrome/133.0.0.0 Safari/537.36"
152.56.68.162 - - [19/Feb/2025:08:53:43 +0530] "GET /wp-json/wp/v2/blocks?context=edit&per_page=100&page=1&_locale=user HTTP/1.1" 200 6 "https://www.freejobalerts.guru/wp-admin/post-new.php" "Mozilla/5.0 (Windows NT 10.0; Win64; x64) AppleWebKit/537.36 (KHTML, like Gecko) Chrome/133.0.0.0 Safari/537.36"
152.56.68.162 - - [19/Feb/2025:08:53:44 +0530] "GET /wp-json/wp/v2/taxonomies/category?context=edit&_locale=user HTTP/1.1" 200 901 "https://www.freejobalerts.guru/wp-admin/post-new.php" "Mozilla/5.0 (Windows NT 10.0; Win64; x64) AppleWebKit/537.36 (KHTML, like Gecko) Chrome/133.0.0.0 Safari/537.36"
152.56.68.162 - - [19/Feb/2025:08:53:44 +0530] "GET /wp-json/wp/v2/categories?context=view&per_page=100&orderby=name&order=asc&_fields=id%2Cname%2Cparent&_locale=user HTTP/1.1" 200 89 "https://www.freejobalerts.guru/wp-admin/post-new.php" "Mozilla/5.0 (Windows NT 10.0; Win64; x64) AppleWebKit/537.36 (KHTML, like Gecko) Chrome/133.0.0.0 Safari/537.36"
152.56.68.162 - - [19/Feb/2025:08:53:44 +0530] "GET /wp-json/wp/v2/taxonomies/post_tag?context=edit&_locale=user HTTP/1.1" 200 864 "https://www.freejobalerts.guru/wp-admin/post-new.php" "Mozilla/5.0 (Windows NT 10.0; Win64; x64) AppleWebKit/537.36 (KHTML, like Gecko) Chrome/133.0.0.0 Safari/537.36"
152.56.68.162 - - [19/Feb/2025:08:53:44 +0530] "GET /wp-json/wp/v2/categories?per_page=100&orderby=count&order=desc&_fields=id%2Cname&_locale=user HTTP/1.1" 200 77 "https://www.freejobalerts.guru/wp-admin/post-new.php" "Mozilla/5.0 (Windows NT 10.0; Win64; x64) AppleWebKit/537.36 (KHTML, like Gecko) Chrome/133.0.0.0 Safari/537.36"
152.56.68.162 - - [19/Feb/2025:08:53:44 +0530] "GET /wp-json/wp/v2/tags?context=view&per_page=10&orderby=count&order=desc&hide_empty=true&_fields=id%2Cname%2Ccount&_locale=user HTTP/1.1" 200 138 "https://www.freejobalerts.guru/wp-admin/post-new.php" "Mozilla/5.0 (Windows NT 10.0; Win64; x64) AppleWebKit/537.36 (KHTML, like Gecko) Chrome/133.0.0.0 Safari/537.36"
152.56.68.162 - - [19/Feb/2025:08:53:45 +0530] "GET /wp-json/oembed/1.0/proxy?url=https%3A%2F%2Fyoutube.com%2Fwatch%3Fv%3DodbKFvyNYLE&_locale=user HTTP/1.1" 200 466 "https://www.freejobalerts.guru/wp-admin/post-new.php" "Mozilla/5.0 (Windows NT 10.0; Win64; x64) AppleWebKit/537.36 (KHTML, like Gecko) Chrome/133.0.0.0 Safari/537.36"
152.56.68.162 - - [19/Feb/2025:08:53:43 +0530] "GET /wp-json/wp/v2/block-patterns/patterns?_locale=user HTTP/1.1" 200 19595 "https://www.freejobalerts.guru/wp-admin/post-new.php" "Mozilla/5.0 (Windows NT 10.0; Win64; x64) AppleWebKit/537.36 (KHTML, like Gecko) Chrome/133.0.0.0 Safari/537.36"
152.56.68.162 - - [19/Feb/2025:08:53:45 +0530] "OPTIONS /wp-json/wp/v2/posts/?context=edit&_locale=user HTTP/1.1" 200 2656 "https://www.freejobalerts.guru/wp-admin/post-new.php" "Mozilla/5.0 (Windows NT 10.0; Win64; x64) AppleWebKit/537.36 (KHTML, like Gecko) Chrome/133.0.0.0 Safari/537.36"
152.56.68.162 - - [19/Feb/2025:08:53:45 +0530] "POST /wp-json/wp/v2/media?_embed=wp%3Afeaturedmedia&_locale=user HTTP/1.1" 201 1111 "https://www.freejobalerts.guru/wp-admin/post-new.php" "Mozilla/5.0 (Windows NT 10.0; Win64; x64) AppleWebKit/537.36 (KHTML, like Gecko) Chrome/133.0.0.0 Safari/537.36"
152.56.68.162 - - [19/Feb/2025:08:53:51 +0530] "GET /wp-content/uploads/2025/02/image-5-1024x563.jpeg HTTP/1.1" 200 68905 "https://www.freejobalerts.guru/wp-admin/post-new.php" "Mozilla/5.0 (Windows NT 10.0; Win64; x64) AppleWebKit/537.36 (KHTML, like Gecko) Chrome/133.0.0.0 Safari/537.36"
152.56.68.162 - - [19/Feb/2025:08:53:45 +0530] "POST /wp-json/wp/v2/media?_embed=wp%3Afeaturedmedia&_locale=user HTTP/1.1" 201 1114 "https://www.freejobalerts.guru/wp-admin/post-new.php" "Mozilla/5.0 (Windows NT 10.0; Win64; x64) AppleWebKit/537.36 (KHTML, like Gecko) Chrome/133.0.0.0 Safari/537.36"
152.56.68.162 - - [19/Feb/2025:08:53:45 +0530] "POST /wp-json/wp/v2/media?_embed=wp%3Afeaturedmedia&_locale=user HTTP/1.1" 201 1114 "https://www.freejobalerts.guru/wp-admin/post-new.php" "Mozilla/5.0 (Windows NT 10.0; Win64; x64) AppleWebKit/537.36 (KHTML, like Gecko) Chrome/133.0.0.0 Safari/537.36"
152.56.68.162 - - [19/Feb/2025:08:53:54 +0530] "GET /wp-json/wp/v2/categories?per_page=100&orderby=count&order=desc&_fields=id%2Cname&_locale=user HTTP/1.1" 200 77 "https://www.freejobalerts.guru/wp-admin/post-new.php" "Mozilla/5.0 (Windows NT 10.0; Win64; x64) AppleWebKit/537.36 (KHTML, like Gecko) Chrome/133.0.0.0 Safari/537.36"
152.56.68.162 - - [19/Feb/2025:08:53:53 +0530] "POST /wp-admin/admin-ajax.php HTTP/1.1" 200 80 "https://www.freejobalerts.guru/wp-admin/post-new.php" "Mozilla/5.0 (Windows NT 10.0; Win64; x64) AppleWebKit/537.36 (KHTML, like Gecko) Chrome/133.0.0.0 Safari/537.36"
152.56.68.162 - - [19/Feb/2025:08:54:03 +0530] "POST /wp-admin/admin-ajax.php HTTP/1.1" 200 79 "https://www.freejobalerts.guru/wp-admin/post-new.php" "Mozilla/5.0 (Windows NT 10.0; Win64; x64) AppleWebKit/537.36 (KHTML, like Gecko) Chrome/133.0.0.0 Safari/537.36"
152.56.68.162 - - [19/Feb/2025:08:54:13 +0530] "POST /wp-admin/admin-ajax.php HTTP/1.1" 200 79 "https://www.freejobalerts.guru/wp-admin/post-new.php" "Mozilla/5.0 (Windows NT 10.0; Win64; x64) AppleWebKit/537.36 (KHTML, like Gecko) Chrome/133.0.0.0 Safari/537.36"
152.56.68.162 - - [19/Feb/2025:08:54:40 +0530] "POST /wp-admin/admin-ajax.php HTTP/1.1" 200 79 "https://www.freejobalerts.guru/wp-admin/post-new.php" "Mozilla/5.0 (Windows NT 10.0; Win64; x64) AppleWebKit/537.36 (KHTML, like Gecko) Chrome/133.0.0.0 Safari/537.36"
152.56.68.162 - - [19/Feb/2025:08:54:43 +0530] "POST /wp-json/wp/v2/posts/66/autosaves?_locale=user HTTP/1.1" 200 9122 "https://www.freejobalerts.guru/wp-admin/post-new.php" "Mozilla/5.0 (Windows NT 10.0; Win64; x64) AppleWebKit/537.36 (KHTML, like Gecko) Chrome/133.0.0.0 Safari/537.36"
152.56.68.162 - - [19/Feb/2025:08:54:49 +0530] "POST /wp-admin/admin-ajax.php HTTP/1.1" 200 79 "https://www.freejobalerts.guru/wp-admin/post.php?post=66&action=edit" "Mozilla/5.0 (Windows NT 10.0; Win64; x64) AppleWebKit/537.36 (KHTML, like Gecko) Chrome/133.0.0.0 Safari/537.36"
152.56.68.162 - - [19/Feb/2025:08:55:00 +0530] "POST /wp-admin/admin-ajax.php HTTP/1.1" 200 79 "https://www.freejobalerts.guru/wp-admin/post.php?post=66&action=edit" "Mozilla/5.0 (Windows NT 10.0; Win64; x64) AppleWebKit/537.36 (KHTML, like Gecko) Chrome/133.0.0.0 Safari/537.36"
152.56.68.162 - - [19/Feb/2025:08:55:10 +0530] "POST /wp-admin/admin-ajax.php HTTP/1.1" 200 79 "https://www.freejobalerts.guru/wp-admin/post.php?post=66&action=edit" "Mozilla/5.0 (Windows NT 10.0; Win64; x64) AppleWebKit/537.36 (KHTML, like Gecko) Chrome/133.0.0.0 Safari/537.36"
152.56.68.162 - - [19/Feb/2025:08:55:21 +0530] "POST /wp-admin/admin-ajax.php HTTP/1.1" 200 79 "https://www.freejobalerts.guru/wp-admin/post.php?post=66&action=edit" "Mozilla/5.0 (Windows NT 10.0; Win64; x64) AppleWebKit/537.36 (KHTML, like Gecko) Chrome/133.0.0.0 Safari/537.36"
152.56.68.162 - - [19/Feb/2025:08:55:43 +0530] "POST /wp-json/wp/v2/posts/66/autosaves?_locale=user HTTP/1.1" 200 9829 "https://www.freejobalerts.guru/wp-admin/post.php?post=66&action=edit" "Mozilla/5.0 (Windows NT 10.0; Win64; x64) AppleWebKit/537.36 (KHTML, like Gecko) Chrome/133.0.0.0 Safari/537.36"
152.56.68.162 - - [19/Feb/2025:08:56:07 +0530] "POST /wp-admin/admin-ajax.php HTTP/1.1" 200 79 "https://www.freejobalerts.guru/wp-admin/post.php?post=66&action=edit" "Mozilla/5.0 (Windows NT 10.0; Win64; x64) AppleWebKit/537.36 (KHTML, like Gecko) Chrome/133.0.0.0 Safari/537.36"
152.56.68.162 - - [19/Feb/2025:08:56:17 +0530] "POST /wp-admin/admin-ajax.php HTTP/1.1" 200 79 "https://www.freejobalerts.guru/wp-admin/post.php?post=66&action=edit" "Mozilla/5.0 (Windows NT 10.0; Win64; x64) AppleWebKit/537.36 (KHTML, like Gecko) Chrome/133.0.0.0 Safari/537.36"
152.56.68.162 - - [19/Feb/2025:08:56:27 +0530] "POST /wp-admin/admin-ajax.php HTTP/1.1" 200 81 "https://www.freejobalerts.guru/wp-admin/post.php?post=66&action=edit" "Mozilla/5.0 (Windows NT 10.0; Win64; x64) AppleWebKit/537.36 (KHTML, like Gecko) Chrome/133.0.0.0 Safari/537.36"
152.56.68.162 - - [19/Feb/2025:08:56:37 +0530] "POST /wp-admin/admin-ajax.php HTTP/1.1" 200 79 "https://www.freejobalerts.guru/wp-admin/post.php?post=66&action=edit" "Mozilla/5.0 (Windows NT 10.0; Win64; x64) AppleWebKit/537.36 (KHTML, like Gecko) Chrome/133.0.0.0 Safari/537.36"
152.56.68.162 - - [19/Feb/2025:08:56:43 +0530] "POST /wp-json/wp/v2/posts/66/autosaves?_locale=user HTTP/1.1" 200 26166 "https://www.freejobalerts.guru/wp-admin/post.php?post=66&action=edit" "Mozilla/5.0 (Windows NT 10.0; Win64; x64) AppleWebKit/537.36 (KHTML, like Gecko) Chrome/133.0.0.0 Safari/537.36"
152.56.68.162 - - [19/Feb/2025:08:56:47 +0530] "POST /wp-admin/admin-ajax.php HTTP/1.1" 200 79 "https://www.freejobalerts.guru/wp-admin/post.php?post=66&action=edit" "Mozilla/5.0 (Windows NT 10.0; Win64; x64) AppleWebKit/537.36 (KHTML, like Gecko) Chrome/133.0.0.0 Safari/537.36"
152.56.68.162 - - [19/Feb/2025:08:56:57 +0530] "POST /wp-admin/admin-ajax.php HTTP/1.1" 200 79 "https://www.freejobalerts.guru/wp-admin/post.php?post=66&action=edit" "Mozilla/5.0 (Windows NT 10.0; Win64; x64) AppleWebKit/537.36 (KHTML, like Gecko) Chrome/133.0.0.0 Safari/537.36"
152.56.68.162 - - [19/Feb/2025:08:57:13 +0530] "POST /wp-admin/admin-ajax.php HTTP/1.1" 200 79 "https://www.freejobalerts.guru/wp-admin/post.php?post=66&action=edit" "Mozilla/5.0 (Windows NT 10.0; Win64; x64) AppleWebKit/537.36 (KHTML, like Gecko) Chrome/133.0.0.0 Safari/537.36"
162.55.100.32 - - [19/Feb/2025:08:57:23 +0530] "POST /wp-cron.php?doing_wp_cron=1739935643.6718249320983886718750 HTTP/1.1" 200 0 "-" "WordPress/6.7.2; https://www.freejobalerts.guru"
152.56.68.162 - - [19/Feb/2025:08:57:23 +0530] "POST /wp-admin/admin-ajax.php HTTP/1.1" 200 79 "https://www.freejobalerts.guru/wp-admin/post.php?post=66&action=edit" "Mozilla/5.0 (Windows NT 10.0; Win64; x64) AppleWebKit/537.36 (KHTML, like Gecko) Chrome/133.0.0.0 Safari/537.36"
152.56.68.162 - - [19/Feb/2025:08:57:33 +0530] "POST /wp-admin/admin-ajax.php HTTP/1.1" 200 79 "https://www.freejobalerts.guru/wp-admin/post.php?post=66&action=edit" "Mozilla/5.0 (Windows NT 10.0; Win64; x64) AppleWebKit/537.36 (KHTML, like Gecko) Chrome/133.0.0.0 Safari/537.36"
152.56.68.162 - - [19/Feb/2025:08:57:43 +0530] "POST /wp-admin/admin-ajax.php HTTP/1.1" 200 79 "https://www.freejobalerts.guru/wp-admin/post.php?post=66&action=edit" "Mozilla/5.0 (Windows NT 10.0; Win64; x64) AppleWebKit/537.36 (KHTML, like Gecko) Chrome/133.0.0.0 Safari/537.36"
152.56.68.162 - - [19/Feb/2025:08:57:43 +0530] "POST /wp-json/wp/v2/posts/66/autosaves?_locale=user HTTP/1.1" 200 25675 "https://www.freejobalerts.guru/wp-admin/post.php?post=66&action=edit" "Mozilla/5.0 (Windows NT 10.0; Win64; x64) AppleWebKit/537.36 (KHTML, like Gecko) Chrome/133.0.0.0 Safari/537.36"
20.105.137.134 - - [19/Feb/2025:08:02:37 +0530] "GET / HTTP/1.1" 200 9549 "https://freejobalerts.guru" "curl/8.6.0"
162.55.100.32 - - [19/Feb/2025:08:50:08 +0530] "POST /wp-cron.php?doing_wp_cron=1739935207.8050038814544677734375 HTTP/1.1" 200 0 "-" "WordPress/6.7.2; https://www.freejobalerts.guru"
162.55.100.32 - - [19/Feb/2025:08:50:52 +0530] "POST /wp-cron.php?doing_wp_cron=1739935252.2843239307403564453125 HTTP/1.1" 200 0 "-" "WordPress/6.7.2; https://www.freejobalerts.guru"
162.55.100.32 - - [19/Feb/2025:08:57:54 +0530] "POST /wp-cron.php?doing_wp_cron=1739935674.3837029933929443359375 HTTP/1.1" 200 0 "-" "WordPress/6.7.2; https://www.freejobalerts.guru"
152.56.68.162 - - [19/Feb/2025:08:46:08 +0530] "GET /wp-admin/js/user-profile.min.js?ver=6.7.2 HTTP/1.1" 200 2388 "https://www.freejobalerts.guru/wp-login.php?interim-login=1&wp_lang=en_US" "Mozilla/5.0 (Windows NT 10.0; Win64; x64) AppleWebKit/537.36 (KHTML, like Gecko) Chrome/133.0.0.0 Safari/537.36"
152.56.68.162 - - [19/Feb/2025:08:46:08 +0530] "GET /wp-admin/images/wordpress-logo.svg?ver=20131107 HTTP/1.1" 200 759 "https://www.freejobalerts.guru/wp-admin/css/login.min.css?ver=6.7.2" "Mozilla/5.0 (Windows NT 10.0; Win64; x64) AppleWebKit/537.36 (KHTML, like Gecko) Chrome/133.0.0.0 Safari/537.36"
152.56.68.162 - - [19/Feb/2025:08:46:09 +0530] "GET /wp-includes/js/zxcvbn.min.js HTTP/1.1" 200 389493 "https://www.freejobalerts.guru/wp-login.php?interim-login=1&wp_lang=en_US" "Mozilla/5.0 (Windows NT 10.0; Win64; x64) AppleWebKit/537.36 (KHTML, like Gecko) Chrome/133.0.0.0 Safari/537.36"
162.55.100.32 - - [19/Feb/2025:08:55:22 +0530] "POST /wp-cron.php?doing_wp_cron=1739935522.4374248981475830078125 HTTP/1.1" 200 0 "-" "WordPress/6.7.2; https://www.freejobalerts.guru"
162.55.100.32 - - [19/Feb/2025:08:58:23 +0530] "POST /wp-cron.php?doing_wp_cron=1739935703.5050449371337890625000 HTTP/1.1" 200 0 "-" "WordPress/6.7.2; https://www.freejobalerts.guru"
152.56.68.162 - - [19/Feb/2025:08:57:53 +0530] "POST /wp-admin/admin-ajax.php HTTP/1.1" 200 79 "https://www.freejobalerts.guru/wp-admin/post.php?post=66&action=edit" "Mozilla/5.0 (Windows NT 10.0; Win64; x64) AppleWebKit/537.36 (KHTML, like Gecko) Chrome/133.0.0.0 Safari/537.36"
152.56.68.162 - - [19/Feb/2025:08:58:03 +0530] "POST /wp-admin/admin-ajax.php HTTP/1.1" 200 79 "https://www.freejobalerts.guru/wp-admin/post.php?post=66&action=edit" "Mozilla/5.0 (Windows NT 10.0; Win64; x64) AppleWebKit/537.36 (KHTML, like Gecko) Chrome/133.0.0.0 Safari/537.36"
152.56.68.162 - - [19/Feb/2025:08:58:13 +0530] "POST /wp-admin/admin-ajax.php HTTP/1.1" 200 79 "https://www.freejobalerts.guru/wp-admin/post.php?post=66&action=edit" "Mozilla/5.0 (Windows NT 10.0; Win64; x64) AppleWebKit/537.36 (KHTML, like Gecko) Chrome/133.0.0.0 Safari/537.36"
152.56.68.162 - - [19/Feb/2025:08:58:23 +0530] "POST /wp-admin/admin-ajax.php HTTP/1.1" 200 81 "https://www.freejobalerts.guru/wp-admin/post.php?post=66&action=edit" "Mozilla/5.0 (Windows NT 10.0; Win64; x64) AppleWebKit/537.36 (KHTML, like Gecko) Chrome/133.0.0.0 Safari/537.36"
152.56.68.162 - - [19/Feb/2025:08:58:44 +0530] "POST /wp-admin/admin-ajax.php HTTP/1.1" 200 79 "https://www.freejobalerts.guru/wp-admin/post.php?post=66&action=edit" "Mozilla/5.0 (Windows NT 10.0; Win64; x64) AppleWebKit/537.36 (KHTML, like Gecko) Chrome/133.0.0.0 Safari/537.36"
152.56.68.162 - - [19/Feb/2025:08:58:44 +0530] "POST /wp-json/wp/v2/posts/66/autosaves?_locale=user HTTP/1.1" 200 21673 "https://www.freejobalerts.guru/wp-admin/post.php?post=66&action=edit" "Mozilla/5.0 (Windows NT 10.0; Win64; x64) AppleWebKit/537.36 (KHTML, like Gecko) Chrome/133.0.0.0 Safari/537.36"
152.56.68.162 - - [19/Feb/2025:08:58:54 +0530] "POST /wp-admin/admin-ajax.php HTTP/1.1" 200 79 "https://www.freejobalerts.guru/wp-admin/post.php?post=66&action=edit" "Mozilla/5.0 (Windows NT 10.0; Win64; x64) AppleWebKit/537.36 (KHTML, like Gecko) Chrome/133.0.0.0 Safari/537.36"
152.56.68.162 - - [19/Feb/2025:08:59:04 +0530] "POST /wp-admin/admin-ajax.php HTTP/1.1" 200 79 "https://www.freejobalerts.guru/wp-admin/post.php?post=66&action=edit" "Mozilla/5.0 (Windows NT 10.0; Win64; x64) AppleWebKit/537.36 (KHTML, like Gecko) Chrome/133.0.0.0 Safari/537.36"
152.56.68.162 - - [19/Feb/2025:08:59:14 +0530] "POST /wp-admin/admin-ajax.php HTTP/1.1" 200 79 "https://www.freejobalerts.guru/wp-admin/post.php?post=66&action=edit" "Mozilla/5.0 (Windows NT 10.0; Win64; x64) AppleWebKit/537.36 (KHTML, like Gecko) Chrome/133.0.0.0 Safari/537.36"
152.56.68.162 - - [19/Feb/2025:08:59:24 +0530] "POST /wp-admin/admin-ajax.php HTTP/1.1" 200 79 "https://www.freejobalerts.guru/wp-admin/post.php?post=66&action=edit" "Mozilla/5.0 (Windows NT 10.0; Win64; x64) AppleWebKit/537.36 (KHTML, like Gecko) Chrome/133.0.0.0 Safari/537.36"
152.56.68.162 - - [19/Feb/2025:08:59:34 +0530] "POST /wp-admin/admin-ajax.php HTTP/1.1" 200 79 "https://www.freejobalerts.guru/wp-admin/post.php?post=66&action=edit" "Mozilla/5.0 (Windows NT 10.0; Win64; x64) AppleWebKit/537.36 (KHTML, like Gecko) Chrome/133.0.0.0 Safari/537.36"
152.56.68.162 - - [19/Feb/2025:08:59:44 +0530] "POST /wp-json/wp/v2/posts/66/autosaves?_locale=user HTTP/1.1" 200 22818 "https://www.freejobalerts.guru/wp-admin/post.php?post=66&action=edit" "Mozilla/5.0 (Windows NT 10.0; Win64; x64) AppleWebKit/537.36 (KHTML, like Gecko) Chrome/133.0.0.0 Safari/537.36"
152.56.68.162 - - [19/Feb/2025:08:59:44 +0530] "POST /wp-admin/admin-ajax.php HTTP/1.1" 200 79 "https://www.freejobalerts.guru/wp-admin/post.php?post=66&action=edit" "Mozilla/5.0 (Windows NT 10.0; Win64; x64) AppleWebKit/537.36 (KHTML, like Gecko) Chrome/133.0.0.0 Safari/537.36"
152.56.68.162 - - [19/Feb/2025:08:59:55 +0530] "POST /wp-admin/admin-ajax.php HTTP/1.1" 200 79 "https://www.freejobalerts.guru/wp-admin/post.php?post=66&action=edit" "Mozilla/5.0 (Windows NT 10.0; Win64; x64) AppleWebKit/537.36 (KHTML, like Gecko) Chrome/133.0.0.0 Safari/537.36"
162.55.100.32 - - [19/Feb/2025:09:01:31 +0530] "POST /wp-cron.php?doing_wp_cron=1739935891.5887200832366943359375 HTTP/1.1" 200 0 "-" "WordPress/6.7.2; https://www.freejobalerts.guru"
162.55.100.32 - - [19/Feb/2025:09:02:27 +0530] "POST /wp-cron.php?doing_wp_cron=1739935947.2310910224914550781250 HTTP/1.1" 200 0 "-" "WordPress/6.7.2; https://www.freejobalerts.guru"
162.55.100.32 - - [19/Feb/2025:09:03:27 +0530] "POST /wp-cron.php?doing_wp_cron=1739936007.0989220142364501953125 HTTP/1.1" 200 0 "-" "WordPress/6.7.2; https://www.freejobalerts.guru"
162.55.100.32 - - [19/Feb/2025:08:54:43 +0530] "POST /wp-cron.php?doing_wp_cron=1739935482.7597610950469970703125 HTTP/1.1" 200 0 "-" "WordPress/6.7.2; https://www.freejobalerts.guru"
152.56.68.162 - - [19/Feb/2025:08:51:19 +0530] "POST /wp-admin/admin-ajax.php HTTP/1.1" 400 5 "https://www.freejobalerts.guru/wp-admin/post-new.php" "Mozilla/5.0 (Windows NT 10.0; Win64; x64) AppleWebKit/537.36 (KHTML, like Gecko) Chrome/133.0.0.0 Safari/537.36"
162.55.100.32 - - [19/Feb/2025:09:00:25 +0530] "POST /wp-cron.php?doing_wp_cron=1739935825.1096670627593994140625 HTTP/1.1" 200 0 "-" "WordPress/6.7.2; https://www.freejobalerts.guru"
152.56.68.162 - - [19/Feb/2025:09:00:05 +0530] "POST /wp-admin/admin-ajax.php HTTP/1.1" 200 79 "https://www.freejobalerts.guru/wp-admin/post.php?post=66&action=edit" "Mozilla/5.0 (Windows NT 10.0; Win64; x64) AppleWebKit/537.36 (KHTML, like Gecko) Chrome/133.0.0.0 Safari/537.36"
152.56.68.162 - - [19/Feb/2025:09:00:24 +0530] "POST /wp-admin/admin-ajax.php HTTP/1.1" 200 79 "https://www.freejobalerts.guru/wp-admin/post.php?post=66&action=edit" "Mozilla/5.0 (Windows NT 10.0; Win64; x64) AppleWebKit/537.36 (KHTML, like Gecko) Chrome/133.0.0.0 Safari/537.36"
152.56.68.162 - - [19/Feb/2025:09:00:33 +0530] "POST /wp-admin/admin-ajax.php HTTP/1.1" 200 79 "https://www.freejobalerts.guru/wp-admin/post.php?post=66&action=edit" "Mozilla/5.0 (Windows NT 10.0; Win64; x64) AppleWebKit/537.36 (KHTML, like Gecko) Chrome/133.0.0.0 Safari/537.36"
152.56.68.162 - - [19/Feb/2025:09:00:41 +0530] "GET /wp-json/wp/v2/categories?per_page=100&orderby=count&order=desc&_fields=id%2Cname&_locale=user HTTP/1.1" 200 77 "https://www.freejobalerts.guru/wp-admin/post.php?post=66&action=edit" "Mozilla/5.0 (Windows NT 10.0; Win64; x64) AppleWebKit/537.36 (KHTML, like Gecko) Chrome/133.0.0.0 Safari/537.36"
152.56.68.162 - - [19/Feb/2025:09:00:43 +0530] "POST /wp-admin/admin-ajax.php HTTP/1.1" 200 79 "https://www.freejobalerts.guru/wp-admin/post.php?post=66&action=edit" "Mozilla/5.0 (Windows NT 10.0; Win64; x64) AppleWebKit/537.36 (KHTML, like Gecko) Chrome/133.0.0.0 Safari/537.36"
152.56.68.162 - - [19/Feb/2025:09:00:46 +0530] "GET /wp-json/wp/v2/categories?per_page=100&orderby=count&order=desc&_fields=id%2Cname&_locale=user HTTP/1.1" 200 77 "https://www.freejobalerts.guru/wp-admin/post.php?post=66&action=edit" "Mozilla/5.0 (Windows NT 10.0; Win64; x64) AppleWebKit/537.36 (KHTML, like Gecko) Chrome/133.0.0.0 Safari/537.36"
152.56.68.162 - - [19/Feb/2025:09:00:44 +0530] "POST /wp-json/wp/v2/posts/66/autosaves?_locale=user HTTP/1.1" 200 22223 "https://www.freejobalerts.guru/wp-admin/post.php?post=66&action=edit" "Mozilla/5.0 (Windows NT 10.0; Win64; x64) AppleWebKit/537.36 (KHTML, like Gecko) Chrome/133.0.0.0 Safari/537.36"
152.56.68.162 - - [19/Feb/2025:09:00:53 +0530] "POST /wp-admin/admin-ajax.php HTTP/1.1" 200 79 "https://www.freejobalerts.guru/wp-admin/post.php?post=66&action=edit" "Mozilla/5.0 (Windows NT 10.0; Win64; x64) AppleWebKit/537.36 (KHTML, like Gecko) Chrome/133.0.0.0 Safari/537.36"
152.56.68.162 - - [19/Feb/2025:09:01:04 +0530] "POST /wp-admin/admin-ajax.php HTTP/1.1" 200 79 "https://www.freejobalerts.guru/wp-admin/post.php?post=66&action=edit" "Mozilla/5.0 (Windows NT 10.0; Win64; x64) AppleWebKit/537.36 (KHTML, like Gecko) Chrome/133.0.0.0 Safari/537.36"
162.55.100.32 - - [19/Feb/2025:08:18:22 +0530] "POST /wp-cron.php?doing_wp_cron=1739933302.5385510921478271484375 HTTP/1.1" 200 0 "-" "WordPress/6.7.2; https://www.freejobalerts.guru"
162.55.100.32 - - [19/Feb/2025:08:46:06 +0530] "POST /wp-cron.php?doing_wp_cron=1739934965.7426869869232177734375 HTTP/1.1" 200 0 "-" "WordPress/6.7.2; https://www.freejobalerts.guru"
162.55.100.32 - - [19/Feb/2025:08:56:27 +0530] "POST /wp-cron.php?doing_wp_cron=1739935587.9346649646759033203125 HTTP/1.1" 200 0 "-" "WordPress/6.7.2; https://www.freejobalerts.guru"
162.55.100.32 - - [19/Feb/2025:07:51:22 +0530] "POST /wp-cron.php?doing_wp_cron=1739931682.0631089210510253906250 HTTP/1.1" 200 0 "-" "WordPress/6.7.2; https://www.freejobalerts.guru"
162.55.100.32 - - [19/Feb/2025:08:02:36 +0530] "POST /wp-cron.php?doing_wp_cron=1739932356.6112899780273437500000 HTTP/1.1" 200 0 "-" "WordPress/6.7.2; https://www.freejobalerts.guru"
2a06:98c0:3600::103 - - [19/Feb/2025:08:18:21 +0530] "GET /wordpress/wp-admin/setup-config.php HTTP/1.1" 301 0 "-" "Mozilla/5.0 (Windows NT 10.0; Win64; x64) AppleWebKit/537.36 (KHTML, like Gecko) Chrome/133.0.0.0 Safari/537.36"
2a06:98c0:3600::103 - - [19/Feb/2025:08:18:23 +0530] "GET /wordpress/wp-admin/setup-config.php HTTP/1.1" 404 9362 "-" "Mozilla/5.0 (Windows NT 10.0; Win64; x64) AppleWebKit/537.36 (KHTML, like Gecko) Chrome/133.0.0.0 Safari/537.36"
2a06:98c0:3600::103 - - [19/Feb/2025:08:40:46 +0530] "GET /wp-admin/setup-config.php HTTP/1.1" 409 1041 "-" "Mozilla/5.0 (Windows NT 10.0; Win64; x64) AppleWebKit/537.36 (KHTML, like Gecko) Chrome/133.0.0.0 Safari/537.36"
162.55.100.32 - - [19/Feb/2025:08:53:25 +0530] "POST /wp-cron.php?doing_wp_cron=1739935405.9081249237060546875000 HTTP/1.1" 200 0 "-" "WordPress/6.7.2; https://www.freejobalerts.guru"
161.77.134.180 - - [19/Feb/2025:08:39:39 +0530] "GET /wp-content/uploads/2025/02/image-4.jpeg HTTP/1.1" 200 135163 "-" "Mozilla/5.0 (Macintosh; Intel Mac OS X 13_0_1) AppleWebKit/537.36 (KHTML, like Gecko) Chrome/108.0.0.0 Safari/537.36"
152.56.68.162 - - [19/Feb/2025:08:48:02 +0530] "POST /wp-admin/admin-ajax.php HTTP/1.1" 200 50 "https://www.freejobalerts.guru/wp-admin/post-new.php" "Mozilla/5.0 (Windows NT 10.0; Win64; x64) AppleWebKit/537.36 (KHTML, like Gecko) Chrome/133.0.0.0 Safari/537.36"
162.55.100.32 - - [19/Feb/2025:08:59:25 +0530] "POST /wp-cron.php?doing_wp_cron=1739935765.0217990875244140625000 HTTP/1.1" 200 0 "-" "WordPress/6.7.2; https://www.freejobalerts.guru"
152.56.68.162 - - [19/Feb/2025:09:01:29 +0530] "POST /wp-admin/admin-ajax.php HTTP/1.1" 200 79 "https://www.freejobalerts.guru/wp-admin/post.php?post=66&action=edit" "Mozilla/5.0 (Windows NT 10.0; Win64; x64) AppleWebKit/537.36 (KHTML, like Gecko) Chrome/133.0.0.0 Safari/537.36"
152.56.68.162 - - [19/Feb/2025:09:01:39 +0530] "POST /wp-admin/admin-ajax.php HTTP/1.1" 200 79 "https://www.freejobalerts.guru/wp-admin/post.php?post=66&action=edit" "Mozilla/5.0 (Windows NT 10.0; Win64; x64) AppleWebKit/537.36 (KHTML, like Gecko) Chrome/133.0.0.0 Safari/537.36"
152.56.68.162 - - [19/Feb/2025:09:01:44 +0530] "POST /wp-json/wp/v2/posts/66/autosaves?_locale=user HTTP/1.1" 200 21917 "https://www.freejobalerts.guru/wp-admin/post.php?post=66&action=edit" "Mozilla/5.0 (Windows NT 10.0; Win64; x64) AppleWebKit/537.36 (KHTML, like Gecko) Chrome/133.0.0.0 Safari/537.36"
152.56.68.162 - - [19/Feb/2025:09:01:49 +0530] "POST /wp-admin/admin-ajax.php HTTP/1.1" 200 79 "https://www.freejobalerts.guru/wp-admin/post.php?post=66&action=edit" "Mozilla/5.0 (Windows NT 10.0; Win64; x64) AppleWebKit/537.36 (KHTML, like Gecko) Chrome/133.0.0.0 Safari/537.36"
