152.56.68.162 - - [19/Feb/2025:09:24:56 +0530] "POST /wp-admin/admin-ajax.php HTTP/2" 200 79 "https://www.freejobalerts.guru/wp-admin/post.php?post=66&action=edit" "Mozilla/5.0 (Windows NT 10.0; Win64; x64) AppleWebKit/537.36 (KHTML, like Gecko) Chrome/133.0.0.0 Safari/537.36"
152.56.68.162 - - [19/Feb/2025:09:25:14 +0530] "POST /wp-json/wp/v2/posts/66/autosaves?_locale=user HTTP/2" 200 21231 "https://www.freejobalerts.guru/wp-admin/post.php?post=66&action=edit" "Mozilla/5.0 (Windows NT 10.0; Win64; x64) AppleWebKit/537.36 (KHTML, like Gecko) Chrome/133.0.0.0 Safari/537.36"
152.56.68.162 - - [19/Feb/2025:09:25:06 +0530] "POST /wp-admin/admin-ajax.php HTTP/2" 200 81 "https://www.freejobalerts.guru/wp-admin/post.php?post=66&action=edit" "Mozilla/5.0 (Windows NT 10.0; Win64; x64) AppleWebKit/537.36 (KHTML, like Gecko) Chrome/133.0.0.0 Safari/537.36"
152.56.68.162 - - [19/Feb/2025:09:25:21 +0530] "GET /wp-json/wp/v2/categories?per_page=100&orderby=count&order=desc&_fields=id%2Cname&_locale=user HTTP/2" 200 77 "https://www.freejobalerts.guru/wp-admin/post.php?post=66&action=edit" "Mozilla/5.0 (Windows NT 10.0; Win64; x64) AppleWebKit/537.36 (KHTML, like Gecko) Chrome/133.0.0.0 Safari/537.36"
152.56.68.162 - - [19/Feb/2025:09:25:21 +0530] "POST /wp-admin/admin-ajax.php HTTP/2" 200 79 "https://www.freejobalerts.guru/wp-admin/post.php?post=66&action=edit" "Mozilla/5.0 (Windows NT 10.0; Win64; x64) AppleWebKit/537.36 (KHTML, like Gecko) Chrome/133.0.0.0 Safari/537.36"
152.56.68.162 - - [19/Feb/2025:09:30:47 +0530] "POST /wp-admin/admin-ajax.php HTTP/2" 200 5 "https://www.freejobalerts.guru/wp-admin/post.php?post=66&action=edit" "Mozilla/5.0 (Windows NT 10.0; Win64; x64) AppleWebKit/537.36 (KHTML, like Gecko) Chrome/133.0.0.0 Safari/537.36"
152.56.68.162 - - [19/Feb/2025:09:30:47 +0530] "GET /sbi-clerk-2025-prelims-call-letter-out-notification-14191-vacancies/ HTTP/2" 200 28758 "https://www.freejobalerts.guru/wp-admin/post.php?post=66&action=edit" "Mozilla/5.0 (Windows NT 10.0; Win64; x64) AppleWebKit/537.36 (KHTML, like Gecko) Chrome/133.0.0.0 Safari/537.36"
152.56.68.162 - - [19/Feb/2025:09:30:50 +0530] "GET /wp-content/uploads/2025/02/image-5.jpeg HTTP/2" 200 106676 "https://www.freejobalerts.guru/sbi-clerk-2025-prelims-call-letter-out-notification-14191-vacancies/" "Mozilla/5.0 (Windows NT 10.0; Win64; x64) AppleWebKit/537.36 (KHTML, like Gecko) Chrome/133.0.0.0 Safari/537.36"
152.56.68.162 - - [19/Feb/2025:09:30:50 +0530] "GET /wp-content/uploads/2025/02/image-4-150x150.jpeg HTTP/2" 200 6762 "https://www.freejobalerts.guru/sbi-clerk-2025-prelims-call-letter-out-notification-14191-vacancies/" "Mozilla/5.0 (Windows NT 10.0; Win64; x64) AppleWebKit/537.36 (KHTML, like Gecko) Chrome/133.0.0.0 Safari/537.36"
152.56.68.162 - - [19/Feb/2025:09:30:50 +0530] "GET /wp-content/uploads/2025/02/sbi-Clerk-2025-Prelims-Call-Letter-Out-Notification-14191-Vacancies-1.png HTTP/2" 200 54910 "https://www.freejobalerts.guru/sbi-clerk-2025-prelims-call-letter-out-notification-14191-vacancies/" "Mozilla/5.0 (Windows NT 10.0; Win64; x64) AppleWebKit/537.36 (KHTML, like Gecko) Chrome/133.0.0.0 Safari/537.36"
152.56.68.162 - - [19/Feb/2025:09:31:43 +0530] "GET / HTTP/2" 200 15228 "https://www.freejobalerts.guru/sbi-clerk-2025-prelims-call-letter-out-notification-14191-vacancies/" "Mozilla/5.0 (Windows NT 10.0; Win64; x64) AppleWebKit/537.36 (KHTML, like Gecko) Chrome/133.0.0.0 Safari/537.36"
152.56.68.162 - - [19/Feb/2025:09:31:44 +0530] "GET /wp-content/uploads/2025/02/sbi-Clerk-2025-Prelims-Call-Letter-Out-Notification-14191-Vacancies.png HTTP/2" 200 60925 "https://www.freejobalerts.guru/" "Mozilla/5.0 (Windows NT 10.0; Win64; x64) AppleWebKit/537.36 (KHTML, like Gecko) Chrome/133.0.0.0 Safari/537.36"
152.56.68.162 - - [19/Feb/2025:09:31:51 +0530] "GET /sbi-clerk-2025-prelims-call-letter-out-notification-14191-vacancies/ HTTP/2" 200 28738 "https://www.freejobalerts.guru/" "Mozilla/5.0 (Windows NT 10.0; Win64; x64) AppleWebKit/537.36 (KHTML, like Gecko) Chrome/133.0.0.0 Safari/537.36"
66.249.66.165 - - [19/Feb/2025:09:33:13 +0530] "GET /wp-content/themes/generatepress/assets/css/main.min.css?ver=3.5.1 HTTP/1.1" 200 4410 "https://www.freejobalerts.guru/sbi-clerk-2025-prelims-call-letter-out-notification-14191-vacancies/" "Mozilla/5.0 (X11; Linux x86_64) AppleWebKit/537.36 (KHTML, like Gecko) Chrome/133.0.6943.53 Safari/537.36 (compatible; Google-InspectionTool/1.0)"
66.249.66.165 - - [19/Feb/2025:09:33:13 +0530] "GET /wp-includes/js/dist/hooks.min.js?ver=4d63a3d491d11ffd8ac6 HTTP/1.1" 200 1571 "https://www.freejobalerts.guru/sbi-clerk-2025-prelims-call-letter-out-notification-14191-vacancies/" "Mozilla/5.0 (X11; Linux x86_64) AppleWebKit/537.36 (KHTML, like Gecko) Chrome/133.0.6943.53 Safari/537.36 (compatible; Google-InspectionTool/1.0)"
66.249.66.165 - - [19/Feb/2025:09:33:13 +0530] "GET /wp-content/uploads/2025/02/sd-sdsdfs.png HTTP/1.1" 200 25553 "https://www.freejobalerts.guru/sbi-clerk-2025-prelims-call-letter-out-notification-14191-vacancies/" "Mozilla/5.0 (X11; Linux x86_64) AppleWebKit/537.36 (KHTML, like Gecko) Chrome/133.0.6943.53 Safari/537.36 (compatible; Google-InspectionTool/1.0)"
66.249.66.165 - - [19/Feb/2025:09:33:13 +0530] "GET /wp-content/plugins/contact-form-7/includes/swv/js/index.js?ver=6.0.3 HTTP/1.1" 200 3369 "https://www.freejobalerts.guru/sbi-clerk-2025-prelims-call-letter-out-notification-14191-vacancies/" "Mozilla/5.0 (X11; Linux x86_64) AppleWebKit/537.36 (KHTML, like Gecko) Chrome/133.0.6943.53 Safari/537.36 (compatible; Google-InspectionTool/1.0)"
162.55.100.32 - - [19/Feb/2025:09:30:45 +0530] "HEAD /wp-content/uploads/2025/02/image-5-1024x563.jpeg HTTP/1.1" 200 0 "-" "WordPress/6.7.2; https://www.freejobalerts.guru"
2a06:98c0:3600::103 - - [19/Feb/2025:09:30:58 +0530] "GET /wp-admin/setup-config.php HTTP/1.1" 409 1041 "-" "Mozilla/5.0 (Windows NT 10.0; Win64; x64) AppleWebKit/537.36 (KHTML, like Gecko) Chrome/133.0.0.0 Safari/537.36"
162.55.100.32 - - [19/Feb/2025:09:33:08 +0530] "POST /wp-cron.php?doing_wp_cron=1739937788.8638141155242919921875 HTTP/1.1" 200 0 "-" "WordPress/6.7.2; https://www.freejobalerts.guru"
66.249.66.164 - - [19/Feb/2025:09:33:13 +0530] "GET /wp-content/plugins/contextual-related-posts/css/rounded-thumbs.min.css?ver=3.6.2 HTTP/1.1" 200 348 "https://www.freejobalerts.guru/sbi-clerk-2025-prelims-call-letter-out-notification-14191-vacancies/" "Mozilla/5.0 (X11; Linux x86_64) AppleWebKit/537.36 (KHTML, like Gecko) Chrome/133.0.6943.53 Safari/537.36 (compatible; Google-InspectionTool/1.0)"
66.249.66.164 - - [19/Feb/2025:09:33:13 +0530] "GET /wp-includes/js/comment-reply.min.js?ver=6.7.2 HTTP/1.1" 200 1247 "https://www.freejobalerts.guru/sbi-clerk-2025-prelims-call-letter-out-notification-14191-vacancies/" "Mozilla/5.0 (X11; Linux x86_64) AppleWebKit/537.36 (KHTML, like Gecko) Chrome/133.0.6943.53 Safari/537.36 (compatible; Google-InspectionTool/1.0)"
66.249.66.164 - - [19/Feb/2025:09:33:13 +0530] "GET /wp-includes/js/dist/i18n.min.js?ver=5e580eb46a90c2b997e6 HTTP/1.1" 200 3542 "https://www.freejobalerts.guru/sbi-clerk-2025-prelims-call-letter-out-notification-14191-vacancies/" "Mozilla/5.0 (X11; Linux x86_64) AppleWebKit/537.36 (KHTML, like Gecko) Chrome/133.0.6943.53 Safari/537.36 (compatible; Google-InspectionTool/1.0)"
66.249.66.165 - - [19/Feb/2025:09:33:13 +0530] "GET /wp-content/themes/generatepress/assets/js/menu.min.js?ver=3.5.1 HTTP/1.1" 200 1678 "https://www.freejobalerts.guru/sbi-clerk-2025-prelims-call-letter-out-notification-14191-vacancies/" "Mozilla/5.0 (X11; Linux x86_64) AppleWebKit/537.36 (KHTML, like Gecko) Chrome/133.0.6943.53 Safari/537.36 (compatible; Google-InspectionTool/1.0)"
66.249.66.164 - - [19/Feb/2025:09:33:13 +0530] "GET /wp-content/themes/generatepress/assets/css/main.min.css?ver=3.5.1 HTTP/1.1" 200 4410 "https://www.freejobalerts.guru/sbi-clerk-2025-prelims-call-letter-out-notification-14191-vacancies/" "Mozilla/5.0 (Linux; Android 6.0.1; Nexus 5X Build/MMB29P) AppleWebKit/537.36 (KHTML, like Gecko) Chrome/133.0.6943.53 Mobile Safari/537.36 (compatible; Google-InspectionTool/1.0)"
66.249.66.165 - - [19/Feb/2025:09:33:13 +0530] "GET /wp-content/uploads/2025/02/sd-sdsdfs.png HTTP/1.1" 200 25553 "https://www.freejobalerts.guru/sbi-clerk-2025-prelims-call-letter-out-notification-14191-vacancies/" "Mozilla/5.0 (Linux; Android 6.0.1; Nexus 5X Build/MMB29P) AppleWebKit/537.36 (KHTML, like Gecko) Chrome/133.0.6943.53 Mobile Safari/537.36 (compatible; Google-InspectionTool/1.0)"
66.249.66.165 - - [19/Feb/2025:09:33:13 +0530] "GET /wp-content/themes/generatepress/assets/css/components/comments.min.css?ver=3.5.1 HTTP/1.1" 200 488 "https://www.freejobalerts.guru/sbi-clerk-2025-prelims-call-letter-out-notification-14191-vacancies/" "Mozilla/5.0 (Linux; Android 6.0.1; Nexus 5X Build/MMB29P) AppleWebKit/537.36 (KHTML, like Gecko) Chrome/133.0.6943.53 Mobile Safari/537.36 (compatible; Google-InspectionTool/1.0)"
66.249.66.165 - - [19/Feb/2025:09:33:13 +0530] "GET /wp-content/uploads/2025/02/sbi-Clerk-2025-Prelims-Call-Letter-Out-Notification-14191-Vacancies-1.png HTTP/1.1" 200 54910 "https://www.freejobalerts.guru/sbi-clerk-2025-prelims-call-letter-out-notification-14191-vacancies/" "Mozilla/5.0 (Linux; Android 6.0.1; Nexus 5X Build/MMB29P) AppleWebKit/537.36 (KHTML, like Gecko) Chrome/133.0.6943.53 Mobile Safari/537.36 (compatible; Google-InspectionTool/1.0)"
66.249.66.166 - - [19/Feb/2025:09:33:08 +0530] "GET /robots.txt HTTP/1.1" 200 101 "-" "Mozilla/5.0 (compatible; Googlebot/2.1; +http://www.google.com/bot.html)"
66.249.66.164 - - [19/Feb/2025:09:33:10 +0530] "GET /sbi-clerk-2025-prelims-call-letter-out-notification-14191-vacancies/ HTTP/1.1" 200 25749 "-" "Mozilla/5.0 (compatible; Google-InspectionTool/1.0;)"
66.249.66.164 - - [19/Feb/2025:09:33:12 +0530] "GET /wp-includes/css/dist/block-library/style.min.css?ver=6.7.2 HTTP/1.1" 200 14225 "https://www.freejobalerts.guru/sbi-clerk-2025-prelims-call-letter-out-notification-14191-vacancies/" "Mozilla/5.0 (X11; Linux x86_64) AppleWebKit/537.36 (KHTML, like Gecko) Chrome/133.0.6943.53 Safari/537.36 (compatible; Google-InspectionTool/1.0)"
66.249.66.164 - - [19/Feb/2025:09:33:13 +0530] "GET /wp-content/plugins/contextual-related-posts/css/rounded-thumbs.min.css?ver=3.6.2 HTTP/1.1" 200 348 "https://www.freejobalerts.guru/sbi-clerk-2025-prelims-call-letter-out-notification-14191-vacancies/" "Mozilla/5.0 (Linux; Android 6.0.1; Nexus 5X Build/MMB29P) AppleWebKit/537.36 (KHTML, like Gecko) Chrome/133.0.6943.53 Mobile Safari/537.36 (compatible; Google-InspectionTool/1.0)"
66.249.66.165 - - [19/Feb/2025:09:33:13 +0530] "GET /wp-includes/css/dist/block-library/style.min.css?ver=6.7.2 HTTP/1.1" 200 14225 "https://www.freejobalerts.guru/sbi-clerk-2025-prelims-call-letter-out-notification-14191-vacancies/" "Mozilla/5.0 (Linux; Android 6.0.1; Nexus 5X Build/MMB29P) AppleWebKit/537.36 (KHTML, like Gecko) Chrome/133.0.6943.53 Mobile Safari/537.36 (compatible; Google-InspectionTool/1.0)"
66.249.66.164 - - [19/Feb/2025:09:33:13 +0530] "GET /wp-includes/js/comment-reply.min.js?ver=6.7.2 HTTP/1.1" 200 1247 "https://www.freejobalerts.guru/sbi-clerk-2025-prelims-call-letter-out-notification-14191-vacancies/" "Mozilla/5.0 (Linux; Android 6.0.1; Nexus 5X Build/MMB29P) AppleWebKit/537.36 (KHTML, like Gecko) Chrome/133.0.6943.53 Mobile Safari/537.36 (compatible; Google-InspectionTool/1.0)"
66.249.66.164 - - [19/Feb/2025:09:33:48 +0530] "GET /sbi-clerk-2025-prelims-call-letter-out-notification-14191-vacancies/ HTTP/1.1" 200 25773 "-" "Mozilla/5.0 (Linux; Android 6.0.1; Nexus 5X Build/MMB29P) AppleWebKit/537.36 (KHTML, like Gecko) Chrome/133.0.6943.98 Mobile Safari/537.36 (compatible; Google-InspectionTool/1.0;)"
66.249.66.164 - - [19/Feb/2025:09:33:50 +0530] "GET /wp-content/plugins/related-posts-thumbnails/assets/css/front.css?ver=4.2.1 HTTP/1.1" 200 1088 "https://www.freejobalerts.guru/sbi-clerk-2025-prelims-call-letter-out-notification-14191-vacancies/" "Mozilla/5.0 (X11; Linux x86_64) AppleWebKit/537.36 (KHTML, like Gecko) Chrome/133.0.6943.53 Safari/537.36 (compatible; Google-InspectionTool/1.0)"
66.249.66.164 - - [19/Feb/2025:09:33:50 +0530] "GET /wp-content/plugins/contact-form-7/includes/js/index.js?ver=6.0.3 HTTP/1.1" 200 4008 "https://www.freejobalerts.guru/sbi-clerk-2025-prelims-call-letter-out-notification-14191-vacancies/" "Mozilla/5.0 (X11; Linux x86_64) AppleWebKit/537.36 (KHTML, like Gecko) Chrome/133.0.6943.53 Safari/537.36 (compatible; Google-InspectionTool/1.0)"
66.249.66.164 - - [19/Feb/2025:09:33:50 +0530] "GET /wp-content/themes/generatepress/assets/js/menu.min.js?ver=3.5.1 HTTP/1.1" 200 1678 "https://www.freejobalerts.guru/sbi-clerk-2025-prelims-call-letter-out-notification-14191-vacancies/" "Mozilla/5.0 (X11; Linux x86_64) AppleWebKit/537.36 (KHTML, like Gecko) Chrome/133.0.6943.53 Safari/537.36 (compatible; Google-InspectionTool/1.0)"
66.249.66.164 - - [19/Feb/2025:09:33:50 +0530] "GET /wp-content/plugins/contact-form-7/includes/css/styles.css?ver=6.0.3 HTTP/1.1" 200 890 "https://www.freejobalerts.guru/sbi-clerk-2025-prelims-call-letter-out-notification-14191-vacancies/" "Mozilla/5.0 (Linux; Android 6.0.1; Nexus 5X Build/MMB29P) AppleWebKit/537.36 (KHTML, like Gecko) Chrome/133.0.6943.53 Mobile Safari/537.36 (compatible; Google-InspectionTool/1.0)"
162.55.100.32 - - [19/Feb/2025:09:28:22 +0530] "POST /wp-cron.php?doing_wp_cron=1739937501.8068220615386962890625 HTTP/1.1" 200 0 "-" "WordPress/6.7.2; https://www.freejobalerts.guru"
162.55.100.32 - - [19/Feb/2025:09:29:21 +0530] "POST /wp-cron.php?doing_wp_cron=1739937561.1625900268554687500000 HTTP/1.1" 200 0 "-" "WordPress/6.7.2; https://www.freejobalerts.guru"
2a06:98c0:3600::103 - - [19/Feb/2025:09:29:20 +0530] "GET /wordpress/wp-admin/setup-config.php HTTP/1.1" 404 9362 "-" "Mozilla/5.0 (Windows NT 10.0; Win64; x64) AppleWebKit/537.36 (KHTML, like Gecko) Chrome/133.0.0.0 Safari/537.36"
162.55.100.32 - - [19/Feb/2025:09:30:44 +0530] "HEAD /wp-content/uploads/2025/02/sbi-Clerk-2025-Prelims-Call-Letter-Out-Notification-14191-Vacancies-1-1024x576.png HTTP/1.1" 200 0 "-" "WordPress/6.7.2; https://www.freejobalerts.guru"
66.249.66.164 - - [19/Feb/2025:09:33:13 +0530] "GET /wp-content/plugins/related-posts-thumbnails/assets/css/front.css?ver=4.2.1 HTTP/1.1" 200 1088 "https://www.freejobalerts.guru/sbi-clerk-2025-prelims-call-letter-out-notification-14191-vacancies/" "Mozilla/5.0 (X11; Linux x86_64) AppleWebKit/537.36 (KHTML, like Gecko) Chrome/133.0.6943.53 Safari/537.36 (compatible; Google-InspectionTool/1.0)"
66.249.66.165 - - [19/Feb/2025:09:33:13 +0530] "GET /wp-content/uploads/2025/02/image-5-1024x563.jpeg HTTP/1.1" 200 68905 "https://www.freejobalerts.guru/sbi-clerk-2025-prelims-call-letter-out-notification-14191-vacancies/" "Mozilla/5.0 (X11; Linux x86_64) AppleWebKit/537.36 (KHTML, like Gecko) Chrome/133.0.6943.53 Safari/537.36 (compatible; Google-InspectionTool/1.0)"
66.249.66.165 - - [19/Feb/2025:09:33:13 +0530] "GET /wp-content/plugins/contact-form-7/includes/css/styles.css?ver=6.0.3 HTTP/1.1" 200 890 "https://www.freejobalerts.guru/sbi-clerk-2025-prelims-call-letter-out-notification-14191-vacancies/" "Mozilla/5.0 (Linux; Android 6.0.1; Nexus 5X Build/MMB29P) AppleWebKit/537.36 (KHTML, like Gecko) Chrome/133.0.6943.53 Mobile Safari/537.36 (compatible; Google-InspectionTool/1.0)"
66.249.66.164 - - [19/Feb/2025:09:33:13 +0530] "GET /wp-content/plugins/contact-form-7/includes/js/index.js?ver=6.0.3 HTTP/1.1" 200 4008 "https://www.freejobalerts.guru/sbi-clerk-2025-prelims-call-letter-out-notification-14191-vacancies/" "Mozilla/5.0 (Linux; Android 6.0.1; Nexus 5X Build/MMB29P) AppleWebKit/537.36 (KHTML, like Gecko) Chrome/133.0.6943.53 Mobile Safari/537.36 (compatible; Google-InspectionTool/1.0)"
162.55.100.32 - - [19/Feb/2025:09:33:47 +0530] "POST /wp-cron.php?doing_wp_cron=1739937827.1068289279937744140625 HTTP/1.1" 200 0 "-" "WordPress/6.7.2; https://www.freejobalerts.guru"
66.249.66.164 - - [19/Feb/2025:09:33:50 +0530] "GET /wp-content/themes/generatepress/assets/css/components/comments.min.css?ver=3.5.1 HTTP/1.1" 200 488 "https://www.freejobalerts.guru/sbi-clerk-2025-prelims-call-letter-out-notification-14191-vacancies/" "Mozilla/5.0 (X11; Linux x86_64) AppleWebKit/537.36 (KHTML, like Gecko) Chrome/133.0.6943.53 Safari/537.36 (compatible; Google-InspectionTool/1.0)"
66.249.66.164 - - [19/Feb/2025:09:33:50 +0530] "GET /wp-content/uploads/2025/02/sd-sdsdfs.png HTTP/1.1" 200 25553 "https://www.freejobalerts.guru/sbi-clerk-2025-prelims-call-letter-out-notification-14191-vacancies/" "Mozilla/5.0 (X11; Linux x86_64) AppleWebKit/537.36 (KHTML, like Gecko) Chrome/133.0.6943.53 Safari/537.36 (compatible; Google-InspectionTool/1.0)"
66.249.66.164 - - [19/Feb/2025:09:33:50 +0530] "GET /wp-content/plugins/related-posts-thumbnails/assets/css/front.css?ver=4.2.1 HTTP/1.1" 200 1088 "https://www.freejobalerts.guru/sbi-clerk-2025-prelims-call-letter-out-notification-14191-vacancies/" "Mozilla/5.0 (Linux; Android 6.0.1; Nexus 5X Build/MMB29P) AppleWebKit/537.36 (KHTML, like Gecko) Chrome/133.0.6943.53 Mobile Safari/537.36 (compatible; Google-InspectionTool/1.0)"
66.249.66.164 - - [19/Feb/2025:09:33:13 +0530] "GET /wp-content/plugins/contact-form-7/includes/swv/js/index.js?ver=6.0.3 HTTP/1.1" 200 3369 "https://www.freejobalerts.guru/sbi-clerk-2025-prelims-call-letter-out-notification-14191-vacancies/" "Mozilla/5.0 (Linux; Android 6.0.1; Nexus 5X Build/MMB29P) AppleWebKit/537.36 (KHTML, like Gecko) Chrome/133.0.6943.53 Mobile Safari/537.36 (compatible; Google-InspectionTool/1.0)"
66.249.66.165 - - [19/Feb/2025:09:33:13 +0530] "GET /wp-content/uploads/2025/02/image-4-150x150.jpeg HTTP/1.1" 200 6762 "https://www.freejobalerts.guru/sbi-clerk-2025-prelims-call-letter-out-notification-14191-vacancies/" "Mozilla/5.0 (X11; Linux x86_64) AppleWebKit/537.36 (KHTML, like Gecko) Chrome/133.0.6943.53 Safari/537.36 (compatible; Google-InspectionTool/1.0)"
66.249.66.165 - - [19/Feb/2025:09:33:14 +0530] "GET /wp-content/uploads/2025/02/image-4-150x150.jpeg HTTP/1.1" 200 6762 "https://www.freejobalerts.guru/sbi-clerk-2025-prelims-call-letter-out-notification-14191-vacancies/" "Mozilla/5.0 (Linux; Android 6.0.1; Nexus 5X Build/MMB29P) AppleWebKit/537.36 (KHTML, like Gecko) Chrome/133.0.6943.53 Mobile Safari/537.36 (compatible; Google-InspectionTool/1.0)"
66.249.66.164 - - [19/Feb/2025:09:33:50 +0530] "GET /wp-includes/css/dist/block-library/style.min.css?ver=6.7.2 HTTP/1.1" 200 14225 "https://www.freejobalerts.guru/sbi-clerk-2025-prelims-call-letter-out-notification-14191-vacancies/" "Mozilla/5.0 (X11; Linux x86_64) AppleWebKit/537.36 (KHTML, like Gecko) Chrome/133.0.6943.53 Safari/537.36 (compatible; Google-InspectionTool/1.0)"
66.249.66.164 - - [19/Feb/2025:09:33:50 +0530] "GET /wp-content/plugins/contact-form-7/includes/swv/js/index.js?ver=6.0.3 HTTP/1.1" 200 3369 "https://www.freejobalerts.guru/sbi-clerk-2025-prelims-call-letter-out-notification-14191-vacancies/" "Mozilla/5.0 (X11; Linux x86_64) AppleWebKit/537.36 (KHTML, like Gecko) Chrome/133.0.6943.53 Safari/537.36 (compatible; Google-InspectionTool/1.0)"
66.249.66.164 - - [19/Feb/2025:09:33:50 +0530] "GET /wp-content/plugins/contact-form-7/includes/swv/js/index.js?ver=6.0.3 HTTP/1.1" 200 3369 "https://www.freejobalerts.guru/sbi-clerk-2025-prelims-call-letter-out-notification-14191-vacancies/" "Mozilla/5.0 (Linux; Android 6.0.1; Nexus 5X Build/MMB29P) AppleWebKit/537.36 (KHTML, like Gecko) Chrome/133.0.6943.53 Mobile Safari/537.36 (compatible; Google-InspectionTool/1.0)"
66.249.66.164 - - [19/Feb/2025:09:33:50 +0530] "GET /wp-content/uploads/2025/02/image-5.jpeg HTTP/1.1" 200 106676 "https://www.freejobalerts.guru/sbi-clerk-2025-prelims-call-letter-out-notification-14191-vacancies/" "Mozilla/5.0 (Linux; Android 6.0.1; Nexus 5X Build/MMB29P) AppleWebKit/537.36 (KHTML, like Gecko) Chrome/133.0.6943.53 Mobile Safari/537.36 (compatible; Google-InspectionTool/1.0)"
66.249.66.164 - - [19/Feb/2025:09:33:50 +0530] "GET /wp-content/uploads/2025/02/image-4-150x150.jpeg HTTP/1.1" 200 6762 "https://www.freejobalerts.guru/sbi-clerk-2025-prelims-call-letter-out-notification-14191-vacancies/" "Mozilla/5.0 (X11; Linux x86_64) AppleWebKit/537.36 (KHTML, like Gecko) Chrome/133.0.6943.53 Safari/537.36 (compatible; Google-InspectionTool/1.0)"
66.249.66.165 - - [19/Feb/2025:09:34:07 +0530] "GET /wp-content/themes/generatepress/assets/css/components/comments.min.css?ver=3.5.1 HTTP/1.1" 200 488 "https://www.freejobalerts.guru/sbi-clerk-2025-prelims-call-letter-out-notification-14191-vacancies/" "Mozilla/5.0 (Linux; Android 6.0.1; Nexus 5X Build/MMB29P) AppleWebKit/537.36 (KHTML, like Gecko) Chrome/133.0.6943.53 Mobile Safari/537.36 (compatible; Googlebot/2.1; +http://www.google.com/bot.html)"
66.249.66.166 - - [19/Feb/2025:09:34:08 +0530] "GET /wp-includes/js/comment-reply.min.js?ver=6.7.2 HTTP/1.1" 200 1247 "https://www.freejobalerts.guru/sbi-clerk-2025-prelims-call-letter-out-notification-14191-vacancies/" "Mozilla/5.0 (Linux; Android 6.0.1; Nexus 5X Build/MMB29P) AppleWebKit/537.36 (KHTML, like Gecko) Chrome/133.0.6943.53 Mobile Safari/537.36 (compatible; Googlebot/2.1; +http://www.google.com/bot.html)"
66.249.66.164 - - [19/Feb/2025:09:33:50 +0530] "GET /wp-includes/js/dist/hooks.min.js?ver=4d63a3d491d11ffd8ac6 HTTP/1.1" 200 1571 "https://www.freejobalerts.guru/sbi-clerk-2025-prelims-call-letter-out-notification-14191-vacancies/" "Mozilla/5.0 (Linux; Android 6.0.1; Nexus 5X Build/MMB29P) AppleWebKit/537.36 (KHTML, like Gecko) Chrome/133.0.6943.53 Mobile Safari/537.36 (compatible; Google-InspectionTool/1.0)"
66.249.66.164 - - [19/Feb/2025:09:33:50 +0530] "GET /wp-content/uploads/2025/02/sbi-Clerk-2025-Prelims-Call-Letter-Out-Notification-14191-Vacancies-1.png HTTP/1.1" 200 54910 "https://www.freejobalerts.guru/sbi-clerk-2025-prelims-call-letter-out-notification-14191-vacancies/" "Mozilla/5.0 (Linux; Android 6.0.1; Nexus 5X Build/MMB29P) AppleWebKit/537.36 (KHTML, like Gecko) Chrome/133.0.6943.53 Mobile Safari/537.36 (compatible; Google-InspectionTool/1.0)"
66.249.66.164 - - [19/Feb/2025:09:33:50 +0530] "GET /wp-includes/js/comment-reply.min.js?ver=6.7.2 HTTP/1.1" 200 1247 "https://www.freejobalerts.guru/sbi-clerk-2025-prelims-call-letter-out-notification-14191-vacancies/" "Mozilla/5.0 (Linux; Android 6.0.1; Nexus 5X Build/MMB29P) AppleWebKit/537.36 (KHTML, like Gecko) Chrome/133.0.6943.53 Mobile Safari/537.36 (compatible; Google-InspectionTool/1.0)"
66.249.66.164 - - [19/Feb/2025:09:34:07 +0530] "GET /wp-content/plugins/contact-form-7/includes/css/styles.css?ver=6.0.3 HTTP/1.1" 200 890 "https://www.freejobalerts.guru/sbi-clerk-2025-prelims-call-letter-out-notification-14191-vacancies/" "Mozilla/5.0 (Linux; Android 6.0.1; Nexus 5X Build/MMB29P) AppleWebKit/537.36 (KHTML, like Gecko) Chrome/133.0.6943.53 Mobile Safari/537.36 (compatible; Googlebot/2.1; +http://www.google.com/bot.html)"
66.249.66.164 - - [19/Feb/2025:09:34:07 +0530] "GET /wp-content/plugins/contact-form-7/includes/js/index.js?ver=6.0.3 HTTP/1.1" 200 4008 "https://www.freejobalerts.guru/sbi-clerk-2025-prelims-call-letter-out-notification-14191-vacancies/" "Mozilla/5.0 (Linux; Android 6.0.1; Nexus 5X Build/MMB29P) AppleWebKit/537.36 (KHTML, like Gecko) Chrome/133.0.6943.53 Mobile Safari/537.36 (compatible; Googlebot/2.1; +http://www.google.com/bot.html)"
66.249.66.164 - - [19/Feb/2025:09:34:08 +0530] "GET /wp-includes/js/dist/i18n.min.js?ver=5e580eb46a90c2b997e6 HTTP/1.1" 200 3542 "https://www.freejobalerts.guru/sbi-clerk-2025-prelims-call-letter-out-notification-14191-vacancies/" "Mozilla/5.0 (Linux; Android 6.0.1; Nexus 5X Build/MMB29P) AppleWebKit/537.36 (KHTML, like Gecko) Chrome/133.0.6943.53 Mobile Safari/537.36 (compatible; Googlebot/2.1; +http://www.google.com/bot.html)"
66.249.66.164 - - [19/Feb/2025:09:34:08 +0530] "GET /wp-content/plugins/contextual-related-posts/css/rounded-thumbs.min.css?ver=3.6.2 HTTP/1.1" 200 348 "https://www.freejobalerts.guru/sbi-clerk-2025-prelims-call-letter-out-notification-14191-vacancies/" "Mozilla/5.0 (Linux; Android 6.0.1; Nexus 5X Build/MMB29P) AppleWebKit/537.36 (KHTML, like Gecko) Chrome/133.0.6943.53 Mobile Safari/537.36 (compatible; Googlebot/2.1; +http://www.google.com/bot.html)"
66.249.66.164 - - [19/Feb/2025:09:34:11 +0530] "GET /wp-content/plugins/contact-form-7/includes/css/styles.css?ver=6.0.3 HTTP/1.1" 200 890 "https://www.freejobalerts.guru/sbi-clerk-2025-prelims-call-letter-out-notification-14191-vacancies/" "Mozilla/5.0 (Linux; Android 6.0.1; Nexus 5X Build/MMB29P) AppleWebKit/537.36 (KHTML, like Gecko) Chrome/133.0.6943.53 Mobile Safari/537.36 (compatible; Googlebot/2.1; +http://www.google.com/bot.html)"
66.249.66.164 - - [19/Feb/2025:09:34:12 +0530] "GET /wp-content/plugins/contact-form-7/includes/js/index.js?ver=6.0.3 HTTP/1.1" 200 4008 "https://www.freejobalerts.guru/sbi-clerk-2025-prelims-call-letter-out-notification-14191-vacancies/" "Mozilla/5.0 (Linux; Android 6.0.1; Nexus 5X Build/MMB29P) AppleWebKit/537.36 (KHTML, like Gecko) Chrome/133.0.6943.53 Mobile Safari/537.36 (compatible; Googlebot/2.1; +http://www.google.com/bot.html)"
66.249.66.165 - - [19/Feb/2025:09:34:09 +0530] "GET /wp-content/plugins/related-posts-thumbnails/assets/css/front.css?ver=4.2.1 HTTP/1.1" 200 1088 "https://www.freejobalerts.guru/sbi-clerk-2025-prelims-call-letter-out-notification-14191-vacancies/" "Mozilla/5.0 (Linux; Android 6.0.1; Nexus 5X Build/MMB29P) AppleWebKit/537.36 (KHTML, like Gecko) Chrome/133.0.6943.53 Mobile Safari/537.36 (compatible; Googlebot/2.1; +http://www.google.com/bot.html)"
66.249.66.165 - - [19/Feb/2025:09:34:10 +0530] "GET /wp-includes/js/dist/i18n.min.js?ver=5e580eb46a90c2b997e6 HTTP/1.1" 200 3542 "https://www.freejobalerts.guru/sbi-clerk-2025-prelims-call-letter-out-notification-14191-vacancies/" "Mozilla/5.0 (Linux; Android 6.0.1; Nexus 5X Build/MMB29P) AppleWebKit/537.36 (KHTML, like Gecko) Chrome/133.0.6943.53 Mobile Safari/537.36 (compatible; Googlebot/2.1; +http://www.google.com/bot.html)"
66.249.66.166 - - [19/Feb/2025:09:34:10 +0530] "GET /wp-content/plugins/contact-form-7/includes/swv/js/index.js?ver=6.0.3 HTTP/1.1" 200 3369 "https://www.freejobalerts.guru/sbi-clerk-2025-prelims-call-letter-out-notification-14191-vacancies/" "Mozilla/5.0 (Linux; Android 6.0.1; Nexus 5X Build/MMB29P) AppleWebKit/537.36 (KHTML, like Gecko) Chrome/133.0.6943.53 Mobile Safari/537.36 (compatible; Googlebot/2.1; +http://www.google.com/bot.html)"
66.249.66.165 - - [19/Feb/2025:09:34:11 +0530] "GET /wp-content/plugins/related-posts-thumbnails/assets/css/front.css?ver=4.2.1 HTTP/1.1" 200 1088 "https://www.freejobalerts.guru/sbi-clerk-2025-prelims-call-letter-out-notification-14191-vacancies/" "Mozilla/5.0 (Linux; Android 6.0.1; Nexus 5X Build/MMB29P) AppleWebKit/537.36 (KHTML, like Gecko) Chrome/133.0.6943.53 Mobile Safari/537.36 (compatible; Googlebot/2.1; +http://www.google.com/bot.html)"
66.249.66.165 - - [19/Feb/2025:09:34:14 +0530] "GET /wp-includes/js/dist/hooks.min.js?ver=4d63a3d491d11ffd8ac6 HTTP/1.1" 200 1571 "https://www.freejobalerts.guru/sbi-clerk-2025-prelims-call-letter-out-notification-14191-vacancies/" "Mozilla/5.0 (Linux; Android 6.0.1; Nexus 5X Build/MMB29P) AppleWebKit/537.36 (KHTML, like Gecko) Chrome/133.0.6943.53 Mobile Safari/537.36 (compatible; Googlebot/2.1; +http://www.google.com/bot.html)"
162.55.100.32 - - [19/Feb/2025:09:34:39 +0530] "POST /wp-cron.php?doing_wp_cron=1739937879.2683498859405517578125 HTTP/1.1" 200 0 "-" "WordPress/6.7.2; https://www.freejobalerts.guru"
98.84.104.229 - - [19/Feb/2025:09:38:09 +0530] "GET / HTTP/2" 200 0 "-" "Mozilla/5.0 (Windows NT 10.0; Win64; x64) AppleWebKit/537.36 (KHTML, like Gecko) Chrome/130.0.0.0 Safari/537.36"
98.84.104.229 - - [19/Feb/2025:09:38:14 +0530] "GET /wp-includes/css/dist/block-library/style.min.css?ver=6.7.2 HTTP/2" 200 14225 "https://www.freejobalerts.guru/" "Mozilla/5.0 (Windows NT 10.0; Win64; x64) AppleWebKit/537.36 (KHTML, like Gecko) Chrome/130.0.0.0 Safari/537.36"
98.84.104.229 - - [19/Feb/2025:09:38:14 +0530] "GET /wp-content/plugins/contact-form-7/includes/css/styles.css?ver=6.0.3 HTTP/2" 200 890 "https://www.freejobalerts.guru/" "Mozilla/5.0 (Windows NT 10.0; Win64; x64) AppleWebKit/537.36 (KHTML, like Gecko) Chrome/130.0.0.0 Safari/537.36"
98.84.104.229 - - [19/Feb/2025:09:38:14 +0530] "GET /wp-content/plugins/related-posts-thumbnails/assets/css/front.css?ver=4.2.1 HTTP/2" 200 1088 "https://www.freejobalerts.guru/" "Mozilla/5.0 (Windows NT 10.0; Win64; x64) AppleWebKit/537.36 (KHTML, like Gecko) Chrome/130.0.0.0 Safari/537.36"
98.84.104.229 - - [19/Feb/2025:09:38:14 +0530] "GET /wp-content/plugins/contextual-related-posts/css/rounded-thumbs.min.css?ver=3.6.2 HTTP/2" 200 348 "https://www.freejobalerts.guru/" "Mozilla/5.0 (Windows NT 10.0; Win64; x64) AppleWebKit/537.36 (KHTML, like Gecko) Chrome/130.0.0.0 Safari/537.36"
98.84.104.229 - - [19/Feb/2025:09:38:14 +0530] "GET /wp-content/themes/generatepress/assets/css/main.min.css?ver=3.5.1 HTTP/2" 200 4410 "https://www.freejobalerts.guru/" "Mozilla/5.0 (Windows NT 10.0; Win64; x64) AppleWebKit/537.36 (KHTML, like Gecko) Chrome/130.0.0.0 Safari/537.36"
66.249.66.165 - - [19/Feb/2025:09:33:13 +0530] "GET /wp-includes/js/dist/i18n.min.js?ver=5e580eb46a90c2b997e6 HTTP/1.1" 200 3542 "https://www.freejobalerts.guru/sbi-clerk-2025-prelims-call-letter-out-notification-14191-vacancies/" "Mozilla/5.0 (Linux; Android 6.0.1; Nexus 5X Build/MMB29P) AppleWebKit/537.36 (KHTML, like Gecko) Chrome/133.0.6943.53 Mobile Safari/537.36 (compatible; Google-InspectionTool/1.0)"
66.249.66.164 - - [19/Feb/2025:09:33:50 +0530] "GET /wp-content/plugins/contextual-related-posts/css/rounded-thumbs.min.css?ver=3.6.2 HTTP/1.1" 200 348 "https://www.freejobalerts.guru/sbi-clerk-2025-prelims-call-letter-out-notification-14191-vacancies/" "Mozilla/5.0 (X11; Linux x86_64) AppleWebKit/537.36 (KHTML, like Gecko) Chrome/133.0.6943.53 Safari/537.36 (compatible; Google-InspectionTool/1.0)"
66.249.66.164 - - [19/Feb/2025:09:33:50 +0530] "GET /wp-content/plugins/contact-form-7/includes/css/styles.css?ver=6.0.3 HTTP/1.1" 200 890 "https://www.freejobalerts.guru/sbi-clerk-2025-prelims-call-letter-out-notification-14191-vacancies/" "Mozilla/5.0 (X11; Linux x86_64) AppleWebKit/537.36 (KHTML, like Gecko) Chrome/133.0.6943.53 Safari/537.36 (compatible; Google-InspectionTool/1.0)"
66.249.66.164 - - [19/Feb/2025:09:33:50 +0530] "GET /wp-content/plugins/contextual-related-posts/css/rounded-thumbs.min.css?ver=3.6.2 HTTP/1.1" 200 348 "https://www.freejobalerts.guru/sbi-clerk-2025-prelims-call-letter-out-notification-14191-vacancies/" "Mozilla/5.0 (Linux; Android 6.0.1; Nexus 5X Build/MMB29P) AppleWebKit/537.36 (KHTML, like Gecko) Chrome/133.0.6943.53 Mobile Safari/537.36 (compatible; Google-InspectionTool/1.0)"
66.249.66.164 - - [19/Feb/2025:09:33:50 +0530] "GET /wp-content/themes/generatepress/assets/js/menu.min.js?ver=3.5.1 HTTP/1.1" 200 1678 "https://www.freejobalerts.guru/sbi-clerk-2025-prelims-call-letter-out-notification-14191-vacancies/" "Mozilla/5.0 (Linux; Android 6.0.1; Nexus 5X Build/MMB29P) AppleWebKit/537.36 (KHTML, like Gecko) Chrome/133.0.6943.53 Mobile Safari/537.36 (compatible; Google-InspectionTool/1.0)"
66.249.66.164 - - [19/Feb/2025:09:34:23 +0530] "GET /wp-content/uploads/2025/02/image-5-1024x563.jpeg HTTP/1.1" 200 68905 "-" "Googlebot-Image/1.0"
66.249.66.164 - - [19/Feb/2025:09:34:23 +0530] "GET /wp-content/uploads/2025/02/sbi-Clerk-2025-Prelims-Call-Letter-Out-Notification-14191-Vacancies-1-1024x576.png HTTP/1.1" 200 88259 "-" "Googlebot-Image/1.0"
66.249.66.164 - - [19/Feb/2025:09:34:24 +0530] "GET /wp-content/uploads/2025/02/sbi-Clerk-2025-Prelims-Call-Letter-Out-Notification-14191-Vacancies.png HTTP/1.1" 200 60925 "-" "Googlebot-Image/1.0"
98.84.104.229 - - [19/Feb/2025:09:38:15 +0530] "GET /wp-content/plugins/gp-premium/blog/functions/css/style.min.css?ver=2.0.2 HTTP/1.1" 200 1020 "https://www.freejobalerts.guru/" "Mozilla/5.0 (Windows NT 10.0; Win64; x64) AppleWebKit/537.36 (KHTML, like Gecko) Chrome/130.0.0.0 Safari/537.36"
98.84.104.229 - - [19/Feb/2025:09:38:15 +0530] "GET /wp-includes/js/dist/hooks.min.js?ver=4d63a3d491d11ffd8ac6 HTTP/1.1" 200 1571 "https://www.freejobalerts.guru/" "Mozilla/5.0 (Windows NT 10.0; Win64; x64) AppleWebKit/537.36 (KHTML, like Gecko) Chrome/130.0.0.0 Safari/537.36"
98.84.104.229 - - [19/Feb/2025:09:38:15 +0530] "GET /wp-includes/js/dist/i18n.min.js?ver=5e580eb46a90c2b997e6 HTTP/1.1" 200 3542 "https://www.freejobalerts.guru/" "Mozilla/5.0 (Windows NT 10.0; Win64; x64) AppleWebKit/537.36 (KHTML, like Gecko) Chrome/130.0.0.0 Safari/537.36"
98.84.104.229 - - [19/Feb/2025:09:38:15 +0530] "GET /wp-content/plugins/contact-form-7/includes/swv/js/index.js?ver=6.0.3 HTTP/1.1" 200 3369 "https://www.freejobalerts.guru/" "Mozilla/5.0 (Windows NT 10.0; Win64; x64) AppleWebKit/537.36 (KHTML, like Gecko) Chrome/130.0.0.0 Safari/537.36"
98.84.104.229 - - [19/Feb/2025:09:38:15 +0530] "GET /wp-content/plugins/contact-form-7/includes/js/index.js?ver=6.0.3 HTTP/1.1" 200 4008 "https://www.freejobalerts.guru/" "Mozilla/5.0 (Windows NT 10.0; Win64; x64) AppleWebKit/537.36 (KHTML, like Gecko) Chrome/130.0.0.0 Safari/537.36"
162.55.100.32 - - [19/Feb/2025:09:30:27 +0530] "POST /wp-cron.php?doing_wp_cron=1739937627.2818310260772705078125 HTTP/1.1" 200 0 "-" "WordPress/6.7.2; https://www.freejobalerts.guru"
66.249.66.166 - - [19/Feb/2025:09:33:10 +0530] "GET /sbi-clerk-2025-prelims-call-letter-out-notification-14191-vacancies/ HTTP/1.1" 200 25749 "-" "Mozilla/5.0 (Linux; Android 6.0.1; Nexus 5X Build/MMB29P) AppleWebKit/537.36 (KHTML, like Gecko) Chrome/133.0.6943.98 Mobile Safari/537.36 (compatible; Google-InspectionTool/1.0;)"
66.249.66.164 - - [19/Feb/2025:09:33:13 +0530] "GET /wp-content/themes/generatepress/assets/css/components/comments.min.css?ver=3.5.1 HTTP/1.1" 200 488 "https://www.freejobalerts.guru/sbi-clerk-2025-prelims-call-letter-out-notification-14191-vacancies/" "Mozilla/5.0 (X11; Linux x86_64) AppleWebKit/537.36 (KHTML, like Gecko) Chrome/133.0.6943.53 Safari/537.36 (compatible; Google-InspectionTool/1.0)"
66.249.66.164 - - [19/Feb/2025:09:33:13 +0530] "GET /wp-content/plugins/related-posts-thumbnails/assets/css/front.css?ver=4.2.1 HTTP/1.1" 200 1088 "https://www.freejobalerts.guru/sbi-clerk-2025-prelims-call-letter-out-notification-14191-vacancies/" "Mozilla/5.0 (Linux; Android 6.0.1; Nexus 5X Build/MMB29P) AppleWebKit/537.36 (KHTML, like Gecko) Chrome/133.0.6943.53 Mobile Safari/537.36 (compatible; Google-InspectionTool/1.0)"
66.249.66.165 - - [19/Feb/2025:09:33:13 +0530] "GET /wp-content/uploads/2025/02/image-5.jpeg HTTP/1.1" 200 106676 "https://www.freejobalerts.guru/sbi-clerk-2025-prelims-call-letter-out-notification-14191-vacancies/" "Mozilla/5.0 (Linux; Android 6.0.1; Nexus 5X Build/MMB29P) AppleWebKit/537.36 (KHTML, like Gecko) Chrome/133.0.6943.53 Mobile Safari/537.36 (compatible; Google-InspectionTool/1.0)"
66.249.66.164 - - [19/Feb/2025:09:33:50 +0530] "GET /wp-includes/js/dist/hooks.min.js?ver=4d63a3d491d11ffd8ac6 HTTP/1.1" 200 1571 "https://www.freejobalerts.guru/sbi-clerk-2025-prelims-call-letter-out-notification-14191-vacancies/" "Mozilla/5.0 (X11; Linux x86_64) AppleWebKit/537.36 (KHTML, like Gecko) Chrome/133.0.6943.53 Safari/537.36 (compatible; Google-InspectionTool/1.0)"
66.249.66.164 - - [19/Feb/2025:09:33:50 +0530] "GET /wp-includes/js/dist/i18n.min.js?ver=5e580eb46a90c2b997e6 HTTP/1.1" 200 3542 "https://www.freejobalerts.guru/sbi-clerk-2025-prelims-call-letter-out-notification-14191-vacancies/" "Mozilla/5.0 (X11; Linux x86_64) AppleWebKit/537.36 (KHTML, like Gecko) Chrome/133.0.6943.53 Safari/537.36 (compatible; Google-InspectionTool/1.0)"
66.249.66.164 - - [19/Feb/2025:09:33:50 +0530] "GET /wp-content/plugins/contact-form-7/includes/js/index.js?ver=6.0.3 HTTP/1.1" 200 4008 "https://www.freejobalerts.guru/sbi-clerk-2025-prelims-call-letter-out-notification-14191-vacancies/" "Mozilla/5.0 (Linux; Android 6.0.1; Nexus 5X Build/MMB29P) AppleWebKit/537.36 (KHTML, like Gecko) Chrome/133.0.6943.53 Mobile Safari/537.36 (compatible; Google-InspectionTool/1.0)"
66.249.66.164 - - [19/Feb/2025:09:33:50 +0530] "GET /wp-includes/js/dist/i18n.min.js?ver=5e580eb46a90c2b997e6 HTTP/1.1" 200 3542 "https://www.freejobalerts.guru/sbi-clerk-2025-prelims-call-letter-out-notification-14191-vacancies/" "Mozilla/5.0 (Linux; Android 6.0.1; Nexus 5X Build/MMB29P) AppleWebKit/537.36 (KHTML, like Gecko) Chrome/133.0.6943.53 Mobile Safari/537.36 (compatible; Google-InspectionTool/1.0)"
66.249.66.164 - - [19/Feb/2025:09:34:12 +0530] "GET /wp-includes/css/dist/block-library/style.min.css?ver=6.7.2 HTTP/1.1" 200 14225 "https://www.freejobalerts.guru/sbi-clerk-2025-prelims-call-letter-out-notification-14191-vacancies/" "Mozilla/5.0 (Linux; Android 6.0.1; Nexus 5X Build/MMB29P) AppleWebKit/537.36 (KHTML, like Gecko) Chrome/133.0.6943.53 Mobile Safari/537.36 (compatible; Googlebot/2.1; +http://www.google.com/bot.html)"
66.249.66.164 - - [19/Feb/2025:09:34:13 +0530] "GET /wp-content/plugins/contextual-related-posts/css/rounded-thumbs.min.css?ver=3.6.2 HTTP/1.1" 200 348 "https://www.freejobalerts.guru/sbi-clerk-2025-prelims-call-letter-out-notification-14191-vacancies/" "Mozilla/5.0 (Linux; Android 6.0.1; Nexus 5X Build/MMB29P) AppleWebKit/537.36 (KHTML, like Gecko) Chrome/133.0.6943.53 Mobile Safari/537.36 (compatible; Googlebot/2.1; +http://www.google.com/bot.html)"
66.249.66.164 - - [19/Feb/2025:09:34:13 +0530] "GET /wp-includes/js/dist/hooks.min.js?ver=4d63a3d491d11ffd8ac6 HTTP/1.1" 200 1571 "https://www.freejobalerts.guru/sbi-clerk-2025-prelims-call-letter-out-notification-14191-vacancies/" "Mozilla/5.0 (Linux; Android 6.0.1; Nexus 5X Build/MMB29P) AppleWebKit/537.36 (KHTML, like Gecko) Chrome/133.0.6943.53 Mobile Safari/537.36 (compatible; Googlebot/2.1; +http://www.google.com/bot.html)"
66.249.66.164 - - [19/Feb/2025:09:34:14 +0530] "GET /wp-content/themes/generatepress/assets/css/components/comments.min.css?ver=3.5.1 HTTP/1.1" 200 488 "https://www.freejobalerts.guru/sbi-clerk-2025-prelims-call-letter-out-notification-14191-vacancies/" "Mozilla/5.0 (Linux; Android 6.0.1; Nexus 5X Build/MMB29P) AppleWebKit/537.36 (KHTML, like Gecko) Chrome/133.0.6943.53 Mobile Safari/537.36 (compatible; Googlebot/2.1; +http://www.google.com/bot.html)"
66.249.66.164 - - [19/Feb/2025:09:34:15 +0530] "GET /wp-content/plugins/contact-form-7/includes/swv/js/index.js?ver=6.0.3 HTTP/1.1" 200 3369 "https://www.freejobalerts.guru/sbi-clerk-2025-prelims-call-letter-out-notification-14191-vacancies/" "Mozilla/5.0 (Linux; Android 6.0.1; Nexus 5X Build/MMB29P) AppleWebKit/537.36 (KHTML, like Gecko) Chrome/133.0.6943.53 Mobile Safari/537.36 (compatible; Googlebot/2.1; +http://www.google.com/bot.html)"
66.249.66.164 - - [19/Feb/2025:09:34:15 +0530] "GET /wp-includes/js/comment-reply.min.js?ver=6.7.2 HTTP/1.1" 200 1247 "https://www.freejobalerts.guru/sbi-clerk-2025-prelims-call-letter-out-notification-14191-vacancies/" "Mozilla/5.0 (Linux; Android 6.0.1; Nexus 5X Build/MMB29P) AppleWebKit/537.36 (KHTML, like Gecko) Chrome/133.0.6943.53 Mobile Safari/537.36 (compatible; Googlebot/2.1; +http://www.google.com/bot.html)"
66.249.66.164 - - [19/Feb/2025:09:33:50 +0530] "GET /wp-content/uploads/2025/02/sd-sdsdfs.png HTTP/1.1" 200 25553 "https://www.freejobalerts.guru/sbi-clerk-2025-prelims-call-letter-out-notification-14191-vacancies/" "Mozilla/5.0 (Linux; Android 6.0.1; Nexus 5X Build/MMB29P) AppleWebKit/537.36 (KHTML, like Gecko) Chrome/133.0.6943.53 Mobile Safari/537.36 (compatible; Google-InspectionTool/1.0)"
162.55.100.32 - - [19/Feb/2025:09:31:43 +0530] "POST /wp-cron.php?doing_wp_cron=1739937703.7086780071258544921875 HTTP/1.1" 200 0 "-" "WordPress/6.7.2; https://www.freejobalerts.guru"
66.249.66.164 - - [19/Feb/2025:09:33:13 +0530] "GET /wp-content/uploads/2025/02/sbi-Clerk-2025-Prelims-Call-Letter-Out-Notification-14191-Vacancies-1-1024x576.png HTTP/1.1" 200 88259 "https://www.freejobalerts.guru/sbi-clerk-2025-prelims-call-letter-out-notification-14191-vacancies/" "Mozilla/5.0 (X11; Linux x86_64) AppleWebKit/537.36 (KHTML, like Gecko) Chrome/133.0.6943.53 Safari/537.36 (compatible; Google-InspectionTool/1.0)"
66.249.66.165 - - [19/Feb/2025:09:33:13 +0530] "GET /wp-includes/js/dist/hooks.min.js?ver=4d63a3d491d11ffd8ac6 HTTP/1.1" 200 1571 "https://www.freejobalerts.guru/sbi-clerk-2025-prelims-call-letter-out-notification-14191-vacancies/" "Mozilla/5.0 (Linux; Android 6.0.1; Nexus 5X Build/MMB29P) AppleWebKit/537.36 (KHTML, like Gecko) Chrome/133.0.6943.53 Mobile Safari/537.36 (compatible; Google-InspectionTool/1.0)"
66.249.66.164 - - [19/Feb/2025:09:33:13 +0530] "GET /wp-content/themes/generatepress/assets/js/menu.min.js?ver=3.5.1 HTTP/1.1" 200 1678 "https://www.freejobalerts.guru/sbi-clerk-2025-prelims-call-letter-out-notification-14191-vacancies/" "Mozilla/5.0 (Linux; Android 6.0.1; Nexus 5X Build/MMB29P) AppleWebKit/537.36 (KHTML, like Gecko) Chrome/133.0.6943.53 Mobile Safari/537.36 (compatible; Google-InspectionTool/1.0)"
66.249.66.164 - - [19/Feb/2025:09:33:46 +0530] "GET /sbi-clerk-2025-prelims-call-letter-out-notification-14191-vacancies/ HTTP/1.1" 200 25754 "-" "Mozilla/5.0 (Linux; Android 6.0.1; Nexus 5X Build/MMB29P) AppleWebKit/537.36 (KHTML, like Gecko) Chrome/133.0.6943.53 Mobile Safari/537.36 (compatible; Googlebot/2.1; +http://www.google.com/bot.html)"
162.55.100.32 - - [19/Feb/2025:10:11:11 +0530] "POST /wp-cron.php?doing_wp_cron=1739940071.0676419734954833984375 HTTP/1.1" 200 0 "-" "WordPress/6.7.2; https://www.freejobalerts.guru"
152.56.68.162 - - [19/Feb/2025:10:11:09 +0530] "GET /wp-admin/post-new.php HTTP/2" 200 84926 "https://www.freejobalerts.guru/sbi-clerk-2025-prelims-call-letter-out-notification-14191-vacancies/" "Mozilla/5.0 (Windows NT 10.0; Win64; x64) AppleWebKit/537.36 (KHTML, like Gecko) Chrome/133.0.0.0 Safari/537.36"
152.56.68.162 - - [19/Feb/2025:10:11:13 +0530] "OPTIONS /wp-json/wp/v2/settings?_locale=user HTTP/2" 200 1087 "https://www.freejobalerts.guru/wp-admin/post-new.php" "Mozilla/5.0 (Windows NT 10.0; Win64; x64) AppleWebKit/537.36 (KHTML, like Gecko) Chrome/133.0.0.0 Safari/537.36"
152.56.68.162 - - [19/Feb/2025:10:11:13 +0530] "GET /wp-json/wp/v2/block-patterns/categories?_locale=user HTTP/2" 200 614 "https://www.freejobalerts.guru/wp-admin/post-new.php" "Mozilla/5.0 (Windows NT 10.0; Win64; x64) AppleWebKit/537.36 (KHTML, like Gecko) Chrome/133.0.0.0 Safari/537.36"
152.56.68.162 - - [19/Feb/2025:10:11:14 +0530] "GET /wp-json/?_fields=description%2Cgmt_offset%2Chome%2Cname%2Csite_icon%2Csite_icon_url%2Csite_logo%2Ctimezone_string%2Curl&_locale=user HTTP/2" 200 356 "https://www.freejobalerts.guru/wp-admin/post-new.php" "Mozilla/5.0 (Windows NT 10.0; Win64; x64) AppleWebKit/537.36 (KHTML, like Gecko) Chrome/133.0.0.0 Safari/537.36"
152.56.68.162 - - [19/Feb/2025:10:11:14 +0530] "GET /wp-json/wp/v2/blocks?context=edit&per_page=100&page=1&_locale=user HTTP/2" 200 6 "https://www.freejobalerts.guru/wp-admin/post-new.php" "Mozilla/5.0 (Windows NT 10.0; Win64; x64) AppleWebKit/537.36 (KHTML, like Gecko) Chrome/133.0.0.0 Safari/537.36"
152.56.68.162 - - [19/Feb/2025:10:11:14 +0530] "GET /wp-json/wp/v2/wp_pattern_category?context=view&per_page=100&_fields=id%2Cname%2Cdescription%2Cslug&_locale=user HTTP/2" 200 6 "https://www.freejobalerts.guru/wp-admin/post-new.php" "Mozilla/5.0 (Windows NT 10.0; Win64; x64) AppleWebKit/537.36 (KHTML, like Gecko) Chrome/133.0.0.0 Safari/537.36"
152.56.68.162 - - [19/Feb/2025:09:28:34 +0530] "POST /wp-admin/admin-ajax.php HTTP/1.1" 200 79 "https://www.freejobalerts.guru/wp-admin/post.php?post=66&action=edit" "Mozilla/5.0 (Windows NT 10.0; Win64; x64) AppleWebKit/537.36 (KHTML, like Gecko) Chrome/133.0.0.0 Safari/537.36"
152.56.68.162 - - [19/Feb/2025:09:28:44 +0530] "POST /wp-admin/admin-ajax.php HTTP/1.1" 200 79 "https://www.freejobalerts.guru/wp-admin/post.php?post=66&action=edit" "Mozilla/5.0 (Windows NT 10.0; Win64; x64) AppleWebKit/537.36 (KHTML, like Gecko) Chrome/133.0.0.0 Safari/537.36"
162.55.100.32 - - [19/Feb/2025:09:30:40 +0530] "POST /wp-cron.php?doing_wp_cron=1739937640.1219410896301269531250 HTTP/1.1" 200 0 "-" "WordPress/6.7.2; https://www.freejobalerts.guru"
66.249.66.164 - - [19/Feb/2025:09:33:13 +0530] "GET /wp-content/plugins/contact-form-7/includes/js/index.js?ver=6.0.3 HTTP/1.1" 200 4008 "https://www.freejobalerts.guru/sbi-clerk-2025-prelims-call-letter-out-notification-14191-vacancies/" "Mozilla/5.0 (X11; Linux x86_64) AppleWebKit/537.36 (KHTML, like Gecko) Chrome/133.0.6943.53 Safari/537.36 (compatible; Google-InspectionTool/1.0)"
66.249.66.164 - - [19/Feb/2025:09:33:50 +0530] "GET /wp-content/themes/generatepress/assets/css/main.min.css?ver=3.5.1 HTTP/1.1" 200 4410 "https://www.freejobalerts.guru/sbi-clerk-2025-prelims-call-letter-out-notification-14191-vacancies/" "Mozilla/5.0 (X11; Linux x86_64) AppleWebKit/537.36 (KHTML, like Gecko) Chrome/133.0.6943.53 Safari/537.36 (compatible; Google-InspectionTool/1.0)"
66.249.66.164 - - [19/Feb/2025:09:33:50 +0530] "GET /wp-content/uploads/2025/02/sbi-Clerk-2025-Prelims-Call-Letter-Out-Notification-14191-Vacancies-1-1024x576.png HTTP/1.1" 200 88259 "https://www.freejobalerts.guru/sbi-clerk-2025-prelims-call-letter-out-notification-14191-vacancies/" "Mozilla/5.0 (X11; Linux x86_64) AppleWebKit/537.36 (KHTML, like Gecko) Chrome/133.0.6943.53 Safari/537.36 (compatible; Google-InspectionTool/1.0)"
66.249.66.164 - - [19/Feb/2025:09:33:50 +0530] "GET /wp-content/themes/generatepress/assets/css/components/comments.min.css?ver=3.5.1 HTTP/1.1" 200 488 "https://www.freejobalerts.guru/sbi-clerk-2025-prelims-call-letter-out-notification-14191-vacancies/" "Mozilla/5.0 (Linux; Android 6.0.1; Nexus 5X Build/MMB29P) AppleWebKit/537.36 (KHTML, like Gecko) Chrome/133.0.6943.53 Mobile Safari/537.36 (compatible; Google-InspectionTool/1.0)"
66.249.66.164 - - [19/Feb/2025:09:34:38 +0530] "GET /sbi-clerk-2025-prelims-call-letter-out-notification-14191-vacancies/ HTTP/1.1" 200 25754 "-" "Googlebot-Image/1.0"
66.249.66.164 - - [19/Feb/2025:09:34:41 +0530] "GET /sbi-clerk-2025-prelims-call-letter-out-notification-14191-vacancies/ HTTP/1.1" 200 25754 "-" "Googlebot-Image/1.0"
2a06:98c0:3600::103 - - [19/Feb/2025:09:51:55 +0530] "GET /wordpress/wp-admin/setup-config.php HTTP/1.1" 301 0 "-" "Mozilla/5.0 (Windows NT 10.0; Win64; x64) AppleWebKit/537.36 (KHTML, like Gecko) Chrome/133.0.0.0 Safari/537.36"
2a06:98c0:3600::103 - - [19/Feb/2025:09:53:44 +0530] "GET /wp-admin/setup-config.php HTTP/1.1" 409 1041 "-" "Mozilla/5.0 (Windows NT 10.0; Win64; x64) AppleWebKit/537.36 (KHTML, like Gecko) Chrome/133.0.0.0 Safari/537.36"
162.55.100.32 - - [19/Feb/2025:09:57:37 +0530] "POST /wp-cron.php?doing_wp_cron=1739939257.4174659252166748046875 HTTP/1.1" 200 0 "-" "WordPress/6.7.2; https://www.freejobalerts.guru"
2a06:98c0:3600::103 - - [19/Feb/2025:10:14:59 +0530] "GET /wordpress/wp-admin/setup-config.php HTTP/1.1" 301 0 "-" "Mozilla/5.0 (Windows NT 10.0; Win64; x64) AppleWebKit/537.36 (KHTML, like Gecko) Chrome/133.0.0.0 Safari/537.36"
162.55.100.32 - - [19/Feb/2025:10:19:18 +0530] "POST /wp-cron.php?doing_wp_cron=1739940558.5082280635833740234375 HTTP/1.1" 200 0 "-" "WordPress/6.7.2; https://www.freejobalerts.guru"
162.55.100.32 - - [19/Feb/2025:10:23:20 +0530] "POST /wp-cron.php?doing_wp_cron=1739940800.5641119480133056640625 HTTP/1.1" 200 0 "-" "WordPress/6.7.2; https://www.freejobalerts.guru"
98.84.104.229 - - [19/Feb/2025:09:38:15 +0530] "GET /wp-content/themes/generatepress/assets/js/menu.min.js?ver=3.5.1 HTTP/1.1" 200 1678 "https://www.freejobalerts.guru/" "Mozilla/5.0 (Windows NT 10.0; Win64; x64) AppleWebKit/537.36 (KHTML, like Gecko) Chrome/130.0.0.0 Safari/537.36"
98.84.104.229 - - [19/Feb/2025:09:38:15 +0530] "GET /wp-includes/js/imagesloaded.min.js?ver=5.0.0 HTTP/1.1" 200 1687 "https://www.freejobalerts.guru/" "Mozilla/5.0 (Windows NT 10.0; Win64; x64) AppleWebKit/537.36 (KHTML, like Gecko) Chrome/130.0.0.0 Safari/537.36"
98.84.104.229 - - [19/Feb/2025:09:38:15 +0530] "GET /wp-content/plugins/gp-premium/blog/functions/js/scripts.min.js?ver=2.0.2 HTTP/1.1" 200 515 "https://www.freejobalerts.guru/" "Mozilla/5.0 (Windows NT 10.0; Win64; x64) AppleWebKit/537.36 (KHTML, like Gecko) Chrome/130.0.0.0 Safari/537.36"
98.84.104.229 - - [19/Feb/2025:09:38:15 +0530] "GET /wp-content/uploads/2025/02/sd-sdsdfs.png HTTP/1.1" 200 25553 "https://www.freejobalerts.guru/" "Mozilla/5.0 (Windows NT 10.0; Win64; x64) AppleWebKit/537.36 (KHTML, like Gecko) Chrome/130.0.0.0 Safari/537.36"
98.84.104.229 - - [19/Feb/2025:09:38:15 +0530] "GET /wp-includes/js/masonry.min.js?ver=4.2.2 HTTP/1.1" 200 7117 "https://www.freejobalerts.guru/" "Mozilla/5.0 (Windows NT 10.0; Win64; x64) AppleWebKit/537.36 (KHTML, like Gecko) Chrome/130.0.0.0 Safari/537.36"
98.84.104.229 - - [19/Feb/2025:09:38:15 +0530] "GET /wp-content/uploads/2025/02/sbi-Clerk-2025-Prelims-Call-Letter-Out-Notification-14191-Vacancies.png HTTP/1.1" 200 60925 "https://www.freejobalerts.guru/" "Mozilla/5.0 (Windows NT 10.0; Win64; x64) AppleWebKit/537.36 (KHTML, like Gecko) Chrome/130.0.0.0 Safari/537.36"
98.84.104.229 - - [19/Feb/2025:09:38:15 +0530] "GET /wp-content/uploads/2025/02/image-4.jpeg HTTP/1.1" 200 135163 "https://www.freejobalerts.guru/" "Mozilla/5.0 (Windows NT 10.0; Win64; x64) AppleWebKit/537.36 (KHTML, like Gecko) Chrome/130.0.0.0 Safari/537.36"
98.84.104.229 - - [19/Feb/2025:09:38:15 +0530] "GET /wp-content/uploads/2025/02/freejobalerts.guru_.png HTTP/1.1" 200 372627 "https://www.freejobalerts.guru/" "Mozilla/5.0 (Windows NT 10.0; Win64; x64) AppleWebKit/537.36 (KHTML, like Gecko) Chrome/130.0.0.0 Safari/537.36"
98.84.104.229 - - [19/Feb/2025:09:38:16 +0530] "GET /favicon.ico HTTP/1.1" 404 1251 "https://www.freejobalerts.guru/" "Mozilla/5.0 (Windows NT 10.0; Win64; x64) AppleWebKit/537.36 (KHTML, like Gecko) Chrome/130.0.0.0 Safari/537.36"
