152.56.68.162 - - [19/Feb/2025:09:02:17 +0530] "POST /wp-admin/admin-ajax.php HTTP/1.1" 200 79 "https://www.freejobalerts.guru/wp-admin/post.php?post=66&action=edit" "Mozilla/5.0 (Windows NT 10.0; Win64; x64) AppleWebKit/537.36 (KHTML, like Gecko) Chrome/133.0.0.0 Safari/537.36"
152.56.68.162 - - [19/Feb/2025:09:02:26 +0530] "POST /wp-admin/admin-ajax.php HTTP/1.1" 200 79 "https://www.freejobalerts.guru/wp-admin/post.php?post=66&action=edit" "Mozilla/5.0 (Windows NT 10.0; Win64; x64) AppleWebKit/537.36 (KHTML, like Gecko) Chrome/133.0.0.0 Safari/537.36"
152.56.68.162 - - [19/Feb/2025:09:02:36 +0530] "POST /wp-admin/admin-ajax.php HTTP/1.1" 200 79 "https://www.freejobalerts.guru/wp-admin/post.php?post=66&action=edit" "Mozilla/5.0 (Windows NT 10.0; Win64; x64) AppleWebKit/537.36 (KHTML, like Gecko) Chrome/133.0.0.0 Safari/537.36"
152.56.68.162 - - [19/Feb/2025:09:02:44 +0530] "POST /wp-json/wp/v2/posts/66/autosaves?_locale=user HTTP/1.1" 200 21898 "https://www.freejobalerts.guru/wp-admin/post.php?post=66&action=edit" "Mozilla/5.0 (Windows NT 10.0; Win64; x64) AppleWebKit/537.36 (KHTML, like Gecko) Chrome/133.0.0.0 Safari/537.36"
152.56.68.162 - - [19/Feb/2025:09:02:47 +0530] "POST /wp-admin/admin-ajax.php HTTP/1.1" 200 79 "https://www.freejobalerts.guru/wp-admin/post.php?post=66&action=edit" "Mozilla/5.0 (Windows NT 10.0; Win64; x64) AppleWebKit/537.36 (KHTML, like Gecko) Chrome/133.0.0.0 Safari/537.36"
152.56.68.162 - - [19/Feb/2025:09:02:57 +0530] "POST /wp-admin/admin-ajax.php HTTP/1.1" 200 79 "https://www.freejobalerts.guru/wp-admin/post.php?post=66&action=edit" "Mozilla/5.0 (Windows NT 10.0; Win64; x64) AppleWebKit/537.36 (KHTML, like Gecko) Chrome/133.0.0.0 Safari/537.36"
152.56.68.162 - - [19/Feb/2025:09:03:07 +0530] "POST /wp-admin/admin-ajax.php HTTP/1.1" 200 79 "https://www.freejobalerts.guru/wp-admin/post.php?post=66&action=edit" "Mozilla/5.0 (Windows NT 10.0; Win64; x64) AppleWebKit/537.36 (KHTML, like Gecko) Chrome/133.0.0.0 Safari/537.36"
152.56.68.162 - - [19/Feb/2025:09:03:17 +0530] "POST /wp-admin/admin-ajax.php HTTP/1.1" 200 79 "https://www.freejobalerts.guru/wp-admin/post.php?post=66&action=edit" "Mozilla/5.0 (Windows NT 10.0; Win64; x64) AppleWebKit/537.36 (KHTML, like Gecko) Chrome/133.0.0.0 Safari/537.36"
152.56.68.162 - - [19/Feb/2025:09:03:26 +0530] "POST /wp-admin/admin-ajax.php HTTP/1.1" 200 79 "https://www.freejobalerts.guru/wp-admin/post.php?post=66&action=edit" "Mozilla/5.0 (Windows NT 10.0; Win64; x64) AppleWebKit/537.36 (KHTML, like Gecko) Chrome/133.0.0.0 Safari/537.36"
162.55.100.32 - - [19/Feb/2025:09:07:09 +0530] "POST /wp-cron.php?doing_wp_cron=1739936228.9509279727935791015625 HTTP/1.1" 200 0 "-" "WordPress/6.7.2; https://www.freejobalerts.guru"
152.56.68.162 - - [19/Feb/2025:09:09:07 +0530] "POST /wp-admin/admin-ajax.php HTTP/2" 200 79 "https://www.freejobalerts.guru/wp-admin/post.php?post=66&action=edit" "Mozilla/5.0 (Windows NT 10.0; Win64; x64) AppleWebKit/537.36 (KHTML, like Gecko) Chrome/133.0.0.0 Safari/537.36"
152.56.68.162 - - [19/Feb/2025:09:09:17 +0530] "POST /wp-admin/admin-ajax.php HTTP/2" 200 79 "https://www.freejobalerts.guru/wp-admin/post.php?post=66&action=edit" "Mozilla/5.0 (Windows NT 10.0; Win64; x64) AppleWebKit/537.36 (KHTML, like Gecko) Chrome/133.0.0.0 Safari/537.36"
152.56.68.162 - - [19/Feb/2025:09:09:26 +0530] "POST /wp-admin/admin-ajax.php HTTP/2" 200 79 "https://www.freejobalerts.guru/wp-admin/post.php?post=66&action=edit" "Mozilla/5.0 (Windows NT 10.0; Win64; x64) AppleWebKit/537.36 (KHTML, like Gecko) Chrome/133.0.0.0 Safari/537.36"
152.56.68.162 - - [19/Feb/2025:09:09:36 +0530] "POST /wp-admin/admin-ajax.php HTTP/2" 200 79 "https://www.freejobalerts.guru/wp-admin/post.php?post=66&action=edit" "Mozilla/5.0 (Windows NT 10.0; Win64; x64) AppleWebKit/537.36 (KHTML, like Gecko) Chrome/133.0.0.0 Safari/537.36"
152.56.68.162 - - [19/Feb/2025:09:09:47 +0530] "POST /wp-admin/admin-ajax.php HTTP/2" 200 79 "https://www.freejobalerts.guru/wp-admin/post.php?post=66&action=edit" "Mozilla/5.0 (Windows NT 10.0; Win64; x64) AppleWebKit/537.36 (KHTML, like Gecko) Chrome/133.0.0.0 Safari/537.36"
152.56.68.162 - - [19/Feb/2025:09:09:57 +0530] "POST /wp-admin/admin-ajax.php HTTP/2" 200 79 "https://www.freejobalerts.guru/wp-admin/post.php?post=66&action=edit" "Mozilla/5.0 (Windows NT 10.0; Win64; x64) AppleWebKit/537.36 (KHTML, like Gecko) Chrome/133.0.0.0 Safari/537.36"
152.56.68.162 - - [19/Feb/2025:09:10:06 +0530] "POST /wp-admin/admin-ajax.php HTTP/2" 200 79 "https://www.freejobalerts.guru/wp-admin/post.php?post=66&action=edit" "Mozilla/5.0 (Windows NT 10.0; Win64; x64) AppleWebKit/537.36 (KHTML, like Gecko) Chrome/133.0.0.0 Safari/537.36"
152.56.68.162 - - [19/Feb/2025:09:10:17 +0530] "POST /wp-admin/admin-ajax.php HTTP/2" 200 79 "https://www.freejobalerts.guru/wp-admin/post.php?post=66&action=edit" "Mozilla/5.0 (Windows NT 10.0; Win64; x64) AppleWebKit/537.36 (KHTML, like Gecko) Chrome/133.0.0.0 Safari/537.36"
152.56.68.162 - - [19/Feb/2025:09:10:27 +0530] "POST /wp-admin/admin-ajax.php HTTP/2" 200 79 "https://www.freejobalerts.guru/wp-admin/post.php?post=66&action=edit" "Mozilla/5.0 (Windows NT 10.0; Win64; x64) AppleWebKit/537.36 (KHTML, like Gecko) Chrome/133.0.0.0 Safari/537.36"
152.56.68.162 - - [19/Feb/2025:09:10:37 +0530] "POST /wp-admin/admin-ajax.php HTTP/2" 200 79 "https://www.freejobalerts.guru/wp-admin/post.php?post=66&action=edit" "Mozilla/5.0 (Windows NT 10.0; Win64; x64) AppleWebKit/537.36 (KHTML, like Gecko) Chrome/133.0.0.0 Safari/537.36"
152.56.68.162 - - [19/Feb/2025:09:10:47 +0530] "POST /wp-admin/admin-ajax.php HTTP/2" 200 79 "https://www.freejobalerts.guru/wp-admin/post.php?post=66&action=edit" "Mozilla/5.0 (Windows NT 10.0; Win64; x64) AppleWebKit/537.36 (KHTML, like Gecko) Chrome/133.0.0.0 Safari/537.36"
152.56.68.162 - - [19/Feb/2025:09:10:57 +0530] "POST /wp-admin/admin-ajax.php HTTP/2" 200 81 "https://www.freejobalerts.guru/wp-admin/post.php?post=66&action=edit" "Mozilla/5.0 (Windows NT 10.0; Win64; x64) AppleWebKit/537.36 (KHTML, like Gecko) Chrome/133.0.0.0 Safari/537.36"
152.56.68.162 - - [19/Feb/2025:09:12:07 +0530] "POST /wp-admin/admin-ajax.php HTTP/2" 200 79 "https://www.freejobalerts.guru/wp-admin/post.php?post=66&action=edit" "Mozilla/5.0 (Windows NT 10.0; Win64; x64) AppleWebKit/537.36 (KHTML, like Gecko) Chrome/133.0.0.0 Safari/537.36"
152.56.68.162 - - [19/Feb/2025:09:12:27 +0530] "POST /wp-admin/admin-ajax.php HTTP/1.1" 200 79 "https://www.freejobalerts.guru/wp-admin/post.php?post=66&action=edit" "Mozilla/5.0 (Windows NT 10.0; Win64; x64) AppleWebKit/537.36 (KHTML, like Gecko) Chrome/133.0.0.0 Safari/537.36"
152.56.68.162 - - [19/Feb/2025:09:03:37 +0530] "POST /wp-admin/admin-ajax.php HTTP/1.1" 200 81 "https://www.freejobalerts.guru/wp-admin/post.php?post=66&action=edit" "Mozilla/5.0 (Windows NT 10.0; Win64; x64) AppleWebKit/537.36 (KHTML, like Gecko) Chrome/133.0.0.0 Safari/537.36"
152.56.68.162 - - [19/Feb/2025:09:03:47 +0530] "POST /wp-admin/admin-ajax.php HTTP/1.1" 200 79 "https://www.freejobalerts.guru/wp-admin/post.php?post=66&action=edit" "Mozilla/5.0 (Windows NT 10.0; Win64; x64) AppleWebKit/537.36 (KHTML, like Gecko) Chrome/133.0.0.0 Safari/537.36"
152.56.68.162 - - [19/Feb/2025:09:03:57 +0530] "POST /wp-admin/admin-ajax.php HTTP/1.1" 200 79 "https://www.freejobalerts.guru/wp-admin/post.php?post=66&action=edit" "Mozilla/5.0 (Windows NT 10.0; Win64; x64) AppleWebKit/537.36 (KHTML, like Gecko) Chrome/133.0.0.0 Safari/537.36"
152.56.68.162 - - [19/Feb/2025:09:04:07 +0530] "POST /wp-admin/admin-ajax.php HTTP/1.1" 200 79 "https://www.freejobalerts.guru/wp-admin/post.php?post=66&action=edit" "Mozilla/5.0 (Windows NT 10.0; Win64; x64) AppleWebKit/537.36 (KHTML, like Gecko) Chrome/133.0.0.0 Safari/537.36"
152.56.68.162 - - [19/Feb/2025:09:04:17 +0530] "POST /wp-admin/admin-ajax.php HTTP/1.1" 200 81 "https://www.freejobalerts.guru/wp-admin/post.php?post=66&action=edit" "Mozilla/5.0 (Windows NT 10.0; Win64; x64) AppleWebKit/537.36 (KHTML, like Gecko) Chrome/133.0.0.0 Safari/537.36"
162.55.100.32 - - [19/Feb/2025:09:04:27 +0530] "POST /wp-cron.php?doing_wp_cron=1739936067.4048800468444824218750 HTTP/1.1" 200 0 "-" "WordPress/6.7.2; https://www.freejobalerts.guru"
152.56.68.162 - - [19/Feb/2025:09:04:27 +0530] "POST /wp-admin/admin-ajax.php HTTP/1.1" 200 81 "https://www.freejobalerts.guru/wp-admin/post.php?post=66&action=edit" "Mozilla/5.0 (Windows NT 10.0; Win64; x64) AppleWebKit/537.36 (KHTML, like Gecko) Chrome/133.0.0.0 Safari/537.36"
152.56.68.162 - - [19/Feb/2025:09:04:37 +0530] "POST /wp-admin/admin-ajax.php HTTP/1.1" 200 79 "https://www.freejobalerts.guru/wp-admin/post.php?post=66&action=edit" "Mozilla/5.0 (Windows NT 10.0; Win64; x64) AppleWebKit/537.36 (KHTML, like Gecko) Chrome/133.0.0.0 Safari/537.36"
152.56.68.162 - - [19/Feb/2025:09:04:47 +0530] "POST /wp-admin/admin-ajax.php HTTP/1.1" 200 81 "https://www.freejobalerts.guru/wp-admin/post.php?post=66&action=edit" "Mozilla/5.0 (Windows NT 10.0; Win64; x64) AppleWebKit/537.36 (KHTML, like Gecko) Chrome/133.0.0.0 Safari/537.36"
152.56.68.162 - - [19/Feb/2025:09:04:57 +0530] "POST /wp-admin/admin-ajax.php HTTP/1.1" 200 79 "https://www.freejobalerts.guru/wp-admin/post.php?post=66&action=edit" "Mozilla/5.0 (Windows NT 10.0; Win64; x64) AppleWebKit/537.36 (KHTML, like Gecko) Chrome/133.0.0.0 Safari/537.36"
152.56.68.162 - - [19/Feb/2025:09:05:07 +0530] "POST /wp-admin/admin-ajax.php HTTP/1.1" 200 79 "https://www.freejobalerts.guru/wp-admin/post.php?post=66&action=edit" "Mozilla/5.0 (Windows NT 10.0; Win64; x64) AppleWebKit/537.36 (KHTML, like Gecko) Chrome/133.0.0.0 Safari/537.36"
152.56.68.162 - - [19/Feb/2025:09:05:17 +0530] "POST /wp-admin/admin-ajax.php HTTP/1.1" 200 79 "https://www.freejobalerts.guru/wp-admin/post.php?post=66&action=edit" "Mozilla/5.0 (Windows NT 10.0; Win64; x64) AppleWebKit/537.36 (KHTML, like Gecko) Chrome/133.0.0.0 Safari/537.36"
2a06:98c0:3600::103 - - [19/Feb/2025:09:07:09 +0530] "GET /wordpress/wp-admin/setup-config.php HTTP/1.1" 404 9413 "-" "Mozilla/5.0 (Windows NT 10.0; Win64; x64) AppleWebKit/537.36 (KHTML, like Gecko) Chrome/133.0.0.0 Safari/537.36"
152.56.68.162 - - [19/Feb/2025:09:11:07 +0530] "POST /wp-admin/admin-ajax.php HTTP/2" 200 79 "https://www.freejobalerts.guru/wp-admin/post.php?post=66&action=edit" "Mozilla/5.0 (Windows NT 10.0; Win64; x64) AppleWebKit/537.36 (KHTML, like Gecko) Chrome/133.0.0.0 Safari/537.36"
162.55.100.32 - - [19/Feb/2025:09:12:27 +0530] "POST /wp-cron.php?doing_wp_cron=1739936547.4269309043884277343750 HTTP/1.1" 200 0 "-" "WordPress/6.7.2; https://www.freejobalerts.guru"
2a06:98c0:3600::103 - - [19/Feb/2025:09:04:55 +0530] "GET /wordpress/wp-admin/setup-config.php HTTP/1.1" 301 0 "-" "Mozilla/5.0 (Windows NT 10.0; Win64; x64) AppleWebKit/537.36 (KHTML, like Gecko) Chrome/133.0.0.0 Safari/537.36"
162.55.100.32 - - [19/Feb/2025:09:09:09 +0530] "POST /wp-cron.php?doing_wp_cron=1739936349.1932890415191650390625 HTTP/1.1" 200 0 "-" "WordPress/6.7.2; https://www.freejobalerts.guru"
152.56.68.162 - - [19/Feb/2025:09:11:18 +0530] "POST /wp-admin/admin-ajax.php HTTP/2" 200 79 "https://www.freejobalerts.guru/wp-admin/post.php?post=66&action=edit" "Mozilla/5.0 (Windows NT 10.0; Win64; x64) AppleWebKit/537.36 (KHTML, like Gecko) Chrome/133.0.0.0 Safari/537.36"
162.55.100.32 - - [19/Feb/2025:09:11:27 +0530] "POST /wp-cron.php?doing_wp_cron=1739936487.7161629199981689453125 HTTP/1.1" 200 0 "-" "WordPress/6.7.2; https://www.freejobalerts.guru"
152.56.68.162 - - [19/Feb/2025:09:11:57 +0530] "POST /wp-admin/admin-ajax.php HTTP/2" 200 79 "https://www.freejobalerts.guru/wp-admin/post.php?post=66&action=edit" "Mozilla/5.0 (Windows NT 10.0; Win64; x64) AppleWebKit/537.36 (KHTML, like Gecko) Chrome/133.0.0.0 Safari/537.36"
162.55.100.32 - - [19/Feb/2025:09:10:28 +0530] "POST /wp-cron.php?doing_wp_cron=1739936427.9569189548492431640625 HTTP/1.1" 200 0 "-" "WordPress/6.7.2; https://www.freejobalerts.guru"
162.55.100.32 - - [19/Feb/2025:09:13:28 +0530] "POST /wp-cron.php?doing_wp_cron=1739936607.9506340026855468750000 HTTP/1.1" 200 0 "-" "WordPress/6.7.2; https://www.freejobalerts.guru"
152.56.68.162 - - [19/Feb/2025:09:12:37 +0530] "POST /wp-admin/admin-ajax.php HTTP/1.1" 200 79 "https://www.freejobalerts.guru/wp-admin/post.php?post=66&action=edit" "Mozilla/5.0 (Windows NT 10.0; Win64; x64) AppleWebKit/537.36 (KHTML, like Gecko) Chrome/133.0.0.0 Safari/537.36"
152.56.68.162 - - [19/Feb/2025:09:12:47 +0530] "POST /wp-admin/admin-ajax.php HTTP/1.1" 200 79 "https://www.freejobalerts.guru/wp-admin/post.php?post=66&action=edit" "Mozilla/5.0 (Windows NT 10.0; Win64; x64) AppleWebKit/537.36 (KHTML, like Gecko) Chrome/133.0.0.0 Safari/537.36"
152.56.68.162 - - [19/Feb/2025:09:12:57 +0530] "POST /wp-admin/admin-ajax.php HTTP/1.1" 200 79 "https://www.freejobalerts.guru/wp-admin/post.php?post=66&action=edit" "Mozilla/5.0 (Windows NT 10.0; Win64; x64) AppleWebKit/537.36 (KHTML, like Gecko) Chrome/133.0.0.0 Safari/537.36"
152.56.68.162 - - [19/Feb/2025:09:13:07 +0530] "POST /wp-admin/admin-ajax.php HTTP/1.1" 200 79 "https://www.freejobalerts.guru/wp-admin/post.php?post=66&action=edit" "Mozilla/5.0 (Windows NT 10.0; Win64; x64) AppleWebKit/537.36 (KHTML, like Gecko) Chrome/133.0.0.0 Safari/537.36"
152.56.68.162 - - [19/Feb/2025:09:13:17 +0530] "POST /wp-admin/admin-ajax.php HTTP/1.1" 200 79 "https://www.freejobalerts.guru/wp-admin/post.php?post=66&action=edit" "Mozilla/5.0 (Windows NT 10.0; Win64; x64) AppleWebKit/537.36 (KHTML, like Gecko) Chrome/133.0.0.0 Safari/537.36"
152.56.68.162 - - [19/Feb/2025:09:13:27 +0530] "POST /wp-admin/admin-ajax.php HTTP/1.1" 200 79 "https://www.freejobalerts.guru/wp-admin/post.php?post=66&action=edit" "Mozilla/5.0 (Windows NT 10.0; Win64; x64) AppleWebKit/537.36 (KHTML, like Gecko) Chrome/133.0.0.0 Safari/537.36"
152.56.68.162 - - [19/Feb/2025:09:13:37 +0530] "POST /wp-admin/admin-ajax.php HTTP/1.1" 200 79 "https://www.freejobalerts.guru/wp-admin/post.php?post=66&action=edit" "Mozilla/5.0 (Windows NT 10.0; Win64; x64) AppleWebKit/537.36 (KHTML, like Gecko) Chrome/133.0.0.0 Safari/537.36"
152.56.68.162 - - [19/Feb/2025:09:13:47 +0530] "POST /wp-admin/admin-ajax.php HTTP/1.1" 200 79 "https://www.freejobalerts.guru/wp-admin/post.php?post=66&action=edit" "Mozilla/5.0 (Windows NT 10.0; Win64; x64) AppleWebKit/537.36 (KHTML, like Gecko) Chrome/133.0.0.0 Safari/537.36"
152.56.68.162 - - [19/Feb/2025:09:13:57 +0530] "POST /wp-admin/admin-ajax.php HTTP/1.1" 200 79 "https://www.freejobalerts.guru/wp-admin/post.php?post=66&action=edit" "Mozilla/5.0 (Windows NT 10.0; Win64; x64) AppleWebKit/537.36 (KHTML, like Gecko) Chrome/133.0.0.0 Safari/537.36"
152.56.68.162 - - [19/Feb/2025:09:14:07 +0530] "POST /wp-admin/admin-ajax.php HTTP/1.1" 200 79 "https://www.freejobalerts.guru/wp-admin/post.php?post=66&action=edit" "Mozilla/5.0 (Windows NT 10.0; Win64; x64) AppleWebKit/537.36 (KHTML, like Gecko) Chrome/133.0.0.0 Safari/537.36"
2a06:98c0:3600::103 - - [19/Feb/2025:09:04:57 +0530] "GET /wordpress/wp-admin/setup-config.php HTTP/1.1" 404 9362 "-" "Mozilla/5.0 (Windows NT 10.0; Win64; x64) AppleWebKit/537.36 (KHTML, like Gecko) Chrome/133.0.0.0 Safari/537.36"
162.55.100.32 - - [19/Feb/2025:09:09:27 +0530] "POST /wp-cron.php?doing_wp_cron=1739936367.7689409255981445312500 HTTP/1.1" 200 0 "-" "WordPress/6.7.2; https://www.freejobalerts.guru"
152.56.68.162 - - [19/Feb/2025:09:11:27 +0530] "POST /wp-admin/admin-ajax.php HTTP/2" 200 81 "https://www.freejobalerts.guru/wp-admin/post.php?post=66&action=edit" "Mozilla/5.0 (Windows NT 10.0; Win64; x64) AppleWebKit/537.36 (KHTML, like Gecko) Chrome/133.0.0.0 Safari/537.36"
152.56.68.162 - - [19/Feb/2025:09:11:37 +0530] "POST /wp-admin/admin-ajax.php HTTP/2" 200 81 "https://www.freejobalerts.guru/wp-admin/post.php?post=66&action=edit" "Mozilla/5.0 (Windows NT 10.0; Win64; x64) AppleWebKit/537.36 (KHTML, like Gecko) Chrome/133.0.0.0 Safari/537.36"
152.56.68.162 - - [19/Feb/2025:09:11:47 +0530] "POST /wp-admin/admin-ajax.php HTTP/2" 200 79 "https://www.freejobalerts.guru/wp-admin/post.php?post=66&action=edit" "Mozilla/5.0 (Windows NT 10.0; Win64; x64) AppleWebKit/537.36 (KHTML, like Gecko) Chrome/133.0.0.0 Safari/537.36"
2a06:98c0:3600::103 - - [19/Feb/2025:09:05:26 +0530] "GET /wp-admin/setup-config.php HTTP/1.1" 409 1041 "-" "Mozilla/5.0 (Windows NT 10.0; Win64; x64) AppleWebKit/537.36 (KHTML, like Gecko) Chrome/133.0.0.0 Safari/537.36"
2a06:98c0:3600::103 - - [19/Feb/2025:09:07:07 +0530] "GET /wordpress/wp-admin/setup-config.php HTTP/1.1" 301 0 "-" "Mozilla/5.0 (Windows NT 10.0; Win64; x64) AppleWebKit/537.36 (KHTML, like Gecko) Chrome/133.0.0.0 Safari/537.36"
152.56.68.162 - - [19/Feb/2025:09:07:17 +0530] "POST /wp-admin/admin-ajax.php HTTP/2" 200 79 "https://www.freejobalerts.guru/wp-admin/post.php?post=66&action=edit" "Mozilla/5.0 (Windows NT 10.0; Win64; x64) AppleWebKit/537.36 (KHTML, like Gecko) Chrome/133.0.0.0 Safari/537.36"
152.56.68.162 - - [19/Feb/2025:09:12:17 +0530] "POST /wp-admin/admin-ajax.php HTTP/2" 200 79 "https://www.freejobalerts.guru/wp-admin/post.php?post=66&action=edit" "Mozilla/5.0 (Windows NT 10.0; Win64; x64) AppleWebKit/537.36 (KHTML, like Gecko) Chrome/133.0.0.0 Safari/537.36"
152.56.68.162 - - [19/Feb/2025:09:18:10 +0530] "POST /wp-admin/admin-ajax.php HTTP/1.1" 200 79 "https://www.freejobalerts.guru/wp-admin/post.php?post=66&action=edit" "Mozilla/5.0 (Windows NT 10.0; Win64; x64) AppleWebKit/537.36 (KHTML, like Gecko) Chrome/133.0.0.0 Safari/537.36"
162.55.100.32 - - [19/Feb/2025:09:18:23 +0530] "POST /wp-cron.php?doing_wp_cron=1739936903.2684431076049804687500 HTTP/1.1" 200 0 "-" "WordPress/6.7.2; https://www.freejobalerts.guru"
152.56.68.162 - - [19/Feb/2025:09:18:19 +0530] "POST /wp-admin/admin-ajax.php HTTP/1.1" 200 79 "https://www.freejobalerts.guru/wp-admin/post.php?post=66&action=edit" "Mozilla/5.0 (Windows NT 10.0; Win64; x64) AppleWebKit/537.36 (KHTML, like Gecko) Chrome/133.0.0.0 Safari/537.36"
152.56.68.162 - - [19/Feb/2025:09:18:29 +0530] "POST /wp-admin/admin-ajax.php HTTP/1.1" 200 79 "https://www.freejobalerts.guru/wp-admin/post.php?post=66&action=edit" "Mozilla/5.0 (Windows NT 10.0; Win64; x64) AppleWebKit/537.36 (KHTML, like Gecko) Chrome/133.0.0.0 Safari/537.36"
152.56.68.162 - - [19/Feb/2025:09:18:39 +0530] "POST /wp-admin/admin-ajax.php HTTP/1.1" 200 81 "https://www.freejobalerts.guru/wp-admin/post.php?post=66&action=edit" "Mozilla/5.0 (Windows NT 10.0; Win64; x64) AppleWebKit/537.36 (KHTML, like Gecko) Chrome/133.0.0.0 Safari/537.36"
152.56.68.162 - - [19/Feb/2025:09:18:49 +0530] "POST /wp-admin/admin-ajax.php HTTP/1.1" 200 79 "https://www.freejobalerts.guru/wp-admin/post.php?post=66&action=edit" "Mozilla/5.0 (Windows NT 10.0; Win64; x64) AppleWebKit/537.36 (KHTML, like Gecko) Chrome/133.0.0.0 Safari/537.36"
152.56.68.162 - - [19/Feb/2025:09:19:00 +0530] "POST /wp-admin/admin-ajax.php HTTP/1.1" 200 79 "https://www.freejobalerts.guru/wp-admin/post.php?post=66&action=edit" "Mozilla/5.0 (Windows NT 10.0; Win64; x64) AppleWebKit/537.36 (KHTML, like Gecko) Chrome/133.0.0.0 Safari/537.36"
152.56.68.162 - - [19/Feb/2025:09:19:09 +0530] "POST /wp-admin/admin-ajax.php HTTP/1.1" 200 79 "https://www.freejobalerts.guru/wp-admin/post.php?post=66&action=edit" "Mozilla/5.0 (Windows NT 10.0; Win64; x64) AppleWebKit/537.36 (KHTML, like Gecko) Chrome/133.0.0.0 Safari/537.36"
152.56.68.162 - - [19/Feb/2025:09:19:12 +0530] "POST /wp-json/wp/v2/posts/66/autosaves?_locale=user HTTP/1.1" 200 21967 "https://www.freejobalerts.guru/wp-admin/post.php?post=66&action=edit" "Mozilla/5.0 (Windows NT 10.0; Win64; x64) AppleWebKit/537.36 (KHTML, like Gecko) Chrome/133.0.0.0 Safari/537.36"
152.56.68.162 - - [19/Feb/2025:09:19:20 +0530] "POST /wp-admin/admin-ajax.php HTTP/1.1" 200 79 "https://www.freejobalerts.guru/wp-admin/post.php?post=66&action=edit" "Mozilla/5.0 (Windows NT 10.0; Win64; x64) AppleWebKit/537.36 (KHTML, like Gecko) Chrome/133.0.0.0 Safari/537.36"
152.56.68.162 - - [19/Feb/2025:09:19:30 +0530] "POST /wp-admin/admin-ajax.php HTTP/1.1" 200 81 "https://www.freejobalerts.guru/wp-admin/post.php?post=66&action=edit" "Mozilla/5.0 (Windows NT 10.0; Win64; x64) AppleWebKit/537.36 (KHTML, like Gecko) Chrome/133.0.0.0 Safari/537.36"
152.56.68.162 - - [19/Feb/2025:09:19:40 +0530] "POST /wp-admin/admin-ajax.php HTTP/1.1" 200 79 "https://www.freejobalerts.guru/wp-admin/post.php?post=66&action=edit" "Mozilla/5.0 (Windows NT 10.0; Win64; x64) AppleWebKit/537.36 (KHTML, like Gecko) Chrome/133.0.0.0 Safari/537.36"
152.56.68.162 - - [19/Feb/2025:09:19:50 +0530] "POST /wp-admin/admin-ajax.php HTTP/1.1" 200 79 "https://www.freejobalerts.guru/wp-admin/post.php?post=66&action=edit" "Mozilla/5.0 (Windows NT 10.0; Win64; x64) AppleWebKit/537.36 (KHTML, like Gecko) Chrome/133.0.0.0 Safari/537.36"
152.56.68.162 - - [19/Feb/2025:09:19:59 +0530] "POST /wp-admin/admin-ajax.php HTTP/1.1" 200 79 "https://www.freejobalerts.guru/wp-admin/post.php?post=66&action=edit" "Mozilla/5.0 (Windows NT 10.0; Win64; x64) AppleWebKit/537.36 (KHTML, like Gecko) Chrome/133.0.0.0 Safari/537.36"
152.56.68.162 - - [19/Feb/2025:09:20:10 +0530] "POST /wp-admin/admin-ajax.php HTTP/1.1" 200 79 "https://www.freejobalerts.guru/wp-admin/post.php?post=66&action=edit" "Mozilla/5.0 (Windows NT 10.0; Win64; x64) AppleWebKit/537.36 (KHTML, like Gecko) Chrome/133.0.0.0 Safari/537.36"
152.56.68.162 - - [19/Feb/2025:09:20:13 +0530] "POST /wp-json/wp/v2/posts/66/autosaves?_locale=user HTTP/1.1" 200 20572 "https://www.freejobalerts.guru/wp-admin/post.php?post=66&action=edit" "Mozilla/5.0 (Windows NT 10.0; Win64; x64) AppleWebKit/537.36 (KHTML, like Gecko) Chrome/133.0.0.0 Safari/537.36"
152.56.68.162 - - [19/Feb/2025:09:20:30 +0530] "POST /wp-admin/admin-ajax.php HTTP/1.1" 200 79 "https://www.freejobalerts.guru/wp-admin/post.php?post=66&action=edit" "Mozilla/5.0 (Windows NT 10.0; Win64; x64) AppleWebKit/537.36 (KHTML, like Gecko) Chrome/133.0.0.0 Safari/537.36"
152.56.68.162 - - [19/Feb/2025:09:20:41 +0530] "POST /wp-admin/admin-ajax.php HTTP/1.1" 200 81 "https://www.freejobalerts.guru/wp-admin/post.php?post=66&action=edit" "Mozilla/5.0 (Windows NT 10.0; Win64; x64) AppleWebKit/537.36 (KHTML, like Gecko) Chrome/133.0.0.0 Safari/537.36"
152.56.68.162 - - [19/Feb/2025:09:20:51 +0530] "POST /wp-admin/admin-ajax.php HTTP/1.1" 200 79 "https://www.freejobalerts.guru/wp-admin/post.php?post=66&action=edit" "Mozilla/5.0 (Windows NT 10.0; Win64; x64) AppleWebKit/537.36 (KHTML, like Gecko) Chrome/133.0.0.0 Safari/537.36"
152.56.68.162 - - [19/Feb/2025:09:21:01 +0530] "POST /wp-admin/admin-ajax.php HTTP/1.1" 200 79 "https://www.freejobalerts.guru/wp-admin/post.php?post=66&action=edit" "Mozilla/5.0 (Windows NT 10.0; Win64; x64) AppleWebKit/537.36 (KHTML, like Gecko) Chrome/133.0.0.0 Safari/537.36"
152.56.68.162 - - [19/Feb/2025:09:21:11 +0530] "POST /wp-admin/admin-ajax.php HTTP/1.1" 200 79 "https://www.freejobalerts.guru/wp-admin/post.php?post=66&action=edit" "Mozilla/5.0 (Windows NT 10.0; Win64; x64) AppleWebKit/537.36 (KHTML, like Gecko) Chrome/133.0.0.0 Safari/537.36"
152.56.68.162 - - [19/Feb/2025:09:21:12 +0530] "POST /wp-json/wp/v2/posts/66/autosaves?_locale=user HTTP/1.1" 200 21329 "https://www.freejobalerts.guru/wp-admin/post.php?post=66&action=edit" "Mozilla/5.0 (Windows NT 10.0; Win64; x64) AppleWebKit/537.36 (KHTML, like Gecko) Chrome/133.0.0.0 Safari/537.36"
162.55.100.32 - - [19/Feb/2025:09:16:10 +0530] "POST /wp-cron.php?doing_wp_cron=1739936770.2471170425415039062500 HTTP/1.1" 200 0 "-" "WordPress/6.7.2; https://www.freejobalerts.guru"
152.56.68.162 - - [19/Feb/2025:09:16:09 +0530] "POST /wp-admin/admin-ajax.php HTTP/1.1" 200 79 "https://www.freejobalerts.guru/wp-admin/post.php?post=66&action=edit" "Mozilla/5.0 (Windows NT 10.0; Win64; x64) AppleWebKit/537.36 (KHTML, like Gecko) Chrome/133.0.0.0 Safari/537.36"
152.56.68.162 - - [19/Feb/2025:09:21:53 +0530] "POST /wp-admin/admin-ajax.php HTTP/2" 200 79 "https://www.freejobalerts.guru/wp-admin/post.php?post=66&action=edit" "Mozilla/5.0 (Windows NT 10.0; Win64; x64) AppleWebKit/537.36 (KHTML, like Gecko) Chrome/133.0.0.0 Safari/537.36"
162.55.100.32 - - [19/Feb/2025:09:22:25 +0530] "POST /wp-cron.php?doing_wp_cron=1739937144.9885540008544921875000 HTTP/1.1" 200 0 "-" "WordPress/6.7.2; https://www.freejobalerts.guru"
152.56.68.162 - - [19/Feb/2025:09:22:32 +0530] "GET /wp-json/wp/v2/categories?per_page=100&orderby=count&order=desc&_fields=id%2Cname&_locale=user HTTP/2" 200 77 "https://www.freejobalerts.guru/wp-admin/post.php?post=66&action=edit" "Mozilla/5.0 (Windows NT 10.0; Win64; x64) AppleWebKit/537.36 (KHTML, like Gecko) Chrome/133.0.0.0 Safari/537.36"
152.56.68.162 - - [19/Feb/2025:09:22:33 +0530] "POST /wp-admin/admin-ajax.php HTTP/2" 200 81 "https://www.freejobalerts.guru/wp-admin/post.php?post=66&action=edit" "Mozilla/5.0 (Windows NT 10.0; Win64; x64) AppleWebKit/537.36 (KHTML, like Gecko) Chrome/133.0.0.0 Safari/537.36"
152.56.68.162 - - [19/Feb/2025:09:21:32 +0530] "POST /wp-admin/admin-ajax.php HTTP/2" 200 79 "https://www.freejobalerts.guru/wp-admin/post.php?post=66&action=edit" "Mozilla/5.0 (Windows NT 10.0; Win64; x64) AppleWebKit/537.36 (KHTML, like Gecko) Chrome/133.0.0.0 Safari/537.36"
152.56.68.162 - - [19/Feb/2025:09:23:36 +0530] "POST /wp-admin/admin-ajax.php HTTP/2" 200 79 "https://www.freejobalerts.guru/wp-admin/post.php?post=66&action=edit" "Mozilla/5.0 (Windows NT 10.0; Win64; x64) AppleWebKit/537.36 (KHTML, like Gecko) Chrome/133.0.0.0 Safari/537.36"
162.55.100.32 - - [19/Feb/2025:09:19:23 +0530] "POST /wp-cron.php?doing_wp_cron=1739936963.0839619636535644531250 HTTP/1.1" 200 0 "-" "WordPress/6.7.2; https://www.freejobalerts.guru"
162.55.100.32 - - [19/Feb/2025:09:18:13 +0530] "POST /wp-cron.php?doing_wp_cron=1739936892.9522809982299804687500 HTTP/1.1" 200 0 "-" "WordPress/6.7.2; https://www.freejobalerts.guru"
162.55.100.32 - - [19/Feb/2025:09:20:31 +0530] "POST /wp-cron.php?doing_wp_cron=1739937031.4863469600677490234375 HTTP/1.1" 200 0 "-" "WordPress/6.7.2; https://www.freejobalerts.guru"
152.56.68.162 - - [19/Feb/2025:09:23:26 +0530] "POST /wp-admin/admin-ajax.php HTTP/2" 200 79 "https://www.freejobalerts.guru/wp-admin/post.php?post=66&action=edit" "Mozilla/5.0 (Windows NT 10.0; Win64; x64) AppleWebKit/537.36 (KHTML, like Gecko) Chrome/133.0.0.0 Safari/537.36"
152.56.68.162 - - [19/Feb/2025:09:21:43 +0530] "POST /wp-admin/admin-ajax.php HTTP/2" 200 79 "https://www.freejobalerts.guru/wp-admin/post.php?post=66&action=edit" "Mozilla/5.0 (Windows NT 10.0; Win64; x64) AppleWebKit/537.36 (KHTML, like Gecko) Chrome/133.0.0.0 Safari/537.36"
162.55.100.32 - - [19/Feb/2025:09:23:26 +0530] "POST /wp-cron.php?doing_wp_cron=1739937206.6101319789886474609375 HTTP/1.1" 200 0 "-" "WordPress/6.7.2; https://www.freejobalerts.guru"
152.56.68.162 - - [19/Feb/2025:09:24:13 +0530] "POST /wp-json/wp/v2/posts/66/autosaves?_locale=user HTTP/2" 200 21145 "https://www.freejobalerts.guru/wp-admin/post.php?post=66&action=edit" "Mozilla/5.0 (Windows NT 10.0; Win64; x64) AppleWebKit/537.36 (KHTML, like Gecko) Chrome/133.0.0.0 Safari/537.36"
152.56.68.162 - - [19/Feb/2025:09:24:15 +0530] "POST /wp-admin/admin-ajax.php HTTP/2" 200 79 "https://www.freejobalerts.guru/wp-admin/post.php?post=66&action=edit" "Mozilla/5.0 (Windows NT 10.0; Win64; x64) AppleWebKit/537.36 (KHTML, like Gecko) Chrome/133.0.0.0 Safari/537.36"
152.56.68.162 - - [19/Feb/2025:09:28:14 +0530] "POST /wp-admin/admin-ajax.php HTTP/1.1" 200 81 "https://www.freejobalerts.guru/wp-admin/post.php?post=66&action=edit" "Mozilla/5.0 (Windows NT 10.0; Win64; x64) AppleWebKit/537.36 (KHTML, like Gecko) Chrome/133.0.0.0 Safari/537.36"
152.56.68.162 - - [19/Feb/2025:09:28:15 +0530] "GET /wp-includes/images/spinner-2x.gif HTTP/1.1" 200 7536 "https://www.freejobalerts.guru/wp-admin/load-styles.php?c=1&dir=ltr&load%5Bchunk_0%5D=dashicons,admin-bar,buttons,media-views,editor-buttons,wp-components,wp-preferences,wp-block-editor,wp-reusable-blocks,wp-patter&load%5Bchunk_1%5D=ns,wp-editor,common,forms,wp-reset-editor-styles,wp-block-library,wp-block-editor-content,wp-editor-classic-layout-styles,wp-edi&load%5Bchunk_2%5D=t-blocks,wp-commands,wp-edit-post,wp-block-directory,wp-format-library,admin-menu,dashboard,list-tables,edit,revisions,media,the&load%5Bchunk_3%5D=mes,about,nav-menus,wp-pointer,widgets,site-icon,l10n,wp-auth-check&ver=6.7.2" "Mozilla/5.0 (Windows NT 10.0; Win64; x64) AppleWebKit/537.36 (KHTML, like Gecko) Chrome/133.0.0.0 Safari/537.36"
152.56.68.162 - - [19/Feb/2025:09:28:15 +0530] "POST /wp-admin/admin-ajax.php HTTP/1.1" 200 2090 "https://www.freejobalerts.guru/wp-admin/post.php?post=66&action=edit" "Mozilla/5.0 (Windows NT 10.0; Win64; x64) AppleWebKit/537.36 (KHTML, like Gecko) Chrome/133.0.0.0 Safari/537.36"
152.56.68.162 - - [19/Feb/2025:09:28:17 +0530] "GET /wp-content/uploads/2025/02/image-5-300x165.jpeg HTTP/1.1" 200 10527 "https://www.freejobalerts.guru/wp-admin/post.php?post=66&action=edit" "Mozilla/5.0 (Windows NT 10.0; Win64; x64) AppleWebKit/537.36 (KHTML, like Gecko) Chrome/133.0.0.0 Safari/537.36"
152.56.68.162 - - [19/Feb/2025:09:28:17 +0530] "GET /wp-content/uploads/2025/02/image-4-300x165.jpeg HTTP/1.1" 200 14330 "https://www.freejobalerts.guru/wp-admin/post.php?post=66&action=edit" "Mozilla/5.0 (Windows NT 10.0; Win64; x64) AppleWebKit/537.36 (KHTML, like Gecko) Chrome/133.0.0.0 Safari/537.36"
152.56.68.162 - - [19/Feb/2025:09:28:17 +0530] "GET /wp-content/uploads/2025/02/image-3-300x165.jpeg HTTP/1.1" 200 13304 "https://www.freejobalerts.guru/wp-admin/post.php?post=66&action=edit" "Mozilla/5.0 (Windows NT 10.0; Win64; x64) AppleWebKit/537.36 (KHTML, like Gecko) Chrome/133.0.0.0 Safari/537.36"
152.56.68.162 - - [19/Feb/2025:09:28:17 +0530] "GET /wp-content/uploads/2025/02/image-1-300x165.jpeg HTTP/1.1" 200 11323 "https://www.freejobalerts.guru/wp-admin/post.php?post=66&action=edit" "Mozilla/5.0 (Windows NT 10.0; Win64; x64) AppleWebKit/537.36 (KHTML, like Gecko) Chrome/133.0.0.0 Safari/537.36"
152.56.68.162 - - [19/Feb/2025:09:28:17 +0530] "GET /wp-content/uploads/2025/02/image-300x165.jpeg HTTP/1.1" 200 9947 "https://www.freejobalerts.guru/wp-admin/post.php?post=66&action=edit" "Mozilla/5.0 (Windows NT 10.0; Win64; x64) AppleWebKit/537.36 (KHTML, like Gecko) Chrome/133.0.0.0 Safari/537.36"
152.56.68.162 - - [19/Feb/2025:09:28:17 +0530] "GET /wp-content/uploads/2025/02/image-2-300x165.jpeg HTTP/1.1" 200 14597 "https://www.freejobalerts.guru/wp-admin/post.php?post=66&action=edit" "Mozilla/5.0 (Windows NT 10.0; Win64; x64) AppleWebKit/537.36 (KHTML, like Gecko) Chrome/133.0.0.0 Safari/537.36"
152.56.68.162 - - [19/Feb/2025:09:28:17 +0530] "GET /wp-content/uploads/2025/02/sd-sdsdfs-300x115.png HTTP/1.1" 200 19107 "https://www.freejobalerts.guru/wp-admin/post.php?post=66&action=edit" "Mozilla/5.0 (Windows NT 10.0; Win64; x64) AppleWebKit/537.36 (KHTML, like Gecko) Chrome/133.0.0.0 Safari/537.36"
152.56.68.162 - - [19/Feb/2025:09:28:17 +0530] "GET /wp-content/uploads/2025/02/Blue-Flat-Illustrative-Finance-Company-Logo-300x300.png HTTP/1.1" 200 12337 "https://www.freejobalerts.guru/wp-admin/post.php?post=66&action=edit" "Mozilla/5.0 (Windows NT 10.0; Win64; x64) AppleWebKit/537.36 (KHTML, like Gecko) Chrome/133.0.0.0 Safari/537.36"
152.56.68.162 - - [19/Feb/2025:09:28:17 +0530] "GET /wp-content/uploads/2025/02/freejobalerts.guru_-300x169.png HTTP/1.1" 200 74396 "https://www.freejobalerts.guru/wp-admin/post.php?post=66&action=edit" "Mozilla/5.0 (Windows NT 10.0; Win64; x64) AppleWebKit/537.36 (KHTML, like Gecko) Chrome/133.0.0.0 Safari/537.36"
152.56.68.162 - - [19/Feb/2025:09:28:20 +0530] "GET /wp-includes/images/uploader-icons-2x.png HTTP/1.1" 200 3542 "https://www.freejobalerts.guru/wp-admin/load-styles.php?c=1&dir=ltr&load%5Bchunk_0%5D=dashicons,admin-bar,buttons,media-views,editor-buttons,wp-components,wp-preferences,wp-block-editor,wp-reusable-blocks,wp-patter&load%5Bchunk_1%5D=ns,wp-editor,common,forms,wp-reset-editor-styles,wp-block-library,wp-block-editor-content,wp-editor-classic-layout-styles,wp-edi&load%5Bchunk_2%5D=t-blocks,wp-commands,wp-edit-post,wp-block-directory,wp-format-library,admin-menu,dashboard,list-tables,edit,revisions,media,the&load%5Bchunk_3%5D=mes,about,nav-menus,wp-pointer,widgets,site-icon,l10n,wp-auth-check&ver=6.7.2" "Mozilla/5.0 (Windows NT 10.0; Win64; x64) AppleWebKit/537.36 (KHTML, like Gecko) Chrome/133.0.0.0 Safari/537.36"
152.56.68.162 - - [19/Feb/2025:09:28:20 +0530] "POST /wp-admin/async-upload.php HTTP/1.1" 200 1004 "https://www.freejobalerts.guru/wp-admin/post.php?post=66&action=edit" "Mozilla/5.0 (Windows NT 10.0; Win64; x64) AppleWebKit/537.36 (KHTML, like Gecko) Chrome/133.0.0.0 Safari/537.36"
152.56.68.162 - - [19/Feb/2025:09:28:24 +0530] "GET /wp-content/uploads/2025/02/sbi-Clerk-2025-Prelims-Call-Letter-Out-Notification-14191-Vacancies-300x169.png HTTP/1.1" 200 22474 "https://www.freejobalerts.guru/wp-admin/post.php?post=66&action=edit" "Mozilla/5.0 (Windows NT 10.0; Win64; x64) AppleWebKit/537.36 (KHTML, like Gecko) Chrome/133.0.0.0 Safari/537.36"
152.56.68.162 - - [19/Feb/2025:09:28:24 +0530] "POST /wp-admin/admin-ajax.php HTTP/1.1" 200 79 "https://www.freejobalerts.guru/wp-admin/post.php?post=66&action=edit" "Mozilla/5.0 (Windows NT 10.0; Win64; x64) AppleWebKit/537.36 (KHTML, like Gecko) Chrome/133.0.0.0 Safari/537.36"
152.56.68.162 - - [19/Feb/2025:09:28:27 +0530] "POST /wp-admin/admin-ajax.php HTTP/1.1" 200 20 "https://www.freejobalerts.guru/wp-admin/post.php?post=66&action=edit" "Mozilla/5.0 (Windows NT 10.0; Win64; x64) AppleWebKit/537.36 (KHTML, like Gecko) Chrome/133.0.0.0 Safari/537.36"
152.56.68.162 - - [19/Feb/2025:09:28:27 +0530] "POST /wp-admin/admin-ajax.php HTTP/1.1" 200 20 "https://www.freejobalerts.guru/wp-admin/post.php?post=66&action=edit" "Mozilla/5.0 (Windows NT 10.0; Win64; x64) AppleWebKit/537.36 (KHTML, like Gecko) Chrome/133.0.0.0 Safari/537.36"
152.56.68.162 - - [19/Feb/2025:09:28:29 +0530] "GET /wp-json/wp/v2/media/71?context=view&_locale=user HTTP/1.1" 200 1122 "https://www.freejobalerts.guru/wp-admin/post.php?post=66&action=edit" "Mozilla/5.0 (Windows NT 10.0; Win64; x64) AppleWebKit/537.36 (KHTML, like Gecko) Chrome/133.0.0.0 Safari/537.36"
152.56.68.162 - - [19/Feb/2025:09:28:29 +0530] "POST /wp-admin/admin-ajax.php HTTP/1.1" 200 20 "https://www.freejobalerts.guru/wp-admin/post.php?post=66&action=edit" "Mozilla/5.0 (Windows NT 10.0; Win64; x64) AppleWebKit/537.36 (KHTML, like Gecko) Chrome/133.0.0.0 Safari/537.36"
152.56.68.162 - - [19/Feb/2025:09:28:30 +0530] "GET /wp-content/uploads/2025/02/sbi-Clerk-2025-Prelims-Call-Letter-Out-Notification-14191-Vacancies-1024x576.png HTTP/1.1" 200 113164 "https://www.freejobalerts.guru/wp-admin/post.php?post=66&action=edit" "Mozilla/5.0 (Windows NT 10.0; Win64; x64) AppleWebKit/537.36 (KHTML, like Gecko) Chrome/133.0.0.0 Safari/537.36"
152.56.68.162 - - [19/Feb/2025:09:28:31 +0530] "GET /wp-json/wp/v2/media/71?context=edit&_locale=user HTTP/1.1" 200 1239 "https://www.freejobalerts.guru/wp-admin/post.php?post=66&action=edit" "Mozilla/5.0 (Windows NT 10.0; Win64; x64) AppleWebKit/537.36 (KHTML, like Gecko) Chrome/133.0.0.0 Safari/537.36"
162.55.100.32 - - [19/Feb/2025:09:25:23 +0530] "POST /wp-cron.php?doing_wp_cron=1739937322.9731841087341308593750 HTTP/1.1" 200 0 "-" "WordPress/6.7.2; https://www.freejobalerts.guru"
162.55.100.32 - - [19/Feb/2025:09:27:22 +0530] "POST /wp-cron.php?doing_wp_cron=1739937442.2615189552307128906250 HTTP/1.1" 200 0 "-" "WordPress/6.7.2; https://www.freejobalerts.guru"
152.56.68.162 - - [19/Feb/2025:09:26:15 +0530] "POST /wp-json/wp/v2/posts/66/autosaves?_locale=user HTTP/2" 200 21138 "https://www.freejobalerts.guru/wp-admin/post.php?post=66&action=edit" "Mozilla/5.0 (Windows NT 10.0; Win64; x64) AppleWebKit/537.36 (KHTML, like Gecko) Chrome/133.0.0.0 Safari/537.36"
152.56.68.162 - - [19/Feb/2025:09:23:46 +0530] "POST /wp-admin/admin-ajax.php HTTP/2" 200 79 "https://www.freejobalerts.guru/wp-admin/post.php?post=66&action=edit" "Mozilla/5.0 (Windows NT 10.0; Win64; x64) AppleWebKit/537.36 (KHTML, like Gecko) Chrome/133.0.0.0 Safari/537.36"
152.56.68.162 - - [19/Feb/2025:09:22:45 +0530] "POST /wp-admin/admin-ajax.php HTTP/2" 200 79 "https://www.freejobalerts.guru/wp-admin/post.php?post=66&action=edit" "Mozilla/5.0 (Windows NT 10.0; Win64; x64) AppleWebKit/537.36 (KHTML, like Gecko) Chrome/133.0.0.0 Safari/537.36"
152.56.68.162 - - [19/Feb/2025:09:23:56 +0530] "POST /wp-admin/admin-ajax.php HTTP/2" 200 79 "https://www.freejobalerts.guru/wp-admin/post.php?post=66&action=edit" "Mozilla/5.0 (Windows NT 10.0; Win64; x64) AppleWebKit/537.36 (KHTML, like Gecko) Chrome/133.0.0.0 Safari/537.36"
162.55.100.32 - - [19/Feb/2025:09:24:28 +0530] "POST /wp-cron.php?doing_wp_cron=1739937267.6911230087280273437500 HTTP/1.1" 200 0 "-" "WordPress/6.7.2; https://www.freejobalerts.guru"
152.56.68.162 - - [19/Feb/2025:09:24:26 +0530] "POST /wp-admin/admin-ajax.php HTTP/2" 200 81 "https://www.freejobalerts.guru/wp-admin/post.php?post=66&action=edit" "Mozilla/5.0 (Windows NT 10.0; Win64; x64) AppleWebKit/537.36 (KHTML, like Gecko) Chrome/133.0.0.0 Safari/537.36"
152.56.68.162 - - [19/Feb/2025:09:21:17 +0530] "POST /wp-json/wp/v2/posts/66/autosaves?_locale=user HTTP/2" 200 21329 "https://www.freejobalerts.guru/wp-admin/post.php?post=66&action=edit" "Mozilla/5.0 (Windows NT 10.0; Win64; x64) AppleWebKit/537.36 (KHTML, like Gecko) Chrome/133.0.0.0 Safari/537.36"
162.55.100.32 - - [19/Feb/2025:09:21:22 +0530] "POST /wp-cron.php?doing_wp_cron=1739937082.2130119800567626953125 HTTP/1.1" 200 0 "-" "WordPress/6.7.2; https://www.freejobalerts.guru"
152.56.68.162 - - [19/Feb/2025:09:21:21 +0530] "POST /wp-admin/admin-ajax.php HTTP/2" 200 79 "https://www.freejobalerts.guru/wp-admin/post.php?post=66&action=edit" "Mozilla/5.0 (Windows NT 10.0; Win64; x64) AppleWebKit/537.36 (KHTML, like Gecko) Chrome/133.0.0.0 Safari/537.36"
152.56.68.162 - - [19/Feb/2025:09:23:52 +0530] "GET /wp-json/wp/v2/media/69?context=view&_locale=user HTTP/2" 200 997 "https://www.freejobalerts.guru/wp-admin/post.php?post=66&action=edit" "Mozilla/5.0 (Windows NT 10.0; Win64; x64) AppleWebKit/537.36 (KHTML, like Gecko) Chrome/133.0.0.0 Safari/537.36"
152.56.68.162 - - [19/Feb/2025:09:24:36 +0530] "POST /wp-admin/admin-ajax.php HTTP/2" 200 82 "https://www.freejobalerts.guru/wp-admin/post.php?post=66&action=edit" "Mozilla/5.0 (Windows NT 10.0; Win64; x64) AppleWebKit/537.36 (KHTML, like Gecko) Chrome/133.0.0.0 Safari/537.36"
152.56.68.162 - - [19/Feb/2025:09:22:04 +0530] "POST /wp-admin/admin-ajax.php HTTP/2" 200 79 "https://www.freejobalerts.guru/wp-admin/post.php?post=66&action=edit" "Mozilla/5.0 (Windows NT 10.0; Win64; x64) AppleWebKit/537.36 (KHTML, like Gecko) Chrome/133.0.0.0 Safari/537.36"
152.56.68.162 - - [19/Feb/2025:09:22:15 +0530] "GET /wp-json/wp/v2/categories?per_page=100&orderby=count&order=desc&_fields=id%2Cname&_locale=user HTTP/2" 200 77 "https://www.freejobalerts.guru/wp-admin/post.php?post=66&action=edit" "Mozilla/5.0 (Windows NT 10.0; Win64; x64) AppleWebKit/537.36 (KHTML, like Gecko) Chrome/133.0.0.0 Safari/537.36"
152.56.68.162 - - [19/Feb/2025:09:22:14 +0530] "POST /wp-admin/admin-ajax.php HTTP/2" 200 79 "https://www.freejobalerts.guru/wp-admin/post.php?post=66&action=edit" "Mozilla/5.0 (Windows NT 10.0; Win64; x64) AppleWebKit/537.36 (KHTML, like Gecko) Chrome/133.0.0.0 Safari/537.36"
152.56.68.162 - - [19/Feb/2025:09:22:13 +0530] "POST /wp-json/wp/v2/posts/66/autosaves?_locale=user HTTP/2" 200 17680 "https://www.freejobalerts.guru/wp-admin/post.php?post=66&action=edit" "Mozilla/5.0 (Windows NT 10.0; Win64; x64) AppleWebKit/537.36 (KHTML, like Gecko) Chrome/133.0.0.0 Safari/537.36"
152.56.68.162 - - [19/Feb/2025:09:22:24 +0530] "POST /wp-admin/admin-ajax.php HTTP/2" 200 79 "https://www.freejobalerts.guru/wp-admin/post.php?post=66&action=edit" "Mozilla/5.0 (Windows NT 10.0; Win64; x64) AppleWebKit/537.36 (KHTML, like Gecko) Chrome/133.0.0.0 Safari/537.36"
152.56.68.162 - - [19/Feb/2025:09:23:05 +0530] "POST /wp-admin/admin-ajax.php HTTP/2" 200 79 "https://www.freejobalerts.guru/wp-admin/post.php?post=66&action=edit" "Mozilla/5.0 (Windows NT 10.0; Win64; x64) AppleWebKit/537.36 (KHTML, like Gecko) Chrome/133.0.0.0 Safari/537.36"
152.56.68.162 - - [19/Feb/2025:09:23:13 +0530] "POST /wp-json/wp/v2/posts/66/autosaves?_locale=user HTTP/2" 200 21070 "https://www.freejobalerts.guru/wp-admin/post.php?post=66&action=edit" "Mozilla/5.0 (Windows NT 10.0; Win64; x64) AppleWebKit/537.36 (KHTML, like Gecko) Chrome/133.0.0.0 Safari/537.36"
152.56.68.162 - - [19/Feb/2025:09:23:15 +0530] "POST /wp-admin/admin-ajax.php HTTP/2" 200 79 "https://www.freejobalerts.guru/wp-admin/post.php?post=66&action=edit" "Mozilla/5.0 (Windows NT 10.0; Win64; x64) AppleWebKit/537.36 (KHTML, like Gecko) Chrome/133.0.0.0 Safari/537.36"
152.56.68.162 - - [19/Feb/2025:09:24:06 +0530] "POST /wp-admin/admin-ajax.php HTTP/2" 200 79 "https://www.freejobalerts.guru/wp-admin/post.php?post=66&action=edit" "Mozilla/5.0 (Windows NT 10.0; Win64; x64) AppleWebKit/537.36 (KHTML, like Gecko) Chrome/133.0.0.0 Safari/537.36"
152.56.68.162 - - [19/Feb/2025:09:29:23 +0530] "POST /wp-admin/admin-ajax.php HTTP/2" 200 79 "https://www.freejobalerts.guru/wp-admin/post.php?post=66&action=edit" "Mozilla/5.0 (Windows NT 10.0; Win64; x64) AppleWebKit/537.36 (KHTML, like Gecko) Chrome/133.0.0.0 Safari/537.36"
152.56.68.162 - - [19/Feb/2025:09:29:26 +0530] "POST /wp-json/wp/v2/posts/66/autosaves?_locale=user HTTP/2" 200 21240 "https://www.freejobalerts.guru/wp-admin/post.php?post=66&action=edit" "Mozilla/5.0 (Windows NT 10.0; Win64; x64) AppleWebKit/537.36 (KHTML, like Gecko) Chrome/133.0.0.0 Safari/537.36"
152.56.68.162 - - [19/Feb/2025:09:29:33 +0530] "POST /wp-admin/admin-ajax.php HTTP/2" 200 79 "https://www.freejobalerts.guru/wp-admin/post.php?post=66&action=edit" "Mozilla/5.0 (Windows NT 10.0; Win64; x64) AppleWebKit/537.36 (KHTML, like Gecko) Chrome/133.0.0.0 Safari/537.36"
152.56.68.162 - - [19/Feb/2025:09:29:59 +0530] "POST /wp-admin/admin-ajax.php HTTP/2" 200 79 "https://www.freejobalerts.guru/wp-admin/post.php?post=66&action=edit" "Mozilla/5.0 (Windows NT 10.0; Win64; x64) AppleWebKit/537.36 (KHTML, like Gecko) Chrome/133.0.0.0 Safari/537.36"
152.56.68.162 - - [19/Feb/2025:09:30:01 +0530] "GET /wp-json/wp/v2/categories?per_page=100&orderby=count&order=desc&_fields=id%2Cname&_locale=user HTTP/2" 200 77 "https://www.freejobalerts.guru/wp-admin/post.php?post=66&action=edit" "Mozilla/5.0 (Windows NT 10.0; Win64; x64) AppleWebKit/537.36 (KHTML, like Gecko) Chrome/133.0.0.0 Safari/537.36"
152.56.68.162 - - [19/Feb/2025:09:30:04 +0530] "GET /wp-json/wp/v2/categories?per_page=100&orderby=count&order=desc&_fields=id%2Cname&_locale=user HTTP/2" 200 77 "https://www.freejobalerts.guru/wp-admin/post.php?post=66&action=edit" "Mozilla/5.0 (Windows NT 10.0; Win64; x64) AppleWebKit/537.36 (KHTML, like Gecko) Chrome/133.0.0.0 Safari/537.36"
152.56.68.162 - - [19/Feb/2025:09:30:09 +0530] "POST /wp-admin/admin-ajax.php HTTP/2" 200 79 "https://www.freejobalerts.guru/wp-admin/post.php?post=66&action=edit" "Mozilla/5.0 (Windows NT 10.0; Win64; x64) AppleWebKit/537.36 (KHTML, like Gecko) Chrome/133.0.0.0 Safari/537.36"
152.56.68.162 - - [19/Feb/2025:09:30:12 +0530] "POST /wp-admin/admin-ajax.php HTTP/2" 200 2284 "https://www.freejobalerts.guru/wp-admin/post.php?post=66&action=edit" "Mozilla/5.0 (Windows NT 10.0; Win64; x64) AppleWebKit/537.36 (KHTML, like Gecko) Chrome/133.0.0.0 Safari/537.36"
152.56.68.162 - - [19/Feb/2025:09:30:15 +0530] "POST /wp-admin/async-upload.php HTTP/2" 200 937 "https://www.freejobalerts.guru/wp-admin/post.php?post=66&action=edit" "Mozilla/5.0 (Windows NT 10.0; Win64; x64) AppleWebKit/537.36 (KHTML, like Gecko) Chrome/133.0.0.0 Safari/537.36"
152.56.68.162 - - [19/Feb/2025:09:30:20 +0530] "GET /wp-content/uploads/2025/02/sbi-Clerk-2025-Prelims-Call-Letter-Out-Notification-14191-Vacancies-1-300x169.png HTTP/2" 200 13878 "https://www.freejobalerts.guru/wp-admin/post.php?post=66&action=edit" "Mozilla/5.0 (Windows NT 10.0; Win64; x64) AppleWebKit/537.36 (KHTML, like Gecko) Chrome/133.0.0.0 Safari/537.36"
152.56.68.162 - - [19/Feb/2025:09:30:19 +0530] "POST /wp-admin/admin-ajax.php HTTP/2" 200 79 "https://www.freejobalerts.guru/wp-admin/post.php?post=66&action=edit" "Mozilla/5.0 (Windows NT 10.0; Win64; x64) AppleWebKit/537.36 (KHTML, like Gecko) Chrome/133.0.0.0 Safari/537.36"
152.56.68.162 - - [19/Feb/2025:09:30:26 +0530] "POST /wp-admin/admin-ajax.php HTTP/2" 200 20 "https://www.freejobalerts.guru/wp-admin/post.php?post=66&action=edit" "Mozilla/5.0 (Windows NT 10.0; Win64; x64) AppleWebKit/537.36 (KHTML, like Gecko) Chrome/133.0.0.0 Safari/537.36"
152.56.68.162 - - [19/Feb/2025:09:30:26 +0530] "POST /wp-json/wp/v2/posts/66/autosaves?_locale=user HTTP/2" 200 21232 "https://www.freejobalerts.guru/wp-admin/post.php?post=66&action=edit" "Mozilla/5.0 (Windows NT 10.0; Win64; x64) AppleWebKit/537.36 (KHTML, like Gecko) Chrome/133.0.0.0 Safari/537.36"
152.56.68.162 - - [19/Feb/2025:09:30:28 +0530] "GET /wp-content/uploads/2025/02/sbi-Clerk-2025-Prelims-Call-Letter-Out-Notification-14191-Vacancies-1-1024x576.png HTTP/2" 200 88259 "https://www.freejobalerts.guru/wp-admin/post.php?post=66&action=edit" "Mozilla/5.0 (Windows NT 10.0; Win64; x64) AppleWebKit/537.36 (KHTML, like Gecko) Chrome/133.0.0.0 Safari/537.36"
152.56.68.162 - - [19/Feb/2025:09:30:28 +0530] "GET /wp-json/wp/v2/media/72?context=view&_locale=user HTTP/2" 200 1126 "https://www.freejobalerts.guru/wp-admin/post.php?post=66&action=edit" "Mozilla/5.0 (Windows NT 10.0; Win64; x64) AppleWebKit/537.36 (KHTML, like Gecko) Chrome/133.0.0.0 Safari/537.36"
152.56.68.162 - - [19/Feb/2025:09:30:27 +0530] "POST /wp-admin/admin-ajax.php HTTP/2" 200 20 "https://www.freejobalerts.guru/wp-admin/post.php?post=66&action=edit" "Mozilla/5.0 (Windows NT 10.0; Win64; x64) AppleWebKit/537.36 (KHTML, like Gecko) Chrome/133.0.0.0 Safari/537.36"
152.56.68.162 - - [19/Feb/2025:09:30:28 +0530] "POST /wp-admin/admin-ajax.php HTTP/2" 200 20 "https://www.freejobalerts.guru/wp-admin/post.php?post=66&action=edit" "Mozilla/5.0 (Windows NT 10.0; Win64; x64) AppleWebKit/537.36 (KHTML, like Gecko) Chrome/133.0.0.0 Safari/537.36"
152.56.68.162 - - [19/Feb/2025:09:30:29 +0530] "POST /wp-admin/admin-ajax.php HTTP/2" 200 79 "https://www.freejobalerts.guru/wp-admin/post.php?post=66&action=edit" "Mozilla/5.0 (Windows NT 10.0; Win64; x64) AppleWebKit/537.36 (KHTML, like Gecko) Chrome/133.0.0.0 Safari/537.36"
152.56.68.162 - - [19/Feb/2025:09:30:31 +0530] "GET /wp-json/wp/v2/categories?per_page=100&orderby=count&order=desc&_fields=id%2Cname&_locale=user HTTP/2" 200 77 "https://www.freejobalerts.guru/wp-admin/post.php?post=66&action=edit" "Mozilla/5.0 (Windows NT 10.0; Win64; x64) AppleWebKit/537.36 (KHTML, like Gecko) Chrome/133.0.0.0 Safari/537.36"
152.56.68.162 - - [19/Feb/2025:09:30:37 +0530] "GET /wp-json/wp/v2/categories/1?context=edit&_locale=user HTTP/2" 200 300 "https://www.freejobalerts.guru/wp-admin/post.php?post=66&action=edit" "Mozilla/5.0 (Windows NT 10.0; Win64; x64) AppleWebKit/537.36 (KHTML, like Gecko) Chrome/133.0.0.0 Safari/537.36"
152.56.68.162 - - [19/Feb/2025:09:30:37 +0530] "POST /wp-json/rankmath/v1/updateMeta?_locale=user HTTP/2" 200 30 "https://www.freejobalerts.guru/wp-admin/post.php?post=66&action=edit" "Mozilla/5.0 (Windows NT 10.0; Win64; x64) AppleWebKit/537.36 (KHTML, like Gecko) Chrome/133.0.0.0 Safari/537.36"
152.56.68.162 - - [19/Feb/2025:09:30:39 +0530] "POST /wp-admin/admin-ajax.php HTTP/2" 200 79 "https://www.freejobalerts.guru/wp-admin/post.php?post=66&action=edit" "Mozilla/5.0 (Windows NT 10.0; Win64; x64) AppleWebKit/537.36 (KHTML, like Gecko) Chrome/133.0.0.0 Safari/537.36"
152.56.68.162 - - [19/Feb/2025:09:30:38 +0530] "POST /wp-json/wp/v2/posts/66?_locale=user HTTP/2" 200 22789 "https://www.freejobalerts.guru/wp-admin/post.php?post=66&action=edit" "Mozilla/5.0 (Windows NT 10.0; Win64; x64) AppleWebKit/537.36 (KHTML, like Gecko) Chrome/133.0.0.0 Safari/537.36"
152.56.68.162 - - [19/Feb/2025:09:30:41 +0530] "POST /wp-admin/post.php?post=66&action=edit&meta-box-loader=1&meta-box-loader-nonce=b0fbda585d&_locale=user HTTP/2" 302 0 "https://www.freejobalerts.guru/wp-admin/post.php?post=66&action=edit" "Mozilla/5.0 (Windows NT 10.0; Win64; x64) AppleWebKit/537.36 (KHTML, like Gecko) Chrome/133.0.0.0 Safari/537.36"
152.56.68.162 - - [19/Feb/2025:09:30:42 +0530] "POST /wp-json/rankmath/v1/updateMeta?_locale=user HTTP/2" 200 30 "https://www.freejobalerts.guru/wp-admin/post.php?post=66&action=edit" "Mozilla/5.0 (Windows NT 10.0; Win64; x64) AppleWebKit/537.36 (KHTML, like Gecko) Chrome/133.0.0.0 Safari/537.36"
152.56.68.162 - - [19/Feb/2025:09:30:43 +0530] "GET /wp-admin/post.php?post=66&action=edit&message=4 HTTP/2" 200 105479 "https://www.freejobalerts.guru/wp-admin/post.php?post=66&action=edit" "Mozilla/5.0 (Windows NT 10.0; Win64; x64) AppleWebKit/537.36 (KHTML, like Gecko) Chrome/133.0.0.0 Safari/537.36"
152.56.68.162 - - [19/Feb/2025:09:24:46 +0530] "POST /wp-admin/admin-ajax.php HTTP/2" 200 79 "https://www.freejobalerts.guru/wp-admin/post.php?post=66&action=edit" "Mozilla/5.0 (Windows NT 10.0; Win64; x64) AppleWebKit/537.36 (KHTML, like Gecko) Chrome/133.0.0.0 Safari/537.36"
152.56.68.162 - - [19/Feb/2025:09:27:22 +0530] "POST /wp-admin/admin-ajax.php HTTP/1.1" 200 79 "https://www.freejobalerts.guru/wp-admin/post.php?post=66&action=edit" "Mozilla/5.0 (Windows NT 10.0; Win64; x64) AppleWebKit/537.36 (KHTML, like Gecko) Chrome/133.0.0.0 Safari/537.36"
152.56.68.162 - - [19/Feb/2025:09:27:31 +0530] "POST /wp-admin/admin-ajax.php HTTP/1.1" 200 79 "https://www.freejobalerts.guru/wp-admin/post.php?post=66&action=edit" "Mozilla/5.0 (Windows NT 10.0; Win64; x64) AppleWebKit/537.36 (KHTML, like Gecko) Chrome/133.0.0.0 Safari/537.36"
152.56.68.162 - - [19/Feb/2025:09:27:42 +0530] "POST /wp-admin/admin-ajax.php HTTP/1.1" 200 79 "https://www.freejobalerts.guru/wp-admin/post.php?post=66&action=edit" "Mozilla/5.0 (Windows NT 10.0; Win64; x64) AppleWebKit/537.36 (KHTML, like Gecko) Chrome/133.0.0.0 Safari/537.36"
