205.169.39.23 - - [18/Feb/2025:18:52:03 +0530] "GET /wp-content/uploads/2025/02/freejobalerts.guru_.png HTTP/2" 200 372627 "http://www.freejobalerts.guru/" "Mozilla/5.0 (iPhone; CPU iPhone OS 10_3_1 like Mac OS X) AppleWebKit/603.1.30 (KHTML, like Gecko) Version/10.0 Mobile/14E304 Safari/602.1"
205.169.39.23 - - [18/Feb/2025:18:59:17 +0530] "GET /wp-content/uploads/2025/02/sd-sdsdfs.png HTTP/2" 200 25553 "http://www.freejobalerts.guru/" "Mozilla/5.0 (Windows NT 10.0; Win64; x64) AppleWebKit/537.36 (KHTML, like Gecko) Chrome/117.0.5938.132 Safari/537.36"
205.169.39.23 - - [18/Feb/2025:18:59:17 +0530] "GET /wp-content/uploads/2025/02/image-4.jpeg HTTP/2" 200 135163 "http://www.freejobalerts.guru/" "Mozilla/5.0 (Windows NT 10.0; Win64; x64) AppleWebKit/537.36 (KHTML, like Gecko) Chrome/117.0.5938.132 Safari/537.36"
205.169.39.23 - - [18/Feb/2025:18:59:17 +0530] "GET /wp-content/uploads/2025/02/freejobalerts.guru_.png HTTP/2" 200 372627 "http://www.freejobalerts.guru/" "Mozilla/5.0 (Windows NT 10.0; Win64; x64) AppleWebKit/537.36 (KHTML, like Gecko) Chrome/117.0.5938.132 Safari/537.36"
43.159.148.221 - - [18/Feb/2025:18:58:56 +0530] "GET /category/bank-job/ HTTP/1.1" 200 9606 "-" "Mozilla/5.0 (iPhone; CPU iPhone OS 13_2_3 like Mac OS X) AppleWebKit/605.1.15 (KHTML, like Gecko) Version/13.0.3 Mobile/15E148 Safari/604.1"
51.68.163.45 - - [18/Feb/2025:18:58:31 +0530] "GET /wp-content/uploads/2025/02/sd-sdsdfs.png HTTP/2" 200 25553 "http://www.freejobalerts.guru/" "Mozilla/5.0 (Windows NT 10.0; Win64; x64) AppleWebKit/537.36 (KHTML, like Gecko) Chrome/122.0.0.0 Safari/537.36 Edg/122.0.0.0"
51.68.163.45 - - [18/Feb/2025:18:58:31 +0530] "GET /wp-content/uploads/2025/02/image-4-1024x563.jpeg HTTP/2" 200 99628 "http://www.freejobalerts.guru/" "Mozilla/5.0 (Windows NT 10.0; Win64; x64) AppleWebKit/537.36 (KHTML, like Gecko) Chrome/122.0.0.0 Safari/537.36 Edg/122.0.0.0"
51.68.163.45 - - [18/Feb/2025:18:58:31 +0530] "GET /wp-content/uploads/2025/02/freejobalerts.guru_-1024x576.png HTTP/2" 200 775408 "http://www.freejobalerts.guru/" "Mozilla/5.0 (Windows NT 10.0; Win64; x64) AppleWebKit/537.36 (KHTML, like Gecko) Chrome/122.0.0.0 Safari/537.36 Edg/122.0.0.0"
51.83.243.163 - - [18/Feb/2025:19:01:57 +0530] "GET /wp-content/uploads/2025/02/sd-sdsdfs.png HTTP/2" 200 25553 "http://www.freejobalerts.guru/" "Mozilla/5.0 (Windows NT 10.0; Win64; x64) AppleWebKit/537.36 (KHTML, like Gecko) Chrome/122.0.0.0 Safari/537.36 Edg/122.0.0.0"
51.83.243.163 - - [18/Feb/2025:19:01:57 +0530] "GET /wp-content/uploads/2025/02/image-4-1024x563.jpeg HTTP/2" 200 99628 "http://www.freejobalerts.guru/" "Mozilla/5.0 (Windows NT 10.0; Win64; x64) AppleWebKit/537.36 (KHTML, like Gecko) Chrome/122.0.0.0 Safari/537.36 Edg/122.0.0.0"
51.83.243.163 - - [18/Feb/2025:19:01:57 +0530] "GET /wp-content/uploads/2025/02/freejobalerts.guru_-1024x576.png HTTP/2" 200 775408 "http://www.freejobalerts.guru/" "Mozilla/5.0 (Windows NT 10.0; Win64; x64) AppleWebKit/537.36 (KHTML, like Gecko) Chrome/122.0.0.0 Safari/537.36 Edg/122.0.0.0"
162.55.100.32 - - [18/Feb/2025:19:25:15 +0530] "POST /wp-cron.php?doing_wp_cron=1739886915.0849809646606445312500 HTTP/1.1" 200 0 "-" "WordPress/6.7.2; https://www.freejobalerts.guru"
138.68.86.32 - - [18/Feb/2025:19:25:14 +0530] "GET / HTTP/1.1" 200 27597 "-" "-"
138.68.86.32 - - [18/Feb/2025:19:25:16 +0530] "GET /debug/default/view?panel=config HTTP/1.1" 404 10316 "-" "Go-http-client/1.1"
138.68.86.32 - - [18/Feb/2025:19:25:26 +0530] "GET /.DS_Store HTTP/1.1" 404 9525 "-" "Go-http-client/1.1"
138.68.86.32 - - [18/Feb/2025:19:25:26 +0530] "GET /.git/config HTTP/1.1" 403 1242 "-" "Go-http-client/1.1"
43.153.54.138 - - [18/Feb/2025:19:28:36 +0530] "GET /punjab-and-sind-bank-lbo-recruitment-2025-apply-online-for-110-posts/ HTTP/1.1" 200 17771 "-" "Mozilla/5.0 (iPhone; CPU iPhone OS 13_2_3 like Mac OS X) AppleWebKit/605.1.15 (KHTML, like Gecko) Version/13.0.3 Mobile/15E148 Safari/604.1"
135.125.154.36 - - [18/Feb/2025:19:35:28 +0530] "GET / HTTP/2" 200 11957 "-" "Mozilla/5.0 (Windows NT 10.0; Win64; x64) AppleWebKit/537.36 (KHTML, like Gecko) Chrome/122.0.0.0 Safari/537.36 Edg/122.0.0.0"
135.125.154.36 - - [18/Feb/2025:19:35:28 +0530] "GET /wp-includes/css/dist/block-library/style.min.css?ver=6.7.2 HTTP/2" 200 14225 "https://www.freejobalerts.guru/" "Mozilla/5.0 (Windows NT 10.0; Win64; x64) AppleWebKit/537.36 (KHTML, like Gecko) Chrome/122.0.0.0 Safari/537.36 Edg/122.0.0.0"
135.125.154.36 - - [18/Feb/2025:19:35:28 +0530] "GET /wp-content/plugins/contact-form-7/includes/css/styles.css?ver=6.0.3 HTTP/2" 200 890 "https://www.freejobalerts.guru/" "Mozilla/5.0 (Windows NT 10.0; Win64; x64) AppleWebKit/537.36 (KHTML, like Gecko) Chrome/122.0.0.0 Safari/537.36 Edg/122.0.0.0"
135.125.154.36 - - [18/Feb/2025:19:35:28 +0530] "GET /wp-content/plugins/related-posts-thumbnails/assets/css/front.css?ver=4.2.1 HTTP/2" 200 1088 "https://www.freejobalerts.guru/" "Mozilla/5.0 (Windows NT 10.0; Win64; x64) AppleWebKit/537.36 (KHTML, like Gecko) Chrome/122.0.0.0 Safari/537.36 Edg/122.0.0.0"
135.125.154.36 - - [18/Feb/2025:19:35:28 +0530] "GET /wp-content/plugins/contextual-related-posts/css/rounded-thumbs.min.css?ver=3.6.2 HTTP/2" 200 348 "https://www.freejobalerts.guru/" "Mozilla/5.0 (Windows NT 10.0; Win64; x64) AppleWebKit/537.36 (KHTML, like Gecko) Chrome/122.0.0.0 Safari/537.36 Edg/122.0.0.0"
135.125.154.36 - - [18/Feb/2025:19:35:29 +0530] "GET /wp-content/themes/generatepress/assets/css/main.min.css?ver=3.5.1 HTTP/2" 200 4410 "https://www.freejobalerts.guru/" "Mozilla/5.0 (Windows NT 10.0; Win64; x64) AppleWebKit/537.36 (KHTML, like Gecko) Chrome/122.0.0.0 Safari/537.36 Edg/122.0.0.0"
135.125.154.36 - - [18/Feb/2025:19:35:29 +0530] "GET /wp-content/plugins/gp-premium/blog/functions/css/style.min.css?ver=2.0.2 HTTP/2" 200 1020 "https://www.freejobalerts.guru/" "Mozilla/5.0 (Windows NT 10.0; Win64; x64) AppleWebKit/537.36 (KHTML, like Gecko) Chrome/122.0.0.0 Safari/537.36 Edg/122.0.0.0"
135.125.154.36 - - [18/Feb/2025:19:35:29 +0530] "GET /wp-content/uploads/2025/02/sd-sdsdfs.png HTTP/2" 200 25553 "https://www.freejobalerts.guru/" "Mozilla/5.0 (Windows NT 10.0; Win64; x64) AppleWebKit/537.36 (KHTML, like Gecko) Chrome/122.0.0.0 Safari/537.36 Edg/122.0.0.0"
198.244.133.157 - - [18/Feb/2025:19:36:08 +0530] "GET /wp-includes/css/dist/block-library/style.min.css?ver=6.7.2 HTTP/2" 200 14225 "https://www.freejobalerts.guru/" "Mozilla/5.0 (Windows NT 10.0; Win64; x64) AppleWebKit/537.36 (KHTML, like Gecko) Chrome/122.0.0.0 Safari/537.36 Edg/122.0.0.0"
198.244.133.157 - - [18/Feb/2025:19:36:08 +0530] "GET /wp-content/themes/generatepress/assets/css/main.min.css?ver=3.5.1 HTTP/2" 200 4410 "https://www.freejobalerts.guru/" "Mozilla/5.0 (Windows NT 10.0; Win64; x64) AppleWebKit/537.36 (KHTML, like Gecko) Chrome/122.0.0.0 Safari/537.36 Edg/122.0.0.0"
198.244.133.157 - - [18/Feb/2025:19:36:08 +0530] "GET /wp-content/plugins/contextual-related-posts/css/rounded-thumbs.min.css?ver=3.6.2 HTTP/2" 200 348 "https://www.freejobalerts.guru/" "Mozilla/5.0 (Windows NT 10.0; Win64; x64) AppleWebKit/537.36 (KHTML, like Gecko) Chrome/122.0.0.0 Safari/537.36 Edg/122.0.0.0"
198.244.133.157 - - [18/Feb/2025:19:36:08 +0530] "GET /wp-content/plugins/gp-premium/blog/functions/css/style.min.css?ver=2.0.2 HTTP/2" 200 1020 "https://www.freejobalerts.guru/" "Mozilla/5.0 (Windows NT 10.0; Win64; x64) AppleWebKit/537.36 (KHTML, like Gecko) Chrome/122.0.0.0 Safari/537.36 Edg/122.0.0.0"
198.244.133.157 - - [18/Feb/2025:19:36:08 +0530] "GET /wp-content/plugins/contact-form-7/includes/css/styles.css?ver=6.0.3 HTTP/2" 200 890 "https://www.freejobalerts.guru/" "Mozilla/5.0 (Windows NT 10.0; Win64; x64) AppleWebKit/537.36 (KHTML, like Gecko) Chrome/122.0.0.0 Safari/537.36 Edg/122.0.0.0"
198.244.133.157 - - [18/Feb/2025:19:36:08 +0530] "GET /wp-content/plugins/related-posts-thumbnails/assets/css/front.css?ver=4.2.1 HTTP/2" 200 1088 "https://www.freejobalerts.guru/" "Mozilla/5.0 (Windows NT 10.0; Win64; x64) AppleWebKit/537.36 (KHTML, like Gecko) Chrome/122.0.0.0 Safari/537.36 Edg/122.0.0.0"
198.244.133.157 - - [18/Feb/2025:19:36:08 +0530] "GET /wp-includes/js/dist/hooks.min.js?ver=4d63a3d491d11ffd8ac6 HTTP/2" 200 1571 "https://www.freejobalerts.guru/" "Mozilla/5.0 (Windows NT 10.0; Win64; x64) AppleWebKit/537.36 (KHTML, like Gecko) Chrome/122.0.0.0 Safari/537.36 Edg/122.0.0.0"
198.244.133.157 - - [18/Feb/2025:19:36:08 +0530] "GET /wp-content/plugins/contact-form-7/includes/swv/js/index.js?ver=6.0.3 HTTP/2" 200 3369 "https://www.freejobalerts.guru/" "Mozilla/5.0 (Windows NT 10.0; Win64; x64) AppleWebKit/537.36 (KHTML, like Gecko) Chrome/122.0.0.0 Safari/537.36 Edg/122.0.0.0"
198.244.133.157 - - [18/Feb/2025:19:36:08 +0530] "GET /wp-content/plugins/contact-form-7/includes/js/index.js?ver=6.0.3 HTTP/2" 200 4008 "https://www.freejobalerts.guru/" "Mozilla/5.0 (Windows NT 10.0; Win64; x64) AppleWebKit/537.36 (KHTML, like Gecko) Chrome/122.0.0.0 Safari/537.36 Edg/122.0.0.0"
198.244.133.157 - - [18/Feb/2025:19:36:08 +0530] "GET /wp-includes/js/masonry.min.js?ver=4.2.2 HTTP/2" 200 7117 "https://www.freejobalerts.guru/" "Mozilla/5.0 (Windows NT 10.0; Win64; x64) AppleWebKit/537.36 (KHTML, like Gecko) Chrome/122.0.0.0 Safari/537.36 Edg/122.0.0.0"
198.244.133.157 - - [18/Feb/2025:19:36:08 +0530] "GET /wp-includes/js/imagesloaded.min.js?ver=5.0.0 HTTP/2" 200 1687 "https://www.freejobalerts.guru/" "Mozilla/5.0 (Windows NT 10.0; Win64; x64) AppleWebKit/537.36 (KHTML, like Gecko) Chrome/122.0.0.0 Safari/537.36 Edg/122.0.0.0"
198.244.133.157 - - [18/Feb/2025:19:36:08 +0530] "GET /wp-includes/js/dist/i18n.min.js?ver=5e580eb46a90c2b997e6 HTTP/2" 200 3542 "https://www.freejobalerts.guru/" "Mozilla/5.0 (Windows NT 10.0; Win64; x64) AppleWebKit/537.36 (KHTML, like Gecko) Chrome/122.0.0.0 Safari/537.36 Edg/122.0.0.0"
198.244.133.157 - - [18/Feb/2025:19:36:08 +0530] "GET /wp-content/themes/generatepress/assets/js/menu.min.js?ver=3.5.1 HTTP/2" 200 1678 "https://www.freejobalerts.guru/" "Mozilla/5.0 (Windows NT 10.0; Win64; x64) AppleWebKit/537.36 (KHTML, like Gecko) Chrome/122.0.0.0 Safari/537.36 Edg/122.0.0.0"
138.68.86.32 - - [18/Feb/2025:19:25:27 +0530] "GET /telescope/requests HTTP/1.1" 404 9525 "-" "Go-http-client/1.1"
138.68.86.32 - - [18/Feb/2025:19:25:15 +0530] "GET /server HTTP/1.1" 404 9498 "-" "Go-http-client/1.1"
138.68.86.32 - - [18/Feb/2025:19:25:15 +0530] "GET /.vscode/sftp.json HTTP/1.1" 404 9496 "-" "Go-http-client/1.1"
138.68.86.32 - - [18/Feb/2025:19:25:26 +0530] "GET /s/2333e2030313e25353e2236313/_/;/META-INF/maven/com.atlassian.jira/jira-webapp-dist/pom.properties HTTP/1.1" 404 10361 "-" "Go-http-client/1.1"
138.68.86.32 - - [18/Feb/2025:19:25:26 +0530] "GET /config.json HTTP/1.1" 404 9525 "-" "Go-http-client/1.1"
43.153.113.127 - - [18/Feb/2025:19:19:35 +0530] "GET /author/admin/ HTTP/1.1" 200 13428 "-" "Mozilla/5.0 (iPhone; CPU iPhone OS 13_2_3 like Mac OS X) AppleWebKit/605.1.15 (KHTML, like Gecko) Version/13.0.3 Mobile/15E148 Safari/604.1"
138.68.86.32 - - [18/Feb/2025:19:25:15 +0530] "GET / HTTP/1.1" 200 36481 "-" "Mozilla/5.0 (Linux; Android 6.0; HTC One M9 Build/MRA542538) AppleWebKit/537.36 (KHTML, like Gecko) Chrome/52.0.2721.98 Mobile Safari/537.3"
138.68.86.32 - - [18/Feb/2025:19:25:15 +0530] "GET /actuator/env HTTP/1.1" 404 9498 "-" "Go-http-client/1.1"
162.55.100.32 - - [18/Feb/2025:19:25:26 +0530] "POST /wp-cron.php?doing_wp_cron=1739886926.2480039596557617187500 HTTP/1.1" 200 0 "-" "WordPress/6.7.2; https://www.freejobalerts.guru"
198.244.133.157 - - [18/Feb/2025:19:36:06 +0530] "GET / HTTP/2" 200 11950 "-" "Mozilla/5.0 (Windows NT 10.0; Win64; x64) AppleWebKit/537.36 (KHTML, like Gecko) Chrome/122.0.0.0 Safari/537.36 Edg/122.0.0.0"
162.55.100.32 - - [18/Feb/2025:19:19:36 +0530] "POST /wp-cron.php?doing_wp_cron=1739886576.2660338878631591796875 HTTP/1.1" 200 0 "-" "WordPress/6.7.2; https://www.freejobalerts.guru"
138.68.86.32 - - [18/Feb/2025:19:25:16 +0530] "GET /about HTTP/1.1" 404 9498 "-" "Go-http-client/1.1"
162.55.100.32 - - [18/Feb/2025:19:28:37 +0530] "POST /wp-cron.php?doing_wp_cron=1739887117.5698881149291992187500 HTTP/1.1" 200 0 "-" "WordPress/6.7.2; https://www.freejobalerts.guru"
135.125.154.36 - - [18/Feb/2025:19:35:23 +0530] "GET / HTTP/2" 301 0 "-" "Mozilla/5.0 (Windows NT 10.0; Win64; x64) AppleWebKit/537.36 (KHTML, like Gecko) Chrome/122.0.0.0 Safari/537.36 Edg/122.0.0.0"
162.55.100.32 - - [18/Feb/2025:19:09:35 +0530] "POST /wp-cron.php?doing_wp_cron=1739885975.3512380123138427734375 HTTP/1.1" 200 0 "-" "WordPress/6.7.2; https://www.freejobalerts.guru"
207.102.138.19 - - [18/Feb/2025:19:22:46 +0530] "GET /wp-content/uploads/2025/02/freejobalerts.guru_-1024x576.png HTTP/1.1" 200 775408 "-" "-"
138.68.86.32 - - [18/Feb/2025:19:25:16 +0530] "GET /v2/_catalog HTTP/1.1" 404 9498 "-" "Go-http-client/1.1"
138.68.86.32 - - [18/Feb/2025:19:25:26 +0530] "GET /.env HTTP/1.1" 404 9525 "-" "Go-http-client/1.1"
162.55.100.32 - - [18/Feb/2025:19:35:24 +0530] "POST /wp-cron.php?doing_wp_cron=1739887524.4754300117492675781250 HTTP/1.1" 200 0 "-" "WordPress/6.7.2; https://www.freejobalerts.guru"
135.125.154.36 - - [18/Feb/2025:19:35:42 +0530] "GET /wp-content/uploads/2025/02/image-4-1024x563.jpeg HTTP/2" 200 99628 "https://www.freejobalerts.guru/" "Mozilla/5.0 (Windows NT 10.0; Win64; x64) AppleWebKit/537.36 (KHTML, like Gecko) Chrome/122.0.0.0 Safari/537.36 Edg/122.0.0.0"
135.125.154.36 - - [18/Feb/2025:19:35:42 +0530] "GET /wp-includes/js/dist/hooks.min.js?ver=4d63a3d491d11ffd8ac6 HTTP/2" 200 1571 "https://www.freejobalerts.guru/" "Mozilla/5.0 (Windows NT 10.0; Win64; x64) AppleWebKit/537.36 (KHTML, like Gecko) Chrome/122.0.0.0 Safari/537.36 Edg/122.0.0.0"
135.125.154.36 - - [18/Feb/2025:19:35:42 +0530] "GET /wp-includes/js/imagesloaded.min.js?ver=5.0.0 HTTP/2" 200 1687 "https://www.freejobalerts.guru/" "Mozilla/5.0 (Windows NT 10.0; Win64; x64) AppleWebKit/537.36 (KHTML, like Gecko) Chrome/122.0.0.0 Safari/537.36 Edg/122.0.0.0"
135.125.154.36 - - [18/Feb/2025:19:35:42 +0530] "GET /wp-content/themes/generatepress/assets/js/menu.min.js?ver=3.5.1 HTTP/2" 200 1678 "https://www.freejobalerts.guru/" "Mozilla/5.0 (Windows NT 10.0; Win64; x64) AppleWebKit/537.36 (KHTML, like Gecko) Chrome/122.0.0.0 Safari/537.36 Edg/122.0.0.0"
135.125.154.36 - - [18/Feb/2025:19:35:42 +0530] "GET /wp-content/plugins/contact-form-7/includes/swv/js/index.js?ver=6.0.3 HTTP/2" 200 3369 "https://www.freejobalerts.guru/" "Mozilla/5.0 (Windows NT 10.0; Win64; x64) AppleWebKit/537.36 (KHTML, like Gecko) Chrome/122.0.0.0 Safari/537.36 Edg/122.0.0.0"
135.125.154.36 - - [18/Feb/2025:19:35:42 +0530] "GET /wp-content/plugins/contact-form-7/includes/js/index.js?ver=6.0.3 HTTP/2" 200 4008 "https://www.freejobalerts.guru/" "Mozilla/5.0 (Windows NT 10.0; Win64; x64) AppleWebKit/537.36 (KHTML, like Gecko) Chrome/122.0.0.0 Safari/537.36 Edg/122.0.0.0"
135.125.154.36 - - [18/Feb/2025:19:35:42 +0530] "GET /wp-includes/js/masonry.min.js?ver=4.2.2 HTTP/2" 200 7117 "https://www.freejobalerts.guru/" "Mozilla/5.0 (Windows NT 10.0; Win64; x64) AppleWebKit/537.36 (KHTML, like Gecko) Chrome/122.0.0.0 Safari/537.36 Edg/122.0.0.0"
135.125.154.36 - - [18/Feb/2025:19:35:42 +0530] "GET /wp-content/plugins/gp-premium/blog/functions/js/scripts.min.js?ver=2.0.2 HTTP/2" 200 515 "https://www.freejobalerts.guru/" "Mozilla/5.0 (Windows NT 10.0; Win64; x64) AppleWebKit/537.36 (KHTML, like Gecko) Chrome/122.0.0.0 Safari/537.36 Edg/122.0.0.0"
135.125.154.36 - - [18/Feb/2025:19:35:42 +0530] "GET /wp-includes/js/dist/i18n.min.js?ver=5e580eb46a90c2b997e6 HTTP/2" 200 3542 "https://www.freejobalerts.guru/" "Mozilla/5.0 (Windows NT 10.0; Win64; x64) AppleWebKit/537.36 (KHTML, like Gecko) Chrome/122.0.0.0 Safari/537.36 Edg/122.0.0.0"
135.125.154.36 - - [18/Feb/2025:19:35:42 +0530] "GET /wp-content/uploads/2025/02/freejobalerts.guru_-1024x576.png HTTP/2" 200 775408 "https://www.freejobalerts.guru/" "Mozilla/5.0 (Windows NT 10.0; Win64; x64) AppleWebKit/537.36 (KHTML, like Gecko) Chrome/122.0.0.0 Safari/537.36 Edg/122.0.0.0"
100.29.140.0 - - [18/Feb/2025:19:09:35 +0530] "GET / HTTP/2" 301 0 "-" "okhttp/4.9.2"
100.29.140.0 - - [18/Feb/2025:19:09:35 +0530] "GET / HTTP/2" 200 13240 "-" "okhttp/4.9.2"
100.29.140.0 - - [18/Feb/2025:19:09:36 +0530] "GET /favicon.ico HTTP/2" 404 1251 "-" "okhttp/4.9.2"
100.29.140.0 - - [18/Feb/2025:19:09:36 +0530] "GET /favicon.png HTTP/2" 404 9498 "-" "okhttp/4.9.2"
162.55.100.32 - - [18/Feb/2025:19:08:39 +0530] "POST /wp-cron.php?doing_wp_cron=1739885919.6354019641876220703125 HTTP/1.1" 200 0 "-" "WordPress/6.7.2; https://www.freejobalerts.guru"
43.173.1.57 - - [18/Feb/2025:19:08:39 +0530] "GET /category/freegovtjobalert/ HTTP/1.1" 200 12774 "-" "Mozilla/5.0 (iPhone; CPU iPhone OS 13_2_3 like Mac OS X) AppleWebKit/605.1.15 (KHTML, like Gecko) Version/13.0.3 Mobile/15E148 Safari/604.1"
138.68.86.32 - - [18/Feb/2025:19:25:16 +0530] "GET /ecp/Current/exporttool/microsoft.exchange.ediscovery.exporttool.application HTTP/1.1" 404 10316 "-" "Go-http-client/1.1"
138.68.86.32 - - [18/Feb/2025:19:25:27 +0530] "GET /info.php HTTP/1.1" 404 9498 "-" "Go-http-client/1.1"
198.244.133.157 - - [18/Feb/2025:19:36:03 +0530] "GET / HTTP/2" 301 0 "-" "Mozilla/5.0 (Windows NT 10.0; Win64; x64) AppleWebKit/537.36 (KHTML, like Gecko) Chrome/122.0.0.0 Safari/537.36 Edg/122.0.0.0"
135.125.154.36 - - [18/Feb/2025:19:35:29 +0530] "GET /wp-includes/js/dist/hooks.min.js?ver=4d63a3d491d11ffd8ac6 HTTP/2" 200 1571 "https://www.freejobalerts.guru/" "Mozilla/5.0 (Windows NT 10.0; Win64; x64) AppleWebKit/537.36 (KHTML, like Gecko) Chrome/122.0.0.0 Safari/537.36 Edg/122.0.0.0"
135.125.154.36 - - [18/Feb/2025:19:35:29 +0530] "GET /wp-content/uploads/2025/02/image-4-1024x563.jpeg HTTP/2" 200 99628 "https://www.freejobalerts.guru/" "Mozilla/5.0 (Windows NT 10.0; Win64; x64) AppleWebKit/537.36 (KHTML, like Gecko) Chrome/122.0.0.0 Safari/537.36 Edg/122.0.0.0"
135.125.154.36 - - [18/Feb/2025:19:35:29 +0530] "GET /wp-includes/js/dist/i18n.min.js?ver=5e580eb46a90c2b997e6 HTTP/2" 200 3542 "https://www.freejobalerts.guru/" "Mozilla/5.0 (Windows NT 10.0; Win64; x64) AppleWebKit/537.36 (KHTML, like Gecko) Chrome/122.0.0.0 Safari/537.36 Edg/122.0.0.0"
135.125.154.36 - - [18/Feb/2025:19:35:29 +0530] "GET /wp-content/plugins/contact-form-7/includes/swv/js/index.js?ver=6.0.3 HTTP/2" 200 3369 "https://www.freejobalerts.guru/" "Mozilla/5.0 (Windows NT 10.0; Win64; x64) AppleWebKit/537.36 (KHTML, like Gecko) Chrome/122.0.0.0 Safari/537.36 Edg/122.0.0.0"
135.125.154.36 - - [18/Feb/2025:19:35:29 +0530] "GET /wp-content/plugins/contact-form-7/includes/js/index.js?ver=6.0.3 HTTP/2" 200 4008 "https://www.freejobalerts.guru/" "Mozilla/5.0 (Windows NT 10.0; Win64; x64) AppleWebKit/537.36 (KHTML, like Gecko) Chrome/122.0.0.0 Safari/537.36 Edg/122.0.0.0"
135.125.154.36 - - [18/Feb/2025:19:35:29 +0530] "GET /wp-content/themes/generatepress/assets/js/menu.min.js?ver=3.5.1 HTTP/2" 200 1678 "https://www.freejobalerts.guru/" "Mozilla/5.0 (Windows NT 10.0; Win64; x64) AppleWebKit/537.36 (KHTML, like Gecko) Chrome/122.0.0.0 Safari/537.36 Edg/122.0.0.0"
135.125.154.36 - - [18/Feb/2025:19:35:29 +0530] "GET /wp-includes/js/imagesloaded.min.js?ver=5.0.0 HTTP/2" 200 1687 "https://www.freejobalerts.guru/" "Mozilla/5.0 (Windows NT 10.0; Win64; x64) AppleWebKit/537.36 (KHTML, like Gecko) Chrome/122.0.0.0 Safari/537.36 Edg/122.0.0.0"
135.125.154.36 - - [18/Feb/2025:19:35:29 +0530] "GET /wp-includes/js/masonry.min.js?ver=4.2.2 HTTP/2" 200 7117 "https://www.freejobalerts.guru/" "Mozilla/5.0 (Windows NT 10.0; Win64; x64) AppleWebKit/537.36 (KHTML, like Gecko) Chrome/122.0.0.0 Safari/537.36 Edg/122.0.0.0"
135.125.154.36 - - [18/Feb/2025:19:35:29 +0530] "GET /wp-content/uploads/2025/02/freejobalerts.guru_-1024x576.png HTTP/2" 200 775408 "https://www.freejobalerts.guru/" "Mozilla/5.0 (Windows NT 10.0; Win64; x64) AppleWebKit/537.36 (KHTML, like Gecko) Chrome/122.0.0.0 Safari/537.36 Edg/122.0.0.0"
198.244.133.157 - - [18/Feb/2025:19:36:08 +0530] "GET /wp-content/uploads/2025/02/image-4-1024x563.jpeg HTTP/2" 200 99628 "https://www.freejobalerts.guru/" "Mozilla/5.0 (Windows NT 10.0; Win64; x64) AppleWebKit/537.36 (KHTML, like Gecko) Chrome/122.0.0.0 Safari/537.36 Edg/122.0.0.0"
198.244.133.157 - - [18/Feb/2025:19:36:08 +0530] "GET /wp-content/uploads/2025/02/sd-sdsdfs.png HTTP/2" 200 25553 "https://www.freejobalerts.guru/" "Mozilla/5.0 (Windows NT 10.0; Win64; x64) AppleWebKit/537.36 (KHTML, like Gecko) Chrome/122.0.0.0 Safari/537.36 Edg/122.0.0.0"
198.244.133.157 - - [18/Feb/2025:19:36:08 +0530] "GET /wp-content/uploads/2025/02/freejobalerts.guru_-1024x576.png HTTP/2" 200 775408 "https://www.freejobalerts.guru/" "Mozilla/5.0 (Windows NT 10.0; Win64; x64) AppleWebKit/537.36 (KHTML, like Gecko) Chrome/122.0.0.0 Safari/537.36 Edg/122.0.0.0"
135.125.154.36 - - [18/Feb/2025:19:36:09 +0530] "GET /wp-includes/js/wp-emoji-release.min.js?ver=6.7.2 HTTP/2" 200 4676 "https://www.freejobalerts.guru/" "Mozilla/5.0 (Windows NT 10.0; Win64; x64) AppleWebKit/537.36 (KHTML, like Gecko) Chrome/122.0.0.0 Safari/537.36 Edg/122.0.0.0"
198.244.133.157 - - [18/Feb/2025:19:36:09 +0530] "GET /wp-content/plugins/gp-premium/blog/functions/js/scripts.min.js?ver=2.0.2 HTTP/2" 200 515 "https://www.freejobalerts.guru/" "Mozilla/5.0 (Windows NT 10.0; Win64; x64) AppleWebKit/537.36 (KHTML, like Gecko) Chrome/122.0.0.0 Safari/537.36 Edg/122.0.0.0"
198.244.133.157 - - [18/Feb/2025:19:36:21 +0530] "GET /wp-includes/js/wp-emoji-release.min.js?ver=6.7.2 HTTP/2" 200 4676 "https://www.freejobalerts.guru/" "Mozilla/5.0 (Windows NT 10.0; Win64; x64) AppleWebKit/537.36 (KHTML, like Gecko) Chrome/122.0.0.0 Safari/537.36 Edg/122.0.0.0"
162.55.100.32 - - [18/Feb/2025:19:48:44 +0530] "POST /wp-cron.php?doing_wp_cron=1739888324.8751099109649658203125 HTTP/1.1" 200 0 "-" "WordPress/6.7.2; https://www.freejobalerts.guru"
158.101.109.88 - - [18/Feb/2025:19:49:22 +0530] "GET /.env HTTP/1.1" 404 9525 "-" "Mozilla/5.0 (X11; Linux x86_64) AppleWebKit/537.36 (KHTML, like Gecko) Chrome/81.0.4044.129 Safari/537.36"
158.101.109.88 - - [18/Feb/2025:19:49:24 +0530] "POST / HTTP/1.1" 200 13251 "-" "Mozilla/5.0 (X11; Linux x86_64) AppleWebKit/537.36 (KHTML, like Gecko) Chrome/81.0.4044.129 Safari/537.36"
158.101.109.88 - - [18/Feb/2025:19:49:22 +0530] "GET /.env HTTP/1.1" 404 9525 "-" "Mozilla/5.0 (X11; Linux x86_64) AppleWebKit/537.36 (KHTML, like Gecko) Chrome/81.0.4044.129 Safari/537.36"
158.101.109.88 - - [18/Feb/2025:19:49:22 +0530] "POST / HTTP/1.1" 200 13251 "-" "Mozilla/5.0 (X11; Linux x86_64) AppleWebKit/537.36 (KHTML, like Gecko) Chrome/81.0.4044.129 Safari/537.36"
158.101.109.88 - - [18/Feb/2025:19:49:23 +0530] "GET /sendgrid/.env HTTP/1.1" 404 9525 "-" "Mozilla/5.0 (X11; Linux x86_64) AppleWebKit/537.36 (KHTML, like Gecko) Chrome/81.0.4044.129 Safari/537.36"
49.51.253.83 - - [18/Feb/2025:19:48:39 +0530] "GET /punjab-and-sind-bank-lbo-recruitment-2025-apply-online-for-110-posts/ HTTP/1.1" 200 17771 "-" "Mozilla/5.0 (iPhone; CPU iPhone OS 13_2_3 like Mac OS X) AppleWebKit/605.1.15 (KHTML, like Gecko) Version/13.0.3 Mobile/15E148 Safari/604.1"
162.55.100.32 - - [18/Feb/2025:19:49:22 +0530] "POST /wp-cron.php?doing_wp_cron=1739888362.5862679481506347656250 HTTP/1.1" 200 0 "-" "WordPress/6.7.2; https://www.freejobalerts.guru"
158.101.109.88 - - [18/Feb/2025:19:49:23 +0530] "POST / HTTP/1.1" 200 13258 "-" "Mozilla/5.0 (X11; Linux x86_64) AppleWebKit/537.36 (KHTML, like Gecko) Chrome/81.0.4044.129 Safari/537.36"
158.101.109.88 - - [18/Feb/2025:19:49:24 +0530] "POST / HTTP/1.1" 200 13251 "-" "Mozilla/5.0 (X11; Linux x86_64) AppleWebKit/537.36 (KHTML, like Gecko) Chrome/81.0.4044.129 Safari/537.36"
158.101.109.88 - - [18/Feb/2025:19:49:23 +0530] "GET /sendgrid/.env HTTP/1.1" 404 9525 "-" "Mozilla/5.0 (X11; Linux x86_64) AppleWebKit/537.36 (KHTML, like Gecko) Chrome/81.0.4044.129 Safari/537.36"
207.102.138.19 - - [18/Feb/2025:20:00:35 +0530] "GET /favicon.ico HTTP/1.1" 404 1251 "-" "-"
204.101.161.19 - - [18/Feb/2025:20:00:50 +0530] "GET /wp-includes/js/dist/i18n.min.js?ver=5e580eb46a90c2b997e6 HTTP/1.1" 200 9141 "-" "-"
204.101.161.19 - - [18/Feb/2025:20:01:01 +0530] "GET /wp-includes/js/wp-emoji-release.min.js?ver=6.7.2 HTTP/1.1" 200 18726 "-" "-"
207.102.138.19 - - [18/Feb/2025:20:00:48 +0530] "GET /wp-includes/js/imagesloaded.min.js?ver=5.0.0 HTTP/1.1" 200 5520 "-" "-"
204.101.161.19 - - [18/Feb/2025:20:00:55 +0530] "GET /wp-content/themes/generatepress/assets/js/menu.min.js?ver=3.5.1 HTTP/1.1" 200 7333 "-" "-"
204.101.161.19 - - [18/Feb/2025:20:00:54 +0530] "GET /wp-content/uploads/2025/02/freejobalerts.guru_-1024x576.png HTTP/1.1" 200 720896 "-" "-"
207.102.138.19 - - [18/Feb/2025:20:00:43 +0530] "GET /wp-includes/js/dist/hooks.min.js?ver=4d63a3d491d11ffd8ac6 HTTP/1.1" 200 4776 "-" "-"
207.102.138.19 - - [18/Feb/2025:20:00:45 +0530] "GET /wp-includes/js/masonry.min.js?ver=4.2.2 HTTP/1.1" 200 24138 "-" "-"
162.55.100.32 - - [18/Feb/2025:19:59:56 +0530] "POST /wp-cron.php?doing_wp_cron=1739888996.7801918983459472656250 HTTP/1.1" 200 0 "-" "WordPress/6.7.2; https://www.freejobalerts.guru"
207.102.138.19 - - [18/Feb/2025:20:00:45 +0530] "GET /wp-content/plugins/contact-form-7/includes/swv/js/index.js?ver=6.0.3 HTTP/1.1" 200 12512 "-" "-"
204.101.161.19 - - [18/Feb/2025:20:00:53 +0530] "GET /wp-content/plugins/contact-form-7/includes/js/index.js?ver=6.0.3 HTTP/1.1" 200 13452 "-" "-"
170.106.180.139 - - [18/Feb/2025:19:59:56 +0530] "GET /punjab-and-sind-bank-lbo-recruitment-2025-apply-online-for-110-posts/ HTTP/1.1" 200 17771 "-" "Mozilla/5.0 (iPhone; CPU iPhone OS 13_2_3 like Mac OS X) AppleWebKit/605.1.15 (KHTML, like Gecko) Version/13.0.3 Mobile/15E148 Safari/604.1"
209.38.208.202 - - [18/Feb/2025:20:20:32 +0530] "GET /actuator/env HTTP/1.1" 404 9525 "-" "Go-http-client/1.1"
209.38.208.202 - - [18/Feb/2025:20:20:33 +0530] "GET /debug/default/view?panel=config HTTP/1.1" 404 10361 "-" "Go-http-client/1.1"
209.38.208.202 - - [18/Feb/2025:20:20:33 +0530] "GET /ecp/Current/exporttool/microsoft.exchange.ediscovery.exporttool.application HTTP/1.1" 404 10316 "-" "Go-http-client/1.1"
209.38.208.202 - - [18/Feb/2025:20:20:32 +0530] "GET / HTTP/1.1" 200 36481 "-" "Mozilla/5.0 (Linux; Android 6.0; HTC One M9 Build/MRA542538) AppleWebKit/537.36 (KHTML, like Gecko) Chrome/52.0.2721.98 Mobile Safari/537.3"
209.38.208.202 - - [18/Feb/2025:20:20:33 +0530] "GET /.vscode/sftp.json HTTP/1.1" 404 9525 "-" "Go-http-client/1.1"
209.38.208.202 - - [18/Feb/2025:20:20:43 +0530] "GET /.DS_Store HTTP/1.1" 404 9525 "-" "Go-http-client/1.1"
45.148.10.86 - - [18/Feb/2025:20:24:45 +0530] "GET /.git/config HTTP/1.1" 403 1242 "-" "Mozilla/5.0 (Linux; Android 9; Redmi Note 5) AppleWebKit/537.36 (KHTML, like Gecko) Chrome/76.0.3809.89 Mobile Safari/537.36"
209.38.208.202 - - [18/Feb/2025:20:20:31 +0530] "GET / HTTP/1.1" 200 27597 "-" "-"
209.38.208.202 - - [18/Feb/2025:20:20:43 +0530] "GET /.env HTTP/1.1" 404 9525 "-" "Go-http-client/1.1"
209.38.208.202 - - [18/Feb/2025:20:20:43 +0530] "GET /info.php HTTP/1.1" 404 9525 "-" "Go-http-client/1.1"
209.38.208.202 - - [18/Feb/2025:20:20:33 +0530] "GET /v2/_catalog HTTP/1.1" 404 6917 "-" "Go-http-client/1.1"
129.226.93.214 - - [18/Feb/2025:20:08:40 +0530] "GET /wp-comments-post.php HTTP/1.1" 405 0 "-" "Mozilla/5.0 (iPhone; CPU iPhone OS 13_2_3 like Mac OS X) AppleWebKit/605.1.15 (KHTML, like Gecko) Version/13.0.3 Mobile/15E148 Safari/604.1"
209.38.208.202 - - [18/Feb/2025:20:20:33 +0530] "GET /about HTTP/1.1" 404 9525 "-" "Go-http-client/1.1"
209.38.208.202 - - [18/Feb/2025:20:20:43 +0530] "GET /telescope/requests HTTP/1.1" 404 9525 "-" "Go-http-client/1.1"
162.55.100.32 - - [18/Feb/2025:20:08:00 +0530] "POST /wp-cron.php?doing_wp_cron=1739889480.1370530128479003906250 HTTP/1.1" 200 0 "-" "WordPress/6.7.2; https://www.freejobalerts.guru"
100.29.140.0 - - [18/Feb/2025:20:07:59 +0530] "GET / HTTP/2" 301 0 "-" "okhttp/4.9.2"
100.29.140.0 - - [18/Feb/2025:20:08:00 +0530] "GET / HTTP/2" 200 13256 "-" "okhttp/4.9.2"
100.29.140.0 - - [18/Feb/2025:20:08:00 +0530] "GET /favicon.ico HTTP/2" 404 1251 "-" "okhttp/4.9.2"
100.29.140.0 - - [18/Feb/2025:20:08:00 +0530] "GET /favicon.png HTTP/2" 404 9498 "-" "okhttp/4.9.2"
209.38.208.202 - - [18/Feb/2025:20:20:32 +0530] "GET /server HTTP/1.1" 404 9525 "-" "Go-http-client/1.1"
209.38.208.202 - - [18/Feb/2025:20:20:43 +0530] "GET /s/2333e2030313e25353e2236313/_/;/META-INF/maven/com.atlassian.jira/jira-webapp-dist/pom.properties HTTP/1.1" 404 10361 "-" "Go-http-client/1.1"
162.55.100.32 - - [18/Feb/2025:20:20:32 +0530] "POST /wp-cron.php?doing_wp_cron=1739890232.5596170425415039062500 HTTP/1.1" 200 0 "-" "WordPress/6.7.2; https://www.freejobalerts.guru"
209.38.208.202 - - [18/Feb/2025:20:20:43 +0530] "GET /.git/config HTTP/1.1" 403 1242 "-" "Go-http-client/1.1"
209.38.208.202 - - [18/Feb/2025:20:20:43 +0530] "GET /config.json HTTP/1.1" 404 9525 "-" "Go-http-client/1.1"
207.102.138.19 - - [18/Feb/2025:20:35:23 +0530] "GET /wp-content/uploads/2025/02/image-4-1024x563.jpeg HTTP/1.1" 200 99628 "-" "-"
207.102.138.19 - - [18/Feb/2025:20:35:30 +0530] "GET /wp-includes/js/imagesloaded.min.js?ver=5.0.0 HTTP/1.1" 200 5520 "-" "-"
207.102.138.19 - - [18/Feb/2025:20:35:42 +0530] "GET /wp-includes/js/masonry.min.js?ver=4.2.2 HTTP/1.1" 200 24138 "-" "-"
51.195.34.242 - - [18/Feb/2025:20:46:33 +0530] "GET / HTTP/2" 200 11974 "-" "Mozilla/5.0 (Windows NT 10.0; Win64; x64) AppleWebKit/537.36 (KHTML, like Gecko) Chrome/122.0.0.0 Safari/537.36 Edg/122.0.0.0"
51.195.34.242 - - [18/Feb/2025:20:46:38 +0530] "GET /wp-includes/css/dist/block-library/style.min.css?ver=6.7.2 HTTP/2" 200 14225 "https://www.freejobalerts.guru/" "Mozilla/5.0 (Windows NT 10.0; Win64; x64) AppleWebKit/537.36 (KHTML, like Gecko) Chrome/122.0.0.0 Safari/537.36 Edg/122.0.0.0"
51.195.34.242 - - [18/Feb/2025:20:46:38 +0530] "GET /wp-content/plugins/contact-form-7/includes/css/styles.css?ver=6.0.3 HTTP/2" 200 890 "https://www.freejobalerts.guru/" "Mozilla/5.0 (Windows NT 10.0; Win64; x64) AppleWebKit/537.36 (KHTML, like Gecko) Chrome/122.0.0.0 Safari/537.36 Edg/122.0.0.0"
51.195.34.242 - - [18/Feb/2025:20:46:38 +0530] "GET /wp-content/plugins/related-posts-thumbnails/assets/css/front.css?ver=4.2.1 HTTP/2" 200 1088 "https://www.freejobalerts.guru/" "Mozilla/5.0 (Windows NT 10.0; Win64; x64) AppleWebKit/537.36 (KHTML, like Gecko) Chrome/122.0.0.0 Safari/537.36 Edg/122.0.0.0"
51.195.34.242 - - [18/Feb/2025:20:46:38 +0530] "GET /wp-content/plugins/contextual-related-posts/css/rounded-thumbs.min.css?ver=3.6.2 HTTP/2" 200 348 "https://www.freejobalerts.guru/" "Mozilla/5.0 (Windows NT 10.0; Win64; x64) AppleWebKit/537.36 (KHTML, like Gecko) Chrome/122.0.0.0 Safari/537.36 Edg/122.0.0.0"
51.195.34.242 - - [18/Feb/2025:20:46:38 +0530] "GET /wp-content/themes/generatepress/assets/css/main.min.css?ver=3.5.1 HTTP/2" 200 4410 "https://www.freejobalerts.guru/" "Mozilla/5.0 (Windows NT 10.0; Win64; x64) AppleWebKit/537.36 (KHTML, like Gecko) Chrome/122.0.0.0 Safari/537.36 Edg/122.0.0.0"
51.195.34.242 - - [18/Feb/2025:20:46:40 +0530] "GET /wp-content/plugins/gp-premium/blog/functions/css/style.min.css?ver=2.0.2 HTTP/2" 200 1020 "https://www.freejobalerts.guru/" "Mozilla/5.0 (Windows NT 10.0; Win64; x64) AppleWebKit/537.36 (KHTML, like Gecko) Chrome/122.0.0.0 Safari/537.36 Edg/122.0.0.0"
51.195.34.242 - - [18/Feb/2025:20:47:38 +0530] "GET /wp-includes/js/dist/hooks.min.js?ver=4d63a3d491d11ffd8ac6 HTTP/2" 200 1571 "https://www.freejobalerts.guru/" "Mozilla/5.0 (Windows NT 10.0; Win64; x64) AppleWebKit/537.36 (KHTML, like Gecko) Chrome/122.0.0.0 Safari/537.36 Edg/122.0.0.0"
51.195.34.242 - - [18/Feb/2025:20:47:38 +0530] "GET /wp-includes/js/dist/i18n.min.js?ver=5e580eb46a90c2b997e6 HTTP/2" 200 3542 "https://www.freejobalerts.guru/" "Mozilla/5.0 (Windows NT 10.0; Win64; x64) AppleWebKit/537.36 (KHTML, like Gecko) Chrome/122.0.0.0 Safari/537.36 Edg/122.0.0.0"
51.195.34.242 - - [18/Feb/2025:20:47:38 +0530] "GET /wp-content/plugins/contact-form-7/includes/swv/js/index.js?ver=6.0.3 HTTP/2" 200 3369 "https://www.freejobalerts.guru/" "Mozilla/5.0 (Windows NT 10.0; Win64; x64) AppleWebKit/537.36 (KHTML, like Gecko) Chrome/122.0.0.0 Safari/537.36 Edg/122.0.0.0"
51.195.34.242 - - [18/Feb/2025:20:47:38 +0530] "GET /wp-content/plugins/contact-form-7/includes/js/index.js?ver=6.0.3 HTTP/2" 200 4008 "https://www.freejobalerts.guru/" "Mozilla/5.0 (Windows NT 10.0; Win64; x64) AppleWebKit/537.36 (KHTML, like Gecko) Chrome/122.0.0.0 Safari/537.36 Edg/122.0.0.0"
51.195.34.242 - - [18/Feb/2025:20:47:38 +0530] "GET /wp-content/themes/generatepress/assets/js/menu.min.js?ver=3.5.1 HTTP/2" 200 1678 "https://www.freejobalerts.guru/" "Mozilla/5.0 (Windows NT 10.0; Win64; x64) AppleWebKit/537.36 (KHTML, like Gecko) Chrome/122.0.0.0 Safari/537.36 Edg/122.0.0.0"
43.157.148.38 - - [18/Feb/2025:20:57:46 +0530] "GET / HTTP/1.1" 200 13256 "-" "Mozilla/5.0 (iPhone; CPU iPhone OS 13_2_3 like Mac OS X) AppleWebKit/605.1.15 (KHTML, like Gecko) Version/13.0.3 Mobile/15E148 Safari/604.1"
162.55.100.32 - - [18/Feb/2025:20:46:33 +0530] "POST /wp-cron.php?doing_wp_cron=1739891793.8370609283447265625000 HTTP/1.1" 200 0 "-" "WordPress/6.7.2; https://www.freejobalerts.guru"
207.102.138.19 - - [18/Feb/2025:20:35:41 +0530] "GET /wp-includes/js/wp-emoji-release.min.js?ver=6.7.2 HTTP/1.1" 200 18726 "-" "-"
207.102.138.19 - - [18/Feb/2025:20:35:14 +0530] "GET /wp-includes/css/dist/block-library/style.min.css?ver=6.7.2 HTTP/1.1" 200 114706 "-" "-"
207.102.138.19 - - [18/Feb/2025:20:35:32 +0530] "GET /wp-content/themes/generatepress/assets/js/menu.min.js?ver=3.5.1 HTTP/1.1" 200 7333 "-" "-"
204.101.161.19 - - [18/Feb/2025:20:35:39 +0530] "GET /wp-content/plugins/contact-form-7/includes/swv/js/index.js?ver=6.0.3 HTTP/1.1" 200 12512 "-" "-"
204.101.161.19 - - [18/Feb/2025:20:34:51 +0530] "GET /favicon.ico HTTP/1.1" 404 1251 "-" "-"
207.102.138.19 - - [18/Feb/2025:20:35:24 +0530] "GET /wp-includes/js/dist/hooks.min.js?ver=4d63a3d491d11ffd8ac6 HTTP/1.1" 200 4776 "-" "-"
51.195.34.242 - - [18/Feb/2025:20:47:38 +0530] "GET /wp-includes/js/imagesloaded.min.js?ver=5.0.0 HTTP/2" 200 1687 "https://www.freejobalerts.guru/" "Mozilla/5.0 (Windows NT 10.0; Win64; x64) AppleWebKit/537.36 (KHTML, like Gecko) Chrome/122.0.0.0 Safari/537.36 Edg/122.0.0.0"
51.195.34.242 - - [18/Feb/2025:20:47:38 +0530] "GET /wp-includes/js/masonry.min.js?ver=4.2.2 HTTP/2" 200 7117 "https://www.freejobalerts.guru/" "Mozilla/5.0 (Windows NT 10.0; Win64; x64) AppleWebKit/537.36 (KHTML, like Gecko) Chrome/122.0.0.0 Safari/537.36 Edg/122.0.0.0"
51.195.34.242 - - [18/Feb/2025:20:47:38 +0530] "GET /wp-content/plugins/gp-premium/blog/functions/js/scripts.min.js?ver=2.0.2 HTTP/2" 200 515 "https://www.freejobalerts.guru/" "Mozilla/5.0 (Windows NT 10.0; Win64; x64) AppleWebKit/537.36 (KHTML, like Gecko) Chrome/122.0.0.0 Safari/537.36 Edg/122.0.0.0"
51.195.34.242 - - [18/Feb/2025:20:47:38 +0530] "GET /wp-content/uploads/2025/02/sd-sdsdfs.png HTTP/2" 200 25553 "https://www.freejobalerts.guru/" "Mozilla/5.0 (Windows NT 10.0; Win64; x64) AppleWebKit/537.36 (KHTML, like Gecko) Chrome/122.0.0.0 Safari/537.36 Edg/122.0.0.0"
51.195.34.242 - - [18/Feb/2025:20:47:38 +0530] "GET /wp-content/uploads/2025/02/image-4-1024x563.jpeg HTTP/2" 200 99628 "https://www.freejobalerts.guru/" "Mozilla/5.0 (Windows NT 10.0; Win64; x64) AppleWebKit/537.36 (KHTML, like Gecko) Chrome/122.0.0.0 Safari/537.36 Edg/122.0.0.0"
51.195.34.242 - - [18/Feb/2025:20:47:38 +0530] "GET /wp-content/uploads/2025/02/freejobalerts.guru_-1024x576.png HTTP/2" 200 775408 "https://www.freejobalerts.guru/" "Mozilla/5.0 (Windows NT 10.0; Win64; x64) AppleWebKit/537.36 (KHTML, like Gecko) Chrome/122.0.0.0 Safari/537.36 Edg/122.0.0.0"
207.102.138.19 - - [18/Feb/2025:20:35:38 +0530] "GET /wp-content/plugins/contact-form-7/includes/js/index.js?ver=6.0.3 HTTP/1.1" 200 13452 "-" "-"
162.55.100.32 - - [18/Feb/2025:20:57:47 +0530] "POST /wp-cron.php?doing_wp_cron=1739892467.5530989170074462890625 HTTP/1.1" 200 0 "-" "WordPress/6.7.2; https://www.freejobalerts.guru"
91.84.87.137 - - [18/Feb/2025:21:09:09 +0530] "GET /wp-includes/js/imagesloaded.min.js?ver=5.0.0 HTTP/2" 200 1801 "-" "Mozilla/5.0 (Linux; Android 6.0; Nexus 5 Build/MRA58N) AppleWebKit/537.36 (KHTML, like Gecko) Chrome/130.0.0.0 Mobile Safari/537.36"
91.84.87.137 - - [18/Feb/2025:21:09:09 +0530] "GET /wp-includes/css/dist/block-library/style.min.css?ver=6.7.2 HTTP/2" 200 15146 "-" "Mozilla/5.0 (Linux; Android 6.0; Nexus 5 Build/MRA58N) AppleWebKit/537.36 (KHTML, like Gecko) Chrome/130.0.0.0 Mobile Safari/537.36"
91.84.87.137 - - [18/Feb/2025:21:09:09 +0530] "GET /wp-content/plugins/contact-form-7/includes/swv/js/index.js?ver=6.0.3 HTTP/2" 200 3522 "-" "Mozilla/5.0 (Linux; Android 6.0; Nexus 5 Build/MRA58N) AppleWebKit/537.36 (KHTML, like Gecko) Chrome/130.0.0.0 Mobile Safari/537.36"
91.84.87.137 - - [18/Feb/2025:21:09:09 +0530] "GET /wp-content/uploads/2025/02/image-4.jpeg HTTP/2" 200 135163 "-" "Mozilla/5.0 (Linux; Android 6.0; Nexus 5 Build/MRA58N) AppleWebKit/537.36 (KHTML, like Gecko) Chrome/130.0.0.0 Mobile Safari/537.36"
91.84.87.137 - - [18/Feb/2025:21:09:09 +0530] "GET /wp-content/plugins/contact-form-7/includes/css/styles.css?ver=6.0.3 HTTP/2" 200 1016 "-" "Mozilla/5.0 (Linux; Android 6.0; Nexus 5 Build/MRA58N) AppleWebKit/537.36 (KHTML, like Gecko) Chrome/130.0.0.0 Mobile Safari/537.36"
91.84.87.137 - - [18/Feb/2025:21:09:09 +0530] "GET /wp-content/plugins/gp-premium/blog/functions/css/style.min.css?ver=2.0.2 HTTP/2" 200 1112 "-" "Mozilla/5.0 (Linux; Android 6.0; Nexus 5 Build/MRA58N) AppleWebKit/537.36 (KHTML, like Gecko) Chrome/130.0.0.0 Mobile Safari/537.36"
91.84.87.137 - - [18/Feb/2025:21:09:09 +0530] "GET /wp-content/plugins/contact-form-7/includes/js/index.js?ver=6.0.3 HTTP/2" 200 4236 "-" "Mozilla/5.0 (Linux; Android 6.0; Nexus 5 Build/MRA58N) AppleWebKit/537.36 (KHTML, like Gecko) Chrome/130.0.0.0 Mobile Safari/537.36"
91.84.87.137 - - [18/Feb/2025:21:09:09 +0530] "GET /wp-content/plugins/related-posts-thumbnails/assets/css/front.css?ver=4.2.1 HTTP/2" 200 1198 "-" "Mozilla/5.0 (Linux; Android 6.0; Nexus 5 Build/MRA58N) AppleWebKit/537.36 (KHTML, like Gecko) Chrome/130.0.0.0 Mobile Safari/537.36"
91.84.87.137 - - [18/Feb/2025:21:09:09 +0530] "GET /wp-content/plugins/contextual-related-posts/css/rounded-thumbs.min.css?ver=3.6.2 HTTP/2" 200 454 "-" "Mozilla/5.0 (Linux; Android 6.0; Nexus 5 Build/MRA58N) AppleWebKit/537.36 (KHTML, like Gecko) Chrome/130.0.0.0 Mobile Safari/537.36"
91.84.87.137 - - [18/Feb/2025:21:09:09 +0530] "GET /wp-content/uploads/2025/02/freejobalerts.guru_.png HTTP/2" 200 372627 "-" "Mozilla/5.0 (Linux; Android 6.0; Nexus 5 Build/MRA58N) AppleWebKit/537.36 (KHTML, like Gecko) Chrome/130.0.0.0 Mobile Safari/537.36"
91.84.87.137 - - [18/Feb/2025:21:09:09 +0530] "GET /wp-content/uploads/2025/02/sd-sdsdfs.png HTTP/2" 200 25553 "-" "Mozilla/5.0 (Linux; Android 6.0; Nexus 5 Build/MRA58N) AppleWebKit/537.36 (KHTML, like Gecko) Chrome/130.0.0.0 Mobile Safari/537.36"
91.84.87.137 - - [18/Feb/2025:21:09:09 +0530] "GET /wp-content/themes/generatepress/assets/css/main.min.css?ver=3.5.1 HTTP/2" 200 4670 "-" "Mozilla/5.0 (Linux; Android 6.0; Nexus 5 Build/MRA58N) AppleWebKit/537.36 (KHTML, like Gecko) Chrome/130.0.0.0 Mobile Safari/537.36"
91.84.87.137 - - [18/Feb/2025:21:09:09 +0530] "GET /wp-includes/js/dist/i18n.min.js?ver=5e580eb46a90c2b997e6 HTTP/2" 200 3667 "-" "Mozilla/5.0 (Linux; Android 6.0; Nexus 5 Build/MRA58N) AppleWebKit/537.36 (KHTML, like Gecko) Chrome/130.0.0.0 Mobile Safari/537.36"
91.84.87.137 - - [18/Feb/2025:21:09:09 +0530] "GET /js/twint_ch.js HTTP/2" 404 9498 "-" "Mozilla/5.0 (Linux; Android 6.0; Nexus 5 Build/MRA58N) AppleWebKit/537.36 (KHTML, like Gecko) Chrome/130.0.0.0 Mobile Safari/537.36"
91.84.87.137 - - [18/Feb/2025:21:09:09 +0530] "GET /wp-content/plugins/gp-premium/blog/functions/js/scripts.min.js?ver=2.0.2 HTTP/2" 200 608 "-" "Mozilla/5.0 (Linux; Android 6.0; Nexus 5 Build/MRA58N) AppleWebKit/537.36 (KHTML, like Gecko) Chrome/130.0.0.0 Mobile Safari/537.36"
91.84.87.137 - - [18/Feb/2025:21:09:07 +0530] "GET / HTTP/2" 200 13256 "-" "Mozilla/5.0 (Linux; Android 6.0; Nexus 5 Build/MRA58N) AppleWebKit/537.36 (KHTML, like Gecko) Chrome/130.0.0.0 Mobile Safari/537.36"
91.84.87.137 - - [18/Feb/2025:21:09:08 +0530] "GET /wp-content/themes/generatepress/assets/js/menu.min.js?ver=3.5.1 HTTP/2" 200 1828 "-" "Mozilla/5.0 (Linux; Android 6.0; Nexus 5 Build/MRA58N) AppleWebKit/537.36 (KHTML, like Gecko) Chrome/130.0.0.0 Mobile Safari/537.36"
91.84.87.137 - - [18/Feb/2025:21:09:08 +0530] "GET /wp-includes/js/dist/hooks.min.js?ver=4d63a3d491d11ffd8ac6 HTTP/2" 200 1644 "-" "Mozilla/5.0 (Linux; Android 6.0; Nexus 5 Build/MRA58N) AppleWebKit/537.36 (KHTML, like Gecko) Chrome/130.0.0.0 Mobile Safari/537.36"
91.84.87.137 - - [18/Feb/2025:21:09:08 +0530] "GET /feed/ HTTP/2" 200 19274 "-" "Mozilla/5.0 (Linux; Android 6.0; Nexus 5 Build/MRA58N) AppleWebKit/537.36 (KHTML, like Gecko) Chrome/130.0.0.0 Mobile Safari/537.36"
91.84.87.137 - - [18/Feb/2025:21:09:10 +0530] "GET /wp-includes/js/masonry.min.js?ver=4.2.2 HTTP/2" 200 7376 "-" "Mozilla/5.0 (Linux; Android 6.0; Nexus 5 Build/MRA58N) AppleWebKit/537.36 (KHTML, like Gecko) Chrome/130.0.0.0 Mobile Safari/537.36"
152.59.85.14 - - [18/Feb/2025:21:14:16 +0530] "GET / HTTP/2" 200 14985 "https://www.google.com/" "Mozilla/5.0 (Windows NT 10.0; Win64; x64) AppleWebKit/537.36 (KHTML, like Gecko) Chrome/133.0.0.0 Safari/537.36"
162.55.100.32 - - [18/Feb/2025:21:14:21 +0530] "POST /wp-cron.php?doing_wp_cron=1739893461.5833120346069335937500 HTTP/1.1" 200 0 "-" "WordPress/6.7.2; https://www.freejobalerts.guru"
152.59.85.14 - - [18/Feb/2025:21:14:26 +0530] "GET /wp-admin/users.php HTTP/2" 200 14806 "https://www.freejobalerts.guru/wp-admin/" "Mozilla/5.0 (Windows NT 10.0; Win64; x64) AppleWebKit/537.36 (KHTML, like Gecko) Chrome/133.0.0.0 Safari/537.36"
162.55.100.32 - - [18/Feb/2025:21:09:07 +0530] "POST /wp-cron.php?doing_wp_cron=1739893147.1885919570922851562500 HTTP/1.1" 200 0 "-" "WordPress/6.7.2; https://www.freejobalerts.guru"
91.84.87.137 - - [18/Feb/2025:21:14:38 +0530] "GET / HTTP/2" 200 13256 "https://freejobalerts.guru/" "Mozilla/5.0 (Linux; Android 6.0; Nexus 5 Build/MRA58N) AppleWebKit/537.36 (KHTML, like Gecko) Chrome/130.0.0.0 Mobile Safari/537.36"
91.84.87.137 - - [18/Feb/2025:21:14:42 +0530] "GET /js/twint_ch.js HTTP/2" 404 9498 "https://freejobalerts.guru/js/twint_ch.js" "Mozilla/5.0 (Linux; Android 6.0; Nexus 5 Build/MRA58N) AppleWebKit/537.36 (KHTML, like Gecko) Chrome/130.0.0.0 Mobile Safari/537.36"
91.84.87.137 - - [18/Feb/2025:21:14:41 +0530] "GET /js/twint_ch.js HTTP/2" 301 0 "-" "Mozilla/5.0 (Linux; Android 6.0; Nexus 5 Build/MRA58N) AppleWebKit/537.36 (KHTML, like Gecko) Chrome/130.0.0.0 Mobile Safari/537.36"
91.84.87.137 - - [18/Feb/2025:21:09:11 +0530] "GET /js/twint_ch.js HTTP/2" 404 9498 "-" "Mozilla/5.0 (Linux; Android 6.0; Nexus 5 Build/MRA58N) AppleWebKit/537.36 (KHTML, like Gecko) Chrome/130.0.0.0 Mobile Safari/537.36"
91.84.87.137 - - [18/Feb/2025:21:09:07 +0530] "GET / HTTP/2" 200 13251 "-" "Mozilla/5.0 (Linux; Android 6.0; Nexus 5 Build/MRA58N) AppleWebKit/537.36 (KHTML, like Gecko) Chrome/130.0.0.0 Mobile Safari/537.36"
162.55.100.32 - - [18/Feb/2025:21:14:16 +0530] "POST /wp-cron.php?doing_wp_cron=1739893456.8038549423217773437500 HTTP/1.1" 200 0 "-" "WordPress/6.7.2; https://www.freejobalerts.guru"
91.84.87.137 - - [18/Feb/2025:21:14:37 +0530] "GET / HTTP/2" 301 0 "-" "Mozilla/5.0 (Linux; Android 6.0; Nexus 5 Build/MRA58N) AppleWebKit/537.36 (KHTML, like Gecko) Chrome/130.0.0.0 Mobile Safari/537.36"
91.84.87.137 - - [18/Feb/2025:21:09:09 +0530] "GET /xmlrpc.php?rsd HTTP/2" 200 317 "-" "Mozilla/5.0 (Linux; Android 6.0; Nexus 5 Build/MRA58N) AppleWebKit/537.36 (KHTML, like Gecko) Chrome/130.0.0.0 Mobile Safari/537.36"
91.84.87.137 - - [18/Feb/2025:21:09:09 +0530] "GET /wp-json/ HTTP/2" 200 21570 "-" "Mozilla/5.0 (Linux; Android 6.0; Nexus 5 Build/MRA58N) AppleWebKit/537.36 (KHTML, like Gecko) Chrome/130.0.0.0 Mobile Safari/537.36"
91.84.87.137 - - [18/Feb/2025:21:09:09 +0530] "GET /comments/feed/ HTTP/2" 200 518 "-" "Mozilla/5.0 (Linux; Android 6.0; Nexus 5 Build/MRA58N) AppleWebKit/537.36 (KHTML, like Gecko) Chrome/130.0.0.0 Mobile Safari/537.36"
152.59.85.14 - - [18/Feb/2025:21:14:21 +0530] "GET /wp-admin/ HTTP/2" 200 20825 "https://www.freejobalerts.guru/" "Mozilla/5.0 (Windows NT 10.0; Win64; x64) AppleWebKit/537.36 (KHTML, like Gecko) Chrome/133.0.0.0 Safari/537.36"
152.59.85.14 - - [18/Feb/2025:21:14:22 +0530] "GET /wp-json/rankmath/v1/dashboardWidget HTTP/2" 200 609 "https://www.freejobalerts.guru/wp-admin/" "Mozilla/5.0 (Windows NT 10.0; Win64; x64) AppleWebKit/537.36 (KHTML, like Gecko) Chrome/133.0.0.0 Safari/537.36"
91.84.87.137 - - [18/Feb/2025:21:14:38 +0530] "GET /js/twint_ch.js HTTP/2" 404 9525 "-" "Mozilla/5.0 (Linux; Android 6.0; Nexus 5 Build/MRA58N) AppleWebKit/537.36 (KHTML, like Gecko) Chrome/130.0.0.0 Mobile Safari/537.36"
43.157.156.190 - - [18/Feb/2025:21:07:29 +0530] "GET /?s= HTTP/1.1" 200 13111 "-" "Mozilla/5.0 (iPhone; CPU iPhone OS 13_2_3 like Mac OS X) AppleWebKit/605.1.15 (KHTML, like Gecko) Version/13.0.3 Mobile/15E148 Safari/604.1"
162.55.100.32 - - [18/Feb/2025:21:07:30 +0530] "POST /wp-cron.php?doing_wp_cron=1739893050.0530800819396972656250 HTTP/1.1" 200 0 "-" "WordPress/6.7.2; https://www.freejobalerts.guru"
91.84.87.137 - - [18/Feb/2025:21:14:37 +0530] "GET / HTTP/2" 200 13251 "-" "Mozilla/5.0 (Linux; Android 6.0; Nexus 5 Build/MRA58N) AppleWebKit/537.36 (KHTML, like Gecko) Chrome/130.0.0.0 Mobile Safari/537.36"
162.55.100.32 - - [18/Feb/2025:21:58:13 +0530] "GET / HTTP/1.1" 200 13256 "-" "WordPress/6.7.2; https://www.freejobalerts.guru"
162.55.100.32 - - [18/Feb/2025:21:58:13 +0530] "GET / HTTP/1.1" 200 13256 "-" "WordPress/6.7.2; https://www.freejobalerts.guru"
162.55.100.32 - - [18/Feb/2025:21:28:47 +0530] "POST /wp-cron.php?doing_wp_cron=1739894327.0850150585174560546875 HTTP/1.1" 200 0 "-" "WordPress/6.7.2; https://www.freejobalerts.guru"
162.55.100.32 - - [18/Feb/2025:21:40:04 +0530] "POST /wp-cron.php?doing_wp_cron=1739895004.9361948966979980468750 HTTP/1.1" 200 0 "-" "WordPress/6.7.2; https://www.freejobalerts.guru"
162.55.100.32 - - [18/Feb/2025:21:58:13 +0530] "GET / HTTP/1.1" 200 13256 "-" "WordPress/6.7.2; https://www.freejobalerts.guru"
162.55.100.32 - - [18/Feb/2025:21:27:45 +0530] "POST /wp-cron.php?doing_wp_cron=1739894265.5086939334869384765625 HTTP/1.1" 200 0 "-" "WordPress/6.7.2; https://www.freejobalerts.guru"
43.159.139.164 - - [18/Feb/2025:21:28:47 +0530] "GET /comments/feed/ HTTP/1.1" 200 518 "-" "Mozilla/5.0 (iPhone; CPU iPhone OS 13_2_3 like Mac OS X) AppleWebKit/605.1.15 (KHTML, like Gecko) Version/13.0.3 Mobile/15E148 Safari/604.1"
135.148.100.196 - - [18/Feb/2025:21:27:44 +0530] "GET / HTTP/1.1" 301 0 "-" "-"
135.148.100.196 - - [18/Feb/2025:21:27:46 +0530] "GET / HTTP/1.1" 200 51293 "-" "-"
170.106.110.146 - - [18/Feb/2025:21:19:04 +0530] "GET /feed/ HTTP/1.1" 200 19265 "-" "Mozilla/5.0 (iPhone; CPU iPhone OS 13_2_3 like Mac OS X) AppleWebKit/605.1.15 (KHTML, like Gecko) Version/13.0.3 Mobile/15E148 Safari/604.1"
43.157.153.236 - - [18/Feb/2025:21:40:04 +0530] "GET /wp-json/ HTTP/1.1" 200 21570 "-" "Mozilla/5.0 (iPhone; CPU iPhone OS 13_2_3 like Mac OS X) AppleWebKit/605.1.15 (KHTML, like Gecko) Version/13.0.3 Mobile/15E148 Safari/604.1"
162.55.100.32 - - [18/Feb/2025:21:19:05 +0530] "POST /wp-cron.php?doing_wp_cron=1739893745.2387220859527587890625 HTTP/1.1" 200 0 "-" "WordPress/6.7.2; https://www.freejobalerts.guru"
162.55.100.32 - - [18/Feb/2025:21:58:13 +0530] "GET / HTTP/1.1" 200 13256 "-" "WordPress/6.7.2; https://www.freejobalerts.guru"
88.217.180.91 - - [18/Feb/2025:22:27:10 +0530] "GET /wp-content/uploads/2025/02/sd-sdsdfs.png HTTP/1.1" 200 25553 "-" "Mozilla/5.0 (iPhone; CPU iPhone OS 17_4_1 like Mac OS X) AppleWebKit/605.1.15 (KHTML, like Gecko) Version/17.4.1 Mobile/15E148 Safari/604.1"
35.178.167.254 - - [18/Feb/2025:22:27:10 +0530] "GET /wp-content/uploads/2025/02/sd-sdsdfs.png HTTP/1.1" 200 25553 "-" "Mozilla/5.0 (Windows NT 10.0; Win64; x64) AppleWebKit/537.36 (KHTML, like Gecko) Chrome/132.0.0.0 Safari/537.36 Edg/132.0.0.0"
162.55.100.32 - - [18/Feb/2025:22:33:44 +0530] "POST /wp-cron.php?doing_wp_cron=1739898224.1240749359130859375000 HTTP/1.1" 200 0 "-" "WordPress/6.7.2; https://www.freejobalerts.guru"
162.55.100.32 - - [18/Feb/2025:22:42:02 +0530] "POST /wp-cron.php?doing_wp_cron=1739898722.7362830638885498046875 HTTP/1.1" 200 0 "-" "WordPress/6.7.2; https://www.freejobalerts.guru"
198.44.133.13 - - [18/Feb/2025:22:42:04 +0530] "GET /wp-includes/css/dist/block-library/style.min.css?ver=6.7.2 HTTP/2" 200 14225 "https://www.freejobalerts.sarkariyojanaguru.xyz/" "Mozilla/5.0 (iPhone; CPU iPhone OS 17_4_1 like Mac OS X) AppleWebKit/605.1.15 (KHTML, like Gecko) Version/17.4.1 Mobile/15E148 Safari/604.1"
198.44.133.13 - - [18/Feb/2025:22:42:04 +0530] "GET /wp-content/plugins/contact-form-7/includes/css/styles.css?ver=6.0.3 HTTP/2" 200 890 "https://www.freejobalerts.sarkariyojanaguru.xyz/" "Mozilla/5.0 (iPhone; CPU iPhone OS 17_4_1 like Mac OS X) AppleWebKit/605.1.15 (KHTML, like Gecko) Version/17.4.1 Mobile/15E148 Safari/604.1"
198.44.133.13 - - [18/Feb/2025:22:42:04 +0530] "GET /wp-content/plugins/contextual-related-posts/css/rounded-thumbs.min.css?ver=3.6.2 HTTP/2" 200 348 "https://www.freejobalerts.sarkariyojanaguru.xyz/" "Mozilla/5.0 (iPhone; CPU iPhone OS 17_4_1 like Mac OS X) AppleWebKit/605.1.15 (KHTML, like Gecko) Version/17.4.1 Mobile/15E148 Safari/604.1"
198.44.133.13 - - [18/Feb/2025:22:42:04 +0530] "GET /wp-content/plugins/related-posts-thumbnails/assets/css/front.css?ver=4.2.1 HTTP/2" 200 1088 "https://www.freejobalerts.sarkariyojanaguru.xyz/" "Mozilla/5.0 (iPhone; CPU iPhone OS 17_4_1 like Mac OS X) AppleWebKit/605.1.15 (KHTML, like Gecko) Version/17.4.1 Mobile/15E148 Safari/604.1"
