68.183.245.101 - - [19/Feb/2025:14:23:43 +0530] "GET /wp-content/uploads/2025/02/sd-sdsdfs.png HTTP/1.1" 200 25553 "-" "Mozilla/5.0 (iPhone; CPU iPhone OS 17_6_1 like Mac OS X) AppleWebKit/605.1.15 (KHTML, like Gecko) Version/17.6 Mobile/15E148 Safari/604.1"
2a06:98c0:3600::103 - - [19/Feb/2025:14:25:03 +0530] "GET /wordpress/wp-admin/setup-config.php HTTP/1.1" 301 0 "-" "Mozilla/5.0 (Windows NT 10.0; Win64; x64) AppleWebKit/537.36 (KHTML, like Gecko) Chrome/133.0.0.0 Safari/537.36"
18.184.173.237 - - [19/Feb/2025:14:26:33 +0530] "GET /favicon.ico HTTP/1.1" 404 1251 "-" "Mozilla/5.0 (iPhone; CPU iPhone OS 17_5_1 like Mac OS X) AppleWebKit/605.1.15 (KHTML, like Gecko) Version/17.5 Mobile/15E148 Safari/604.1"
84.236.36.153 - - [19/Feb/2025:14:26:05 +0530] "GET /wp-content/plugins/contact-form-7/includes/swv/js/index.js?ver=6.0.3 HTTP/2" 200 3369 "https://www.freejobalerts.guru/" "Mozilla/5.0 (iPhone; CPU iPhone OS 18_1_1 like Mac OS X) AppleWebKit/605.1.15 (KHTML, like Gecko) Version/18.1.1 Mobile/15E148 Safari/604.1"
84.236.36.153 - - [19/Feb/2025:14:26:05 +0530] "GET /wp-content/uploads/2025/02/image-4-1024x563.jpeg HTTP/2" 200 99628 "https://www.freejobalerts.guru/" "Mozilla/5.0 (iPhone; CPU iPhone OS 18_1_1 like Mac OS X) AppleWebKit/605.1.15 (KHTML, like Gecko) Version/18.1.1 Mobile/15E148 Safari/604.1"
84.236.36.153 - - [19/Feb/2025:14:26:05 +0530] "GET /wp-content/plugins/contact-form-7/includes/js/index.js?ver=6.0.3 HTTP/2" 200 4008 "https://www.freejobalerts.guru/" "Mozilla/5.0 (iPhone; CPU iPhone OS 18_1_1 like Mac OS X) AppleWebKit/605.1.15 (KHTML, like Gecko) Version/18.1.1 Mobile/15E148 Safari/604.1"
84.236.36.153 - - [19/Feb/2025:14:26:05 +0530] "GET /wp-content/themes/generatepress/assets/js/menu.min.js?ver=3.5.1 HTTP/2" 200 1678 "https://www.freejobalerts.guru/" "Mozilla/5.0 (iPhone; CPU iPhone OS 18_1_1 like Mac OS X) AppleWebKit/605.1.15 (KHTML, like Gecko) Version/18.1.1 Mobile/15E148 Safari/604.1"
84.236.36.153 - - [19/Feb/2025:14:26:05 +0530] "GET /wp-includes/js/imagesloaded.min.js?ver=5.0.0 HTTP/2" 200 1687 "https://www.freejobalerts.guru/" "Mozilla/5.0 (iPhone; CPU iPhone OS 18_1_1 like Mac OS X) AppleWebKit/605.1.15 (KHTML, like Gecko) Version/18.1.1 Mobile/15E148 Safari/604.1"
84.236.36.153 - - [19/Feb/2025:14:26:05 +0530] "GET /wp-includes/js/masonry.min.js?ver=4.2.2 HTTP/2" 200 7117 "https://www.freejobalerts.guru/" "Mozilla/5.0 (iPhone; CPU iPhone OS 18_1_1 like Mac OS X) AppleWebKit/605.1.15 (KHTML, like Gecko) Version/18.1.1 Mobile/15E148 Safari/604.1"
84.236.36.153 - - [19/Feb/2025:14:26:05 +0530] "GET /wp-content/plugins/gp-premium/blog/functions/js/scripts.min.js?ver=2.0.2 HTTP/2" 200 515 "https://www.freejobalerts.guru/" "Mozilla/5.0 (iPhone; CPU iPhone OS 18_1_1 like Mac OS X) AppleWebKit/605.1.15 (KHTML, like Gecko) Version/18.1.1 Mobile/15E148 Safari/604.1"
84.236.36.153 - - [19/Feb/2025:14:26:05 +0530] "GET /wp-content/uploads/2025/02/freejobalerts.guru_-1024x576.png HTTP/2" 200 775408 "https://www.freejobalerts.guru/" "Mozilla/5.0 (iPhone; CPU iPhone OS 18_1_1 like Mac OS X) AppleWebKit/605.1.15 (KHTML, like Gecko) Version/18.1.1 Mobile/15E148 Safari/604.1"
84.236.36.153 - - [19/Feb/2025:14:26:05 +0530] "GET /favicon.ico HTTP/2" 404 1251 "https://www.freejobalerts.guru/" "Mozilla/5.0 (iPhone; CPU iPhone OS 18_1_1 like Mac OS X) AppleWebKit/605.1.15 (KHTML, like Gecko) Version/18.1.1 Mobile/15E148 Safari/604.1"
196.240.60.206 - - [19/Feb/2025:14:23:42 +0530] "GET /wp-content/uploads/2025/02/sd-sdsdfs.png HTTP/1.1" 200 25553 "-" "Mozilla/5.0 (iPhone; CPU iPhone OS 17_5_1 like Mac OS X) AppleWebKit/605.1.15 (KHTML, like Gecko) Version/17.5 Mobile/15E148 Safari/604.1"
162.55.100.32 - - [19/Feb/2025:14:34:44 +0530] "POST /wp-cron.php?doing_wp_cron=1739955883.9907429218292236328125 HTTP/1.1" 200 0 "-" "WordPress/6.7.2; https://www.freejobalerts.guru"
69.160.160.58 - - [19/Feb/2025:14:36:54 +0530] "GET /tag/free-job-alert-bihar/ HTTP/1.1" 200 12723 "-" "Mozilla/5.0 (Windows NT 10.0; Win64; x64) AppleWebKit/537.36 (KHTML, like Gecko) Chrome/79.0.3945.130 Safari/537.36"
69.160.160.58 - - [19/Feb/2025:14:37:00 +0530] "GET /category/freegovtjobalert/ HTTP/1.1" 200 12793 "-" "Mozilla/5.0 (Windows NT 10.0; Win64; x64) AppleWebKit/537.36 (KHTML, like Gecko) Chrome/79.0.3945.130 Safari/537.36"
69.160.160.58 - - [19/Feb/2025:14:37:04 +0530] "GET /tag/free-job-alert-odisha/ HTTP/1.1" 200 12725 "-" "Mozilla/5.0 (Windows NT 10.0; Win64; x64) AppleWebKit/537.36 (KHTML, like Gecko) Chrome/79.0.3945.130 Safari/537.36"
198.44.138.133 - - [19/Feb/2025:14:38:36 +0530] "GET /wp-includes/css/dist/block-library/style.min.css?ver=6.7.2 HTTP/2" 200 14225 "https://www.freejobalerts.guru/category/freegovtjobalert/" "Mozilla/5.0 (Linux; Android 10; K) AppleWebKit/537.36 (KHTML, like Gecko) Chrome/132.0.0.0 Safari/537.36"
198.44.138.133 - - [19/Feb/2025:14:38:36 +0530] "GET /wp-content/plugins/contact-form-7/includes/css/styles.css?ver=6.0.3 HTTP/2" 200 890 "https://www.freejobalerts.guru/category/freegovtjobalert/" "Mozilla/5.0 (Linux; Android 10; K) AppleWebKit/537.36 (KHTML, like Gecko) Chrome/132.0.0.0 Safari/537.36"
198.44.138.133 - - [19/Feb/2025:14:38:36 +0530] "GET /wp-content/plugins/related-posts-thumbnails/assets/css/front.css?ver=4.2.1 HTTP/2" 200 1088 "https://www.freejobalerts.guru/category/freegovtjobalert/" "Mozilla/5.0 (Linux; Android 10; K) AppleWebKit/537.36 (KHTML, like Gecko) Chrome/132.0.0.0 Safari/537.36"
198.44.138.133 - - [19/Feb/2025:14:38:36 +0530] "GET /wp-content/plugins/contextual-related-posts/css/rounded-thumbs.min.css?ver=3.6.2 HTTP/2" 200 348 "https://www.freejobalerts.guru/category/freegovtjobalert/" "Mozilla/5.0 (Linux; Android 10; K) AppleWebKit/537.36 (KHTML, like Gecko) Chrome/132.0.0.0 Safari/537.36"
198.44.138.133 - - [19/Feb/2025:14:38:36 +0530] "GET /wp-content/themes/generatepress/assets/css/main.min.css?ver=3.5.1 HTTP/2" 200 4410 "https://www.freejobalerts.guru/category/freegovtjobalert/" "Mozilla/5.0 (Linux; Android 10; K) AppleWebKit/537.36 (KHTML, like Gecko) Chrome/132.0.0.0 Safari/537.36"
198.44.138.133 - - [19/Feb/2025:14:38:29 +0530] "GET /category/freegovtjobalert/ HTTP/2" 200 11534 "-" "Mozilla/5.0 (Linux; Android 10; K) AppleWebKit/537.36 (KHTML, like Gecko) Chrome/132.0.0.0 Safari/537.36"
198.44.138.133 - - [19/Feb/2025:14:38:37 +0530] "GET /wp-content/plugins/gp-premium/blog/functions/css/style.min.css?ver=2.0.2 HTTP/2" 200 1020 "https://www.freejobalerts.guru/category/freegovtjobalert/" "Mozilla/5.0 (Linux; Android 10; K) AppleWebKit/537.36 (KHTML, like Gecko) Chrome/132.0.0.0 Safari/537.36"
198.44.138.133 - - [19/Feb/2025:14:38:37 +0530] "GET /wp-includes/js/dist/hooks.min.js?ver=4d63a3d491d11ffd8ac6 HTTP/2" 200 1571 "https://www.freejobalerts.guru/category/freegovtjobalert/" "Mozilla/5.0 (Linux; Android 10; K) AppleWebKit/537.36 (KHTML, like Gecko) Chrome/132.0.0.0 Safari/537.36"
198.44.138.133 - - [19/Feb/2025:14:38:37 +0530] "GET /wp-includes/js/dist/i18n.min.js?ver=5e580eb46a90c2b997e6 HTTP/2" 200 3542 "https://www.freejobalerts.guru/category/freegovtjobalert/" "Mozilla/5.0 (Linux; Android 10; K) AppleWebKit/537.36 (KHTML, like Gecko) Chrome/132.0.0.0 Safari/537.36"
198.44.138.133 - - [19/Feb/2025:14:38:37 +0530] "GET /wp-content/plugins/contact-form-7/includes/swv/js/index.js?ver=6.0.3 HTTP/2" 200 3369 "https://www.freejobalerts.guru/category/freegovtjobalert/" "Mozilla/5.0 (Linux; Android 10; K) AppleWebKit/537.36 (KHTML, like Gecko) Chrome/132.0.0.0 Safari/537.36"
69.160.160.58 - - [19/Feb/2025:14:36:45 +0530] "GET /category/bank-job/ HTTP/1.1" 200 11646 "-" "Mozilla/5.0 (Windows NT 10.0; Win64; x64) AppleWebKit/537.36 (KHTML, like Gecko) Chrome/79.0.3945.130 Safari/537.36"
69.160.160.58 - - [19/Feb/2025:14:37:05 +0530] "GET /tag/offline-free-job-alert/ HTTP/1.1" 200 12708 "-" "Mozilla/5.0 (Windows NT 10.0; Win64; x64) AppleWebKit/537.36 (KHTML, like Gecko) Chrome/79.0.3945.130 Safari/537.36"
51.159.14.99 - - [19/Feb/2025:14:40:46 +0530] "GET / HTTP/2" 200 12332 "-" "Mozilla/5.0 (X11; Linux x86_64) AppleWebKit/537.36 (KHTML, like Gecko) Chrome/131.0.0.0 Safari/537.3"
51.159.14.99 - - [19/Feb/2025:14:40:48 +0530] "GET /wp-includes/css/dist/block-library/style.min.css?ver=6.7.2 HTTP/2" 200 14225 "https://www.freejobalerts.guru/" "Mozilla/5.0 (X11; Linux x86_64) AppleWebKit/537.36 (KHTML, like Gecko) Chrome/131.0.0.0 Safari/537.3"
51.159.14.99 - - [19/Feb/2025:14:40:48 +0530] "GET /wp-content/plugins/related-posts-thumbnails/assets/css/front.css?ver=4.2.1 HTTP/2" 200 1088 "https://www.freejobalerts.guru/" "Mozilla/5.0 (X11; Linux x86_64) AppleWebKit/537.36 (KHTML, like Gecko) Chrome/131.0.0.0 Safari/537.3"
51.159.14.99 - - [19/Feb/2025:14:40:48 +0530] "GET /wp-content/plugins/gp-premium/blog/functions/css/style.min.css?ver=2.0.2 HTTP/2" 200 1020 "https://www.freejobalerts.guru/" "Mozilla/5.0 (X11; Linux x86_64) AppleWebKit/537.36 (KHTML, like Gecko) Chrome/131.0.0.0 Safari/537.3"
51.159.14.99 - - [19/Feb/2025:14:40:48 +0530] "GET /wp-content/plugins/contextual-related-posts/css/rounded-thumbs.min.css?ver=3.6.2 HTTP/2" 200 348 "https://www.freejobalerts.guru/" "Mozilla/5.0 (X11; Linux x86_64) AppleWebKit/537.36 (KHTML, like Gecko) Chrome/131.0.0.0 Safari/537.3"
51.159.14.99 - - [19/Feb/2025:14:40:48 +0530] "GET /wp-content/themes/generatepress/assets/css/main.min.css?ver=3.5.1 HTTP/2" 200 4410 "https://www.freejobalerts.guru/" "Mozilla/5.0 (X11; Linux x86_64) AppleWebKit/537.36 (KHTML, like Gecko) Chrome/131.0.0.0 Safari/537.3"
51.159.14.99 - - [19/Feb/2025:14:40:48 +0530] "GET /wp-content/uploads/2025/02/sd-sdsdfs.png HTTP/2" 200 25553 "https://www.freejobalerts.guru/" "Mozilla/5.0 (X11; Linux x86_64) AppleWebKit/537.36 (KHTML, like Gecko) Chrome/131.0.0.0 Safari/537.3"
51.159.14.99 - - [19/Feb/2025:14:40:48 +0530] "GET /wp-content/plugins/contact-form-7/includes/css/styles.css?ver=6.0.3 HTTP/2" 200 890 "https://www.freejobalerts.guru/" "Mozilla/5.0 (X11; Linux x86_64) AppleWebKit/537.36 (KHTML, like Gecko) Chrome/131.0.0.0 Safari/537.3"
51.159.14.99 - - [19/Feb/2025:14:40:48 +0530] "GET /wp-content/uploads/2025/02/sbi-Clerk-2025-Prelims-Call-Letter-Out-Notification-14191-Vacancies.png HTTP/2" 200 60925 "https://www.freejobalerts.guru/" "Mozilla/5.0 (X11; Linux x86_64) AppleWebKit/537.36 (KHTML, like Gecko) Chrome/131.0.0.0 Safari/537.3"
51.159.14.99 - - [19/Feb/2025:14:40:48 +0530] "GET /wp-content/uploads/2025/02/image-4.jpeg HTTP/2" 200 135163 "https://www.freejobalerts.guru/" "Mozilla/5.0 (X11; Linux x86_64) AppleWebKit/537.36 (KHTML, like Gecko) Chrome/131.0.0.0 Safari/537.3"
51.159.14.99 - - [19/Feb/2025:14:40:48 +0530] "GET /wp-includes/js/dist/hooks.min.js?ver=4d63a3d491d11ffd8ac6 HTTP/2" 200 1571 "https://www.freejobalerts.guru/" "Mozilla/5.0 (X11; Linux x86_64) AppleWebKit/537.36 (KHTML, like Gecko) Chrome/131.0.0.0 Safari/537.3"
51.159.14.99 - - [19/Feb/2025:14:40:48 +0530] "GET /wp-content/themes/generatepress/assets/js/menu.min.js?ver=3.5.1 HTTP/2" 200 1678 "https://www.freejobalerts.guru/" "Mozilla/5.0 (X11; Linux x86_64) AppleWebKit/537.36 (KHTML, like Gecko) Chrome/131.0.0.0 Safari/537.3"
51.159.14.99 - - [19/Feb/2025:14:40:48 +0530] "GET /wp-content/plugins/contact-form-7/includes/js/index.js?ver=6.0.3 HTTP/2" 200 4008 "https://www.freejobalerts.guru/" "Mozilla/5.0 (X11; Linux x86_64) AppleWebKit/537.36 (KHTML, like Gecko) Chrome/131.0.0.0 Safari/537.3"
69.160.160.58 - - [19/Feb/2025:14:36:33 +0530] "GET /tag/free-job-alert-crpf/ HTTP/1.1" 200 12725 "-" "Mozilla/5.0 (Windows NT 10.0; Win64; x64) AppleWebKit/537.36 (KHTML, like Gecko) Chrome/79.0.3945.130 Safari/537.36"
69.160.160.58 - - [19/Feb/2025:14:36:38 +0530] "GET /tag/odisha-govt-job/ HTTP/1.1" 200 12691 "-" "Mozilla/5.0 (Windows NT 10.0; Win64; x64) AppleWebKit/537.36 (KHTML, like Gecko) Chrome/79.0.3945.130 Safari/537.36"
23.137.253.109 - - [19/Feb/2025:14:38:51 +0530] "GET /wp-content/uploads/2025/02/sd-sdsdfs.png HTTP/1.1" 200 25553 "-" "Mozilla/5.0 (iPhone; CPU iPhone OS 17_5_1 like Mac OS X) AppleWebKit/605.1.15 (KHTML, like Gecko) Version/17.5 Mobile/15E148 Safari/604.1"
198.44.138.133 - - [19/Feb/2025:14:41:17 +0530] "GET /wp-content/uploads/2025/02/sd-sdsdfs.png HTTP/1.1" 200 25553 "-" "Mozilla/5.0 (Linux; Android 10; K) AppleWebKit/537.36 (KHTML, like Gecko) Chrome/132.0.0.0 Safari/537.36"
51.159.14.99 - - [19/Feb/2025:14:40:48 +0530] "GET /wp-content/plugins/contact-form-7/includes/swv/js/index.js?ver=6.0.3 HTTP/2" 200 3369 "https://www.freejobalerts.guru/" "Mozilla/5.0 (X11; Linux x86_64) AppleWebKit/537.36 (KHTML, like Gecko) Chrome/131.0.0.0 Safari/537.3"
51.159.14.99 - - [19/Feb/2025:14:40:48 +0530] "GET /wp-includes/js/dist/i18n.min.js?ver=5e580eb46a90c2b997e6 HTTP/2" 200 3542 "https://www.freejobalerts.guru/" "Mozilla/5.0 (X11; Linux x86_64) AppleWebKit/537.36 (KHTML, like Gecko) Chrome/131.0.0.0 Safari/537.3"
51.159.14.99 - - [19/Feb/2025:14:40:48 +0530] "GET /wp-content/uploads/2025/02/freejobalerts.guru_.png HTTP/2" 200 372627 "https://www.freejobalerts.guru/" "Mozilla/5.0 (X11; Linux x86_64) AppleWebKit/537.36 (KHTML, like Gecko) Chrome/131.0.0.0 Safari/537.3"
51.159.14.99 - - [19/Feb/2025:14:40:49 +0530] "GET /wp-content/plugins/gp-premium/blog/functions/js/scripts.min.js?ver=2.0.2 HTTP/2" 200 515 "https://www.freejobalerts.guru/" "Mozilla/5.0 (X11; Linux x86_64) AppleWebKit/537.36 (KHTML, like Gecko) Chrome/131.0.0.0 Safari/537.3"
51.159.14.99 - - [19/Feb/2025:14:40:49 +0530] "GET /wp-includes/js/masonry.min.js?ver=4.2.2 HTTP/2" 200 7117 "https://www.freejobalerts.guru/" "Mozilla/5.0 (X11; Linux x86_64) AppleWebKit/537.36 (KHTML, like Gecko) Chrome/131.0.0.0 Safari/537.3"
51.159.14.99 - - [19/Feb/2025:14:40:49 +0530] "GET /wp-includes/js/imagesloaded.min.js?ver=5.0.0 HTTP/2" 200 1687 "https://www.freejobalerts.guru/" "Mozilla/5.0 (X11; Linux x86_64) AppleWebKit/537.36 (KHTML, like Gecko) Chrome/131.0.0.0 Safari/537.3"
51.159.14.99 - - [19/Feb/2025:14:40:51 +0530] "GET /wp-includes/js/wp-emoji-release.min.js?ver=6.7.2 HTTP/2" 200 4676 "https://www.freejobalerts.guru/" "Mozilla/5.0 (X11; Linux x86_64) AppleWebKit/537.36 (KHTML, like Gecko) Chrome/131.0.0.0 Safari/537.3"
51.159.14.99 - - [19/Feb/2025:14:40:51 +0530] "GET /favicon.ico HTTP/2" 404 1251 "https://www.freejobalerts.guru/" "Mozilla/5.0 (X11; Linux x86_64) AppleWebKit/537.36 (KHTML, like Gecko) Chrome/131.0.0.0 Safari/537.3"
51.159.14.99 - - [19/Feb/2025:14:40:53 +0530] "GET /favicon.ico HTTP/1.1" 404 1251 "-" "python-requests/2.32.3"
69.160.160.58 - - [19/Feb/2025:14:36:33 +0530] "GET /sbi-clerk-2025-prelims-call-letter-out-notification-14191-vacancies/ HTTP/1.1" 200 29449 "-" "Mozilla/5.0 (Windows NT 10.0; Win64; x64) AppleWebKit/537.36 (KHTML, like Gecko) Chrome/79.0.3945.130 Safari/537.36"
69.160.160.58 - - [19/Feb/2025:14:36:47 +0530] "GET /punjab-and-sind-bank-lbo-recruitment-2025-apply-online-for-110-posts/ HTTP/1.1" 200 18390 "-" "Mozilla/5.0 (Windows NT 10.0; Win64; x64) AppleWebKit/537.36 (KHTML, like Gecko) Chrome/79.0.3945.130 Safari/537.36"
69.160.160.58 - - [19/Feb/2025:14:36:50 +0530] "GET /tag/free-job-alert-punjab/ HTTP/1.1" 200 12700 "-" "Mozilla/5.0 (Windows NT 10.0; Win64; x64) AppleWebKit/537.36 (KHTML, like Gecko) Chrome/79.0.3945.130 Safari/537.36"
69.160.160.58 - - [19/Feb/2025:14:36:57 +0530] "GET /category/latest-jobs/ HTTP/1.1" 200 12144 "-" "Mozilla/5.0 (Windows NT 10.0; Win64; x64) AppleWebKit/537.36 (KHTML, like Gecko) Chrome/79.0.3945.130 Safari/537.36"
69.160.160.58 - - [19/Feb/2025:14:36:52 +0530] "GET /category/freejobalert/ HTTP/1.1" 200 12786 "-" "Mozilla/5.0 (Windows NT 10.0; Win64; x64) AppleWebKit/537.36 (KHTML, like Gecko) Chrome/79.0.3945.130 Safari/537.36"
69.160.160.58 - - [19/Feb/2025:14:37:01 +0530] "GET /author/admin/ HTTP/1.1" 200 13971 "-" "Mozilla/5.0 (Windows NT 10.0; Win64; x64) AppleWebKit/537.36 (KHTML, like Gecko) Chrome/79.0.3945.130 Safari/537.36"
185.99.3.37 - - [19/Feb/2025:14:38:45 +0530] "GET /wp-content/uploads/2025/02/sd-sdsdfs.png HTTP/1.1" 200 25553 "-" "Mozilla/5.0 (iPhone; CPU iPhone OS 18_1_1 like Mac OS X) AppleWebKit/605.1.15 (KHTML, like Gecko) Version/18.1.1 Mobile/15E148 Safari/604.1"
69.160.160.58 - - [19/Feb/2025:14:36:43 +0530] "GET /tag/free-job-alert-rajasthan/ HTTP/1.1" 200 12730 "-" "Mozilla/5.0 (Windows NT 10.0; Win64; x64) AppleWebKit/537.36 (KHTML, like Gecko) Chrome/79.0.3945.130 Safari/537.36"
162.55.100.32 - - [19/Feb/2025:14:38:35 +0530] "POST /wp-cron.php?doing_wp_cron=1739956115.1749660968780517578125 HTTP/1.1" 200 0 "-" "WordPress/6.7.2; https://www.freejobalerts.guru"
23.154.177.25 - - [19/Feb/2025:14:34:54 +0530] "GET /wp-content/plugins/contact-form-7/includes/js/index.js?ver=6.0.3 HTTP/2" 200 4008 "https://www.freejobalerts.guru/category/bank-job/" "Mozilla/5.0 (iPhone; CPU iPhone OS 17_5_1 like Mac OS X) AppleWebKit/605.1.15 (KHTML, like Gecko) Version/17.5 Mobile/15E148 Safari/604.1"
23.154.177.25 - - [19/Feb/2025:14:34:54 +0530] "GET /wp-content/themes/generatepress/assets/js/menu.min.js?ver=3.5.1 HTTP/2" 200 1678 "https://www.freejobalerts.guru/category/bank-job/" "Mozilla/5.0 (iPhone; CPU iPhone OS 17_5_1 like Mac OS X) AppleWebKit/605.1.15 (KHTML, like Gecko) Version/17.5 Mobile/15E148 Safari/604.1"
23.154.177.25 - - [19/Feb/2025:14:34:54 +0530] "GET /wp-includes/js/imagesloaded.min.js?ver=5.0.0 HTTP/2" 200 1687 "https://www.freejobalerts.guru/category/bank-job/" "Mozilla/5.0 (iPhone; CPU iPhone OS 17_5_1 like Mac OS X) AppleWebKit/605.1.15 (KHTML, like Gecko) Version/17.5 Mobile/15E148 Safari/604.1"
23.154.177.25 - - [19/Feb/2025:14:34:54 +0530] "GET /wp-includes/js/masonry.min.js?ver=4.2.2 HTTP/2" 200 7117 "https://www.freejobalerts.guru/category/bank-job/" "Mozilla/5.0 (iPhone; CPU iPhone OS 17_5_1 like Mac OS X) AppleWebKit/605.1.15 (KHTML, like Gecko) Version/17.5 Mobile/15E148 Safari/604.1"
23.154.177.25 - - [19/Feb/2025:14:34:54 +0530] "GET /wp-content/plugins/gp-premium/blog/functions/js/scripts.min.js?ver=2.0.2 HTTP/2" 200 515 "https://www.freejobalerts.guru/category/bank-job/" "Mozilla/5.0 (iPhone; CPU iPhone OS 17_5_1 like Mac OS X) AppleWebKit/605.1.15 (KHTML, like Gecko) Version/17.5 Mobile/15E148 Safari/604.1"
23.154.177.25 - - [19/Feb/2025:14:34:54 +0530] "GET /favicon.ico HTTP/2" 404 1251 "https://www.freejobalerts.guru/category/bank-job/" "Mozilla/5.0 (iPhone; CPU iPhone OS 17_5_1 like Mac OS X) AppleWebKit/605.1.15 (KHTML, like Gecko) Version/17.5 Mobile/15E148 Safari/604.1"
51.159.14.99 - - [19/Feb/2025:14:40:45 +0530] "GET / HTTP/2" 301 0 "-" "Mozilla/5.0 (X11; Linux x86_64) AppleWebKit/537.36 (KHTML, like Gecko) Chrome/131.0.0.0 Safari/537.3"
51.159.14.99 - - [19/Feb/2025:14:40:49 +0530] "GET /wp-content/uploads/2025/02/sd-sdsdfs.png HTTP/2" 200 25553 "http://www.freejobalerts.guru/" "Mozilla/5.0 (X11; Linux x86_64) AppleWebKit/537.36 (KHTML, like Gecko) Chrome/131.0.0.0 Safari/537.3"
51.159.14.99 - - [19/Feb/2025:14:40:49 +0530] "GET /wp-content/uploads/2025/02/sbi-Clerk-2025-Prelims-Call-Letter-Out-Notification-14191-Vacancies.png HTTP/2" 200 60925 "http://www.freejobalerts.guru/" "Mozilla/5.0 (X11; Linux x86_64) AppleWebKit/537.36 (KHTML, like Gecko) Chrome/131.0.0.0 Safari/537.3"
51.159.14.99 - - [19/Feb/2025:14:40:49 +0530] "GET /wp-content/uploads/2025/02/image-4.jpeg HTTP/2" 200 135163 "http://www.freejobalerts.guru/" "Mozilla/5.0 (X11; Linux x86_64) AppleWebKit/537.36 (KHTML, like Gecko) Chrome/131.0.0.0 Safari/537.3"
51.159.14.99 - - [19/Feb/2025:14:40:49 +0530] "GET /wp-content/uploads/2025/02/freejobalerts.guru_.png HTTP/2" 200 372627 "http://www.freejobalerts.guru/" "Mozilla/5.0 (X11; Linux x86_64) AppleWebKit/537.36 (KHTML, like Gecko) Chrome/131.0.0.0 Safari/537.3"
51.159.14.99 - - [19/Feb/2025:14:41:11 +0530] "GET /sellers.json HTTP/1.1" 404 8629 "-" "Mozilla/5.0 (X11; Linux x86_64) AppleWebKit/537.36 (KHTML, like Gecko) Chrome/132.0.0.0 Safari/537.3"
185.99.3.37 - - [19/Feb/2025:14:34:46 +0530] "GET /wp-content/themes/generatepress/assets/js/menu.min.js?ver=3.5.1 HTTP/2" 200 1678 "https://www.freejobalerts.guru/category/latest-jobs/" "Mozilla/5.0 (iPhone; CPU iPhone OS 18_1_1 like Mac OS X) AppleWebKit/605.1.15 (KHTML, like Gecko) Version/18.1.1 Mobile/15E148 Safari/604.1"
185.99.3.37 - - [19/Feb/2025:14:34:46 +0530] "GET /wp-includes/js/imagesloaded.min.js?ver=5.0.0 HTTP/2" 200 1687 "https://www.freejobalerts.guru/category/latest-jobs/" "Mozilla/5.0 (iPhone; CPU iPhone OS 18_1_1 like Mac OS X) AppleWebKit/605.1.15 (KHTML, like Gecko) Version/18.1.1 Mobile/15E148 Safari/604.1"
185.99.3.37 - - [19/Feb/2025:14:34:46 +0530] "GET /wp-includes/js/masonry.min.js?ver=4.2.2 HTTP/2" 200 7117 "https://www.freejobalerts.guru/category/latest-jobs/" "Mozilla/5.0 (iPhone; CPU iPhone OS 18_1_1 like Mac OS X) AppleWebKit/605.1.15 (KHTML, like Gecko) Version/18.1.1 Mobile/15E148 Safari/604.1"
185.99.3.37 - - [19/Feb/2025:14:34:46 +0530] "GET /wp-content/plugins/gp-premium/blog/functions/js/scripts.min.js?ver=2.0.2 HTTP/2" 200 515 "https://www.freejobalerts.guru/category/latest-jobs/" "Mozilla/5.0 (iPhone; CPU iPhone OS 18_1_1 like Mac OS X) AppleWebKit/605.1.15 (KHTML, like Gecko) Version/18.1.1 Mobile/15E148 Safari/604.1"
185.99.3.37 - - [19/Feb/2025:14:34:46 +0530] "GET /wp-content/uploads/2025/02/sd-sdsdfs.png HTTP/2" 200 25553 "https://www.freejobalerts.guru/category/latest-jobs/" "Mozilla/5.0 (iPhone; CPU iPhone OS 18_1_1 like Mac OS X) AppleWebKit/605.1.15 (KHTML, like Gecko) Version/18.1.1 Mobile/15E148 Safari/604.1"
185.99.3.37 - - [19/Feb/2025:14:34:46 +0530] "GET /wp-content/uploads/2025/02/image-4-1024x563.jpeg HTTP/2" 200 99628 "https://www.freejobalerts.guru/category/latest-jobs/" "Mozilla/5.0 (iPhone; CPU iPhone OS 18_1_1 like Mac OS X) AppleWebKit/605.1.15 (KHTML, like Gecko) Version/18.1.1 Mobile/15E148 Safari/604.1"
185.99.3.37 - - [19/Feb/2025:14:34:46 +0530] "GET /favicon.ico HTTP/2" 404 1251 "https://www.freejobalerts.guru/category/latest-jobs/" "Mozilla/5.0 (iPhone; CPU iPhone OS 18_1_1 like Mac OS X) AppleWebKit/605.1.15 (KHTML, like Gecko) Version/18.1.1 Mobile/15E148 Safari/604.1"
69.160.160.58 - - [19/Feb/2025:14:36:27 +0530] "GET /wp-content/uploads/2025/02/sd-sdsdfs.png HTTP/2" 200 25553 "http://www.freejobalerts.guru/" "Mozilla/5.0 (X11; Linux x86_64) AppleWebKit/537.36 (KHTML, like Gecko) HeadlessChrome/80.0.3987.163 Safari/537.36"
69.160.160.58 - - [19/Feb/2025:14:36:27 +0530] "GET /wp-content/uploads/2025/02/sbi-Clerk-2025-Prelims-Call-Letter-Out-Notification-14191-Vacancies.png HTTP/2" 200 60925 "http://www.freejobalerts.guru/" "Mozilla/5.0 (X11; Linux x86_64) AppleWebKit/537.36 (KHTML, like Gecko) HeadlessChrome/80.0.3987.163 Safari/537.36"
69.160.160.58 - - [19/Feb/2025:14:36:27 +0530] "GET /wp-content/uploads/2025/02/image-4.jpeg HTTP/2" 200 135163 "http://www.freejobalerts.guru/" "Mozilla/5.0 (X11; Linux x86_64) AppleWebKit/537.36 (KHTML, like Gecko) HeadlessChrome/80.0.3987.163 Safari/537.36"
69.160.160.58 - - [19/Feb/2025:14:36:27 +0530] "GET /wp-content/uploads/2025/02/freejobalerts.guru_.png HTTP/2" 200 372627 "http://www.freejobalerts.guru/" "Mozilla/5.0 (X11; Linux x86_64) AppleWebKit/537.36 (KHTML, like Gecko) HeadlessChrome/80.0.3987.163 Safari/537.36"
69.160.160.58 - - [19/Feb/2025:14:36:57 +0530] "GET /free-job-alert-all-india-govt-job-alert-2025/ HTTP/1.1" 200 25028 "-" "Mozilla/5.0 (Windows NT 10.0; Win64; x64) AppleWebKit/537.36 (KHTML, like Gecko) Chrome/79.0.3945.130 Safari/537.36"
208.115.211.25 - - [19/Feb/2025:14:37:05 +0530] "GET / HTTP/1.1" 200 13769 "-" "Mozilla/5.0 (Macintosh; Intel Mac OS X 10_14_3) AppleWebKit/537.36 (KHTML, like Gecko) Chrome/72.0.3626.121 Safari/537.36"
51.159.14.99 - - [19/Feb/2025:14:41:07 +0530] "GET /app-ads.txt HTTP/1.1" 404 8629 "-" "Mozilla/5.0 (X11; Linux x86_64) AppleWebKit/537.36 (KHTML, like Gecko) Chrome/132.0.0.0 Safari/537.3"
198.44.138.133 - - [19/Feb/2025:14:38:37 +0530] "GET /wp-content/plugins/contact-form-7/includes/js/index.js?ver=6.0.3 HTTP/2" 200 4008 "https://www.freejobalerts.guru/category/freegovtjobalert/" "Mozilla/5.0 (Linux; Android 10; K) AppleWebKit/537.36 (KHTML, like Gecko) Chrome/132.0.0.0 Safari/537.36"
198.44.138.133 - - [19/Feb/2025:14:38:37 +0530] "GET /wp-content/themes/generatepress/assets/js/menu.min.js?ver=3.5.1 HTTP/2" 200 1678 "https://www.freejobalerts.guru/category/freegovtjobalert/" "Mozilla/5.0 (Linux; Android 10; K) AppleWebKit/537.36 (KHTML, like Gecko) Chrome/132.0.0.0 Safari/537.36"
198.44.138.133 - - [19/Feb/2025:14:38:37 +0530] "GET /wp-includes/js/imagesloaded.min.js?ver=5.0.0 HTTP/2" 200 1687 "https://www.freejobalerts.guru/category/freegovtjobalert/" "Mozilla/5.0 (Linux; Android 10; K) AppleWebKit/537.36 (KHTML, like Gecko) Chrome/132.0.0.0 Safari/537.36"
198.44.138.133 - - [19/Feb/2025:14:38:37 +0530] "GET /wp-includes/js/masonry.min.js?ver=4.2.2 HTTP/2" 200 7117 "https://www.freejobalerts.guru/category/freegovtjobalert/" "Mozilla/5.0 (Linux; Android 10; K) AppleWebKit/537.36 (KHTML, like Gecko) Chrome/132.0.0.0 Safari/537.36"
198.44.138.133 - - [19/Feb/2025:14:38:37 +0530] "GET /wp-content/plugins/gp-premium/blog/functions/js/scripts.min.js?ver=2.0.2 HTTP/2" 200 515 "https://www.freejobalerts.guru/category/freegovtjobalert/" "Mozilla/5.0 (Linux; Android 10; K) AppleWebKit/537.36 (KHTML, like Gecko) Chrome/132.0.0.0 Safari/537.36"
198.44.138.133 - - [19/Feb/2025:14:38:37 +0530] "GET /wp-content/uploads/2025/02/sd-sdsdfs.png HTTP/2" 200 25553 "https://www.freejobalerts.guru/category/freegovtjobalert/" "Mozilla/5.0 (Linux; Android 10; K) AppleWebKit/537.36 (KHTML, like Gecko) Chrome/132.0.0.0 Safari/537.36"
198.44.138.133 - - [19/Feb/2025:14:38:38 +0530] "GET /wp-content/uploads/2025/02/freejobalerts.guru_.png HTTP/2" 200 372627 "https://www.freejobalerts.guru/category/freegovtjobalert/" "Mozilla/5.0 (Linux; Android 10; K) AppleWebKit/537.36 (KHTML, like Gecko) Chrome/132.0.0.0 Safari/537.36"
198.44.138.133 - - [19/Feb/2025:14:38:37 +0530] "GET /wp-content/uploads/2025/02/freejobalerts.guru_-1024x576.png HTTP/2" 200 775408 "https://www.freejobalerts.guru/category/freegovtjobalert/" "Mozilla/5.0 (Linux; Android 10; K) AppleWebKit/537.36 (KHTML, like Gecko) Chrome/132.0.0.0 Safari/537.36"
198.44.138.133 - - [19/Feb/2025:14:38:38 +0530] "GET /favicon.ico HTTP/2" 404 1251 "https://www.freejobalerts.guru/category/freegovtjobalert/" "Mozilla/5.0 (Linux; Android 10; K) AppleWebKit/537.36 (KHTML, like Gecko) Chrome/132.0.0.0 Safari/537.36"
2a06:98c0:3600::103 - - [19/Feb/2025:14:48:40 +0530] "GET /wp-admin/setup-config.php HTTP/1.1" 409 1041 "-" "Mozilla/5.0 (Windows NT 10.0; Win64; x64) AppleWebKit/537.36 (KHTML, like Gecko) Chrome/133.0.0.0 Safari/537.36"
162.55.100.32 - - [19/Feb/2025:14:49:54 +0530] "POST /wp-cron.php?doing_wp_cron=1739956793.5357060432434082031250 HTTP/1.1" 200 0 "-" "WordPress/6.7.2; https://www.freejobalerts.guru"
2a06:98c0:3600::103 - - [19/Feb/2025:14:49:47 +0530] "GET /wordpress/wp-admin/setup-config.php HTTP/1.1" 301 0 "-" "Mozilla/5.0 (Windows NT 10.0; Win64; x64) AppleWebKit/537.36 (KHTML, like Gecko) Chrome/133.0.0.0 Safari/537.36"
162.55.100.32 - - [19/Feb/2025:15:12:58 +0530] "POST /wp-cron.php?doing_wp_cron=1739958178.3807060718536376953125 HTTP/1.1" 200 0 "-" "WordPress/6.7.2; https://www.freejobalerts.guru"
162.55.100.32 - - [19/Feb/2025:15:14:23 +0530] "POST /wp-cron.php?doing_wp_cron=1739958263.5343439579010009765625 HTTP/1.1" 200 0 "-" "WordPress/6.7.2; https://www.freejobalerts.guru"
162.55.100.32 - - [19/Feb/2025:15:17:32 +0530] "POST /wp-cron.php?doing_wp_cron=1739958452.0163969993591308593750 HTTP/1.1" 200 0 "-" "WordPress/6.7.2; https://www.freejobalerts.guru"
43.133.69.37 - - [19/Feb/2025:15:14:22 +0530] "GET /sbi-clerk-2025-prelims-call-letter-out-notification-14191-vacancies/ HTTP/1.1" 200 29449 "-" "Mozilla/5.0 (iPhone; CPU iPhone OS 13_2_3 like Mac OS X) AppleWebKit/605.1.15 (KHTML, like Gecko) Version/13.0.3 Mobile/15E148 Safari/604.1"
2a06:98c0:3600::103 - - [19/Feb/2025:15:15:19 +0530] "GET /wordpress/wp-admin/setup-config.php HTTP/1.1" 301 0 "-" "Mozilla/5.0 (Windows NT 10.0; Win64; x64) AppleWebKit/537.36 (KHTML, like Gecko) Chrome/133.0.0.0 Safari/537.36"
124.156.226.179 - - [19/Feb/2025:15:12:55 +0530] "GET / HTTP/1.1" 200 13782 "-" "Mozilla/5.0 (iPhone; CPU iPhone OS 13_2_3 like Mac OS X) AppleWebKit/605.1.15 (KHTML, like Gecko) Version/13.0.3 Mobile/15E148 Safari/604.1"
49.51.73.183 - - [19/Feb/2025:15:17:30 +0530] "GET /sbi-clerk-2025-prelims-call-letter-out-notification-14191-vacancies/ HTTP/1.1" 200 29474 "-" "Mozilla/5.0 (iPhone; CPU iPhone OS 13_2_3 like Mac OS X) AppleWebKit/605.1.15 (KHTML, like Gecko) Version/13.0.3 Mobile/15E148 Safari/604.1"
162.55.100.32 - - [19/Feb/2025:15:15:24 +0530] "POST /wp-cron.php?doing_wp_cron=1739958323.8386070728302001953125 HTTP/1.1" 200 0 "-" "WordPress/6.7.2; https://www.freejobalerts.guru"
5.196.160.191 - - [19/Feb/2025:15:27:32 +0530] "GET /punjab-and-sind-bank-lbo-recruitment-2025-apply-online-for-110-posts/ HTTP/1.1" 200 16428 "http://www.freejobalerts.guru/" "Mozilla/5.0 (Windows NT 10.0; WOW64) AppleWebKit/537.36 (KHTML, like Gecko) Chrome/114.0.0.0 Safari/537.36"
3.87.250.175 - - [19/Feb/2025:15:28:01 +0530] "GET /wp-content/uploads/2025/02/freejobalerts.guru_-1024x576.png HTTP/1.1" 200 775408 "http://www.freejobalerts.guru/" "Mozilla/5.0 (Windows NT 10.0; Win64; x64) AppleWebKit/537.36 (KHTML, like Gecko) Chrome/103.0.5060.66 Safari/537.36 Edg/103.0.1264.44"
5.196.160.191 - - [19/Feb/2025:15:27:37 +0530] "GET /xmlrpc.php?rsd HTTP/1.1" 200 296 "http://www.freejobalerts.guru/" "Mozilla/5.0 (Windows NT 10.0; WOW64) AppleWebKit/537.36 (KHTML, like Gecko) Chrome/114.0.0.0 Safari/537.36"
3.89.80.116 - - [19/Feb/2025:15:28:18 +0530] "GET /wp-content/uploads/2025/02/image-4-768x422.jpeg HTTP/2" 200 64115 "http://www.freejobalerts.guru/" "Mozilla/5.0 (iPhone; CPU iPhone OS 12_2 like Mac OS X) AppleWebKit/605.1.15 (KHTML, like Gecko) Mobile/15E148"
3.89.80.116 - - [19/Feb/2025:15:28:18 +0530] "GET /wp-content/uploads/2025/02/sd-sdsdfs.png HTTP/2" 200 25553 "http://www.freejobalerts.guru/" "Mozilla/5.0 (iPhone; CPU iPhone OS 12_2 like Mac OS X) AppleWebKit/605.1.15 (KHTML, like Gecko) Mobile/15E148"
3.89.80.116 - - [19/Feb/2025:15:28:18 +0530] "GET /wp-content/uploads/2025/02/sbi-Clerk-2025-Prelims-Call-Letter-Out-Notification-14191-Vacancies-768x432.png HTTP/2" 200 74719 "http://www.freejobalerts.guru/" "Mozilla/5.0 (iPhone; CPU iPhone OS 12_2 like Mac OS X) AppleWebKit/605.1.15 (KHTML, like Gecko) Mobile/15E148"
3.89.80.116 - - [19/Feb/2025:15:28:18 +0530] "GET /wp-content/uploads/2025/02/freejobalerts.guru_-768x432.png HTTP/2" 200 431607 "http://www.freejobalerts.guru/" "Mozilla/5.0 (iPhone; CPU iPhone OS 12_2 like Mac OS X) AppleWebKit/605.1.15 (KHTML, like Gecko) Mobile/15E148"
5.196.160.191 - - [19/Feb/2025:15:27:04 +0530] "GET /category/bank-job/ HTTP/1.1" 200 10575 "http://www.freejobalerts.guru/" "Mozilla/5.0 (Windows NT 10.0; WOW64) AppleWebKit/537.36 (KHTML, like Gecko) Chrome/114.0.0.0 Safari/537.36"
5.196.160.191 - - [19/Feb/2025:15:27:04 +0530] "GET /comments/feed/ HTTP/1.1" 200 471 "http://www.freejobalerts.guru/" "Mozilla/5.0 (Windows NT 10.0; WOW64) AppleWebKit/537.36 (KHTML, like Gecko) Chrome/114.0.0.0 Safari/537.36"
5.196.160.191 - - [19/Feb/2025:15:27:57 +0530] "GET /tag/offline-free-job-alert/ HTTP/1.1" 200 11486 "http://www.freejobalerts.guru/" "Mozilla/5.0 (Windows NT 10.0; WOW64) AppleWebKit/537.36 (KHTML, like Gecko) Chrome/114.0.0.0 Safari/537.36"
5.196.160.191 - - [19/Feb/2025:15:28:07 +0530] "GET /tag/free-job-alert-bihar/ HTTP/1.1" 200 11486 "http://www.freejobalerts.guru/" "Mozilla/5.0 (Windows NT 10.0; WOW64) AppleWebKit/537.36 (KHTML, like Gecko) Chrome/114.0.0.0 Safari/537.36"
5.196.160.191 - - [19/Feb/2025:15:26:55 +0530] "GET / HTTP/1.1" 200 12353 "http://www.freejobalerts.guru/" "Mozilla/5.0 (Windows NT 10.0; WOW64) AppleWebKit/537.36 (KHTML, like Gecko) Chrome/114.0.0.0 Safari/537.36"
5.196.160.191 - - [19/Feb/2025:15:27:29 +0530] "GET /wp-json/ HTTP/1.1" 200 13252 "http://www.freejobalerts.guru/" "Mozilla/5.0 (Windows NT 10.0; WOW64) AppleWebKit/537.36 (KHTML, like Gecko) Chrome/114.0.0.0 Safari/537.36"
5.196.160.191 - - [19/Feb/2025:15:28:00 +0530] "GET /category/freejobalert/ HTTP/1.1" 200 11533 "http://www.freejobalerts.guru/" "Mozilla/5.0 (Windows NT 10.0; WOW64) AppleWebKit/537.36 (KHTML, like Gecko) Chrome/114.0.0.0 Safari/537.36"
5.196.160.191 - - [19/Feb/2025:15:26:52 +0530] "GET / HTTP/1.1" 200 12349 "http://www.freejobalerts.guru/" "Mozilla/5.0 (Windows NT 10.0; WOW64) AppleWebKit/537.36 (KHTML, like Gecko) Chrome/114.0.0.0 Safari/537.36"
5.196.160.191 - - [19/Feb/2025:15:27:00 +0530] "GET /?s= HTTP/1.1" 200 12222 "http://www.freejobalerts.guru/" "Mozilla/5.0 (Windows NT 10.0; WOW64) AppleWebKit/537.36 (KHTML, like Gecko) Chrome/114.0.0.0 Safari/537.36"
5.196.160.191 - - [19/Feb/2025:15:27:19 +0530] "GET /category/latest-jobs/ HTTP/1.1" 200 10959 "http://www.freejobalerts.guru/" "Mozilla/5.0 (Windows NT 10.0; WOW64) AppleWebKit/537.36 (KHTML, like Gecko) Chrome/114.0.0.0 Safari/537.36"
5.196.160.191 - - [19/Feb/2025:15:27:38 +0530] "GET /author/admin/ HTTP/1.1" 200 12588 "http://www.freejobalerts.guru/" "Mozilla/5.0 (Windows NT 10.0; WOW64) AppleWebKit/537.36 (KHTML, like Gecko) Chrome/114.0.0.0 Safari/537.36"
5.196.160.191 - - [19/Feb/2025:15:27:53 +0530] "GET /category/freegovtjobalert/ HTTP/1.1" 200 11534 "http://www.freejobalerts.guru/" "Mozilla/5.0 (Windows NT 10.0; WOW64) AppleWebKit/537.36 (KHTML, like Gecko) Chrome/114.0.0.0 Safari/537.36"
2a06:98c0:3600::103 - - [19/Feb/2025:15:14:23 +0530] "GET /wp-admin/setup-config.php HTTP/1.1" 409 1041 "-" "Mozilla/5.0 (Windows NT 10.0; Win64; x64) AppleWebKit/537.36 (KHTML, like Gecko) Chrome/133.0.0.0 Safari/537.36"
5.196.160.191 - - [19/Feb/2025:15:27:07 +0530] "GET /sbi-clerk-2025-prelims-call-letter-out-notification-14191-vacancies/ HTTP/1.1" 200 25754 "http://www.freejobalerts.guru/" "Mozilla/5.0 (Windows NT 10.0; WOW64) AppleWebKit/537.36 (KHTML, like Gecko) Chrome/114.0.0.0 Safari/537.36"
5.196.160.191 - - [19/Feb/2025:15:27:11 +0530] "GET /feed/ HTTP/1.1" 200 30570 "http://www.freejobalerts.guru/" "Mozilla/5.0 (Windows NT 10.0; WOW64) AppleWebKit/537.36 (KHTML, like Gecko) Chrome/114.0.0.0 Safari/537.36"
3.87.250.175 - - [19/Feb/2025:15:28:01 +0530] "GET /wp-content/uploads/2025/02/sd-sdsdfs.png HTTP/1.1" 200 25553 "http://www.freejobalerts.guru/" "Mozilla/5.0 (Windows NT 10.0; Win64; x64) AppleWebKit/537.36 (KHTML, like Gecko) Chrome/103.0.5060.66 Safari/537.36 Edg/103.0.1264.44"
5.196.160.191 - - [19/Feb/2025:15:28:04 +0530] "GET /tag/odisha-govt-job/ HTTP/1.1" 200 11497 "http://www.freejobalerts.guru/" "Mozilla/5.0 (Windows NT 10.0; WOW64) AppleWebKit/537.36 (KHTML, like Gecko) Chrome/114.0.0.0 Safari/537.36"
5.196.160.191 - - [19/Feb/2025:15:28:10 +0530] "GET /tag/free-job-alert-rajasthan/ HTTP/1.1" 200 11493 "http://www.freejobalerts.guru/" "Mozilla/5.0 (Windows NT 10.0; WOW64) AppleWebKit/537.36 (KHTML, like Gecko) Chrome/114.0.0.0 Safari/537.36"
5.196.160.191 - - [19/Feb/2025:15:28:23 +0530] "GET /tag/free-job-alert-punjab/ HTTP/1.1" 200 11488 "http://www.freejobalerts.guru/" "Mozilla/5.0 (Windows NT 10.0; WOW64) AppleWebKit/537.36 (KHTML, like Gecko) Chrome/114.0.0.0 Safari/537.36"
3.87.250.175 - - [19/Feb/2025:15:28:01 +0530] "GET /wp-content/uploads/2025/02/sbi-Clerk-2025-Prelims-Call-Letter-Out-Notification-14191-Vacancies-1024x576.png HTTP/1.1" 200 113164 "http://www.freejobalerts.guru/" "Mozilla/5.0 (Windows NT 10.0; Win64; x64) AppleWebKit/537.36 (KHTML, like Gecko) Chrome/103.0.5060.66 Safari/537.36 Edg/103.0.1264.44"
3.87.250.175 - - [19/Feb/2025:15:28:01 +0530] "GET /wp-content/uploads/2025/02/image-4-1024x563.jpeg HTTP/1.1" 200 99628 "http://www.freejobalerts.guru/" "Mozilla/5.0 (Windows NT 10.0; Win64; x64) AppleWebKit/537.36 (KHTML, like Gecko) Chrome/103.0.5060.66 Safari/537.36 Edg/103.0.1264.44"
5.196.160.191 - - [19/Feb/2025:15:28:17 +0530] "GET /tag/free-job-alert-crpf/ HTTP/1.1" 200 11476 "http://www.freejobalerts.guru/" "Mozilla/5.0 (Windows NT 10.0; WOW64) AppleWebKit/537.36 (KHTML, like Gecko) Chrome/114.0.0.0 Safari/537.36"
5.196.160.191 - - [19/Feb/2025:15:27:45 +0530] "GET /free-job-alert-all-india-govt-job-alert-2025/ HTTP/1.1" 200 21973 "http://www.freejobalerts.guru/" "Mozilla/5.0 (Windows NT 10.0; WOW64) AppleWebKit/537.36 (KHTML, like Gecko) Chrome/114.0.0.0 Safari/537.36"
5.196.160.191 - - [19/Feb/2025:15:28:24 +0530] "GET /tag/free-job-alert-odisha/ HTTP/1.1" 200 11488 "http://www.freejobalerts.guru/" "Mozilla/5.0 (Windows NT 10.0; WOW64) AppleWebKit/537.36 (KHTML, like Gecko) Chrome/114.0.0.0 Safari/537.36"
2a06:98c0:3600::103 - - [19/Feb/2025:15:39:33 +0530] "GET /wp-admin/setup-config.php HTTP/1.1" 409 1041 "-" "Mozilla/5.0 (Windows NT 10.0; Win64; x64) AppleWebKit/537.36 (KHTML, like Gecko) Chrome/133.0.0.0 Safari/537.36"
43.135.145.77 - - [19/Feb/2025:15:38:09 +0530] "GET /sbi-clerk-2025-prelims-call-letter-out-notification-14191-vacancies/ HTTP/1.1" 200 29449 "-" "Mozilla/5.0 (iPhone; CPU iPhone OS 13_2_3 like Mac OS X) AppleWebKit/605.1.15 (KHTML, like Gecko) Version/13.0.3 Mobile/15E148 Safari/604.1"
2a06:98c0:3600::103 - - [19/Feb/2025:15:40:15 +0530] "GET /wordpress/wp-admin/setup-config.php HTTP/1.1" 301 0 "-" "Mozilla/5.0 (Windows NT 10.0; Win64; x64) AppleWebKit/537.36 (KHTML, like Gecko) Chrome/133.0.0.0 Safari/537.36"
162.55.100.32 - - [19/Feb/2025:15:38:14 +0530] "POST /wp-cron.php?doing_wp_cron=1739959694.2540850639343261718750 HTTP/1.1" 200 0 "-" "WordPress/6.7.2; https://www.freejobalerts.guru"
162.55.100.32 - - [19/Feb/2025:15:50:38 +0530] "POST /wp-cron.php?doing_wp_cron=1739960438.1993119716644287109375 HTTP/1.1" 200 0 "-" "WordPress/6.7.2; https://www.freejobalerts.guru"
20.229.51.198 - - [19/Feb/2025:15:50:34 +0530] "GET / HTTP/1.1" 301 0 "-" "curl/8.6.0"
2a06:98c0:3600::103 - - [19/Feb/2025:16:04:04 +0530] "GET /wp-admin/setup-config.php HTTP/1.1" 409 1041 "-" "Mozilla/5.0 (Windows NT 10.0; Win64; x64) AppleWebKit/537.36 (KHTML, like Gecko) Chrome/133.0.0.0 Safari/537.36"
162.55.100.32 - - [19/Feb/2025:16:04:24 +0530] "POST /wp-cron.php?doing_wp_cron=1739961264.3728380203247070312500 HTTP/1.1" 200 0 "-" "WordPress/6.7.2; https://www.freejobalerts.guru"
2a06:98c0:3600::103 - - [19/Feb/2025:16:04:18 +0530] "GET /wordpress/wp-admin/setup-config.php HTTP/1.1" 301 0 "-" "Mozilla/5.0 (Windows NT 10.0; Win64; x64) AppleWebKit/537.36 (KHTML, like Gecko) Chrome/133.0.0.0 Safari/537.36"
162.55.100.32 - - [19/Feb/2025:16:35:58 +0530] "POST /wp-cron.php?doing_wp_cron=1739963158.2571489810943603515625 HTTP/1.1" 200 0 "-" "WordPress/6.7.2; https://www.freejobalerts.guru"
162.55.100.32 - - [19/Feb/2025:17:19:52 +0530] "POST /wp-cron.php?doing_wp_cron=1739965792.1442370414733886718750 HTTP/1.1" 200 0 "-" "WordPress/6.7.2; https://www.freejobalerts.guru"
2a06:98c0:3600::103 - - [19/Feb/2025:17:19:51 +0530] "GET /wordpress/wp-admin/setup-config.php HTTP/1.1" 301 0 "-" "Mozilla/5.0 (Windows NT 10.0; Win64; x64) AppleWebKit/537.36 (KHTML, like Gecko) Chrome/133.0.0.0 Safari/537.36"
101.44.69.160 - - [19/Feb/2025:16:47:51 +0530] "HEAD / HTTP/1.1" 200 0 "-" "Mozilla/5.0 (Linux; Android 6.0; Nexus 5 Build/MRA58N) AppleWebKit/537.36 (KHTML, like Gecko) Chrome/123.0.0.0 Mobile Safari/537.36"
101.44.69.160 - - [19/Feb/2025:16:47:55 +0530] "GET / HTTP/1.1" 200 7148 "-" "Mozilla/5.0 (Linux; Android 6.0; Nexus 5 Build/MRA58N) AppleWebKit/537.36 (KHTML, like Gecko) Chrome/123.0.0.0 Mobile Safari/537.36"
162.55.100.32 - - [19/Feb/2025:17:08:08 +0530] "POST /wp-cron.php?doing_wp_cron=1739965088.5590989589691162109375 HTTP/1.1" 200 0 "-" "WordPress/6.7.2; https://www.freejobalerts.guru"
43.159.128.155 - - [19/Feb/2025:17:08:01 +0530] "GET / HTTP/1.1" 301 0 "-" "Mozilla/5.0 (iPhone; CPU iPhone OS 13_2_3 like Mac OS X) AppleWebKit/605.1.15 (KHTML, like Gecko) Version/13.0.3 Mobile/15E148 Safari/604.1"
162.55.100.32 - - [19/Feb/2025:16:47:55 +0530] "POST /wp-cron.php?doing_wp_cron=1739963875.0870389938354492187500 HTTP/1.1" 200 0 "-" "WordPress/6.7.2; https://www.freejobalerts.guru"
162.55.100.32 - - [19/Feb/2025:16:54:31 +0530] "POST /wp-cron.php?doing_wp_cron=1739964271.1723179817199707031250 HTTP/1.1" 200 0 "-" "WordPress/6.7.2; https://www.freejobalerts.guru"
2a06:98c0:3600::103 - - [19/Feb/2025:17:19:52 +0530] "GET /wordpress/wp-admin/setup-config.php HTTP/1.1" 404 9342 "-" "Mozilla/5.0 (Windows NT 10.0; Win64; x64) AppleWebKit/537.36 (KHTML, like Gecko) Chrome/133.0.0.0 Safari/537.36"
2a06:98c0:3600::103 - - [19/Feb/2025:16:54:21 +0530] "GET /wordpress/wp-admin/setup-config.php HTTP/1.1" 301 0 "-" "Mozilla/5.0 (Windows NT 10.0; Win64; x64) AppleWebKit/537.36 (KHTML, like Gecko) Chrome/133.0.0.0 Safari/537.36"
43.159.128.155 - - [19/Feb/2025:17:08:16 +0530] "GET / HTTP/1.1" 200 13799 "https://freejobalerts.guru" "Mozilla/5.0 (iPhone; CPU iPhone OS 13_2_3 like Mac OS X) AppleWebKit/605.1.15 (KHTML, like Gecko) Version/13.0.3 Mobile/15E148 Safari/604.1"
17.241.227.163 - - [19/Feb/2025:16:35:30 +0530] "GET /robots.txt HTTP/1.1" 200 125 "-" "Mozilla/5.0 (Macintosh; Intel Mac OS X 10_15_7) AppleWebKit/605.1.15 (KHTML, like Gecko) Version/17.4 Safari/605.1.15 (Applebot/0.1; +http://www.apple.com/go/applebot)"
17.241.227.163 - - [19/Feb/2025:16:35:30 +0530] "GET / HTTP/1.1" 301 0 "-" "Mozilla/5.0 (Macintosh; Intel Mac OS X 10_15_7) AppleWebKit/605.1.15 (KHTML, like Gecko) Version/17.4 Safari/605.1.15 (Applebot/0.1; +http://www.apple.com/go/applebot)"
17.241.227.83 - - [19/Feb/2025:16:36:00 +0530] "GET / HTTP/1.1" 200 13779 "-" "Mozilla/5.0 (Macintosh; Intel Mac OS X 10_15_7) AppleWebKit/605.1.15 (KHTML, like Gecko) Version/17.4 Safari/605.1.15 (Applebot/0.1; +http://www.apple.com/go/applebot)"
17.241.227.83 - - [19/Feb/2025:16:36:05 +0530] "GET /robots.txt HTTP/1.1" 200 125 "-" "Mozilla/5.0 (Macintosh; Intel Mac OS X 10_15_7) AppleWebKit/605.1.15 (KHTML, like Gecko) Version/17.4 Safari/605.1.15 (Applebot/0.1; +http://www.apple.com/go/applebot)"
17.241.227.83 - - [19/Feb/2025:16:36:05 +0530] "GET /robots.txt HTTP/1.1" 200 125 "-" "Mozilla/5.0 (Macintosh; Intel Mac OS X 10_15_7) AppleWebKit/605.1.15 (KHTML, like Gecko) Version/17.4 Safari/605.1.15 (Applebot/0.1; +http://www.apple.com/go/applebot)"
17.241.227.83 - - [19/Feb/2025:16:36:06 +0530] "GET /robots.txt HTTP/1.1" 200 125 "-" "Mozilla/5.0 (Macintosh; Intel Mac OS X 10_15_7) AppleWebKit/605.1.15 (KHTML, like Gecko) Version/17.4 Safari/605.1.15 (Applebot/0.1; +http://www.apple.com/go/applebot)"
17.241.227.83 - - [19/Feb/2025:16:36:07 +0530] "GET /robots.txt HTTP/1.1" 200 125 "-" "Mozilla/5.0 (Macintosh; Intel Mac OS X 10_15_7) AppleWebKit/605.1.15 (KHTML, like Gecko) Version/17.4 Safari/605.1.15 (Applebot/0.1; +http://www.apple.com/go/applebot)"
17.241.227.83 - - [19/Feb/2025:16:36:07 +0530] "GET /robots.txt HTTP/1.1" 200 125 "-" "Mozilla/5.0 (Macintosh; Intel Mac OS X 10_15_7) AppleWebKit/605.1.15 (KHTML, like Gecko) Version/17.4 Safari/605.1.15 (Applebot/0.1; +http://www.apple.com/go/applebot)"
17.241.227.83 - - [19/Feb/2025:16:36:07 +0530] "GET /robots.txt HTTP/1.1" 200 125 "-" "Mozilla/5.0 (Macintosh; Intel Mac OS X 10_15_7) AppleWebKit/605.1.15 (KHTML, like Gecko) Version/17.4 Safari/605.1.15 (Applebot/0.1; +http://www.apple.com/go/applebot)"
17.241.227.83 - - [19/Feb/2025:16:36:08 +0530] "GET /robots.txt HTTP/1.1" 200 125 "-" "Mozilla/5.0 (Macintosh; Intel Mac OS X 10_15_7) AppleWebKit/605.1.15 (KHTML, like Gecko) Version/17.4 Safari/605.1.15 (Applebot/0.1; +http://www.apple.com/go/applebot)"
101.44.69.160 - - [19/Feb/2025:16:47:59 +0530] "GET / HTTP/1.1" 200 7148 "-" "Mozilla/5.0 (Linux; Android 6.0; Nexus 5 Build/MRA58N) AppleWebKit/537.36 (KHTML, like Gecko) Chrome/123.0.0.0 Mobile Safari/537.36"
2a06:98c0:3600::103 - - [19/Feb/2025:16:28:53 +0530] "GET /wp-admin/setup-config.php HTTP/1.1" 409 1041 "-" "Mozilla/5.0 (Windows NT 10.0; Win64; x64) AppleWebKit/537.36 (KHTML, like Gecko) Chrome/133.0.0.0 Safari/537.36"
2a06:98c0:3600::103 - - [19/Feb/2025:16:29:03 +0530] "GET /wordpress/wp-admin/setup-config.php HTTP/1.1" 301 0 "-" "Mozilla/5.0 (Windows NT 10.0; Win64; x64) AppleWebKit/537.36 (KHTML, like Gecko) Chrome/133.0.0.0 Safari/537.36"
152.56.68.162 - - [19/Feb/2025:17:26:00 +0530] "GET / HTTP/2" 200 15300 "https://www.google.com/" "Mozilla/5.0 (Windows NT 10.0; Win64; x64) AppleWebKit/537.36 (KHTML, like Gecko) Chrome/133.0.0.0 Safari/537.36"
152.56.68.162 - - [19/Feb/2025:17:26:15 +0530] "GET /wp-content/uploads/2025/02/sbi-Clerk-2025-Prelims-Call-Letter-Out-Notification-14191-Vacancies.png HTTP/2" 200 60925 "https://www.freejobalerts.guru/" "Mozilla/5.0 (Windows NT 10.0; Win64; x64) AppleWebKit/537.36 (KHTML, like Gecko) Chrome/133.0.0.0 Safari/537.36"
162.62.231.139 - - [19/Feb/2025:17:40:03 +0530] "GET /xmlrpc.php?rsd HTTP/1.1" 200 317 "-" "Mozilla/5.0 (iPhone; CPU iPhone OS 13_2_3 like Mac OS X) AppleWebKit/605.1.15 (KHTML, like Gecko) Version/13.0.3 Mobile/15E148 Safari/604.1"
2a06:98c0:3600::103 - - [19/Feb/2025:17:42:35 +0530] "GET /wordpress/wp-admin/setup-config.php HTTP/1.1" 301 0 "-" "Mozilla/5.0 (Windows NT 10.0; Win64; x64) AppleWebKit/537.36 (KHTML, like Gecko) Chrome/133.0.0.0 Safari/537.36"
8.211.194.78 - - [19/Feb/2025:17:40:06 +0530] "GET / HTTP/1.1" 200 13779 "https://freejobalerts.guru" "Go-http-client/1.1"
47.251.73.54 - - [19/Feb/2025:17:39:46 +0530] "GET / HTTP/1.1" 301 0 "-" "Go-http-client/1.1"
162.55.100.32 - - [19/Feb/2025:18:02:25 +0530] "POST /wp-cron.php?doing_wp_cron=1739968345.2225890159606933593750 HTTP/1.1" 200 0 "-" "WordPress/6.7.2; https://www.freejobalerts.guru"
2a06:98c0:3600::103 - - [19/Feb/2025:17:57:43 +0530] "GET /wp-admin/setup-config.php HTTP/1.1" 409 1041 "-" "Mozilla/5.0 (Windows NT 10.0; Win64; x64) AppleWebKit/537.36 (KHTML, like Gecko) Chrome/133.0.0.0 Safari/537.36"
162.55.100.32 - - [19/Feb/2025:17:57:48 +0530] "POST /wp-cron.php?doing_wp_cron=1739968066.9099719524383544921875 HTTP/1.1" 200 0 "-" "WordPress/6.7.2; https://www.freejobalerts.guru"
191.54.6.152 - - [19/Feb/2025:18:02:22 +0530] "GET / HTTP/1.1" 301 0 "-" "python-requests/2.32.3"
2a06:98c0:3600::103 - - [19/Feb/2025:17:57:43 +0530] "GET /wordpress/wp-admin/setup-config.php HTTP/1.1" 301 0 "-" "Mozilla/5.0 (Windows NT 10.0; Win64; x64) AppleWebKit/537.36 (KHTML, like Gecko) Chrome/133.0.0.0 Safari/537.36"
162.55.100.32 - - [19/Feb/2025:18:23:36 +0530] "POST /wp-cron.php?doing_wp_cron=1739969616.6997981071472167968750 HTTP/1.1" 200 0 "-" "WordPress/6.7.2; https://www.freejobalerts.guru"
88.218.64.159 - - [19/Feb/2025:18:18:55 +0530] "GET / HTTP/1.1" 200 13779 "-" "Mozilla/5.0 (Linux; Android 10; K) AppleWebKit/537.36 (KHTML, like Gecko) Chrome/122.0.0.0 Mobile Safari/537.36"
162.55.100.32 - - [19/Feb/2025:18:22:15 +0530] "POST /wp-cron.php?doing_wp_cron=1739969534.6861600875854492187500 HTTP/1.1" 200 0 "-" "WordPress/6.7.2; https://www.freejobalerts.guru"
194.156.119.97 - - [19/Feb/2025:18:19:04 +0530] "GET /favicon.ico HTTP/1.1" 404 1251 "-" "Mozilla/5.0 (Windows NT 10.0; Win64; x64) AppleWebKit/537.36 (KHTML, like Gecko) Chrome/121.0.0.0 Safari/537.36 Edg/121.0.0.0"
46.150.242.27 - - [19/Feb/2025:18:18:52 +0530] "GET / HTTP/1.1" 301 0 "-" "Mozilla/5.0 (Linux; Android 10; K) AppleWebKit/537.36 (KHTML, like Gecko) Chrome/122.0.0.0 Mobile Safari/537.36"
2a06:98c0:3600::103 - - [19/Feb/2025:18:22:08 +0530] "GET /wordpress/wp-admin/setup-config.php HTTP/1.1" 301 0 "-" "Mozilla/5.0 (Windows NT 10.0; Win64; x64) AppleWebKit/537.36 (KHTML, like Gecko) Chrome/133.0.0.0 Safari/537.36"
43.131.36.84 - - [19/Feb/2025:18:23:35 +0530] "GET /xmlrpc.php HTTP/1.1" 405 62 "-" "Mozilla/5.0 (iPhone; CPU iPhone OS 13_2_3 like Mac OS X) AppleWebKit/605.1.15 (KHTML, like Gecko) Version/13.0.3 Mobile/15E148 Safari/604.1"
23.27.145.11 - - [19/Feb/2025:18:28:55 +0530] "GET / HTTP/1.1" 200 0 "-" "Mozilla/5.0 (X11; Linux i686; rv:109.0) Gecko/20100101 Firefox/120.0"
2a06:98c0:3600::103 - - [19/Feb/2025:18:49:51 +0530] "GET /wordpress/wp-admin/setup-config.php HTTP/1.1" 301 0 "-" "Mozilla/5.0 (Windows NT 10.0; Win64; x64) AppleWebKit/537.36 (KHTML, like Gecko) Chrome/133.0.0.0 Safari/537.36"
2a06:98c0:3600::103 - - [19/Feb/2025:19:14:54 +0530] "GET /wordpress/wp-admin/setup-config.php HTTP/1.1" 404 6360 "-" "Mozilla/5.0 (Windows NT 10.0; Win64; x64) AppleWebKit/537.36 (KHTML, like Gecko) Chrome/133.0.0.0 Safari/537.36"
2a06:98c0:3600::103 - - [19/Feb/2025:19:14:33 +0530] "GET /wp-admin/setup-config.php HTTP/1.1" 409 1041 "-" "Mozilla/5.0 (Windows NT 10.0; Win64; x64) AppleWebKit/537.36 (KHTML, like Gecko) Chrome/133.0.0.0 Safari/537.36"
2a06:98c0:3600::103 - - [19/Feb/2025:19:14:52 +0530] "GET /wordpress/wp-admin/setup-config.php HTTP/1.1" 301 0 "-" "Mozilla/5.0 (Windows NT 10.0; Win64; x64) AppleWebKit/537.36 (KHTML, like Gecko) Chrome/133.0.0.0 Safari/537.36"
2a06:98c0:3600::103 - - [19/Feb/2025:19:39:58 +0530] "GET /wordpress/wp-admin/setup-config.php HTTP/1.1" 301 0 "-" "Mozilla/5.0 (Windows NT 10.0; Win64; x64) AppleWebKit/537.36 (KHTML, like Gecko) Chrome/133.0.0.0 Safari/537.36"
104.152.52.70 - - [19/Feb/2025:20:04:36 +0530] "GET / HTTP/1.1" 200 27597 "-" "curl/7.61.1"
162.55.100.32 - - [19/Feb/2025:20:05:33 +0530] "POST /wp-cron.php?doing_wp_cron=1739975733.4484028816223144531250 HTTP/1.1" 200 0 "-" "WordPress/6.7.2; https://www.freejobalerts.guru"
104.152.52.59 - - [19/Feb/2025:20:04:37 +0530] "GET / HTTP/1.1" 200 27537 "-" "curl/7.61.1"
162.55.100.32 - - [19/Feb/2025:19:48:32 +0530] "POST /wp-cron.php?doing_wp_cron=1739974712.6500990390777587890625 HTTP/1.1" 200 0 "-" "WordPress/6.7.2; https://www.freejobalerts.guru"
162.55.100.32 - - [19/Feb/2025:20:04:42 +0530] "POST /wp-cron.php?doing_wp_cron=1739975682.1496009826660156250000 HTTP/1.1" 200 0 "-" "WordPress/6.7.2; https://www.freejobalerts.guru"
2a06:98c0:3600::103 - - [19/Feb/2025:20:05:13 +0530] "GET /wordpress/wp-admin/setup-config.php HTTP/1.1" 301 0 "-" "Mozilla/5.0 (Windows NT 10.0; Win64; x64) AppleWebKit/537.36 (KHTML, like Gecko) Chrome/133.0.0.0 Safari/537.36"
3.82.48.116 - - [19/Feb/2025:19:48:27 +0530] "GET / HTTP/1.1" 200 0 "-" "Mozilla/5.0 (X11; Ubuntu; Linux i686; rv:24.0) Gecko/20100101 Firefox/24.0"
