152.59.85.14 - - [18/Feb/2025:11:40:34 +0530] "GET /wp-admin/admin.php?page=rank-math-options-titles&settings-updated=true HTTP/2" 200 55098 "https://www.freejobalerts.guru/wp-admin/admin.php?page=rank-math-options-titles" "Mozilla/5.0 (Windows NT 10.0; Win64; x64) AppleWebKit/537.36 (KHTML, like Gecko) Chrome/133.0.0.0 Safari/537.36"
152.59.85.14 - - [18/Feb/2025:11:41:09 +0530] "POST /wp-admin/admin-post.php HTTP/2" 303 0 "https://www.freejobalerts.guru/wp-admin/admin.php?page=rank-math-options-titles" "Mozilla/5.0 (Windows NT 10.0; Win64; x64) AppleWebKit/537.36 (KHTML, like Gecko) Chrome/133.0.0.0 Safari/537.36"
152.59.85.14 - - [18/Feb/2025:11:41:09 +0530] "GET /wp-admin/admin.php?page=rank-math-options-titles&settings-updated=true HTTP/2" 200 55024 "https://www.freejobalerts.guru/wp-admin/admin.php?page=rank-math-options-titles" "Mozilla/5.0 (Windows NT 10.0; Win64; x64) AppleWebKit/537.36 (KHTML, like Gecko) Chrome/133.0.0.0 Safari/537.36"
152.59.85.14 - - [18/Feb/2025:11:41:18 +0530] "GET /wp-admin/edit.php HTTP/2" 200 21552 "https://www.freejobalerts.guru/wp-admin/admin.php?page=rank-math-options-titles" "Mozilla/5.0 (Windows NT 10.0; Win64; x64) AppleWebKit/537.36 (KHTML, like Gecko) Chrome/133.0.0.0 Safari/537.36"
152.59.85.14 - - [18/Feb/2025:11:41:19 +0530] "GET /wp-content/plugins/seo-by-rank-math/assets/admin/css/post-list.css?ver=1.0.238 HTTP/2" 200 2054 "https://www.freejobalerts.guru/wp-admin/edit.php" "Mozilla/5.0 (Windows NT 10.0; Win64; x64) AppleWebKit/537.36 (KHTML, like Gecko) Chrome/133.0.0.0 Safari/537.36"
152.59.85.14 - - [18/Feb/2025:11:41:19 +0530] "GET /wp-content/plugins/contextual-related-posts/includes/admin/js/bulk-edit.min.js?ver=3.6.2 HTTP/2" 200 415 "https://www.freejobalerts.guru/wp-admin/edit.php" "Mozilla/5.0 (Windows NT 10.0; Win64; x64) AppleWebKit/537.36 (KHTML, like Gecko) Chrome/133.0.0.0 Safari/537.36"
152.59.85.14 - - [18/Feb/2025:11:41:19 +0530] "GET /wp-content/plugins/seo-by-rank-math/assets/admin/js/post-list.js?ver=1.0.238 HTTP/2" 200 5054 "https://www.freejobalerts.guru/wp-admin/edit.php" "Mozilla/5.0 (Windows NT 10.0; Win64; x64) AppleWebKit/537.36 (KHTML, like Gecko) Chrome/133.0.0.0 Safari/537.36"
152.59.85.14 - - [18/Feb/2025:11:41:19 +0530] "POST /wp-admin/admin-ajax.php HTTP/2" 200 51 "https://www.freejobalerts.guru/wp-admin/edit.php" "Mozilla/5.0 (Windows NT 10.0; Win64; x64) AppleWebKit/537.36 (KHTML, like Gecko) Chrome/133.0.0.0 Safari/537.36"
152.59.85.14 - - [18/Feb/2025:11:41:30 +0530] "POST /wp-admin/admin-ajax.php HTTP/2" 200 51 "https://www.freejobalerts.guru/wp-admin/edit.php" "Mozilla/5.0 (Windows NT 10.0; Win64; x64) AppleWebKit/537.36 (KHTML, like Gecko) Chrome/133.0.0.0 Safari/537.36"
152.59.85.14 - - [18/Feb/2025:11:42:12 +0530] "POST /wp-admin/admin-ajax.php HTTP/2" 200 51 "https://www.freejobalerts.guru/wp-admin/edit.php" "Mozilla/5.0 (Windows NT 10.0; Win64; x64) AppleWebKit/537.36 (KHTML, like Gecko) Chrome/133.0.0.0 Safari/537.36"
20.105.137.134 - - [18/Feb/2025:11:53:38 +0530] "GET / HTTP/1.1" 301 0 "-" "curl/8.6.0"
40.113.118.83 - - [18/Feb/2025:12:26:37 +0530] "GET / HTTP/1.1" 301 0 "-" "curl/8.6.0"
146.190.153.238 - - [18/Feb/2025:12:19:13 +0530] "GET / HTTP/1.1" 200 12839 "-" "Mozilla/5.0 (compatible)"
146.190.153.238 - - [18/Feb/2025:12:19:21 +0530] "GET /favicon.ico HTTP/1.1" 404 1251 "https://freejobalerts.sarkariyojanaguru.xyz/" "Mozilla/5.0 (compatible)"
162.55.100.32 - - [18/Feb/2025:12:26:37 +0530] "POST /wp-cron.php?doing_wp_cron=1739861797.9191319942474365234375 HTTP/1.1" 200 0 "-" "WordPress/6.7.2; https://www.freejobalerts.guru"
20.229.51.198 - - [18/Feb/2025:12:26:38 +0530] "GET / HTTP/1.1" 200 9585 "https://freejobalerts.guru" "curl/8.6.0"
152.59.85.14 - - [18/Feb/2025:12:38:16 +0530] "GET / HTTP/2" 200 11610 "-" "Mozilla/5.0 (Linux; Android 10; K) AppleWebKit/537.36 (KHTML, like Gecko) Chrome/133.0.0.0 Mobile Safari/537.36"
152.59.85.14 - - [18/Feb/2025:12:38:16 +0530] "GET /wp-includes/css/dist/block-library/style.min.css?ver=6.7.2 HTTP/2" 200 14225 "https://www.freejobalerts.guru/" "Mozilla/5.0 (Linux; Android 10; K) AppleWebKit/537.36 (KHTML, like Gecko) Chrome/133.0.0.0 Mobile Safari/537.36"
152.59.85.14 - - [18/Feb/2025:12:38:16 +0530] "GET /wp-content/plugins/contact-form-7/includes/css/styles.css?ver=6.0.3 HTTP/2" 200 890 "https://www.freejobalerts.guru/" "Mozilla/5.0 (Linux; Android 10; K) AppleWebKit/537.36 (KHTML, like Gecko) Chrome/133.0.0.0 Mobile Safari/537.36"
152.59.85.14 - - [18/Feb/2025:12:38:16 +0530] "GET /wp-content/plugins/related-posts-thumbnails/assets/css/front.css?ver=4.2.1 HTTP/2" 200 1088 "https://www.freejobalerts.guru/" "Mozilla/5.0 (Linux; Android 10; K) AppleWebKit/537.36 (KHTML, like Gecko) Chrome/133.0.0.0 Mobile Safari/537.36"
152.59.85.14 - - [18/Feb/2025:12:38:16 +0530] "GET /wp-content/plugins/contextual-related-posts/css/rounded-thumbs.min.css?ver=3.6.2 HTTP/2" 200 348 "https://www.freejobalerts.guru/" "Mozilla/5.0 (Linux; Android 10; K) AppleWebKit/537.36 (KHTML, like Gecko) Chrome/133.0.0.0 Mobile Safari/537.36"
152.59.85.14 - - [18/Feb/2025:12:38:16 +0530] "GET /wp-content/themes/generatepress/assets/css/main.min.css?ver=3.5.1 HTTP/2" 200 4410 "https://www.freejobalerts.guru/" "Mozilla/5.0 (Linux; Android 10; K) AppleWebKit/537.36 (KHTML, like Gecko) Chrome/133.0.0.0 Mobile Safari/537.36"
152.59.85.14 - - [18/Feb/2025:12:38:16 +0530] "GET /wp-content/plugins/gp-premium/blog/functions/css/featured-images.min.css?ver=2.0.2 HTTP/2" 200 431 "https://www.freejobalerts.guru/" "Mozilla/5.0 (Linux; Android 10; K) AppleWebKit/537.36 (KHTML, like Gecko) Chrome/133.0.0.0 Mobile Safari/537.36"
152.59.85.14 - - [18/Feb/2025:12:38:16 +0530] "GET /wp-content/uploads/2025/02/image-4.jpeg HTTP/2" 200 135163 "https://www.freejobalerts.guru/" "Mozilla/5.0 (Linux; Android 10; K) AppleWebKit/537.36 (KHTML, like Gecko) Chrome/133.0.0.0 Mobile Safari/537.36"
152.59.85.14 - - [18/Feb/2025:12:38:16 +0530] "GET /wp-content/uploads/2025/02/sd-sdsdfs.png HTTP/2" 200 25553 "https://www.freejobalerts.guru/" "Mozilla/5.0 (Linux; Android 10; K) AppleWebKit/537.36 (KHTML, like Gecko) Chrome/133.0.0.0 Mobile Safari/537.36"
152.59.85.14 - - [18/Feb/2025:12:38:16 +0530] "GET /wp-includes/js/dist/hooks.min.js?ver=4d63a3d491d11ffd8ac6 HTTP/2" 200 1571 "https://www.freejobalerts.guru/" "Mozilla/5.0 (Linux; Android 10; K) AppleWebKit/537.36 (KHTML, like Gecko) Chrome/133.0.0.0 Mobile Safari/537.36"
152.59.85.14 - - [18/Feb/2025:12:38:17 +0530] "GET /wp-includes/js/dist/i18n.min.js?ver=5e580eb46a90c2b997e6 HTTP/2" 200 3542 "https://www.freejobalerts.guru/" "Mozilla/5.0 (Linux; Android 10; K) AppleWebKit/537.36 (KHTML, like Gecko) Chrome/133.0.0.0 Mobile Safari/537.36"
152.59.85.14 - - [18/Feb/2025:12:38:17 +0530] "GET /wp-content/plugins/contact-form-7/includes/swv/js/index.js?ver=6.0.3 HTTP/2" 200 3369 "https://www.freejobalerts.guru/" "Mozilla/5.0 (Linux; Android 10; K) AppleWebKit/537.36 (KHTML, like Gecko) Chrome/133.0.0.0 Mobile Safari/537.36"
152.59.85.14 - - [18/Feb/2025:12:38:17 +0530] "GET /wp-content/plugins/contact-form-7/includes/js/index.js?ver=6.0.3 HTTP/2" 200 4008 "https://www.freejobalerts.guru/" "Mozilla/5.0 (Linux; Android 10; K) AppleWebKit/537.36 (KHTML, like Gecko) Chrome/133.0.0.0 Mobile Safari/537.36"
152.59.85.14 - - [18/Feb/2025:12:38:17 +0530] "GET /wp-content/themes/generatepress/assets/js/menu.min.js?ver=3.5.1 HTTP/2" 200 1678 "https://www.freejobalerts.guru/" "Mozilla/5.0 (Linux; Android 10; K) AppleWebKit/537.36 (KHTML, like Gecko) Chrome/133.0.0.0 Mobile Safari/537.36"
162.55.100.32 - - [18/Feb/2025:12:38:25 +0530] "POST /wp-cron.php?doing_wp_cron=1739862505.4283509254455566406250 HTTP/1.1" 200 0 "-" "WordPress/6.7.2; https://www.freejobalerts.guru"
152.59.85.14 - - [18/Feb/2025:12:38:14 +0530] "GET / HTTP/2" 301 0 "-" "Mozilla/5.0 (Linux; Android 10; K) AppleWebKit/537.36 (KHTML, like Gecko) Chrome/133.0.0.0 Mobile Safari/537.36"
152.59.85.14 - - [18/Feb/2025:12:38:16 +0530] "GET /wp-content/uploads/2025/02/freejobalerts.guru_.png HTTP/2" 200 372627 "https://www.freejobalerts.guru/" "Mozilla/5.0 (Linux; Android 10; K) AppleWebKit/537.36 (KHTML, like Gecko) Chrome/133.0.0.0 Mobile Safari/537.36"
152.59.85.14 - - [18/Feb/2025:12:38:19 +0530] "GET /favicon.ico HTTP/2" 404 1251 "https://www.freejobalerts.guru/" "Mozilla/5.0 (Linux; Android 10; K) AppleWebKit/537.36 (KHTML, like Gecko) Chrome/133.0.0.0 Mobile Safari/537.36"
152.59.85.14 - - [18/Feb/2025:12:38:25 +0530] "GET /wp-content/themes/generatepress/assets/css/components/comments.min.css?ver=3.5.1 HTTP/2" 200 488 "https://www.freejobalerts.guru/free-job-alert-all-india-govt-job-alert-2025/" "Mozilla/5.0 (Linux; Android 10; K) AppleWebKit/537.36 (KHTML, like Gecko) Chrome/133.0.0.0 Mobile Safari/537.36"
152.59.85.14 - - [18/Feb/2025:12:38:25 +0530] "GET /free-job-alert-all-india-govt-job-alert-2025/ HTTP/2" 200 22495 "https://www.freejobalerts.guru/" "Mozilla/5.0 (Linux; Android 10; K) AppleWebKit/537.36 (KHTML, like Gecko) Chrome/133.0.0.0 Mobile Safari/537.36"
152.59.85.14 - - [18/Feb/2025:12:38:25 +0530] "GET /wp-content/uploads/2025/02/image.jpeg HTTP/2" 200 82971 "https://www.freejobalerts.guru/free-job-alert-all-india-govt-job-alert-2025/" "Mozilla/5.0 (Linux; Android 10; K) AppleWebKit/537.36 (KHTML, like Gecko) Chrome/133.0.0.0 Mobile Safari/537.36"
152.59.85.14 - - [18/Feb/2025:12:38:26 +0530] "GET /wp-includes/js/comment-reply.min.js?ver=6.7.2 HTTP/2" 200 1247 "https://www.freejobalerts.guru/free-job-alert-all-india-govt-job-alert-2025/" "Mozilla/5.0 (Linux; Android 10; K) AppleWebKit/537.36 (KHTML, like Gecko) Chrome/133.0.0.0 Mobile Safari/537.36"
152.59.85.14 - - [18/Feb/2025:12:38:37 +0530] "GET /wp-content/uploads/2025/02/image-2-1024x563.jpeg HTTP/2" 200 114596 "https://www.freejobalerts.guru/free-job-alert-all-india-govt-job-alert-2025/" "Mozilla/5.0 (Linux; Android 10; K) AppleWebKit/537.36 (KHTML, like Gecko) Chrome/133.0.0.0 Mobile Safari/537.36"
152.59.85.14 - - [18/Feb/2025:12:38:37 +0530] "GET /wp-content/uploads/2025/02/image-1-1024x563.jpeg HTTP/2" 200 78531 "https://www.freejobalerts.guru/free-job-alert-all-india-govt-job-alert-2025/" "Mozilla/5.0 (Linux; Android 10; K) AppleWebKit/537.36 (KHTML, like Gecko) Chrome/133.0.0.0 Mobile Safari/537.36"
162.55.100.32 - - [18/Feb/2025:12:38:15 +0530] "POST /wp-cron.php?doing_wp_cron=1739862495.5443699359893798828125 HTTP/1.1" 200 0 "-" "WordPress/6.7.2; https://www.freejobalerts.guru"
149.22.91.76 - - [18/Feb/2025:13:06:44 +0530] "GET / HTTP/1.1" 301 0 "-" "Mozilla/5.0 (Windows NT 10.0; Win64; x64) AppleWebKit/537.36 (KHTML, like Gecko) Chrome/110.0.0.0 Safari/537.36"
149.22.91.76 - - [18/Feb/2025:13:06:47 +0530] "GET /favicon.ico HTTP/1.1" 404 1251 "-" "Mozilla/5.0 (Windows NT 10.0; Win64; x64) AppleWebKit/537.36 (KHTML, like Gecko) Chrome/110.0.0.0 Safari/537.36"
162.55.100.32 - - [18/Feb/2025:13:06:44 +0530] "POST /wp-cron.php?doing_wp_cron=1739864204.8755390644073486328125 HTTP/1.1" 200 0 "-" "WordPress/6.7.2; https://www.freejobalerts.guru"
149.22.91.76 - - [18/Feb/2025:13:06:46 +0530] "GET / HTTP/1.1" 200 11587 "-" "Mozilla/5.0 (Windows NT 10.0; Win64; x64) AppleWebKit/537.36 (KHTML, like Gecko) Chrome/110.0.0.0 Safari/537.36"
18.232.160.38 - - [18/Feb/2025:13:41:39 +0530] "GET / HTTP/2" 301 0 "-" "Mozilla/5.0 (X11; Linux x86_64) AppleWebKit/537.36 (KHTML, like Gecko) Chrome/129.0.0.0 Safari/537.36"
18.232.160.38 - - [18/Feb/2025:13:41:39 +0530] "GET / HTTP/2" 200 11587 "-" "Mozilla/5.0 (X11; Linux x86_64) AppleWebKit/537.36 (KHTML, like Gecko) Chrome/129.0.0.0 Safari/537.36"
18.232.160.38 - - [18/Feb/2025:13:41:40 +0530] "GET /wp-includes/css/dist/block-library/style.min.css?ver=6.7.2 HTTP/2" 200 14225 "https://www.freejobalerts.guru/" "Mozilla/5.0 (X11; Linux x86_64) AppleWebKit/537.36 (KHTML, like Gecko) Chrome/129.0.0.0 Safari/537.36"
18.232.160.38 - - [18/Feb/2025:13:41:40 +0530] "GET /wp-content/plugins/contact-form-7/includes/css/styles.css?ver=6.0.3 HTTP/2" 200 890 "https://www.freejobalerts.guru/" "Mozilla/5.0 (X11; Linux x86_64) AppleWebKit/537.36 (KHTML, like Gecko) Chrome/129.0.0.0 Safari/537.36"
18.232.160.38 - - [18/Feb/2025:13:41:40 +0530] "GET /wp-content/plugins/related-posts-thumbnails/assets/css/front.css?ver=4.2.1 HTTP/2" 200 1088 "https://www.freejobalerts.guru/" "Mozilla/5.0 (X11; Linux x86_64) AppleWebKit/537.36 (KHTML, like Gecko) Chrome/129.0.0.0 Safari/537.36"
18.232.160.38 - - [18/Feb/2025:13:41:40 +0530] "GET /wp-content/plugins/contextual-related-posts/css/rounded-thumbs.min.css?ver=3.6.2 HTTP/2" 200 348 "https://www.freejobalerts.guru/" "Mozilla/5.0 (X11; Linux x86_64) AppleWebKit/537.36 (KHTML, like Gecko) Chrome/129.0.0.0 Safari/537.36"
18.232.160.38 - - [18/Feb/2025:13:41:40 +0530] "GET /wp-content/themes/generatepress/assets/css/main.min.css?ver=3.5.1 HTTP/2" 200 4410 "https://www.freejobalerts.guru/" "Mozilla/5.0 (X11; Linux x86_64) AppleWebKit/537.36 (KHTML, like Gecko) Chrome/129.0.0.0 Safari/537.36"
18.232.160.38 - - [18/Feb/2025:13:41:40 +0530] "GET /wp-content/plugins/gp-premium/blog/functions/css/featured-images.min.css?ver=2.0.2 HTTP/2" 200 431 "https://www.freejobalerts.guru/" "Mozilla/5.0 (X11; Linux x86_64) AppleWebKit/537.36 (KHTML, like Gecko) Chrome/129.0.0.0 Safari/537.36"
18.232.160.38 - - [18/Feb/2025:13:41:40 +0530] "GET /wp-content/uploads/2025/02/image-4.jpeg HTTP/2" 200 135163 "https://www.freejobalerts.guru/" "Mozilla/5.0 (X11; Linux x86_64) AppleWebKit/537.36 (KHTML, like Gecko) Chrome/129.0.0.0 Safari/537.36"
18.232.160.38 - - [18/Feb/2025:13:41:40 +0530] "GET /wp-content/uploads/2025/02/sd-sdsdfs.png HTTP/2" 200 25553 "https://www.freejobalerts.guru/" "Mozilla/5.0 (X11; Linux x86_64) AppleWebKit/537.36 (KHTML, like Gecko) Chrome/129.0.0.0 Safari/537.36"
18.232.160.38 - - [18/Feb/2025:13:41:40 +0530] "GET /wp-includes/js/dist/hooks.min.js?ver=4d63a3d491d11ffd8ac6 HTTP/2" 200 1571 "https://www.freejobalerts.guru/" "Mozilla/5.0 (X11; Linux x86_64) AppleWebKit/537.36 (KHTML, like Gecko) Chrome/129.0.0.0 Safari/537.36"
18.232.160.38 - - [18/Feb/2025:13:41:40 +0530] "GET /wp-includes/js/dist/i18n.min.js?ver=5e580eb46a90c2b997e6 HTTP/2" 200 3542 "https://www.freejobalerts.guru/" "Mozilla/5.0 (X11; Linux x86_64) AppleWebKit/537.36 (KHTML, like Gecko) Chrome/129.0.0.0 Safari/537.36"
18.232.160.38 - - [18/Feb/2025:13:41:40 +0530] "GET /wp-content/plugins/contact-form-7/includes/swv/js/index.js?ver=6.0.3 HTTP/2" 200 3369 "https://www.freejobalerts.guru/" "Mozilla/5.0 (X11; Linux x86_64) AppleWebKit/537.36 (KHTML, like Gecko) Chrome/129.0.0.0 Safari/537.36"
18.232.160.38 - - [18/Feb/2025:13:41:40 +0530] "GET /wp-content/uploads/2025/02/freejobalerts.guru_.png HTTP/2" 200 372627 "https://www.freejobalerts.guru/" "Mozilla/5.0 (X11; Linux x86_64) AppleWebKit/537.36 (KHTML, like Gecko) Chrome/129.0.0.0 Safari/537.36"
18.232.160.38 - - [18/Feb/2025:13:41:40 +0530] "GET /wp-content/plugins/contact-form-7/includes/js/index.js?ver=6.0.3 HTTP/2" 200 4008 "https://www.freejobalerts.guru/" "Mozilla/5.0 (X11; Linux x86_64) AppleWebKit/537.36 (KHTML, like Gecko) Chrome/129.0.0.0 Safari/537.36"
107.172.166.154 - - [18/Feb/2025:13:52:59 +0530] "GET / HTTP/2" 200 11587 "-" "Mozilla/5.0 (iPhone; CPU iPhone OS 17_4_1 like Mac OS X) AppleWebKit/605.1.15 (KHTML, like Gecko) CriOS/123.0.6312.52 Mobile/15E148 Safari/604.1"
107.172.166.154 - - [18/Feb/2025:13:52:59 +0530] "GET /wp-includes/css/dist/block-library/style.min.css?ver=6.7.2 HTTP/2" 200 14225 "https://www.freejobalerts.guru/" "Mozilla/5.0 (iPhone; CPU iPhone OS 17_4_1 like Mac OS X) AppleWebKit/605.1.15 (KHTML, like Gecko) CriOS/123.0.6312.52 Mobile/15E148 Safari/604.1"
107.172.166.154 - - [18/Feb/2025:13:52:59 +0530] "GET /wp-content/plugins/contact-form-7/includes/css/styles.css?ver=6.0.3 HTTP/2" 200 890 "https://www.freejobalerts.guru/" "Mozilla/5.0 (iPhone; CPU iPhone OS 17_4_1 like Mac OS X) AppleWebKit/605.1.15 (KHTML, like Gecko) CriOS/123.0.6312.52 Mobile/15E148 Safari/604.1"
107.172.166.154 - - [18/Feb/2025:13:52:59 +0530] "GET /wp-content/plugins/related-posts-thumbnails/assets/css/front.css?ver=4.2.1 HTTP/2" 200 1088 "https://www.freejobalerts.guru/" "Mozilla/5.0 (iPhone; CPU iPhone OS 17_4_1 like Mac OS X) AppleWebKit/605.1.15 (KHTML, like Gecko) CriOS/123.0.6312.52 Mobile/15E148 Safari/604.1"
107.172.166.154 - - [18/Feb/2025:13:52:59 +0530] "GET /wp-content/plugins/contextual-related-posts/css/rounded-thumbs.min.css?ver=3.6.2 HTTP/2" 200 348 "https://www.freejobalerts.guru/" "Mozilla/5.0 (iPhone; CPU iPhone OS 17_4_1 like Mac OS X) AppleWebKit/605.1.15 (KHTML, like Gecko) CriOS/123.0.6312.52 Mobile/15E148 Safari/604.1"
107.172.166.154 - - [18/Feb/2025:13:52:59 +0530] "GET /wp-content/themes/generatepress/assets/css/main.min.css?ver=3.5.1 HTTP/2" 200 4410 "https://www.freejobalerts.guru/" "Mozilla/5.0 (iPhone; CPU iPhone OS 17_4_1 like Mac OS X) AppleWebKit/605.1.15 (KHTML, like Gecko) CriOS/123.0.6312.52 Mobile/15E148 Safari/604.1"
107.172.166.154 - - [18/Feb/2025:13:52:59 +0530] "GET /wp-content/plugins/gp-premium/blog/functions/css/featured-images.min.css?ver=2.0.2 HTTP/2" 200 431 "https://www.freejobalerts.guru/" "Mozilla/5.0 (iPhone; CPU iPhone OS 17_4_1 like Mac OS X) AppleWebKit/605.1.15 (KHTML, like Gecko) CriOS/123.0.6312.52 Mobile/15E148 Safari/604.1"
107.172.166.154 - - [18/Feb/2025:13:52:59 +0530] "GET /wp-content/uploads/2025/02/image-4-768x422.jpeg HTTP/2" 200 64115 "https://www.freejobalerts.guru/" "Mozilla/5.0 (iPhone; CPU iPhone OS 17_4_1 like Mac OS X) AppleWebKit/605.1.15 (KHTML, like Gecko) CriOS/123.0.6312.52 Mobile/15E148 Safari/604.1"
107.172.166.154 - - [18/Feb/2025:13:52:59 +0530] "GET /wp-content/uploads/2025/02/sd-sdsdfs.png HTTP/2" 200 25553 "https://www.freejobalerts.guru/" "Mozilla/5.0 (iPhone; CPU iPhone OS 17_4_1 like Mac OS X) AppleWebKit/605.1.15 (KHTML, like Gecko) CriOS/123.0.6312.52 Mobile/15E148 Safari/604.1"
107.172.166.154 - - [18/Feb/2025:13:52:59 +0530] "GET /wp-includes/js/dist/hooks.min.js?ver=4d63a3d491d11ffd8ac6 HTTP/2" 200 1571 "https://www.freejobalerts.guru/" "Mozilla/5.0 (iPhone; CPU iPhone OS 17_4_1 like Mac OS X) AppleWebKit/605.1.15 (KHTML, like Gecko) CriOS/123.0.6312.52 Mobile/15E148 Safari/604.1"
107.172.166.154 - - [18/Feb/2025:13:52:59 +0530] "GET /wp-includes/js/dist/i18n.min.js?ver=5e580eb46a90c2b997e6 HTTP/2" 200 3542 "https://www.freejobalerts.guru/" "Mozilla/5.0 (iPhone; CPU iPhone OS 17_4_1 like Mac OS X) AppleWebKit/605.1.15 (KHTML, like Gecko) CriOS/123.0.6312.52 Mobile/15E148 Safari/604.1"
107.172.166.154 - - [18/Feb/2025:13:52:59 +0530] "GET /wp-content/plugins/contact-form-7/includes/swv/js/index.js?ver=6.0.3 HTTP/2" 200 3369 "https://www.freejobalerts.guru/" "Mozilla/5.0 (iPhone; CPU iPhone OS 17_4_1 like Mac OS X) AppleWebKit/605.1.15 (KHTML, like Gecko) CriOS/123.0.6312.52 Mobile/15E148 Safari/604.1"
107.172.166.154 - - [18/Feb/2025:13:52:59 +0530] "GET /wp-content/plugins/contact-form-7/includes/js/index.js?ver=6.0.3 HTTP/2" 200 4008 "https://www.freejobalerts.guru/" "Mozilla/5.0 (iPhone; CPU iPhone OS 17_4_1 like Mac OS X) AppleWebKit/605.1.15 (KHTML, like Gecko) CriOS/123.0.6312.52 Mobile/15E148 Safari/604.1"
162.55.100.32 - - [18/Feb/2025:13:52:58 +0530] "POST /wp-cron.php?doing_wp_cron=1739866978.2776720523834228515625 HTTP/1.1" 200 0 "-" "WordPress/6.7.2; https://www.freejobalerts.guru"
34.13.145.130 - - [18/Feb/2025:13:53:53 +0530] "GET / HTTP/1.1" 200 12842 "-" "Scrapy/2.11.2 (+https://scrapy.org)"
104.252.31.27 - - [18/Feb/2025:13:54:42 +0530] "GET / HTTP/2" 200 11587 "-" "Mozilla/5.0 (iPhone; CPU iPhone OS 17_4_1 like Mac OS X) AppleWebKit/605.1.15 (KHTML, like Gecko) CriOS/123.0.6312.52 Mobile/15E148 Safari/604.1"
104.252.31.27 - - [18/Feb/2025:13:54:43 +0530] "GET /wp-includes/css/dist/block-library/style.min.css?ver=6.7.2 HTTP/2" 200 14225 "https://www.freejobalerts.guru/" "Mozilla/5.0 (iPhone; CPU iPhone OS 17_4_1 like Mac OS X) AppleWebKit/605.1.15 (KHTML, like Gecko) CriOS/123.0.6312.52 Mobile/15E148 Safari/604.1"
104.252.31.27 - - [18/Feb/2025:13:54:43 +0530] "GET /wp-content/plugins/contact-form-7/includes/css/styles.css?ver=6.0.3 HTTP/2" 200 890 "https://www.freejobalerts.guru/" "Mozilla/5.0 (iPhone; CPU iPhone OS 17_4_1 like Mac OS X) AppleWebKit/605.1.15 (KHTML, like Gecko) CriOS/123.0.6312.52 Mobile/15E148 Safari/604.1"
104.252.31.27 - - [18/Feb/2025:13:54:43 +0530] "GET /wp-content/plugins/related-posts-thumbnails/assets/css/front.css?ver=4.2.1 HTTP/2" 200 1088 "https://www.freejobalerts.guru/" "Mozilla/5.0 (iPhone; CPU iPhone OS 17_4_1 like Mac OS X) AppleWebKit/605.1.15 (KHTML, like Gecko) CriOS/123.0.6312.52 Mobile/15E148 Safari/604.1"
104.252.31.27 - - [18/Feb/2025:13:54:43 +0530] "GET /wp-content/plugins/contextual-related-posts/css/rounded-thumbs.min.css?ver=3.6.2 HTTP/2" 200 348 "https://www.freejobalerts.guru/" "Mozilla/5.0 (iPhone; CPU iPhone OS 17_4_1 like Mac OS X) AppleWebKit/605.1.15 (KHTML, like Gecko) CriOS/123.0.6312.52 Mobile/15E148 Safari/604.1"
104.252.31.27 - - [18/Feb/2025:13:54:43 +0530] "GET /wp-content/themes/generatepress/assets/css/main.min.css?ver=3.5.1 HTTP/2" 200 4410 "https://www.freejobalerts.guru/" "Mozilla/5.0 (iPhone; CPU iPhone OS 17_4_1 like Mac OS X) AppleWebKit/605.1.15 (KHTML, like Gecko) CriOS/123.0.6312.52 Mobile/15E148 Safari/604.1"
104.252.31.27 - - [18/Feb/2025:13:54:43 +0530] "GET /wp-content/plugins/gp-premium/blog/functions/css/featured-images.min.css?ver=2.0.2 HTTP/2" 200 431 "https://www.freejobalerts.guru/" "Mozilla/5.0 (iPhone; CPU iPhone OS 17_4_1 like Mac OS X) AppleWebKit/605.1.15 (KHTML, like Gecko) CriOS/123.0.6312.52 Mobile/15E148 Safari/604.1"
104.252.31.27 - - [18/Feb/2025:13:54:43 +0530] "GET /wp-content/uploads/2025/02/sd-sdsdfs.png HTTP/2" 200 25553 "https://www.freejobalerts.guru/" "Mozilla/5.0 (iPhone; CPU iPhone OS 17_4_1 like Mac OS X) AppleWebKit/605.1.15 (KHTML, like Gecko) CriOS/123.0.6312.52 Mobile/15E148 Safari/604.1"
104.252.31.27 - - [18/Feb/2025:13:54:43 +0530] "GET /wp-content/uploads/2025/02/image-4-768x422.jpeg HTTP/2" 200 64115 "https://www.freejobalerts.guru/" "Mozilla/5.0 (iPhone; CPU iPhone OS 17_4_1 like Mac OS X) AppleWebKit/605.1.15 (KHTML, like Gecko) CriOS/123.0.6312.52 Mobile/15E148 Safari/604.1"
104.252.31.27 - - [18/Feb/2025:13:54:43 +0530] "GET /wp-includes/js/dist/hooks.min.js?ver=4d63a3d491d11ffd8ac6 HTTP/2" 200 1571 "https://www.freejobalerts.guru/" "Mozilla/5.0 (iPhone; CPU iPhone OS 17_4_1 like Mac OS X) AppleWebKit/605.1.15 (KHTML, like Gecko) CriOS/123.0.6312.52 Mobile/15E148 Safari/604.1"
104.252.31.27 - - [18/Feb/2025:13:54:43 +0530] "GET /wp-includes/js/dist/i18n.min.js?ver=5e580eb46a90c2b997e6 HTTP/2" 200 3542 "https://www.freejobalerts.guru/" "Mozilla/5.0 (iPhone; CPU iPhone OS 17_4_1 like Mac OS X) AppleWebKit/605.1.15 (KHTML, like Gecko) CriOS/123.0.6312.52 Mobile/15E148 Safari/604.1"
104.252.31.27 - - [18/Feb/2025:13:54:43 +0530] "GET /wp-content/plugins/contact-form-7/includes/swv/js/index.js?ver=6.0.3 HTTP/2" 200 3369 "https://www.freejobalerts.guru/" "Mozilla/5.0 (iPhone; CPU iPhone OS 17_4_1 like Mac OS X) AppleWebKit/605.1.15 (KHTML, like Gecko) CriOS/123.0.6312.52 Mobile/15E148 Safari/604.1"
162.55.100.32 - - [18/Feb/2025:13:53:53 +0530] "POST /wp-cron.php?doing_wp_cron=1739867033.5245199203491210937500 HTTP/1.1" 200 0 "-" "WordPress/6.7.2; https://www.freejobalerts.guru"
162.55.100.32 - - [18/Feb/2025:14:14:33 +0530] "POST /wp-cron.php?doing_wp_cron=1739868272.9921169281005859375000 HTTP/1.1" 200 0 "-" "WordPress/6.7.2; https://www.freejobalerts.guru"
34.13.145.130 - - [18/Feb/2025:13:53:53 +0530] "GET / HTTP/1.1" 301 0 "-" "Scrapy/2.11.2 (+https://scrapy.org)"
20.229.51.198 - - [18/Feb/2025:14:06:29 +0530] "GET / HTTP/1.1" 301 0 "-" "curl/8.6.0"
107.172.166.154 - - [18/Feb/2025:13:52:59 +0530] "GET /wp-content/themes/generatepress/assets/js/menu.min.js?ver=3.5.1 HTTP/2" 200 1678 "https://www.freejobalerts.guru/" "Mozilla/5.0 (iPhone; CPU iPhone OS 17_4_1 like Mac OS X) AppleWebKit/605.1.15 (KHTML, like Gecko) CriOS/123.0.6312.52 Mobile/15E148 Safari/604.1"
107.172.166.154 - - [18/Feb/2025:13:52:59 +0530] "GET /wp-content/uploads/2025/02/freejobalerts.guru_-768x432.png HTTP/2" 200 431607 "https://www.freejobalerts.guru/" "Mozilla/5.0 (iPhone; CPU iPhone OS 17_4_1 like Mac OS X) AppleWebKit/605.1.15 (KHTML, like Gecko) CriOS/123.0.6312.52 Mobile/15E148 Safari/604.1"
107.172.166.154 - - [18/Feb/2025:13:53:00 +0530] "GET /favicon.ico HTTP/2" 404 1251 "https://www.freejobalerts.guru/" "Mozilla/5.0 (iPhone; CPU iPhone OS 17_4_1 like Mac OS X) AppleWebKit/605.1.15 (KHTML, like Gecko) CriOS/123.0.6312.52 Mobile/15E148 Safari/604.1"
40.113.118.83 - - [18/Feb/2025:14:06:30 +0530] "GET / HTTP/1.1" 200 9585 "https://freejobalerts.guru" "curl/8.6.0"
104.252.31.27 - - [18/Feb/2025:13:54:43 +0530] "GET /wp-content/plugins/contact-form-7/includes/js/index.js?ver=6.0.3 HTTP/2" 200 4008 "https://www.freejobalerts.guru/" "Mozilla/5.0 (iPhone; CPU iPhone OS 17_4_1 like Mac OS X) AppleWebKit/605.1.15 (KHTML, like Gecko) CriOS/123.0.6312.52 Mobile/15E148 Safari/604.1"
104.252.31.27 - - [18/Feb/2025:13:54:43 +0530] "GET /wp-content/themes/generatepress/assets/js/menu.min.js?ver=3.5.1 HTTP/2" 200 1678 "https://www.freejobalerts.guru/" "Mozilla/5.0 (iPhone; CPU iPhone OS 17_4_1 like Mac OS X) AppleWebKit/605.1.15 (KHTML, like Gecko) CriOS/123.0.6312.52 Mobile/15E148 Safari/604.1"
104.252.31.27 - - [18/Feb/2025:13:54:43 +0530] "GET /wp-content/uploads/2025/02/freejobalerts.guru_-768x432.png HTTP/2" 200 431607 "https://www.freejobalerts.guru/" "Mozilla/5.0 (iPhone; CPU iPhone OS 17_4_1 like Mac OS X) AppleWebKit/605.1.15 (KHTML, like Gecko) CriOS/123.0.6312.52 Mobile/15E148 Safari/604.1"
104.252.31.27 - - [18/Feb/2025:13:54:44 +0530] "GET /favicon.ico HTTP/2" 404 1251 "https://www.freejobalerts.guru/" "Mozilla/5.0 (iPhone; CPU iPhone OS 17_4_1 like Mac OS X) AppleWebKit/605.1.15 (KHTML, like Gecko) CriOS/123.0.6312.52 Mobile/15E148 Safari/604.1"
107.172.166.154 - - [18/Feb/2025:13:52:57 +0530] "GET / HTTP/2" 301 0 "-" "Mozilla/5.0 (iPhone; CPU iPhone OS 17_4_1 like Mac OS X) AppleWebKit/605.1.15 (KHTML, like Gecko) CriOS/123.0.6312.52 Mobile/15E148 Safari/604.1"
162.55.100.32 - - [18/Feb/2025:13:54:42 +0530] "POST /wp-cron.php?doing_wp_cron=1739867082.0088939666748046875000 HTTP/1.1" 200 0 "-" "WordPress/6.7.2; https://www.freejobalerts.guru"
104.252.31.27 - - [18/Feb/2025:13:54:41 +0530] "GET / HTTP/2" 301 0 "-" "Mozilla/5.0 (iPhone; CPU iPhone OS 17_4_1 like Mac OS X) AppleWebKit/605.1.15 (KHTML, like Gecko) CriOS/123.0.6312.52 Mobile/15E148 Safari/604.1"
162.55.100.32 - - [18/Feb/2025:13:41:39 +0530] "POST /wp-cron.php?doing_wp_cron=1739866299.7936310768127441406250 HTTP/1.1" 200 0 "-" "WordPress/6.7.2; https://www.freejobalerts.guru"
162.55.100.32 - - [18/Feb/2025:14:06:30 +0530] "POST /wp-cron.php?doing_wp_cron=1739867790.6330978870391845703125 HTTP/1.1" 200 0 "-" "WordPress/6.7.2; https://www.freejobalerts.guru"
100.29.140.0 - - [18/Feb/2025:14:14:32 +0530] "GET / HTTP/2" 301 0 "-" "okhttp/4.9.2"
100.29.140.0 - - [18/Feb/2025:14:14:33 +0530] "GET / HTTP/2" 200 12842 "-" "okhttp/4.9.2"
100.29.140.0 - - [18/Feb/2025:14:14:33 +0530] "GET /favicon.ico HTTP/2" 404 1251 "-" "okhttp/4.9.2"
100.29.140.0 - - [18/Feb/2025:14:14:33 +0530] "GET /favicon.png HTTP/2" 404 10012 "-" "okhttp/4.9.2"
18.232.160.38 - - [18/Feb/2025:13:41:40 +0530] "GET /wp-content/themes/generatepress/assets/js/menu.min.js?ver=3.5.1 HTTP/2" 200 1678 "https://www.freejobalerts.guru/" "Mozilla/5.0 (X11; Linux x86_64) AppleWebKit/537.36 (KHTML, like Gecko) Chrome/129.0.0.0 Safari/537.36"
18.232.160.38 - - [18/Feb/2025:13:41:40 +0530] "GET /wp-includes/js/wp-emoji-release.min.js?ver=6.7.2 HTTP/2" 200 4676 "https://www.freejobalerts.guru/" "Mozilla/5.0 (X11; Linux x86_64) AppleWebKit/537.36 (KHTML, like Gecko) Chrome/129.0.0.0 Safari/537.36"
18.232.160.38 - - [18/Feb/2025:13:41:40 +0530] "GET /favicon.ico HTTP/2" 404 1251 "https://www.freejobalerts.guru/" "Mozilla/5.0 (X11; Linux x86_64) AppleWebKit/537.36 (KHTML, like Gecko) Chrome/129.0.0.0 Safari/537.36"
162.55.100.32 - - [18/Feb/2025:14:30:53 +0530] "POST /wp-cron.php?doing_wp_cron=1739869253.8539769649505615234375 HTTP/1.1" 200 0 "-" "WordPress/6.7.2; https://www.freejobalerts.guru"
208.131.130.40 - - [18/Feb/2025:14:30:53 +0530] "GET / HTTP/1.1" 200 11638 "-" "Mozilla/5.0 (Windows NT 10.0; Win64; x64) AppleWebKit/537.36 (KHTML, like Gecko) Chrome/110.0.0.0 Safari/537.36"
208.131.130.40 - - [18/Feb/2025:14:30:54 +0530] "GET /favicon.ico HTTP/1.1" 404 1251 "-" "Mozilla/5.0 (Windows NT 10.0; Win64; x64) AppleWebKit/537.36 (KHTML, like Gecko) Chrome/110.0.0.0 Safari/537.36"
162.55.100.32 - - [18/Feb/2025:14:33:44 +0530] "POST /wp-cron.php?doing_wp_cron=1739869424.0708301067352294921875 HTTP/1.1" 200 0 "-" "WordPress/6.7.2; https://www.freejobalerts.guru"
162.55.100.32 - - [18/Feb/2025:14:26:43 +0530] "POST /wp-cron.php?doing_wp_cron=1739869003.2703700065612792968750 HTTP/1.1" 200 0 "-" "WordPress/6.7.2; https://www.freejobalerts.guru"
208.131.130.70 - - [18/Feb/2025:14:33:43 +0530] "GET / HTTP/1.1" 200 11638 "-" "Mozilla/5.0 (Windows NT 10.0; Win64; x64) AppleWebKit/537.36 (KHTML, like Gecko) Chrome/110.0.0.0 Safari/537.36"
208.131.130.70 - - [18/Feb/2025:14:33:44 +0530] "GET /favicon.ico HTTP/1.1" 404 1251 "-" "Mozilla/5.0 (Windows NT 10.0; Win64; x64) AppleWebKit/537.36 (KHTML, like Gecko) Chrome/110.0.0.0 Safari/537.36"
100.29.140.0 - - [18/Feb/2025:14:26:42 +0530] "GET / HTTP/2" 301 0 "-" "okhttp/4.9.2"
100.29.140.0 - - [18/Feb/2025:14:26:43 +0530] "GET / HTTP/2" 200 12842 "-" "okhttp/4.9.2"
100.29.140.0 - - [18/Feb/2025:14:26:43 +0530] "GET /favicon.ico HTTP/2" 404 1251 "-" "okhttp/4.9.2"
100.29.140.0 - - [18/Feb/2025:14:26:43 +0530] "GET /favicon.png HTTP/2" 404 10012 "-" "okhttp/4.9.2"
104.224.65.60 - - [18/Feb/2025:15:08:34 +0530] "GET / HTTP/2" 200 12842 "-" "Mozilla/5.0 (Windows NT 10.0; Win64; x64) AppleWebKit/537.36 (KHTML, like Gecko) Chrome/86.0.4240.111 Safari/537.36"
154.29.27.18 - - [18/Feb/2025:15:08:29 +0530] "GET / HTTP/2" 301 0 "-" "Mozilla/5.0 (Windows NT 10.0; Win64; x64) AppleWebKit/537.36 (KHTML, like Gecko) Chrome/86.0.4240.111 Safari/537.36"
85.254.43.255 - - [18/Feb/2025:15:44:50 +0530] "GET / HTTP/2" 200 11610 "-" "Mozilla/5.0 (Windows NT 10.0; Win64; x64) AppleWebKit/537.36 (KHTML, like Gecko) Chrome/131.0.0.0 Safari/537.36"
85.254.43.255 - - [18/Feb/2025:15:44:51 +0530] "GET /wp-includes/css/dist/block-library/style.min.css?ver=6.7.2 HTTP/2" 200 14225 "https://www.freejobalerts.guru/" "Mozilla/5.0 (Windows NT 10.0; Win64; x64) AppleWebKit/537.36 (KHTML, like Gecko) Chrome/131.0.0.0 Safari/537.36"
85.254.43.255 - - [18/Feb/2025:15:44:51 +0530] "GET /wp-content/plugins/contact-form-7/includes/css/styles.css?ver=6.0.3 HTTP/2" 200 890 "https://www.freejobalerts.guru/" "Mozilla/5.0 (Windows NT 10.0; Win64; x64) AppleWebKit/537.36 (KHTML, like Gecko) Chrome/131.0.0.0 Safari/537.36"
85.254.43.255 - - [18/Feb/2025:15:44:51 +0530] "GET /wp-content/plugins/related-posts-thumbnails/assets/css/front.css?ver=4.2.1 HTTP/2" 200 1088 "https://www.freejobalerts.guru/" "Mozilla/5.0 (Windows NT 10.0; Win64; x64) AppleWebKit/537.36 (KHTML, like Gecko) Chrome/131.0.0.0 Safari/537.36"
85.254.43.255 - - [18/Feb/2025:15:44:51 +0530] "GET /wp-content/plugins/contextual-related-posts/css/rounded-thumbs.min.css?ver=3.6.2 HTTP/2" 200 348 "https://www.freejobalerts.guru/" "Mozilla/5.0 (Windows NT 10.0; Win64; x64) AppleWebKit/537.36 (KHTML, like Gecko) Chrome/131.0.0.0 Safari/537.36"
85.254.43.255 - - [18/Feb/2025:15:44:51 +0530] "GET /wp-content/themes/generatepress/assets/css/main.min.css?ver=3.5.1 HTTP/2" 200 4410 "https://www.freejobalerts.guru/" "Mozilla/5.0 (Windows NT 10.0; Win64; x64) AppleWebKit/537.36 (KHTML, like Gecko) Chrome/131.0.0.0 Safari/537.36"
85.254.43.255 - - [18/Feb/2025:15:44:51 +0530] "GET /wp-content/plugins/gp-premium/blog/functions/css/featured-images.min.css?ver=2.0.2 HTTP/2" 200 431 "https://www.freejobalerts.guru/" "Mozilla/5.0 (Windows NT 10.0; Win64; x64) AppleWebKit/537.36 (KHTML, like Gecko) Chrome/131.0.0.0 Safari/537.36"
85.254.43.255 - - [18/Feb/2025:15:44:51 +0530] "GET /wp-content/uploads/2025/02/image-4.jpeg HTTP/2" 200 135163 "https://www.freejobalerts.guru/" "Mozilla/5.0 (Windows NT 10.0; Win64; x64) AppleWebKit/537.36 (KHTML, like Gecko) Chrome/131.0.0.0 Safari/537.36"
85.254.43.255 - - [18/Feb/2025:15:44:51 +0530] "GET /wp-content/uploads/2025/02/sd-sdsdfs.png HTTP/2" 200 25553 "https://www.freejobalerts.guru/" "Mozilla/5.0 (Windows NT 10.0; Win64; x64) AppleWebKit/537.36 (KHTML, like Gecko) Chrome/131.0.0.0 Safari/537.36"
85.254.43.255 - - [18/Feb/2025:15:44:51 +0530] "GET /wp-includes/js/dist/hooks.min.js?ver=4d63a3d491d11ffd8ac6 HTTP/2" 200 1571 "https://www.freejobalerts.guru/" "Mozilla/5.0 (Windows NT 10.0; Win64; x64) AppleWebKit/537.36 (KHTML, like Gecko) Chrome/131.0.0.0 Safari/537.36"
85.254.43.255 - - [18/Feb/2025:15:44:51 +0530] "GET /wp-includes/js/dist/i18n.min.js?ver=5e580eb46a90c2b997e6 HTTP/2" 200 3542 "https://www.freejobalerts.guru/" "Mozilla/5.0 (Windows NT 10.0; Win64; x64) AppleWebKit/537.36 (KHTML, like Gecko) Chrome/131.0.0.0 Safari/537.36"
85.254.43.255 - - [18/Feb/2025:15:44:51 +0530] "GET /wp-content/plugins/contact-form-7/includes/swv/js/index.js?ver=6.0.3 HTTP/2" 200 3369 "https://www.freejobalerts.guru/" "Mozilla/5.0 (Windows NT 10.0; Win64; x64) AppleWebKit/537.36 (KHTML, like Gecko) Chrome/131.0.0.0 Safari/537.36"
85.254.43.255 - - [18/Feb/2025:15:44:51 +0530] "GET /wp-content/plugins/contact-form-7/includes/js/index.js?ver=6.0.3 HTTP/2" 200 4008 "https://www.freejobalerts.guru/" "Mozilla/5.0 (Windows NT 10.0; Win64; x64) AppleWebKit/537.36 (KHTML, like Gecko) Chrome/131.0.0.0 Safari/537.36"
85.254.43.255 - - [18/Feb/2025:15:44:51 +0530] "GET /wp-content/themes/generatepress/assets/js/menu.min.js?ver=3.5.1 HTTP/2" 200 1678 "https://www.freejobalerts.guru/" "Mozilla/5.0 (Windows NT 10.0; Win64; x64) AppleWebKit/537.36 (KHTML, like Gecko) Chrome/131.0.0.0 Safari/537.36"
162.55.100.32 - - [18/Feb/2025:15:44:49 +0530] "POST /wp-cron.php?doing_wp_cron=1739873689.8499250411987304687500 HTTP/1.1" 200 0 "-" "WordPress/6.7.2; https://www.freejobalerts.guru"
158.101.109.88 - - [18/Feb/2025:15:33:00 +0530] "GET / HTTP/1.1" 200 12839 "-" "Mozilla/5.0 (Windows NT 10.0; Win64; x64) AppleWebKit/537.36 (KHTML, like Gecko) Chrome/58.0.3029.110 Safari/537.3"
158.101.109.88 - - [18/Feb/2025:15:33:01 +0530] "GET / HTTP/1.1" 200 12839 "-" "Mozilla/5.0 (Windows NT 10.0; Win64; x64) AppleWebKit/537.36 (KHTML, like Gecko) Chrome/58.0.3029.110 Safari/537.3"
158.101.109.88 - - [18/Feb/2025:15:33:18 +0530] "GET / HTTP/1.1" 200 12839 "-" "Mozilla/5.0 (Windows NT 10.0; Win64; x64) AppleWebKit/537.36 (KHTML, like Gecko) Chrome/58.0.3029.110 Safari/537.3"
158.101.109.88 - - [18/Feb/2025:15:33:18 +0530] "GET / HTTP/1.1" 200 12829 "-" "Mozilla/5.0 (Windows NT 10.0; Win64; x64) AppleWebKit/537.36 (KHTML, like Gecko) Chrome/58.0.3029.110 Safari/537.3"
162.55.100.32 - - [18/Feb/2025:15:33:00 +0530] "POST /wp-cron.php?doing_wp_cron=1739872980.8243150711059570312500 HTTP/1.1" 200 0 "-" "WordPress/6.7.2; https://www.freejobalerts.guru"
85.254.43.255 - - [18/Feb/2025:15:44:48 +0530] "GET / HTTP/2" 301 0 "-" "Mozilla/5.0 (Windows NT 10.0; Win64; x64) AppleWebKit/537.36 (KHTML, like Gecko) Chrome/131.0.0.0 Safari/537.36"
85.254.43.255 - - [18/Feb/2025:15:44:51 +0530] "GET /wp-content/uploads/2025/02/freejobalerts.guru_.png HTTP/2" 200 372627 "https://www.freejobalerts.guru/" "Mozilla/5.0 (Windows NT 10.0; Win64; x64) AppleWebKit/537.36 (KHTML, like Gecko) Chrome/131.0.0.0 Safari/537.36"
85.254.43.255 - - [18/Feb/2025:15:44:51 +0530] "GET /wp-includes/js/wp-emoji-release.min.js?ver=6.7.2 HTTP/2" 200 4676 "https://www.freejobalerts.guru/" "Mozilla/5.0 (Windows NT 10.0; Win64; x64) AppleWebKit/537.36 (KHTML, like Gecko) Chrome/131.0.0.0 Safari/537.36"
85.254.43.255 - - [18/Feb/2025:15:44:51 +0530] "GET /favicon.ico HTTP/2" 404 1251 "https://www.freejobalerts.guru/" "Mozilla/5.0 (Windows NT 10.0; Win64; x64) AppleWebKit/537.36 (KHTML, like Gecko) Chrome/131.0.0.0 Safari/537.36"
34.71.214.216 - - [18/Feb/2025:16:16:08 +0530] "GET / HTTP/2" 301 0 "-" "Mozilla/5.0 (Macintosh; Intel Mac OS X 13_3_1) AppleWebKit/537.36 (KHTML, like Gecko) Chrome/112.0.0.0 Safari/537.36"
34.71.214.216 - - [18/Feb/2025:16:16:09 +0530] "GET / HTTP/2" 200 11587 "-" "Mozilla/5.0 (Macintosh; Intel Mac OS X 13_3_1) AppleWebKit/537.36 (KHTML, like Gecko) Chrome/112.0.0.0 Safari/537.36"
34.71.214.216 - - [18/Feb/2025:16:16:09 +0530] "GET /wp-includes/css/dist/block-library/style.min.css?ver=6.7.2 HTTP/2" 200 14225 "https://www.freejobalerts.guru/" "Mozilla/5.0 (Macintosh; Intel Mac OS X 13_3_1) AppleWebKit/537.36 (KHTML, like Gecko) Chrome/112.0.0.0 Safari/537.36"
34.71.214.216 - - [18/Feb/2025:16:16:09 +0530] "GET /wp-content/plugins/contact-form-7/includes/css/styles.css?ver=6.0.3 HTTP/2" 200 890 "https://www.freejobalerts.guru/" "Mozilla/5.0 (Macintosh; Intel Mac OS X 13_3_1) AppleWebKit/537.36 (KHTML, like Gecko) Chrome/112.0.0.0 Safari/537.36"
34.71.214.216 - - [18/Feb/2025:16:16:09 +0530] "GET /wp-content/plugins/related-posts-thumbnails/assets/css/front.css?ver=4.2.1 HTTP/2" 200 1088 "https://www.freejobalerts.guru/" "Mozilla/5.0 (Macintosh; Intel Mac OS X 13_3_1) AppleWebKit/537.36 (KHTML, like Gecko) Chrome/112.0.0.0 Safari/537.36"
34.71.214.216 - - [18/Feb/2025:16:16:09 +0530] "GET /wp-content/plugins/contextual-related-posts/css/rounded-thumbs.min.css?ver=3.6.2 HTTP/2" 200 348 "https://www.freejobalerts.guru/" "Mozilla/5.0 (Macintosh; Intel Mac OS X 13_3_1) AppleWebKit/537.36 (KHTML, like Gecko) Chrome/112.0.0.0 Safari/537.36"
34.71.214.216 - - [18/Feb/2025:16:16:09 +0530] "GET /wp-content/themes/generatepress/assets/css/main.min.css?ver=3.5.1 HTTP/2" 200 4410 "https://www.freejobalerts.guru/" "Mozilla/5.0 (Macintosh; Intel Mac OS X 13_3_1) AppleWebKit/537.36 (KHTML, like Gecko) Chrome/112.0.0.0 Safari/537.36"
34.71.214.216 - - [18/Feb/2025:16:16:09 +0530] "GET /wp-content/plugins/gp-premium/blog/functions/css/featured-images.min.css?ver=2.0.2 HTTP/2" 200 431 "https://www.freejobalerts.guru/" "Mozilla/5.0 (Macintosh; Intel Mac OS X 13_3_1) AppleWebKit/537.36 (KHTML, like Gecko) Chrome/112.0.0.0 Safari/537.36"
34.71.214.216 - - [18/Feb/2025:16:16:09 +0530] "GET /wp-content/uploads/2025/02/image-4.jpeg HTTP/2" 200 135163 "https://www.freejobalerts.guru/" "Mozilla/5.0 (Macintosh; Intel Mac OS X 13_3_1) AppleWebKit/537.36 (KHTML, like Gecko) Chrome/112.0.0.0 Safari/537.36"
34.71.214.216 - - [18/Feb/2025:16:16:09 +0530] "GET /wp-includes/js/dist/hooks.min.js?ver=4d63a3d491d11ffd8ac6 HTTP/2" 200 1571 "https://www.freejobalerts.guru/" "Mozilla/5.0 (Macintosh; Intel Mac OS X 13_3_1) AppleWebKit/537.36 (KHTML, like Gecko) Chrome/112.0.0.0 Safari/537.36"
34.71.214.216 - - [18/Feb/2025:16:16:09 +0530] "GET /wp-includes/js/dist/i18n.min.js?ver=5e580eb46a90c2b997e6 HTTP/2" 200 3542 "https://www.freejobalerts.guru/" "Mozilla/5.0 (Macintosh; Intel Mac OS X 13_3_1) AppleWebKit/537.36 (KHTML, like Gecko) Chrome/112.0.0.0 Safari/537.36"
34.71.214.216 - - [18/Feb/2025:16:16:09 +0530] "GET /wp-content/plugins/contact-form-7/includes/swv/js/index.js?ver=6.0.3 HTTP/2" 200 3369 "https://www.freejobalerts.guru/" "Mozilla/5.0 (Macintosh; Intel Mac OS X 13_3_1) AppleWebKit/537.36 (KHTML, like Gecko) Chrome/112.0.0.0 Safari/537.36"
34.71.214.216 - - [18/Feb/2025:16:16:09 +0530] "GET /wp-content/plugins/contact-form-7/includes/js/index.js?ver=6.0.3 HTTP/2" 200 4008 "https://www.freejobalerts.guru/" "Mozilla/5.0 (Macintosh; Intel Mac OS X 13_3_1) AppleWebKit/537.36 (KHTML, like Gecko) Chrome/112.0.0.0 Safari/537.36"
34.71.214.216 - - [18/Feb/2025:16:16:09 +0530] "GET /wp-content/themes/generatepress/assets/js/menu.min.js?ver=3.5.1 HTTP/2" 200 1678 "https://www.freejobalerts.guru/" "Mozilla/5.0 (Macintosh; Intel Mac OS X 13_3_1) AppleWebKit/537.36 (KHTML, like Gecko) Chrome/112.0.0.0 Safari/537.36"
100.29.140.0 - - [18/Feb/2025:16:06:56 +0530] "GET / HTTP/2" 301 0 "-" "okhttp/4.9.2"
34.125.230.24 - - [18/Feb/2025:16:16:07 +0530] "GET / HTTP/2" 301 0 "-" "Mozilla/5.0 (Windows NT 10.0; Win64; x64) AppleWebKit/537.36 (KHTML, like Gecko) Chrome/120.0.0.0 Safari/537.36"
18.119.105.114 - - [18/Feb/2025:16:16:10 +0530] "GET / HTTP/1.1" 301 0 "-" "Mozilla/5.0 (Windows NT 10.0; Win64; x64) AppleWebKit/537.36 (KHTML, like Gecko) Chrome/114.0.0.0 Safari/537.36 Edg/114.0.1823.51"
34.125.230.24 - - [18/Feb/2025:16:16:13 +0530] "GET / HTTP/2" 200 11587 "-" "Mozilla/5.0 (Windows NT 10.0; Win64; x64) AppleWebKit/537.36 (KHTML, like Gecko) Chrome/120.0.0.0 Safari/537.36"
34.125.230.24 - - [18/Feb/2025:16:16:13 +0530] "GET /wp-includes/css/dist/block-library/style.min.css?ver=6.7.2 HTTP/2" 200 14225 "https://www.freejobalerts.guru/" "Mozilla/5.0 (Windows NT 10.0; Win64; x64) AppleWebKit/537.36 (KHTML, like Gecko) Chrome/120.0.0.0 Safari/537.36"
34.125.230.24 - - [18/Feb/2025:16:16:13 +0530] "GET /wp-content/plugins/contact-form-7/includes/css/styles.css?ver=6.0.3 HTTP/2" 200 890 "https://www.freejobalerts.guru/" "Mozilla/5.0 (Windows NT 10.0; Win64; x64) AppleWebKit/537.36 (KHTML, like Gecko) Chrome/120.0.0.0 Safari/537.36"
34.125.230.24 - - [18/Feb/2025:16:16:13 +0530] "GET /wp-content/plugins/related-posts-thumbnails/assets/css/front.css?ver=4.2.1 HTTP/2" 200 1088 "https://www.freejobalerts.guru/" "Mozilla/5.0 (Windows NT 10.0; Win64; x64) AppleWebKit/537.36 (KHTML, like Gecko) Chrome/120.0.0.0 Safari/537.36"
34.125.230.24 - - [18/Feb/2025:16:16:13 +0530] "GET /wp-content/plugins/contextual-related-posts/css/rounded-thumbs.min.css?ver=3.6.2 HTTP/2" 200 348 "https://www.freejobalerts.guru/" "Mozilla/5.0 (Windows NT 10.0; Win64; x64) AppleWebKit/537.36 (KHTML, like Gecko) Chrome/120.0.0.0 Safari/537.36"
34.125.230.24 - - [18/Feb/2025:16:16:13 +0530] "GET /wp-content/themes/generatepress/assets/css/main.min.css?ver=3.5.1 HTTP/2" 200 4410 "https://www.freejobalerts.guru/" "Mozilla/5.0 (Windows NT 10.0; Win64; x64) AppleWebKit/537.36 (KHTML, like Gecko) Chrome/120.0.0.0 Safari/537.36"
34.125.230.24 - - [18/Feb/2025:16:16:13 +0530] "GET /wp-content/plugins/gp-premium/blog/functions/css/featured-images.min.css?ver=2.0.2 HTTP/2" 200 431 "https://www.freejobalerts.guru/" "Mozilla/5.0 (Windows NT 10.0; Win64; x64) AppleWebKit/537.36 (KHTML, like Gecko) Chrome/120.0.0.0 Safari/537.36"
34.125.230.24 - - [18/Feb/2025:16:16:13 +0530] "GET /wp-content/uploads/2025/02/image-4.jpeg HTTP/2" 200 135163 "https://www.freejobalerts.guru/" "Mozilla/5.0 (Windows NT 10.0; Win64; x64) AppleWebKit/537.36 (KHTML, like Gecko) Chrome/120.0.0.0 Safari/537.36"
34.125.230.24 - - [18/Feb/2025:16:16:14 +0530] "GET /wp-includes/js/dist/hooks.min.js?ver=4d63a3d491d11ffd8ac6 HTTP/2" 200 1571 "https://www.freejobalerts.guru/" "Mozilla/5.0 (Windows NT 10.0; Win64; x64) AppleWebKit/537.36 (KHTML, like Gecko) Chrome/120.0.0.0 Safari/537.36"
34.125.230.24 - - [18/Feb/2025:16:16:13 +0530] "GET /wp-content/uploads/2025/02/sd-sdsdfs.png HTTP/2" 200 25553 "https://www.freejobalerts.guru/" "Mozilla/5.0 (Windows NT 10.0; Win64; x64) AppleWebKit/537.36 (KHTML, like Gecko) Chrome/120.0.0.0 Safari/537.36"
34.125.230.24 - - [18/Feb/2025:16:16:14 +0530] "GET /wp-includes/js/dist/i18n.min.js?ver=5e580eb46a90c2b997e6 HTTP/2" 200 3542 "https://www.freejobalerts.guru/" "Mozilla/5.0 (Windows NT 10.0; Win64; x64) AppleWebKit/537.36 (KHTML, like Gecko) Chrome/120.0.0.0 Safari/537.36"
34.125.230.24 - - [18/Feb/2025:16:16:14 +0530] "GET /wp-content/plugins/contact-form-7/includes/swv/js/index.js?ver=6.0.3 HTTP/2" 200 3369 "https://www.freejobalerts.guru/" "Mozilla/5.0 (Windows NT 10.0; Win64; x64) AppleWebKit/537.36 (KHTML, like Gecko) Chrome/120.0.0.0 Safari/537.36"
34.125.230.24 - - [18/Feb/2025:16:16:14 +0530] "GET /wp-content/uploads/2025/02/freejobalerts.guru_.png HTTP/2" 200 372627 "https://www.freejobalerts.guru/" "Mozilla/5.0 (Windows NT 10.0; Win64; x64) AppleWebKit/537.36 (KHTML, like Gecko) Chrome/120.0.0.0 Safari/537.36"
35.187.132.7 - - [18/Feb/2025:16:16:42 +0530] "GET / HTTP/1.1" 200 11587 "http://freejobalerts.guru" "Mozilla/5.0 (X11; Linux x86_64) AppleWebKit/537.36 (KHTML, like Gecko) Chrome/112.0.0.0 Safari/537.36 AppEngine-Google; (+http://code.google.com/appengine; appid: s~virustotalcloud)"
35.187.132.7 - - [18/Feb/2025:16:17:02 +0530] "HEAD /wp-includes/js/dist/hooks.min.js?ver=4d63a3d491d11ffd8ac6 HTTP/1.1" 200 0 "http://www.freejobalerts.guru" "Mozilla/5.0 (Linux; Android 13; Pixel 4a (5G) Build/TQ2A.230505.002; wv) AppleWebKit/537.36 (KHTML, like Gecko) Version/4.0 Chrome/112.0.5615.136 Mobile Safari/537.36 GoogleApp/14.16.27.29.arm64 AppEngine-Google; (+http://code.google.com/appengine; appid: s~virustotalcloud)"
54.71.187.124 - - [18/Feb/2025:16:17:28 +0530] "GET / HTTP/2" 301 0 "-" "Mozilla/5.0 (Windows NT 10.0; Win64; x64; rv:132.0) Gecko/20100101 Firefox/133.0"
54.71.187.124 - - [18/Feb/2025:16:17:28 +0530] "GET / HTTP/2" 200 11587 "-" "Mozilla/5.0 (Windows NT 10.0; Win64; x64; rv:132.0) Gecko/20100101 Firefox/133.0"
54.71.187.124 - - [18/Feb/2025:16:17:28 +0530] "GET /wp-includes/css/dist/block-library/style.min.css?ver=6.7.2 HTTP/2" 200 14225 "https://www.freejobalerts.guru/" "Mozilla/5.0 (Windows NT 10.0; Win64; x64; rv:132.0) Gecko/20100101 Firefox/133.0"
54.71.187.124 - - [18/Feb/2025:16:17:28 +0530] "GET /wp-content/plugins/contact-form-7/includes/css/styles.css?ver=6.0.3 HTTP/2" 200 890 "https://www.freejobalerts.guru/" "Mozilla/5.0 (Windows NT 10.0; Win64; x64; rv:132.0) Gecko/20100101 Firefox/133.0"
54.71.187.124 - - [18/Feb/2025:16:17:28 +0530] "GET /wp-content/plugins/related-posts-thumbnails/assets/css/front.css?ver=4.2.1 HTTP/2" 200 1088 "https://www.freejobalerts.guru/" "Mozilla/5.0 (Windows NT 10.0; Win64; x64; rv:132.0) Gecko/20100101 Firefox/133.0"
54.71.187.124 - - [18/Feb/2025:16:17:28 +0530] "GET /wp-content/plugins/contextual-related-posts/css/rounded-thumbs.min.css?ver=3.6.2 HTTP/2" 200 348 "https://www.freejobalerts.guru/" "Mozilla/5.0 (Windows NT 10.0; Win64; x64; rv:132.0) Gecko/20100101 Firefox/133.0"
54.71.187.124 - - [18/Feb/2025:16:17:28 +0530] "GET /wp-content/themes/generatepress/assets/css/main.min.css?ver=3.5.1 HTTP/2" 200 4410 "https://www.freejobalerts.guru/" "Mozilla/5.0 (Windows NT 10.0; Win64; x64; rv:132.0) Gecko/20100101 Firefox/133.0"
54.71.187.124 - - [18/Feb/2025:16:17:28 +0530] "GET /wp-content/plugins/gp-premium/blog/functions/css/featured-images.min.css?ver=2.0.2 HTTP/2" 200 431 "https://www.freejobalerts.guru/" "Mozilla/5.0 (Windows NT 10.0; Win64; x64; rv:132.0) Gecko/20100101 Firefox/133.0"
54.71.187.124 - - [18/Feb/2025:16:17:28 +0530] "GET /wp-content/uploads/2025/02/image-4-1024x563.jpeg HTTP/2" 200 99628 "https://www.freejobalerts.guru/" "Mozilla/5.0 (Windows NT 10.0; Win64; x64; rv:132.0) Gecko/20100101 Firefox/133.0"
54.71.187.124 - - [18/Feb/2025:16:17:29 +0530] "GET /wp-content/uploads/2025/02/sd-sdsdfs.png HTTP/2" 200 25553 "https://www.freejobalerts.guru/" "Mozilla/5.0 (Windows NT 10.0; Win64; x64; rv:132.0) Gecko/20100101 Firefox/133.0"
54.71.187.124 - - [18/Feb/2025:16:17:29 +0530] "GET /wp-includes/js/dist/hooks.min.js?ver=4d63a3d491d11ffd8ac6 HTTP/2" 200 1571 "https://www.freejobalerts.guru/" "Mozilla/5.0 (Windows NT 10.0; Win64; x64; rv:132.0) Gecko/20100101 Firefox/133.0"
54.71.187.124 - - [18/Feb/2025:16:17:29 +0530] "GET /wp-includes/js/dist/i18n.min.js?ver=5e580eb46a90c2b997e6 HTTP/2" 200 3542 "https://www.freejobalerts.guru/" "Mozilla/5.0 (Windows NT 10.0; Win64; x64; rv:132.0) Gecko/20100101 Firefox/133.0"
54.71.187.124 - - [18/Feb/2025:16:17:29 +0530] "GET /wp-content/plugins/contact-form-7/includes/swv/js/index.js?ver=6.0.3 HTTP/2" 200 3369 "https://www.freejobalerts.guru/" "Mozilla/5.0 (Windows NT 10.0; Win64; x64; rv:132.0) Gecko/20100101 Firefox/133.0"
54.71.187.124 - - [18/Feb/2025:16:17:29 +0530] "GET /wp-content/uploads/2025/02/freejobalerts.guru_-1024x576.png HTTP/2" 200 775408 "https://www.freejobalerts.guru/" "Mozilla/5.0 (Windows NT 10.0; Win64; x64; rv:132.0) Gecko/20100101 Firefox/133.0"
162.55.100.32 - - [18/Feb/2025:16:22:09 +0530] "POST /wp-cron.php?doing_wp_cron=1739875929.8631699085235595703125 HTTP/1.1" 200 0 "-" "WordPress/6.7.2; https://www.freejobalerts.guru"
3.146.206.219 - - [18/Feb/2025:16:22:09 +0530] "GET / HTTP/1.1" 200 12842 "-" "Mozilla/5.0 (Windows NT 10.0; Win64; x64) AppleWebKit/537.36 (KHTML, like Gecko) Chrome/114.0.0.0 Safari/537.36 Edg/114.0.1823.51"
66.249.76.3 - - [18/Feb/2025:16:22:13 +0530] "GET / HTTP/1.1" 200 11587 "-" "GoogleOther"
34.71.214.216 - - [18/Feb/2025:16:22:13 +0530] "GET / HTTP/2" 200 11610 "-" "Mozilla/5.0 (Windows NT 10.0; Win64; x64) AppleWebKit/537.36 (KHTML, like Gecko) Chrome/112.0.0.0 Safari/537.36"
34.71.214.216 - - [18/Feb/2025:16:22:14 +0530] "GET /wp-includes/css/dist/block-library/style.min.css?ver=6.7.2 HTTP/2" 200 14225 "https://www.freejobalerts.guru/" "Mozilla/5.0 (Windows NT 10.0; Win64; x64) AppleWebKit/537.36 (KHTML, like Gecko) Chrome/112.0.0.0 Safari/537.36"
34.71.214.216 - - [18/Feb/2025:16:22:14 +0530] "GET /wp-content/plugins/contact-form-7/includes/css/styles.css?ver=6.0.3 HTTP/2" 200 890 "https://www.freejobalerts.guru/" "Mozilla/5.0 (Windows NT 10.0; Win64; x64) AppleWebKit/537.36 (KHTML, like Gecko) Chrome/112.0.0.0 Safari/537.36"
34.71.214.216 - - [18/Feb/2025:16:22:14 +0530] "GET /wp-content/plugins/related-posts-thumbnails/assets/css/front.css?ver=4.2.1 HTTP/2" 200 1088 "https://www.freejobalerts.guru/" "Mozilla/5.0 (Windows NT 10.0; Win64; x64) AppleWebKit/537.36 (KHTML, like Gecko) Chrome/112.0.0.0 Safari/537.36"
34.71.214.216 - - [18/Feb/2025:16:22:14 +0530] "GET /wp-content/plugins/contextual-related-posts/css/rounded-thumbs.min.css?ver=3.6.2 HTTP/2" 200 348 "https://www.freejobalerts.guru/" "Mozilla/5.0 (Windows NT 10.0; Win64; x64) AppleWebKit/537.36 (KHTML, like Gecko) Chrome/112.0.0.0 Safari/537.36"
