162.55.100.32 - - [18/Feb/2025:09:53:26 +0530] "HEAD /wp-content/uploads/2025/02/image-1-1024x563.jpeg HTTP/1.1" 200 0 "-" "WordPress/6.7.2; https://www.freejobalerts.guru"
152.59.85.14 - - [18/Feb/2025:09:57:04 +0530] "GET /wp-admin/ HTTP/1.1" 200 15167 "https://www.freejobalerts.guru/free-job-alert-all-india-govt-job-alert-2025/" "Mozilla/5.0 (Windows NT 10.0; Win64; x64) AppleWebKit/537.36 (KHTML, like Gecko) Chrome/133.0.0.0 Safari/537.36"
152.59.85.14 - - [18/Feb/2025:09:57:07 +0530] "GET /wp-admin/plugin-install.php HTTP/1.1" 200 12176 "https://www.freejobalerts.guru/wp-admin/" "Mozilla/5.0 (Windows NT 10.0; Win64; x64) AppleWebKit/537.36 (KHTML, like Gecko) Chrome/133.0.0.0 Safari/537.36"
152.59.85.14 - - [18/Feb/2025:09:57:11 +0530] "GET /wp-admin/plugin-install.php?tab=popular HTTP/1.1" 200 9175 "https://www.freejobalerts.guru/wp-admin/plugin-install.php" "Mozilla/5.0 (Windows NT 10.0; Win64; x64) AppleWebKit/537.36 (KHTML, like Gecko) Chrome/133.0.0.0 Safari/537.36"
152.59.85.14 - - [18/Feb/2025:09:57:20 +0530] "GET /wp-admin/plugins.php HTTP/1.1" 200 13329 "https://www.freejobalerts.guru/wp-admin/plugin-install.php?tab=popular" "Mozilla/5.0 (Windows NT 10.0; Win64; x64) AppleWebKit/537.36 (KHTML, like Gecko) Chrome/133.0.0.0 Safari/537.36"
152.59.85.14 - - [18/Feb/2025:09:57:23 +0530] "POST /wp-admin/admin-ajax.php HTTP/1.1" 200 109 "https://www.freejobalerts.guru/wp-admin/plugins.php" "Mozilla/5.0 (Windows NT 10.0; Win64; x64) AppleWebKit/537.36 (KHTML, like Gecko) Chrome/133.0.0.0 Safari/537.36"
152.59.85.14 - - [18/Feb/2025:09:57:27 +0530] "POST /wp-admin/admin-ajax.php HTTP/1.1" 200 100 "https://www.freejobalerts.guru/wp-admin/plugins.php" "Mozilla/5.0 (Windows NT 10.0; Win64; x64) AppleWebKit/537.36 (KHTML, like Gecko) Chrome/133.0.0.0 Safari/537.36"
152.59.85.14 - - [18/Feb/2025:09:57:29 +0530] "POST /wp-admin/admin-ajax.php HTTP/1.1" 200 87 "https://www.freejobalerts.guru/wp-admin/plugins.php" "Mozilla/5.0 (Windows NT 10.0; Win64; x64) AppleWebKit/537.36 (KHTML, like Gecko) Chrome/133.0.0.0 Safari/537.36"
152.59.85.14 - - [18/Feb/2025:09:57:35 +0530] "POST /wp-admin/plugins.php HTTP/1.1" 302 0 "https://www.freejobalerts.guru/wp-admin/plugins.php" "Mozilla/5.0 (Windows NT 10.0; Win64; x64) AppleWebKit/537.36 (KHTML, like Gecko) Chrome/133.0.0.0 Safari/537.36"
152.59.85.14 - - [18/Feb/2025:09:57:35 +0530] "GET /wp-admin/plugins.php?deactivate-multi=true&plugin_status=all&paged=1&s= HTTP/1.1" 200 11456 "https://www.freejobalerts.guru/wp-admin/plugins.php" "Mozilla/5.0 (Windows NT 10.0; Win64; x64) AppleWebKit/537.36 (KHTML, like Gecko) Chrome/133.0.0.0 Safari/537.36"
152.59.85.14 - - [18/Feb/2025:09:57:38 +0530] "POST /wp-admin/admin-ajax.php HTTP/1.1" 200 89 "https://www.freejobalerts.guru/wp-admin/plugins.php?plugin_status=all&paged=1&s" "Mozilla/5.0 (Windows NT 10.0; Win64; x64) AppleWebKit/537.36 (KHTML, like Gecko) Chrome/133.0.0.0 Safari/537.36"
152.59.85.14 - - [18/Feb/2025:09:57:40 +0530] "POST /wp-admin/admin-ajax.php HTTP/1.1" 200 86 "https://www.freejobalerts.guru/wp-admin/plugins.php?plugin_status=all&paged=1&s" "Mozilla/5.0 (Windows NT 10.0; Win64; x64) AppleWebKit/537.36 (KHTML, like Gecko) Chrome/133.0.0.0 Safari/537.36"
152.59.85.14 - - [18/Feb/2025:09:57:43 +0530] "POST /wp-admin/admin-ajax.php HTTP/1.1" 200 110 "https://www.freejobalerts.guru/wp-admin/plugins.php?plugin_status=all&paged=1&s" "Mozilla/5.0 (Windows NT 10.0; Win64; x64) AppleWebKit/537.36 (KHTML, like Gecko) Chrome/133.0.0.0 Safari/537.36"
152.59.85.14 - - [18/Feb/2025:09:57:45 +0530] "GET /wp-admin/plugin-install.php HTTP/1.1" 200 11482 "https://www.freejobalerts.guru/wp-admin/plugins.php?plugin_status=all&paged=1&s" "Mozilla/5.0 (Windows NT 10.0; Win64; x64) AppleWebKit/537.36 (KHTML, like Gecko) Chrome/133.0.0.0 Safari/537.36"
152.59.85.14 - - [18/Feb/2025:09:51:20 +0530] "GET /wp-admin/post.php?post=40&action=edit&message=4 HTTP/2" 200 87764 "https://www.freejobalerts.guru/wp-admin/post.php?post=40&action=edit" "Mozilla/5.0 (Windows NT 10.0; Win64; x64) AppleWebKit/537.36 (KHTML, like Gecko) Chrome/133.0.0.0 Safari/537.36"
152.59.85.14 - - [18/Feb/2025:09:53:24 +0530] "POST /wp-admin/admin-ajax.php HTTP/2" 200 79 "https://www.freejobalerts.guru/wp-admin/post.php?post=40&action=edit" "Mozilla/5.0 (Windows NT 10.0; Win64; x64) AppleWebKit/537.36 (KHTML, like Gecko) Chrome/133.0.0.0 Safari/537.36"
152.59.85.14 - - [18/Feb/2025:09:53:55 +0530] "POST /wp-admin/admin-ajax.php HTTP/2" 200 79 "https://www.freejobalerts.guru/wp-admin/post.php?post=40&action=edit" "Mozilla/5.0 (Windows NT 10.0; Win64; x64) AppleWebKit/537.36 (KHTML, like Gecko) Chrome/133.0.0.0 Safari/537.36"
152.59.85.14 - - [18/Feb/2025:09:54:06 +0530] "POST /wp-admin/admin-ajax.php HTTP/2" 200 79 "https://www.freejobalerts.guru/wp-admin/post.php?post=40&action=edit" "Mozilla/5.0 (Windows NT 10.0; Win64; x64) AppleWebKit/537.36 (KHTML, like Gecko) Chrome/133.0.0.0 Safari/537.36"
5.9.50.77 - - [18/Feb/2025:10:01:41 +0530] "GET / HTTP/1.1" 301 0 "-" "Mozilla/5.0 (Windows NT 10.0; Win64; x64) AppleWebKit/537.36 (KHTML, like Gecko) Chrome/130.0.0.0 Safari/537.36"
195.201.168.79 - - [18/Feb/2025:10:01:56 +0530] "GET /wp-content/themes/generatepress/assets/css/main.min.css?ver=3.5.1 HTTP/1.1" 200 4410 "-" "Mozilla/5.0 (Windows NT 10.0; Win64; x64) AppleWebKit/537.36 (KHTML, like Gecko) Chrome/120.0.0.0 Safari/537.36"
152.59.85.14 - - [18/Feb/2025:10:08:50 +0530] "POST /wp-admin/admin-ajax.php HTTP/2" 200 51 "https://www.freejobalerts.guru/wp-admin/plugin-install.php?s=&tab=search&type=term" "Mozilla/5.0 (Windows NT 10.0; Win64; x64) AppleWebKit/537.36 (KHTML, like Gecko) Chrome/133.0.0.0 Safari/537.36"
152.59.85.14 - - [18/Feb/2025:10:09:50 +0530] "POST /wp-admin/admin-ajax.php HTTP/2" 200 51 "https://www.freejobalerts.guru/wp-admin/plugin-install.php?s=&tab=search&type=term" "Mozilla/5.0 (Windows NT 10.0; Win64; x64) AppleWebKit/537.36 (KHTML, like Gecko) Chrome/133.0.0.0 Safari/537.36"
152.59.85.14 - - [18/Feb/2025:10:10:50 +0530] "POST /wp-admin/admin-ajax.php HTTP/2" 200 51 "https://www.freejobalerts.guru/wp-admin/plugin-install.php?s=&tab=search&type=term" "Mozilla/5.0 (Windows NT 10.0; Win64; x64) AppleWebKit/537.36 (KHTML, like Gecko) Chrome/133.0.0.0 Safari/537.36"
152.59.85.14 - - [18/Feb/2025:10:11:50 +0530] "POST /wp-admin/admin-ajax.php HTTP/2" 200 51 "https://www.freejobalerts.guru/wp-admin/plugin-install.php?s=&tab=search&type=term" "Mozilla/5.0 (Windows NT 10.0; Win64; x64) AppleWebKit/537.36 (KHTML, like Gecko) Chrome/133.0.0.0 Safari/537.36"
152.59.85.14 - - [18/Feb/2025:10:12:50 +0530] "POST /wp-admin/admin-ajax.php HTTP/2" 200 51 "https://www.freejobalerts.guru/wp-admin/plugin-install.php?s=&tab=search&type=term" "Mozilla/5.0 (Windows NT 10.0; Win64; x64) AppleWebKit/537.36 (KHTML, like Gecko) Chrome/133.0.0.0 Safari/537.36"
152.59.85.14 - - [18/Feb/2025:10:13:50 +0530] "POST /wp-admin/admin-ajax.php HTTP/2" 200 51 "https://www.freejobalerts.guru/wp-admin/plugin-install.php?s=&tab=search&type=term" "Mozilla/5.0 (Windows NT 10.0; Win64; x64) AppleWebKit/537.36 (KHTML, like Gecko) Chrome/133.0.0.0 Safari/537.36"
152.59.85.14 - - [18/Feb/2025:10:14:50 +0530] "POST /wp-admin/admin-ajax.php HTTP/2" 200 51 "https://www.freejobalerts.guru/wp-admin/plugin-install.php?s=&tab=search&type=term" "Mozilla/5.0 (Windows NT 10.0; Win64; x64) AppleWebKit/537.36 (KHTML, like Gecko) Chrome/133.0.0.0 Safari/537.36"
152.59.85.14 - - [18/Feb/2025:10:15:50 +0530] "POST /wp-admin/admin-ajax.php HTTP/2" 200 51 "https://www.freejobalerts.guru/wp-admin/plugin-install.php?s=&tab=search&type=term" "Mozilla/5.0 (Windows NT 10.0; Win64; x64) AppleWebKit/537.36 (KHTML, like Gecko) Chrome/133.0.0.0 Safari/537.36"
152.59.85.14 - - [18/Feb/2025:09:55:34 +0530] "POST /wp-admin/admin-ajax.php HTTP/2" 200 79 "https://www.freejobalerts.guru/wp-admin/post.php?post=40&action=edit" "Mozilla/5.0 (Windows NT 10.0; Win64; x64) AppleWebKit/537.36 (KHTML, like Gecko) Chrome/133.0.0.0 Safari/537.36"
152.59.85.14 - - [18/Feb/2025:09:55:38 +0530] "POST /wp-admin/admin-ajax.php HTTP/2" 200 1144 "https://www.freejobalerts.guru/wp-admin/post.php?post=40&action=edit" "Mozilla/5.0 (Windows NT 10.0; Win64; x64) AppleWebKit/537.36 (KHTML, like Gecko) Chrome/133.0.0.0 Safari/537.36"
195.201.168.79 - - [18/Feb/2025:10:01:57 +0530] "GET / HTTP/2" 200 9765 "-" "Mozilla/5.0 (Windows NT 10.0; Win64; x64) AppleWebKit/537.36 (KHTML, like Gecko) Chrome/120.0.0.0 Safari/537.36"
195.201.168.79 - - [18/Feb/2025:10:01:57 +0530] "GET /wp-includes/css/dist/block-library/style.min.css?ver=6.7.2 HTTP/2" 200 14225 "https://www.freejobalerts.guru/" "Mozilla/5.0 (Windows NT 10.0; Win64; x64) AppleWebKit/537.36 (KHTML, like Gecko) Chrome/120.0.0.0 Safari/537.36"
195.201.168.79 - - [18/Feb/2025:10:01:57 +0530] "GET /wp-content/themes/generatepress/assets/css/main.min.css?ver=3.5.1 HTTP/2" 200 4410 "https://www.freejobalerts.guru/" "Mozilla/5.0 (Windows NT 10.0; Win64; x64) AppleWebKit/537.36 (KHTML, like Gecko) Chrome/120.0.0.0 Safari/537.36"
195.201.168.79 - - [18/Feb/2025:10:01:57 +0530] "GET /wp-content/plugins/gp-premium/blog/functions/css/featured-images.min.css?ver=2.0.2 HTTP/2" 200 431 "https://www.freejobalerts.guru/" "Mozilla/5.0 (Windows NT 10.0; Win64; x64) AppleWebKit/537.36 (KHTML, like Gecko) Chrome/120.0.0.0 Safari/537.36"
195.201.168.79 - - [18/Feb/2025:10:01:57 +0530] "GET /wp-content/themes/generatepress/assets/js/menu.min.js?ver=3.5.1 HTTP/2" 200 1678 "https://www.freejobalerts.guru/" "Mozilla/5.0 (Windows NT 10.0; Win64; x64) AppleWebKit/537.36 (KHTML, like Gecko) Chrome/120.0.0.0 Safari/537.36"
152.59.85.14 - - [18/Feb/2025:10:01:13 +0530] "POST /wp-admin/admin-ajax.php HTTP/1.1" 200 239 "https://www.freejobalerts.guru/wp-admin/plugin-install.php?s=&tab=search&type=term" "Mozilla/5.0 (Windows NT 10.0; Win64; x64) AppleWebKit/537.36 (KHTML, like Gecko) Chrome/133.0.0.0 Safari/537.36"
152.59.85.14 - - [18/Feb/2025:10:02:50 +0530] "POST /wp-admin/admin-ajax.php HTTP/1.1" 200 51 "https://www.freejobalerts.guru/wp-admin/plugin-install.php?s=&tab=search&type=term" "Mozilla/5.0 (Windows NT 10.0; Win64; x64) AppleWebKit/537.36 (KHTML, like Gecko) Chrome/133.0.0.0 Safari/537.36"
152.59.85.14 - - [18/Feb/2025:10:02:38 +0530] "POST /wp-admin/admin-ajax.php HTTP/1.1" 200 234 "https://www.freejobalerts.guru/wp-admin/plugin-install.php?s=&tab=search&type=term" "Mozilla/5.0 (Windows NT 10.0; Win64; x64) AppleWebKit/537.36 (KHTML, like Gecko) Chrome/133.0.0.0 Safari/537.36"
162.55.100.32 - - [18/Feb/2025:09:48:57 +0530] "HEAD /wp-content/uploads/2025/02/image-1024x563.jpeg HTTP/1.1" 200 0 "-" "WordPress/6.7.2; https://www.freejobalerts.guru"
195.201.168.79 - - [18/Feb/2025:10:01:57 +0530] "GET /wp-includes/js/wp-emoji-release.min.js?ver=6.7.2 HTTP/1.1" 200 4676 "https://www.freejobalerts.guru/" "Mozilla/5.0 (Windows NT 10.0; Win64; x64) AppleWebKit/537.36 (KHTML, like Gecko) Chrome/120.0.0.0 Safari/537.36"
152.59.85.14 - - [18/Feb/2025:09:55:54 +0530] "POST /wp-admin/admin-ajax.php HTTP/1.1" 200 79 "https://www.freejobalerts.guru/wp-admin/post.php?post=40&action=edit" "Mozilla/5.0 (Windows NT 10.0; Win64; x64) AppleWebKit/537.36 (KHTML, like Gecko) Chrome/133.0.0.0 Safari/537.36"
152.59.85.14 - - [18/Feb/2025:09:55:57 +0530] "POST /wp-json/wp/v2/posts/40?_locale=user HTTP/1.1" 200 14234 "https://www.freejobalerts.guru/wp-admin/post.php?post=40&action=edit" "Mozilla/5.0 (Windows NT 10.0; Win64; x64) AppleWebKit/537.36 (KHTML, like Gecko) Chrome/133.0.0.0 Safari/537.36"
152.59.85.14 - - [18/Feb/2025:09:55:57 +0530] "POST /wp-admin/post.php?post=40&action=edit&meta-box-loader=1&meta-box-loader-nonce=98780def80&_locale=user HTTP/1.1" 302 0 "https://www.freejobalerts.guru/wp-admin/post.php?post=40&action=edit" "Mozilla/5.0 (Windows NT 10.0; Win64; x64) AppleWebKit/537.36 (KHTML, like Gecko) Chrome/133.0.0.0 Safari/537.36"
152.59.85.14 - - [18/Feb/2025:09:55:58 +0530] "GET /wp-admin/post.php?post=40&action=edit&message=4 HTTP/1.1" 200 74606 "https://www.freejobalerts.guru/wp-admin/post.php?post=40&action=edit" "Mozilla/5.0 (Windows NT 10.0; Win64; x64) AppleWebKit/537.36 (KHTML, like Gecko) Chrome/133.0.0.0 Safari/537.36"
152.59.85.14 - - [18/Feb/2025:09:56:01 +0530] "POST /wp-admin/admin-ajax.php HTTP/1.1" 200 5 "https://www.freejobalerts.guru/wp-admin/post.php?post=40&action=edit" "Mozilla/5.0 (Windows NT 10.0; Win64; x64) AppleWebKit/537.36 (KHTML, like Gecko) Chrome/133.0.0.0 Safari/537.36"
152.59.85.14 - - [18/Feb/2025:09:56:01 +0530] "GET /free-job-alert-all-india-govt-job-alert-2025/ HTTP/1.1" 200 22070 "https://www.freejobalerts.guru/wp-admin/post.php?post=40&action=edit" "Mozilla/5.0 (Windows NT 10.0; Win64; x64) AppleWebKit/537.36 (KHTML, like Gecko) Chrome/133.0.0.0 Safari/537.36"
152.59.85.14 - - [18/Feb/2025:09:56:02 +0530] "GET /wp-content/uploads/2025/02/freejobalerts.guru_.png HTTP/1.1" 200 372627 "https://www.freejobalerts.guru/free-job-alert-all-india-govt-job-alert-2025/" "Mozilla/5.0 (Windows NT 10.0; Win64; x64) AppleWebKit/537.36 (KHTML, like Gecko) Chrome/133.0.0.0 Safari/537.36"
152.59.85.14 - - [18/Feb/2025:09:56:11 +0530] "GET /wp-content/uploads/2025/02/image-1.jpeg HTTP/1.1" 200 101574 "https://www.freejobalerts.guru/free-job-alert-all-india-govt-job-alert-2025/" "Mozilla/5.0 (Windows NT 10.0; Win64; x64) AppleWebKit/537.36 (KHTML, like Gecko) Chrome/133.0.0.0 Safari/537.36"
152.59.85.14 - - [18/Feb/2025:10:06:51 +0530] "POST /wp-admin/admin-ajax.php HTTP/2" 200 51 "https://www.freejobalerts.guru/wp-admin/plugin-install.php?s=&tab=search&type=term" "Mozilla/5.0 (Windows NT 10.0; Win64; x64) AppleWebKit/537.36 (KHTML, like Gecko) Chrome/133.0.0.0 Safari/537.36"
152.59.85.14 - - [18/Feb/2025:10:21:52 +0530] "POST /wp-admin/admin-ajax.php HTTP/2" 200 51 "https://www.freejobalerts.guru/wp-admin/plugin-install.php?s=&tab=search&type=term" "Mozilla/5.0 (Windows NT 10.0; Win64; x64) AppleWebKit/537.36 (KHTML, like Gecko) Chrome/133.0.0.0 Safari/537.36"
141.148.153.213 - - [18/Feb/2025:09:48:57 +0530] "GET / HTTP/1.1" 200 38093 "-" "Mozilla/5.0 (iPhone; CPU iPhone OS 17_0 like Mac OS X) AppleWebKit/605.1.15 (KHTML, like Gecko) Version/17.0 Mobile/15E148 Safari/604.1"
141.148.153.213 - - [18/Feb/2025:09:48:58 +0530] "GET /favicon.ico HTTP/1.1" 404 1251 "-" "Mozilla/5.0 (iPhone; CPU iPhone OS 17_0 like Mac OS X) AppleWebKit/605.1.15 (KHTML, like Gecko) Version/17.0 Mobile/15E148 Safari/604.1"
141.148.153.213 - - [18/Feb/2025:09:48:58 +0530] "GET / HTTP/2" 200 9428 "-" "Mozilla/5.0 (iPhone; CPU iPhone OS 16_0 like Mac OS X) AppleWebKit/605.1.15 (KHTML, like Gecko) Version/18.2 Mobile/15E148 Safari/604.1"
141.148.153.213 - - [18/Feb/2025:09:48:59 +0530] "GET /wp-content/themes/generatepress/assets/css/main.min.css?ver=3.5.1 HTTP/2" 200 4410 "https://freejobalerts.sarkariyojanaguru.xyz/" "Mozilla/5.0 (iPhone; CPU iPhone OS 16_0 like Mac OS X) AppleWebKit/605.1.15 (KHTML, like Gecko) Version/18.2 Mobile/15E148 Safari/604.1"
141.148.153.213 - - [18/Feb/2025:09:48:59 +0530] "GET /wp-content/plugins/gp-premium/blog/functions/css/featured-images.min.css?ver=2.0.2 HTTP/2" 200 431 "https://freejobalerts.sarkariyojanaguru.xyz/" "Mozilla/5.0 (iPhone; CPU iPhone OS 16_0 like Mac OS X) AppleWebKit/605.1.15 (KHTML, like Gecko) Version/18.2 Mobile/15E148 Safari/604.1"
141.148.153.213 - - [18/Feb/2025:09:48:59 +0530] "GET /wp-includes/css/dist/block-library/style.min.css?ver=6.7.2 HTTP/2" 200 14225 "https://freejobalerts.sarkariyojanaguru.xyz/" "Mozilla/5.0 (iPhone; CPU iPhone OS 16_0 like Mac OS X) AppleWebKit/605.1.15 (KHTML, like Gecko) Version/18.2 Mobile/15E148 Safari/604.1"
141.148.153.213 - - [18/Feb/2025:09:48:59 +0530] "GET /wp-content/themes/generatepress/assets/js/menu.min.js?ver=3.5.1 HTTP/2" 200 1678 "https://freejobalerts.sarkariyojanaguru.xyz/" "Mozilla/5.0 (iPhone; CPU iPhone OS 16_0 like Mac OS X) AppleWebKit/605.1.15 (KHTML, like Gecko) Version/18.2 Mobile/15E148 Safari/604.1"
141.148.153.213 - - [18/Feb/2025:09:48:59 +0530] "GET /wp-content/uploads/2025/02/sd-sdsdfs.png HTTP/2" 200 25553 "https://freejobalerts.sarkariyojanaguru.xyz/" "Mozilla/5.0 (iPhone; CPU iPhone OS 16_0 like Mac OS X) AppleWebKit/605.1.15 (KHTML, like Gecko) Version/18.2 Mobile/15E148 Safari/604.1"
141.148.153.213 - - [18/Feb/2025:09:49:00 +0530] "GET /favicon.ico HTTP/1.1" 404 1251 "-" "Mozilla/5.0 (iPhone; CPU iPhone OS 17_0 like Mac OS X) AppleWebKit/605.1.15 (KHTML, like Gecko) Version/17.0 Mobile/15E148 Safari/604.1"
162.55.100.32 - - [18/Feb/2025:09:53:26 +0530] "HEAD /wp-content/uploads/2025/02/image-2-1024x563.jpeg HTTP/1.1" 200 0 "-" "WordPress/6.7.2; https://www.freejobalerts.guru"
162.55.100.32 - - [18/Feb/2025:09:55:57 +0530] "POST /wp-cron.php?doing_wp_cron=1739852757.7380781173706054687500 HTTP/1.1" 200 0 "-" "WordPress/6.7.2; https://www.freejobalerts.guru"
162.55.100.32 - - [18/Feb/2025:09:55:59 +0530] "HEAD /wp-content/uploads/2025/02/image-1-1024x563.jpeg HTTP/1.1" 200 0 "-" "WordPress/6.7.2; https://www.freejobalerts.guru"
152.59.85.14 - - [18/Feb/2025:10:23:54 +0530] "POST /wp-admin/admin-ajax.php HTTP/2" 200 51 "https://www.freejobalerts.guru/wp-admin/plugin-install.php?s=&tab=search&type=term" "Mozilla/5.0 (Windows NT 10.0; Win64; x64) AppleWebKit/537.36 (KHTML, like Gecko) Chrome/133.0.0.0 Safari/537.36"
152.59.85.14 - - [18/Feb/2025:09:57:47 +0530] "GET /wp-admin/plugin-install.php?tab=popular HTTP/1.1" 200 17423 "https://www.freejobalerts.guru/wp-admin/plugin-install.php" "Mozilla/5.0 (Windows NT 10.0; Win64; x64) AppleWebKit/537.36 (KHTML, like Gecko) Chrome/133.0.0.0 Safari/537.36"
152.59.85.14 - - [18/Feb/2025:09:57:51 +0530] "POST /wp-admin/admin-ajax.php HTTP/1.1" 200 127 "https://www.freejobalerts.guru/wp-admin/plugin-install.php?tab=popular" "Mozilla/5.0 (Windows NT 10.0; Win64; x64) AppleWebKit/537.36 (KHTML, like Gecko) Chrome/133.0.0.0 Safari/537.36"
152.59.85.14 - - [18/Feb/2025:09:58:50 +0530] "POST /wp-admin/admin-ajax.php HTTP/1.1" 200 51 "https://www.freejobalerts.guru/wp-admin/plugin-install.php?s=header&tab=search&type=term" "Mozilla/5.0 (Windows NT 10.0; Win64; x64) AppleWebKit/537.36 (KHTML, like Gecko) Chrome/133.0.0.0 Safari/537.36"
152.59.85.14 - - [18/Feb/2025:09:58:31 +0530] "POST /wp-admin/admin-ajax.php HTTP/1.1" 200 0 "https://www.freejobalerts.guru/wp-admin/plugin-install.php?s=header&tab=search&type=term" "Mozilla/5.0 (Windows NT 10.0; Win64; x64) AppleWebKit/537.36 (KHTML, like Gecko) Chrome/133.0.0.0 Safari/537.36"
152.59.85.14 - - [18/Feb/2025:09:58:53 +0530] "POST /wp-admin/admin-ajax.php HTTP/1.1" 200 9261 "https://www.freejobalerts.guru/wp-admin/plugin-install.php?s=&tab=search&type=term" "Mozilla/5.0 (Windows NT 10.0; Win64; x64) AppleWebKit/537.36 (KHTML, like Gecko) Chrome/133.0.0.0 Safari/537.36"
152.59.85.14 - - [18/Feb/2025:09:59:50 +0530] "POST /wp-admin/admin-ajax.php HTTP/1.1" 200 51 "https://www.freejobalerts.guru/wp-admin/plugin-install.php?s=&tab=search&type=term" "Mozilla/5.0 (Windows NT 10.0; Win64; x64) AppleWebKit/537.36 (KHTML, like Gecko) Chrome/133.0.0.0 Safari/537.36"
152.59.85.14 - - [18/Feb/2025:09:58:32 +0530] "POST /wp-admin/admin-ajax.php HTTP/1.1" 200 240 "https://www.freejobalerts.guru/wp-admin/plugin-install.php?s=header&tab=search&type=term" "Mozilla/5.0 (Windows NT 10.0; Win64; x64) AppleWebKit/537.36 (KHTML, like Gecko) Chrome/133.0.0.0 Safari/537.36"
152.59.85.14 - - [18/Feb/2025:10:00:50 +0530] "POST /wp-admin/admin-ajax.php HTTP/1.1" 200 51 "https://www.freejobalerts.guru/wp-admin/plugin-install.php?s=&tab=search&type=term" "Mozilla/5.0 (Windows NT 10.0; Win64; x64) AppleWebKit/537.36 (KHTML, like Gecko) Chrome/133.0.0.0 Safari/537.36"
152.59.85.14 - - [18/Feb/2025:09:59:57 +0530] "POST /wp-admin/admin-ajax.php HTTP/1.1" 200 238 "https://www.freejobalerts.guru/wp-admin/plugin-install.php?s=&tab=search&type=term" "Mozilla/5.0 (Windows NT 10.0; Win64; x64) AppleWebKit/537.36 (KHTML, like Gecko) Chrome/133.0.0.0 Safari/537.36"
152.59.85.14 - - [18/Feb/2025:10:04:50 +0530] "POST /wp-admin/admin-ajax.php HTTP/1.1" 200 51 "https://www.freejobalerts.guru/wp-admin/plugin-install.php?s=&tab=search&type=term" "Mozilla/5.0 (Windows NT 10.0; Win64; x64) AppleWebKit/537.36 (KHTML, like Gecko) Chrome/133.0.0.0 Safari/537.36"
162.55.100.32 - - [18/Feb/2025:09:53:24 +0530] "POST /wp-cron.php?doing_wp_cron=1739852604.5821559429168701171875 HTTP/1.1" 200 0 "-" "WordPress/6.7.2; https://www.freejobalerts.guru"
162.55.100.32 - - [18/Feb/2025:09:55:59 +0530] "HEAD /wp-content/uploads/2025/02/image-2-1024x563.jpeg HTTP/1.1" 200 0 "-" "WordPress/6.7.2; https://www.freejobalerts.guru"
5.9.50.77 - - [18/Feb/2025:10:01:41 +0530] "GET / HTTP/1.1" 200 9765 "-" "Mozilla/5.0 (Windows NT 10.0; Win64; x64) AppleWebKit/537.36 (KHTML, like Gecko) Chrome/130.0.0.0 Safari/537.36"
195.201.168.79 - - [18/Feb/2025:10:01:56 +0530] "GET /wp-content/plugins/gp-premium/blog/functions/css/featured-images.min.css?ver=2.0.2 HTTP/1.1" 200 431 "-" "Mozilla/5.0 (Windows NT 10.0; Win64; x64) AppleWebKit/537.36 (KHTML, like Gecko) Chrome/120.0.0.0 Safari/537.36"
152.59.85.14 - - [18/Feb/2025:09:37:51 +0530] "POST /wp-admin/admin-ajax.php HTTP/2" 200 79 "https://www.freejobalerts.guru/wp-admin/post-new.php" "Mozilla/5.0 (Windows NT 10.0; Win64; x64) AppleWebKit/537.36 (KHTML, like Gecko) Chrome/133.0.0.0 Safari/537.36"
162.55.100.32 - - [18/Feb/2025:09:55:58 +0530] "HEAD /wp-content/uploads/2025/02/image-1024x563.jpeg HTTP/1.1" 200 0 "-" "WordPress/6.7.2; https://www.freejobalerts.guru"
162.55.100.32 - - [18/Feb/2025:09:57:45 +0530] "POST /wp-cron.php?doing_wp_cron=1739852865.6832509040832519531250 HTTP/1.1" 200 0 "-" "WordPress/6.7.2; https://www.freejobalerts.guru"
195.201.168.79 - - [18/Feb/2025:10:01:56 +0530] "GET / HTTP/1.1" 200 9765 "-" "Mozilla/5.0 (Macintosh; Intel Mac OS X 10_15_7) AppleWebKit/605.1.15 (KHTML, like Gecko) Version/16.6 Safari/605.1.15"
195.201.168.79 - - [18/Feb/2025:10:01:56 +0530] "GET /wp-includes/css/dist/block-library/style.min.css?ver=6.7.2 HTTP/1.1" 200 14225 "-" "Mozilla/5.0 (Windows NT 10.0; Win64; x64) AppleWebKit/537.36 (KHTML, like Gecko) Chrome/120.0.0.0 Safari/537.36"
23.27.145.166 - - [18/Feb/2025:10:26:06 +0530] "GET / HTTP/1.1" 301 0 "-" "Mozilla/5.0 (X11; Linux i686; rv:109.0) Gecko/20100101 Firefox/120.0"
23.27.145.166 - - [18/Feb/2025:10:26:07 +0530] "GET / HTTP/1.1" 200 10760 "-" "Mozilla/5.0 (X11; Linux i686; rv:109.0) Gecko/20100101 Firefox/120.0"
152.59.85.14 - - [18/Feb/2025:10:16:50 +0530] "POST /wp-admin/admin-ajax.php HTTP/2" 200 51 "https://www.freejobalerts.guru/wp-admin/plugin-install.php?s=&tab=search&type=term" "Mozilla/5.0 (Windows NT 10.0; Win64; x64) AppleWebKit/537.36 (KHTML, like Gecko) Chrome/133.0.0.0 Safari/537.36"
152.59.85.14 - - [18/Feb/2025:10:17:50 +0530] "POST /wp-admin/admin-ajax.php HTTP/2" 200 51 "https://www.freejobalerts.guru/wp-admin/plugin-install.php?s=&tab=search&type=term" "Mozilla/5.0 (Windows NT 10.0; Win64; x64) AppleWebKit/537.36 (KHTML, like Gecko) Chrome/133.0.0.0 Safari/537.36"
152.59.85.14 - - [18/Feb/2025:10:18:50 +0530] "POST /wp-admin/admin-ajax.php HTTP/2" 200 51 "https://www.freejobalerts.guru/wp-admin/plugin-install.php?s=&tab=search&type=term" "Mozilla/5.0 (Windows NT 10.0; Win64; x64) AppleWebKit/537.36 (KHTML, like Gecko) Chrome/133.0.0.0 Safari/537.36"
152.59.85.14 - - [18/Feb/2025:10:19:51 +0530] "POST /wp-admin/admin-ajax.php HTTP/2" 200 51 "https://www.freejobalerts.guru/wp-admin/plugin-install.php?s=&tab=search&type=term" "Mozilla/5.0 (Windows NT 10.0; Win64; x64) AppleWebKit/537.36 (KHTML, like Gecko) Chrome/133.0.0.0 Safari/537.36"
152.59.85.14 - - [18/Feb/2025:10:40:07 +0530] "POST /wp-admin/admin-ajax.php HTTP/2" 200 51 "https://www.freejobalerts.guru/wp-admin/plugin-install.php?s=&tab=search&type=term" "Mozilla/5.0 (Windows NT 10.0; Win64; x64) AppleWebKit/537.36 (KHTML, like Gecko) Chrome/133.0.0.0 Safari/537.36"
152.59.85.14 - - [18/Feb/2025:10:39:11 +0530] "GET /wp-admin/plugin-install.php?s=&tab=search&type=term HTTP/2" 200 0 "https://www.freejobalerts.guru/wp-admin/plugin-install.php" "Mozilla/5.0 (Windows NT 10.0; Win64; x64) AppleWebKit/537.36 (KHTML, like Gecko) Chrome/133.0.0.0 Safari/537.36"
152.59.85.14 - - [18/Feb/2025:10:40:11 +0530] "GET /wp-admin/edit.php HTTP/2" 200 12458 "https://www.freejobalerts.guru/wp-admin/plugin-install.php?s=&tab=search&type=term" "Mozilla/5.0 (Windows NT 10.0; Win64; x64) AppleWebKit/537.36 (KHTML, like Gecko) Chrome/133.0.0.0 Safari/537.36"
152.59.85.14 - - [18/Feb/2025:10:40:12 +0530] "POST /wp-admin/admin-ajax.php HTTP/2" 200 51 "https://www.freejobalerts.guru/wp-admin/edit.php" "Mozilla/5.0 (Windows NT 10.0; Win64; x64) AppleWebKit/537.36 (KHTML, like Gecko) Chrome/133.0.0.0 Safari/537.36"
152.59.85.14 - - [18/Feb/2025:10:44:19 +0530] "GET /wp-admin/options-general.php HTTP/2" 200 31927 "https://www.freejobalerts.guru/wp-admin/plugin-install.php?tab=popular" "Mozilla/5.0 (Windows NT 10.0; Win64; x64) AppleWebKit/537.36 (KHTML, like Gecko) Chrome/133.0.0.0 Safari/537.36"
152.59.85.14 - - [18/Feb/2025:10:44:20 +0530] "GET /wp-admin/load-styles.php?c=1&dir=ltr&load%5Bchunk_0%5D=media-views&ver=6.7.2 HTTP/2" 200 9159 "https://www.freejobalerts.guru/wp-admin/options-general.php" "Mozilla/5.0 (Windows NT 10.0; Win64; x64) AppleWebKit/537.36 (KHTML, like Gecko) Chrome/133.0.0.0 Safari/537.36"
152.59.85.14 - - [18/Feb/2025:10:44:20 +0530] "GET /wp-admin/js/site-icon.js?ver=6.7.2 HTTP/2" 200 1769 "https://www.freejobalerts.guru/wp-admin/options-general.php" "Mozilla/5.0 (Windows NT 10.0; Win64; x64) AppleWebKit/537.36 (KHTML, like Gecko) Chrome/133.0.0.0 Safari/537.36"
152.59.85.14 - - [18/Feb/2025:10:44:43 +0530] "GET /wp-admin/options-discussion.php HTTP/2" 200 9027 "https://www.freejobalerts.guru/wp-admin/options-reading.php" "Mozilla/5.0 (Windows NT 10.0; Win64; x64) AppleWebKit/537.36 (KHTML, like Gecko) Chrome/133.0.0.0 Safari/537.36"
152.59.85.14 - - [18/Feb/2025:10:44:27 +0530] "GET /wp-admin/options-writing.php HTTP/2" 200 7948 "https://www.freejobalerts.guru/wp-admin/options-general.php" "Mozilla/5.0 (Windows NT 10.0; Win64; x64) AppleWebKit/537.36 (KHTML, like Gecko) Chrome/133.0.0.0 Safari/537.36"
152.59.85.14 - - [18/Feb/2025:10:44:27 +0530] "GET /wp-admin/js/password-strength-meter.min.js?ver=6.7.2 HTTP/2" 200 558 "https://www.freejobalerts.guru/wp-admin/options-writing.php" "Mozilla/5.0 (Windows NT 10.0; Win64; x64) AppleWebKit/537.36 (KHTML, like Gecko) Chrome/133.0.0.0 Safari/537.36"
152.59.85.14 - - [18/Feb/2025:10:44:27 +0530] "GET /wp-admin/js/user-profile.min.js?ver=6.7.2 HTTP/2" 200 2388 "https://www.freejobalerts.guru/wp-admin/options-writing.php" "Mozilla/5.0 (Windows NT 10.0; Win64; x64) AppleWebKit/537.36 (KHTML, like Gecko) Chrome/133.0.0.0 Safari/537.36"
152.59.85.14 - - [18/Feb/2025:10:44:27 +0530] "GET /wp-admin/load-scripts.php?c=1&load%5Bchunk_0%5D=jquery-core,jquery-migrate,utils,zxcvbn-async&ver=6.7.2 HTTP/2" 200 36232 "https://www.freejobalerts.guru/wp-admin/options-writing.php" "Mozilla/5.0 (Windows NT 10.0; Win64; x64) AppleWebKit/537.36 (KHTML, like Gecko) Chrome/133.0.0.0 Safari/537.36"
152.59.85.14 - - [18/Feb/2025:10:44:28 +0530] "GET /wp-includes/js/zxcvbn.min.js HTTP/2" 200 389493 "https://www.freejobalerts.guru/wp-admin/options-writing.php" "Mozilla/5.0 (Windows NT 10.0; Win64; x64) AppleWebKit/537.36 (KHTML, like Gecko) Chrome/133.0.0.0 Safari/537.36"
152.59.85.14 - - [18/Feb/2025:10:44:52 +0530] "GET /wp-admin/profile.php HTTP/2" 200 14309 "https://www.freejobalerts.guru/wp-admin/options-discussion.php" "Mozilla/5.0 (Windows NT 10.0; Win64; x64) AppleWebKit/537.36 (KHTML, like Gecko) Chrome/133.0.0.0 Safari/537.36"
152.59.85.14 - - [18/Feb/2025:10:44:52 +0530] "GET /wp-admin/js/application-passwords.min.js?ver=6.7.2 HTTP/2" 200 999 "https://www.freejobalerts.guru/wp-admin/profile.php" "Mozilla/5.0 (Windows NT 10.0; Win64; x64) AppleWebKit/537.36 (KHTML, like Gecko) Chrome/133.0.0.0 Safari/537.36"
162.55.100.32 - - [18/Feb/2025:10:40:15 +0530] "POST /wp-cron.php?doing_wp_cron=1739855415.9677450656890869140625 HTTP/1.1" 200 0 "-" "WordPress/6.7.2; https://www.freejobalerts.guru"
152.59.85.14 - - [18/Feb/2025:10:40:15 +0530] "GET /wp-admin/plugins.php HTTP/2" 200 10236 "https://www.freejobalerts.guru/wp-admin/edit.php" "Mozilla/5.0 (Windows NT 10.0; Win64; x64) AppleWebKit/537.36 (KHTML, like Gecko) Chrome/133.0.0.0 Safari/537.36"
152.59.85.14 - - [18/Feb/2025:10:40:17 +0530] "GET /wp-admin/plugin-install.php HTTP/2" 200 14119 "https://www.freejobalerts.guru/wp-admin/plugins.php" "Mozilla/5.0 (Windows NT 10.0; Win64; x64) AppleWebKit/537.36 (KHTML, like Gecko) Chrome/133.0.0.0 Safari/537.36"
152.59.85.14 - - [18/Feb/2025:10:40:26 +0530] "GET /wp-admin/plugin-install.php?tab=popular HTTP/2" 200 17931 "https://www.freejobalerts.guru/wp-admin/plugin-install.php" "Mozilla/5.0 (Windows NT 10.0; Win64; x64) AppleWebKit/537.36 (KHTML, like Gecko) Chrome/133.0.0.0 Safari/537.36"
152.59.85.14 - - [18/Feb/2025:10:40:28 +0530] "POST /wp-admin/admin-ajax.php HTTP/2" 200 148 "https://www.freejobalerts.guru/wp-admin/plugin-install.php?tab=popular" "Mozilla/5.0 (Windows NT 10.0; Win64; x64) AppleWebKit/537.36 (KHTML, like Gecko) Chrome/133.0.0.0 Safari/537.36"
152.59.85.14 - - [18/Feb/2025:10:40:30 +0530] "POST /wp-admin/admin-ajax.php HTTP/2" 200 141 "https://www.freejobalerts.guru/wp-admin/plugin-install.php?tab=popular" "Mozilla/5.0 (Windows NT 10.0; Win64; x64) AppleWebKit/537.36 (KHTML, like Gecko) Chrome/133.0.0.0 Safari/537.36"
152.59.85.14 - - [18/Feb/2025:10:40:46 +0530] "POST /wp-admin/admin-ajax.php HTTP/2" 200 182 "https://www.freejobalerts.guru/wp-admin/plugin-install.php?tab=popular" "Mozilla/5.0 (Windows NT 10.0; Win64; x64) AppleWebKit/537.36 (KHTML, like Gecko) Chrome/133.0.0.0 Safari/537.36"
152.59.85.14 - - [18/Feb/2025:10:41:28 +0530] "POST /wp-admin/admin-ajax.php HTTP/2" 200 51 "https://www.freejobalerts.guru/wp-admin/plugin-install.php?tab=popular" "Mozilla/5.0 (Windows NT 10.0; Win64; x64) AppleWebKit/537.36 (KHTML, like Gecko) Chrome/133.0.0.0 Safari/537.36"
152.59.85.14 - - [18/Feb/2025:10:43:29 +0530] "POST /wp-admin/admin-ajax.php HTTP/2" 200 51 "https://www.freejobalerts.guru/wp-admin/plugin-install.php?tab=popular" "Mozilla/5.0 (Windows NT 10.0; Win64; x64) AppleWebKit/537.36 (KHTML, like Gecko) Chrome/133.0.0.0 Safari/537.36"
162.55.100.32 - - [18/Feb/2025:10:44:19 +0530] "POST /wp-cron.php?doing_wp_cron=1739855659.7899050712585449218750 HTTP/1.1" 200 0 "-" "WordPress/6.7.2; https://www.freejobalerts.guru"
152.59.85.14 - - [18/Feb/2025:10:44:39 +0530] "GET /wp-admin/options-reading.php HTTP/2" 200 7501 "https://www.freejobalerts.guru/wp-admin/options-writing.php" "Mozilla/5.0 (Windows NT 10.0; Win64; x64) AppleWebKit/537.36 (KHTML, like Gecko) Chrome/133.0.0.0 Safari/537.36"
152.59.85.14 - - [18/Feb/2025:10:45:13 +0530] "POST /wp-admin/profile.php HTTP/2" 302 0 "https://www.freejobalerts.guru/wp-admin/profile.php" "Mozilla/5.0 (Windows NT 10.0; Win64; x64) AppleWebKit/537.36 (KHTML, like Gecko) Chrome/133.0.0.0 Safari/537.36"
152.59.85.14 - - [18/Feb/2025:10:45:13 +0530] "GET /wp-admin/profile.php?updated=1 HTTP/2" 200 14342 "https://www.freejobalerts.guru/wp-admin/profile.php" "Mozilla/5.0 (Windows NT 10.0; Win64; x64) AppleWebKit/537.36 (KHTML, like Gecko) Chrome/133.0.0.0 Safari/537.36"
152.59.85.14 - - [18/Feb/2025:10:45:16 +0530] "GET /wp-admin/index.php HTTP/2" 200 14148 "https://www.freejobalerts.guru/wp-admin/profile.php" "Mozilla/5.0 (Windows NT 10.0; Win64; x64) AppleWebKit/537.36 (KHTML, like Gecko) Chrome/133.0.0.0 Safari/537.36"
152.59.85.14 - - [18/Feb/2025:10:45:17 +0530] "POST /wp-admin/admin-ajax.php HTTP/2" 200 406 "https://www.freejobalerts.guru/wp-admin/index.php" "Mozilla/5.0 (Windows NT 10.0; Win64; x64) AppleWebKit/537.36 (KHTML, like Gecko) Chrome/133.0.0.0 Safari/537.36"
152.59.85.14 - - [18/Feb/2025:10:45:17 +0530] "GET /wp-admin/index.php HTTP/2" 200 14438 "https://www.freejobalerts.guru/wp-admin/index.php" "Mozilla/5.0 (Windows NT 10.0; Win64; x64) AppleWebKit/537.36 (KHTML, like Gecko) Chrome/133.0.0.0 Safari/537.36"
152.59.85.14 - - [18/Feb/2025:10:46:18 +0530] "POST /wp-admin/admin-ajax.php HTTP/2" 200 51 "https://www.freejobalerts.guru/wp-admin/index.php" "Mozilla/5.0 (Windows NT 10.0; Win64; x64) AppleWebKit/537.36 (KHTML, like Gecko) Chrome/133.0.0.0 Safari/537.36"
152.59.85.14 - - [18/Feb/2025:10:47:19 +0530] "POST /wp-admin/admin-ajax.php HTTP/2" 200 51 "https://www.freejobalerts.guru/wp-admin/index.php" "Mozilla/5.0 (Windows NT 10.0; Win64; x64) AppleWebKit/537.36 (KHTML, like Gecko) Chrome/133.0.0.0 Safari/537.36"
152.59.85.14 - - [18/Feb/2025:10:45:19 +0530] "GET /wp-admin/update-core.php HTTP/2" 500 384 "https://www.freejobalerts.guru/wp-admin/index.php" "Mozilla/5.0 (Windows NT 10.0; Win64; x64) AppleWebKit/537.36 (KHTML, like Gecko) Chrome/133.0.0.0 Safari/537.36"
152.59.85.14 - - [18/Feb/2025:10:48:18 +0530] "GET / HTTP/2" 200 11377 "-" "Mozilla/5.0 (Windows NT 10.0; Win64; x64) AppleWebKit/537.36 (KHTML, like Gecko) Chrome/133.0.0.0 Safari/537.36"
152.59.85.14 - - [18/Feb/2025:10:48:21 +0530] "GET /wp-admin/ HTTP/2" 200 14423 "https://www.freejobalerts.guru/" "Mozilla/5.0 (Windows NT 10.0; Win64; x64) AppleWebKit/537.36 (KHTML, like Gecko) Chrome/133.0.0.0 Safari/537.36"
152.59.85.14 - - [18/Feb/2025:10:48:23 +0530] "GET /wp-admin/plugins.php HTTP/2" 200 10297 "https://www.freejobalerts.guru/wp-admin/" "Mozilla/5.0 (Windows NT 10.0; Win64; x64) AppleWebKit/537.36 (KHTML, like Gecko) Chrome/133.0.0.0 Safari/537.36"
152.59.85.14 - - [18/Feb/2025:10:48:25 +0530] "GET /wp-admin/plugin-install.php HTTP/2" 200 14188 "https://www.freejobalerts.guru/wp-admin/plugins.php" "Mozilla/5.0 (Windows NT 10.0; Win64; x64) AppleWebKit/537.36 (KHTML, like Gecko) Chrome/133.0.0.0 Safari/537.36"
152.59.85.14 - - [18/Feb/2025:10:48:36 +0530] "GET /wp-admin/plugin-install.php?tab=popular HTTP/2" 200 17982 "https://www.freejobalerts.guru/wp-admin/plugin-install.php" "Mozilla/5.0 (Windows NT 10.0; Win64; x64) AppleWebKit/537.36 (KHTML, like Gecko) Chrome/133.0.0.0 Safari/537.36"
152.59.85.14 - - [18/Feb/2025:10:49:37 +0530] "POST /wp-admin/admin-ajax.php HTTP/2" 200 51 "https://www.freejobalerts.guru/wp-admin/plugin-install.php?tab=popular" "Mozilla/5.0 (Windows NT 10.0; Win64; x64) AppleWebKit/537.36 (KHTML, like Gecko) Chrome/133.0.0.0 Safari/537.36"
152.59.85.14 - - [18/Feb/2025:10:50:38 +0530] "POST /wp-admin/admin-ajax.php HTTP/2" 200 51 "https://www.freejobalerts.guru/wp-admin/plugin-install.php?tab=popular" "Mozilla/5.0 (Windows NT 10.0; Win64; x64) AppleWebKit/537.36 (KHTML, like Gecko) Chrome/133.0.0.0 Safari/537.36"
152.59.85.14 - - [18/Feb/2025:10:52:39 +0530] "POST /wp-admin/admin-ajax.php HTTP/2" 200 51 "https://www.freejobalerts.guru/wp-admin/plugin-install.php?tab=popular" "Mozilla/5.0 (Windows NT 10.0; Win64; x64) AppleWebKit/537.36 (KHTML, like Gecko) Chrome/133.0.0.0 Safari/537.36"
152.59.85.14 - - [18/Feb/2025:10:54:06 +0530] "POST /wp-admin/admin-ajax.php HTTP/2" 200 49 "https://www.freejobalerts.guru/wp-admin/plugin-install.php?tab=popular" "Mozilla/5.0 (Windows NT 10.0; Win64; x64) AppleWebKit/537.36 (KHTML, like Gecko) Chrome/133.0.0.0 Safari/537.36"
152.59.85.14 - - [18/Feb/2025:10:54:09 +0530] "POST /wp-admin/admin-ajax.php HTTP/2" 200 180 "https://www.freejobalerts.guru/wp-admin/plugin-install.php?tab=popular" "Mozilla/5.0 (Windows NT 10.0; Win64; x64) AppleWebKit/537.36 (KHTML, like Gecko) Chrome/133.0.0.0 Safari/537.36"
152.59.85.14 - - [18/Feb/2025:10:54:23 +0530] "POST /wp-admin/admin-ajax.php HTTP/2" 200 193 "https://www.freejobalerts.guru/wp-admin/plugin-install.php?tab=popular" "Mozilla/5.0 (Windows NT 10.0; Win64; x64) AppleWebKit/537.36 (KHTML, like Gecko) Chrome/133.0.0.0 Safari/537.36"
152.59.85.14 - - [18/Feb/2025:10:55:06 +0530] "POST /wp-admin/admin-ajax.php HTTP/2" 200 51 "https://www.freejobalerts.guru/wp-admin/plugin-install.php?tab=popular" "Mozilla/5.0 (Windows NT 10.0; Win64; x64) AppleWebKit/537.36 (KHTML, like Gecko) Chrome/133.0.0.0 Safari/537.36"
152.59.85.14 - - [18/Feb/2025:10:55:10 +0530] "GET /wp-admin/load-styles.php?c=1&dir=ltr&load%5Bchunk_0%5D=dashicons,admin-bar,common,forms,admin-menu,dashboard,list-tables,edit,revisions,media,themes,about,nav-menus,wp-pointer,widgets&load%5Bchunk_1%5D=,site-icon,l10n,buttons&ver=6.7.2 HTTP/2" 200 103356 "https://www.freejobalerts.guru/wp-admin/update.php?action=install-plugin&plugin=contact-form-7&_wpnonce=d895ecfdb4" "Mozilla/5.0 (Windows NT 10.0; Win64; x64) AppleWebKit/537.36 (KHTML, like Gecko) Chrome/133.0.0.0 Safari/537.36"
152.59.85.14 - - [18/Feb/2025:10:55:08 +0530] "GET /wp-admin/update.php?action=install-plugin&plugin=contact-form-7&_wpnonce=d895ecfdb4 HTTP/2" 200 6091 "https://www.freejobalerts.guru/wp-admin/plugin-install.php?tab=popular" "Mozilla/5.0 (Windows NT 10.0; Win64; x64) AppleWebKit/537.36 (KHTML, like Gecko) Chrome/133.0.0.0 Safari/537.36"
152.59.85.14 - - [18/Feb/2025:10:48:38 +0530] "POST /wp-admin/admin-ajax.php HTTP/2" 500 384 "https://www.freejobalerts.guru/wp-admin/plugin-install.php?tab=popular" "Mozilla/5.0 (Windows NT 10.0; Win64; x64) AppleWebKit/537.36 (KHTML, like Gecko) Chrome/133.0.0.0 Safari/537.36"
152.59.85.14 - - [18/Feb/2025:11:09:08 +0530] "POST /wp-admin/admin-ajax.php HTTP/1.1" 200 712 "https://www.freejobalerts.guru/wp-admin/plugin-install.php?s=list%2520cete&tab=search&type=term" "Mozilla/5.0 (Windows NT 10.0; Win64; x64) AppleWebKit/537.36 (KHTML, like Gecko) Chrome/133.0.0.0 Safari/537.36"
152.59.85.14 - - [18/Feb/2025:11:09:14 +0530] "POST /wp-admin/admin-ajax.php HTTP/1.1" 200 722 "https://www.freejobalerts.guru/wp-admin/plugin-install.php?s=list%2520cetegory&tab=search&type=term" "Mozilla/5.0 (Windows NT 10.0; Win64; x64) AppleWebKit/537.36 (KHTML, like Gecko) Chrome/133.0.0.0 Safari/537.36"
152.59.85.14 - - [18/Feb/2025:11:09:28 +0530] "POST /wp-admin/admin-ajax.php HTTP/1.1" 200 9503 "https://www.freejobalerts.guru/wp-admin/plugin-install.php?s=List%2520category%2520posts&tab=search&type=term" "Mozilla/5.0 (Windows NT 10.0; Win64; x64) AppleWebKit/537.36 (KHTML, like Gecko) Chrome/133.0.0.0 Safari/537.36"
152.59.85.14 - - [18/Feb/2025:11:09:32 +0530] "POST /wp-admin/admin-ajax.php HTTP/1.1" 200 178 "https://www.freejobalerts.guru/wp-admin/plugin-install.php?s=List%2520category%2520posts&tab=search&type=term" "Mozilla/5.0 (Windows NT 10.0; Win64; x64) AppleWebKit/537.36 (KHTML, like Gecko) Chrome/133.0.0.0 Safari/537.36"
152.59.85.14 - - [18/Feb/2025:11:09:37 +0530] "POST /wp-admin/admin-ajax.php HTTP/1.1" 200 192 "https://www.freejobalerts.guru/wp-admin/plugin-install.php?s=List%2520category%2520posts&tab=search&type=term" "Mozilla/5.0 (Windows NT 10.0; Win64; x64) AppleWebKit/537.36 (KHTML, like Gecko) Chrome/133.0.0.0 Safari/537.36"
152.59.85.14 - - [18/Feb/2025:11:09:58 +0530] "POST /wp-admin/admin-ajax.php HTTP/1.1" 200 51 "https://www.freejobalerts.guru/wp-admin/plugin-install.php?s=List%2520category%2520posts&tab=search&type=term" "Mozilla/5.0 (Windows NT 10.0; Win64; x64) AppleWebKit/537.36 (KHTML, like Gecko) Chrome/133.0.0.0 Safari/537.36"
152.59.85.14 - - [18/Feb/2025:11:10:14 +0530] "POST /wp-admin/admin-ajax.php HTTP/1.1" 200 0 "https://www.freejobalerts.guru/wp-admin/plugin-install.php?s=re&tab=search&type=term" "Mozilla/5.0 (Windows NT 10.0; Win64; x64) AppleWebKit/537.36 (KHTML, like Gecko) Chrome/133.0.0.0 Safari/537.36"
152.59.85.14 - - [18/Feb/2025:11:10:15 +0530] "POST /wp-admin/admin-ajax.php HTTP/1.1" 200 9147 "https://www.freejobalerts.guru/wp-admin/plugin-install.php?s=rel&tab=search&type=term" "Mozilla/5.0 (Windows NT 10.0; Win64; x64) AppleWebKit/537.36 (KHTML, like Gecko) Chrome/133.0.0.0 Safari/537.36"
152.59.85.14 - - [18/Feb/2025:11:10:22 +0530] "POST /wp-admin/admin-ajax.php HTTP/1.1" 200 9244 "https://www.freejobalerts.guru/wp-admin/plugin-install.php?s=related&tab=search&type=term" "Mozilla/5.0 (Windows NT 10.0; Win64; x64) AppleWebKit/537.36 (KHTML, like Gecko) Chrome/133.0.0.0 Safari/537.36"
152.59.85.14 - - [18/Feb/2025:11:10:48 +0530] "POST /wp-admin/admin-ajax.php HTTP/1.1" 200 199 "https://www.freejobalerts.guru/wp-admin/plugin-install.php?s=related&tab=search&type=term" "Mozilla/5.0 (Windows NT 10.0; Win64; x64) AppleWebKit/537.36 (KHTML, like Gecko) Chrome/133.0.0.0 Safari/537.36"
152.59.85.14 - - [18/Feb/2025:11:10:58 +0530] "POST /wp-admin/admin-ajax.php HTTP/1.1" 200 51 "https://www.freejobalerts.guru/wp-admin/plugin-install.php?s=related&tab=search&type=term" "Mozilla/5.0 (Windows NT 10.0; Win64; x64) AppleWebKit/537.36 (KHTML, like Gecko) Chrome/133.0.0.0 Safari/537.36"
152.59.85.14 - - [18/Feb/2025:11:10:57 +0530] "POST /wp-admin/admin-ajax.php HTTP/1.1" 200 188 "https://www.freejobalerts.guru/wp-admin/plugin-install.php?s=related&tab=search&type=term" "Mozilla/5.0 (Windows NT 10.0; Win64; x64) AppleWebKit/537.36 (KHTML, like Gecko) Chrome/133.0.0.0 Safari/537.36"
152.59.85.14 - - [18/Feb/2025:11:11:04 +0530] "POST /wp-admin/admin-ajax.php HTTP/1.1" 200 205 "https://www.freejobalerts.guru/wp-admin/plugin-install.php?s=related&tab=search&type=term" "Mozilla/5.0 (Windows NT 10.0; Win64; x64) AppleWebKit/537.36 (KHTML, like Gecko) Chrome/133.0.0.0 Safari/537.36"
152.59.85.14 - - [18/Feb/2025:11:11:59 +0530] "POST /wp-admin/admin-ajax.php HTTP/1.1" 200 51 "https://www.freejobalerts.guru/wp-admin/plugin-install.php?s=related&tab=search&type=term" "Mozilla/5.0 (Windows NT 10.0; Win64; x64) AppleWebKit/537.36 (KHTML, like Gecko) Chrome/133.0.0.0 Safari/537.36"
152.59.85.14 - - [18/Feb/2025:11:11:31 +0530] "GET /wp-admin/plugins.php HTTP/1.1" 200 0 "https://www.freejobalerts.guru/wp-admin/plugin-install.php?s=related&tab=search&type=term" "Mozilla/5.0 (Windows NT 10.0; Win64; x64) AppleWebKit/537.36 (KHTML, like Gecko) Chrome/133.0.0.0 Safari/537.36"
152.59.85.14 - - [18/Feb/2025:11:12:31 +0530] "GET /wp-admin/theme-editor.php HTTP/1.1" 200 13453 "https://www.freejobalerts.guru/wp-admin/plugin-install.php?s=related&tab=search&type=term" "Mozilla/5.0 (Windows NT 10.0; Win64; x64) AppleWebKit/537.36 (KHTML, like Gecko) Chrome/133.0.0.0 Safari/537.36"
152.59.85.14 - - [18/Feb/2025:11:12:31 +0530] "GET /wp-admin/js/theme-plugin-editor.min.js?ver=6.7.2 HTTP/1.1" 200 3483 "https://www.freejobalerts.guru/wp-admin/theme-editor.php" "Mozilla/5.0 (Windows NT 10.0; Win64; x64) AppleWebKit/537.36 (KHTML, like Gecko) Chrome/133.0.0.0 Safari/537.36"
152.59.85.14 - - [18/Feb/2025:11:12:31 +0530] "GET /wp-admin/load-styles.php?c=1&dir=ltr&load%5Bchunk_0%5D=dashicons,admin-bar,code-editor,common,forms,admin-menu,dashboard,list-tables,edit,revisions,media,themes,about,nav-menus,wp-poi&load%5Bchunk_1%5D=nter,widgets,site-icon,l10n,buttons,wp-auth-check&ver=6.7.2 HTTP/1.1" 200 104039 "https://www.freejobalerts.guru/wp-admin/theme-editor.php" "Mozilla/5.0 (Windows NT 10.0; Win64; x64) AppleWebKit/537.36 (KHTML, like Gecko) Chrome/133.0.0.0 Safari/537.36"
152.59.85.14 - - [18/Feb/2025:11:12:31 +0530] "GET /wp-admin/load-scripts.php?c=1&load%5Bchunk_0%5D=jquery-core,jquery-migrate,utils,wp-codemirror,underscore&ver=6.7.2 HTTP/1.1" 200 229239 "https://www.freejobalerts.guru/wp-admin/theme-editor.php" "Mozilla/5.0 (Windows NT 10.0; Win64; x64) AppleWebKit/537.36 (KHTML, like Gecko) Chrome/133.0.0.0 Safari/537.36"
152.59.85.14 - - [18/Feb/2025:11:12:36 +0530] "POST /wp-admin/admin-ajax.php HTTP/1.1" 200 5 "https://www.freejobalerts.guru/wp-admin/theme-editor.php" "Mozilla/5.0 (Windows NT 10.0; Win64; x64) AppleWebKit/537.36 (KHTML, like Gecko) Chrome/133.0.0.0 Safari/537.36"
152.59.85.14 - - [18/Feb/2025:11:12:42 +0530] "GET /wp-admin/theme-editor.php?file=header.php&theme=generatepress HTTP/1.1" 200 12944 "https://www.freejobalerts.guru/wp-admin/theme-editor.php" "Mozilla/5.0 (Windows NT 10.0; Win64; x64) AppleWebKit/537.36 (KHTML, like Gecko) Chrome/133.0.0.0 Safari/537.36"
152.59.85.14 - - [18/Feb/2025:11:12:50 +0530] "POST /wp-admin/admin-ajax.php HTTP/1.1" 200 56 "https://www.freejobalerts.guru/wp-admin/theme-editor.php?file=header.php&theme=generatepress" "Mozilla/5.0 (Windows NT 10.0; Win64; x64) AppleWebKit/537.36 (KHTML, like Gecko) Chrome/133.0.0.0 Safari/537.36"
66.249.69.103 - - [18/Feb/2025:11:13:26 +0530] "GET /robots.txt HTTP/1.1" 200 100 "-" "Mozilla/5.0 (compatible; Googlebot/2.1; +http://www.google.com/bot.html)"
66.249.69.103 - - [18/Feb/2025:11:13:27 +0530] "GET /wp-content/themes/generatepress/assets/css/main.min.css?ver=3.5.1 HTTP/1.1" 200 4410 "https://www.freejobalerts.guru/" "Mozilla/5.0 (Linux; Android 6.0.1; Nexus 5X Build/MMB29P) AppleWebKit/537.36 (KHTML, like Gecko) Chrome/133.0.6943.53 Mobile Safari/537.36 (compatible; Google-InspectionTool/1.0)"
66.249.69.103 - - [18/Feb/2025:11:13:27 +0530] "GET /wp-includes/css/dist/block-library/style.min.css?ver=6.7.2 HTTP/1.1" 200 14225 "https://www.freejobalerts.guru/" "Mozilla/5.0 (X11; Linux x86_64) AppleWebKit/537.36 (KHTML, like Gecko) Chrome/133.0.6943.53 Safari/537.36 (compatible; Google-InspectionTool/1.0)"
66.249.69.103 - - [18/Feb/2025:11:13:44 +0530] "GET /wp-content/uploads/2025/02/sd-sdsdfs.png HTTP/1.1" 200 25553 "https://www.freejobalerts.guru/" "Mozilla/5.0 (X11; Linux x86_64) AppleWebKit/537.36 (KHTML, like Gecko) Chrome/133.0.6943.53 Safari/537.36 (compatible; Google-InspectionTool/1.0)"
66.102.8.233 - - [18/Feb/2025:11:12:15 +0530] "GET / HTTP/1.1" 200 9745 "-" "Mozilla/5.0 (compatible; Google-Site-Verification/1.0)"
66.102.8.235 - - [18/Feb/2025:11:12:15 +0530] "GET / HTTP/1.1" 200 9745 "-" "Mozilla/5.0 (compatible; Google-Site-Verification/1.0)"
64.233.173.13 - - [18/Feb/2025:11:12:16 +0530] "GET /googlec233bf6c2273a35c.html HTTP/1.1" 404 7763 "-" "Mozilla/5.0 (compatible; Google-Site-Verification/1.0)"
66.249.69.104 - - [18/Feb/2025:11:13:26 +0530] "GET / HTTP/1.1" 200 9797 "-" "Mozilla/5.0 (Linux; Android 6.0.1; Nexus 5X Build/MMB29P) AppleWebKit/537.36 (KHTML, like Gecko) Chrome/133.0.6943.98 Mobile Safari/537.36 (compatible; Google-InspectionTool/1.0;)"
66.249.69.104 - - [18/Feb/2025:11:13:26 +0530] "GET /wp-includes/css/dist/block-library/style.min.css?ver=6.7.2 HTTP/1.1" 200 14225 "https://www.freejobalerts.guru/" "Mozilla/5.0 (Linux; Android 6.0.1; Nexus 5X Build/MMB29P) AppleWebKit/537.36 (KHTML, like Gecko) Chrome/133.0.6943.53 Mobile Safari/537.36 (compatible; Google-InspectionTool/1.0)"
66.249.69.104 - - [18/Feb/2025:11:13:27 +0530] "GET /wp-content/uploads/2025/02/sd-sdsdfs.png HTTP/1.1" 200 25553 "https://www.freejobalerts.guru/" "Mozilla/5.0 (X11; Linux x86_64) AppleWebKit/537.36 (KHTML, like Gecko) Chrome/133.0.6943.53 Safari/537.36 (compatible; Google-InspectionTool/1.0)"
66.249.76.3 - - [18/Feb/2025:11:13:27 +0530] "GET /wp-content/themes/generatepress/assets/css/main.min.css?ver=3.5.1 HTTP/1.1" 200 4410 "https://www.freejobalerts.guru/" "Mozilla/5.0 (X11; Linux x86_64) AppleWebKit/537.36 (KHTML, like Gecko) Chrome/133.0.6943.53 Safari/537.36 (compatible; Google-InspectionTool/1.0)"
66.249.69.103 - - [18/Feb/2025:11:13:44 +0530] "GET / HTTP/1.1" 200 9817 "-" "Mozilla/5.0 (Linux; Android 6.0.1; Nexus 5X Build/MMB29P) AppleWebKit/537.36 (KHTML, like Gecko) Chrome/133.0.6943.53 Mobile Safari/537.36 (compatible; Googlebot/2.1; +http://www.google.com/bot.html)"
152.59.85.14 - - [18/Feb/2025:11:13:44 +0530] "POST /wp-admin/admin-ajax.php HTTP/1.1" 200 51 "https://www.freejobalerts.guru/wp-admin/theme-editor.php?file=header.php&theme=generatepress" "Mozilla/5.0 (Windows NT 10.0; Win64; x64) AppleWebKit/537.36 (KHTML, like Gecko) Chrome/133.0.0.0 Safari/537.36"
66.249.69.102 - - [18/Feb/2025:11:13:44 +0530] "GET /wp-content/themes/generatepress/assets/js/menu.min.js?ver=3.5.1 HTTP/1.1" 200 1678 "https://www.freejobalerts.guru/" "Mozilla/5.0 (Linux; Android 6.0.1; Nexus 5X Build/MMB29P) AppleWebKit/537.36 (KHTML, like Gecko) Chrome/133.0.6943.53 Mobile Safari/537.36 (compatible; Google-InspectionTool/1.0)"
66.249.69.103 - - [18/Feb/2025:11:13:44 +0530] "GET /wp-content/uploads/2025/02/freejobalerts.guru_.png HTTP/1.1" 200 372627 "https://www.freejobalerts.guru/" "Mozilla/5.0 (Linux; Android 6.0.1; Nexus 5X Build/MMB29P) AppleWebKit/537.36 (KHTML, like Gecko) Chrome/133.0.6943.53 Mobile Safari/537.36 (compatible; Google-InspectionTool/1.0)"
152.59.85.14 - - [18/Feb/2025:11:13:56 +0530] "GET /wp-admin/edit.php HTTP/1.1" 200 12353 "https://www.freejobalerts.guru/wp-admin/theme-editor.php?file=header.php&theme=generatepress" "Mozilla/5.0 (Windows NT 10.0; Win64; x64) AppleWebKit/537.36 (KHTML, like Gecko) Chrome/133.0.0.0 Safari/537.36"
152.59.85.14 - - [18/Feb/2025:11:13:56 +0530] "POST /wp-admin/admin-ajax.php HTTP/1.1" 200 51 "https://www.freejobalerts.guru/wp-admin/edit.php" "Mozilla/5.0 (Windows NT 10.0; Win64; x64) AppleWebKit/537.36 (KHTML, like Gecko) Chrome/133.0.0.0 Safari/537.36"
152.59.85.14 - - [18/Feb/2025:11:13:59 +0530] "GET /free-job-alert-all-india-govt-job-alert-2025/ HTTP/1.1" 200 21714 "https://www.freejobalerts.guru/wp-admin/edit.php" "Mozilla/5.0 (Windows NT 10.0; Win64; x64) AppleWebKit/537.36 (KHTML, like Gecko) Chrome/133.0.0.0 Safari/537.36"
152.59.85.14 - - [18/Feb/2025:11:08:21 +0530] "POST /wp-admin/admin-ajax.php HTTP/1.1" 200 217 "https://www.freejobalerts.guru/wp-admin/plugin-install.php?tab=popular" "Mozilla/5.0 (Windows NT 10.0; Win64; x64) AppleWebKit/537.36 (KHTML, like Gecko) Chrome/133.0.0.0 Safari/537.36"
152.59.85.14 - - [18/Feb/2025:11:08:31 +0530] "POST /wp-admin/admin-ajax.php HTTP/1.1" 200 203 "https://www.freejobalerts.guru/wp-admin/plugin-install.php?tab=popular" "Mozilla/5.0 (Windows NT 10.0; Win64; x64) AppleWebKit/537.36 (KHTML, like Gecko) Chrome/133.0.0.0 Safari/537.36"
152.59.85.14 - - [18/Feb/2025:11:08:44 +0530] "GET /wp-admin/plugins.php HTTP/1.1" 200 11424 "https://www.freejobalerts.guru/wp-admin/plugin-install.php?tab=popular" "Mozilla/5.0 (Windows NT 10.0; Win64; x64) AppleWebKit/537.36 (KHTML, like Gecko) Chrome/133.0.0.0 Safari/537.36"
