43.163.0.99 - - [17/Feb/2025:03:30:29 +0530] "GET / HTTP/1.1" 200 17196 "-" "Mozilla/5.0 (iPhone; CPU iPhone OS 13_2_3 like Mac OS X) AppleWebKit/605.1.15 (KHTML, like Gecko) Version/13.0.3 Mobile/15E148 Safari/604.1"
72.13.62.25 - - [17/Feb/2025:03:31:35 +0530] "GET /who-is-jeff-bezos-fiancee-all-about-lauren-sanchez/ HTTP/1.1" 200 24893 "-" "Mozilla/5.0 (compatible; ips-agent)"
72.13.62.25 - - [17/Feb/2025:03:31:36 +0530] "GET / HTTP/1.1" 200 17143 "-" "Mozilla/5.0 (compatible; ips-agent)"
2a06:98c0:3600::103 - - [17/Feb/2025:03:37:50 +0530] "GET /wp-admin/setup-config.php HTTP/1.1" 409 1041 "-" "Mozilla/5.0 (Windows NT 10.0; Win64; x64) AppleWebKit/537.36 (KHTML, like Gecko) Chrome/132.0.0.0 Safari/537.36"
2a06:98c0:3600::103 - - [17/Feb/2025:03:18:27 +0530] "GET /wp-admin/setup-config.php HTTP/1.1" 409 1041 "-" "Mozilla/5.0 (Windows NT 10.0; Win64; x64) AppleWebKit/537.36 (KHTML, like Gecko) Chrome/132.0.0.0 Safari/537.36"
2a06:98c0:3600::103 - - [17/Feb/2025:03:37:40 +0530] "GET /wordpress/wp-admin/setup-config.php HTTP/1.1" 404 11731 "-" "Mozilla/5.0 (Windows NT 10.0; Win64; x64) AppleWebKit/537.36 (KHTML, like Gecko) Chrome/132.0.0.0 Safari/537.36"
191.102.167.109 - - [17/Feb/2025:03:18:50 +0530] "GET / HTTP/1.1" 200 17143 "-" "Mozilla/5.0 (Windows NT 6.3; Win64; x64; rv:58.0) Gecko/20100101 Firefox/58.0"
43.159.128.247 - - [17/Feb/2025:03:19:02 +0530] "GET /wp-content/uploads/2025/02/shamrock-doffy-one-piece-1024x512.webp HTTP/1.1" 200 78502 "-" "Mozilla/5.0 (iPhone; CPU iPhone OS 13_2_3 like Mac OS X) AppleWebKit/605.1.15 (KHTML, like Gecko) Version/13.0.3 Mobile/15E148 Safari/604.1"
43.159.148.221 - - [17/Feb/2025:03:42:03 +0530] "GET /category/trending-now/ HTTP/1.1" 200 16828 "-" "Mozilla/5.0 (iPhone; CPU iPhone OS 13_2_3 like Mac OS X) AppleWebKit/605.1.15 (KHTML, like Gecko) Version/13.0.3 Mobile/15E148 Safari/604.1"
43.166.250.187 - - [17/Feb/2025:03:59:27 +0530] "GET /wp-content/uploads/2025/02/jon2-300x172.webp HTTP/1.1" 200 11992 "-" "Mozilla/5.0 (iPhone; CPU iPhone OS 13_2_3 like Mac OS X) AppleWebKit/605.1.15 (KHTML, like Gecko) Version/13.0.3 Mobile/15E148 Safari/604.1"
43.159.152.4 - - [17/Feb/2025:03:45:41 +0530] "GET /wp-content/uploads/2025/02/jon2.webp HTTP/1.1" 200 169834 "-" "Mozilla/5.0 (iPhone; CPU iPhone OS 13_2_3 like Mac OS X) AppleWebKit/605.1.15 (KHTML, like Gecko) Version/13.0.3 Mobile/15E148 Safari/604.1"
2a06:98c0:3600::103 - - [17/Feb/2025:03:59:50 +0530] "GET /wordpress/wp-admin/setup-config.php HTTP/1.1" 404 11687 "-" "Mozilla/5.0 (Windows NT 10.0; Win64; x64) AppleWebKit/537.36 (KHTML, like Gecko) Chrome/132.0.0.0 Safari/537.36"
54.36.148.65 - - [17/Feb/2025:03:49:27 +0530] "GET /one-piece-theory-is-blackbeard-a-descendent-of-nika/ HTTP/2" 200 19029 "-" "Mozilla/5.0 (compatible; AhrefsBot/7.0; +http://ahrefs.com/robot/)"
2a06:98c0:3600::103 - - [17/Feb/2025:03:58:39 +0530] "GET /wp-admin/setup-config.php HTTP/1.1" 409 1041 "-" "Mozilla/5.0 (Windows NT 10.0; Win64; x64) AppleWebKit/537.36 (KHTML, like Gecko) Chrome/132.0.0.0 Safari/537.36"
162.55.100.32 - - [17/Feb/2025:03:49:28 +0530] "POST /wp-cron.php?doing_wp_cron=1739744368.3784310817718505859375 HTTP/1.1" 200 0 "-" "WordPress/6.7.2; https://entertainline.guru"
43.153.96.79 - - [17/Feb/2025:04:10:30 +0530] "GET / HTTP/1.1" 200 17143 "-" "Mozilla/5.0 (iPhone; CPU iPhone OS 13_2_3 like Mac OS X) AppleWebKit/605.1.15 (KHTML, like Gecko) Version/13.0.3 Mobile/15E148 Safari/604.1"
43.156.168.214 - - [17/Feb/2025:04:29:25 +0530] "GET /wp-content/uploads/2025/02/AA1yAoTb.webp HTTP/1.1" 200 212992 "-" "Mozilla/5.0 (iPhone; CPU iPhone OS 13_2_3 like Mac OS X) AppleWebKit/605.1.15 (KHTML, like Gecko) Version/13.0.3 Mobile/15E148 Safari/604.1"
54.36.148.206 - - [17/Feb/2025:04:24:39 +0530] "GET /one-piece-shamrock-and-doflamingo-show-a-new-side-of-the-celestial-dragons/feed/ HTTP/2" 200 535 "-" "Mozilla/5.0 (compatible; AhrefsBot/7.0; +http://ahrefs.com/robot/)"
2a06:98c0:3600::103 - - [17/Feb/2025:04:43:34 +0530] "GET /wp-admin/setup-config.php HTTP/1.1" 409 1041 "-" "Mozilla/5.0 (Windows NT 10.0; Win64; x64) AppleWebKit/537.36 (KHTML, like Gecko) Chrome/132.0.0.0 Safari/537.36"
2a06:98c0:3600::103 - - [17/Feb/2025:04:44:00 +0530] "GET /wordpress/wp-admin/setup-config.php HTTP/1.1" 404 11731 "-" "Mozilla/5.0 (Windows NT 10.0; Win64; x64) AppleWebKit/537.36 (KHTML, like Gecko) Chrome/132.0.0.0 Safari/537.36"
43.155.183.138 - - [17/Feb/2025:04:20:13 +0530] "GET /wp-content/uploads/2025/02/jon2-1024x586.webp HTTP/1.1" 200 100830 "-" "Mozilla/5.0 (iPhone; CPU iPhone OS 13_2_3 like Mac OS X) AppleWebKit/605.1.15 (KHTML, like Gecko) Version/13.0.3 Mobile/15E148 Safari/604.1"
2a06:98c0:3600::103 - - [17/Feb/2025:04:20:47 +0530] "GET /wordpress/wp-admin/setup-config.php HTTP/1.1" 404 11731 "-" "Mozilla/5.0 (Windows NT 10.0; Win64; x64) AppleWebKit/537.36 (KHTML, like Gecko) Chrome/132.0.0.0 Safari/537.36"
2a06:98c0:3600::103 - - [17/Feb/2025:04:19:55 +0530] "GET /wp-admin/setup-config.php HTTP/1.1" 409 1041 "-" "Mozilla/5.0 (Windows NT 10.0; Win64; x64) AppleWebKit/537.36 (KHTML, like Gecko) Chrome/132.0.0.0 Safari/537.36"
162.55.100.32 - - [17/Feb/2025:04:44:01 +0530] "POST /wp-cron.php?doing_wp_cron=1739747641.0960049629211425781250 HTTP/1.1" 200 0 "-" "WordPress/6.7.2; https://entertainline.guru"
2a06:98c0:3600::103 - - [17/Feb/2025:05:05:02 +0530] "GET /wordpress/wp-admin/setup-config.php HTTP/1.1" 404 11731 "-" "Mozilla/5.0 (Windows NT 10.0; Win64; x64) AppleWebKit/537.36 (KHTML, like Gecko) Chrome/132.0.0.0 Safari/537.36"
54.36.149.73 - - [17/Feb/2025:05:03:54 +0530] "GET /split-fiction-hands-on-preview-pushing-the-co-op-envelope-again/feed/ HTTP/2" 200 518 "-" "Mozilla/5.0 (compatible; AhrefsBot/7.0; +http://ahrefs.com/robot/)"
125.165.104.68 - - [17/Feb/2025:04:57:15 +0530] "GET //wp-includes/block-bindings/index.php HTTP/2" 200 1030 "-" "Mozilla/5.0 (Windows NT 10.0; Win64; x64) AppleWebKit/537.36 (KHTML, like Gecko) Chrome/133.0.0.0 Safari/537.36"
125.165.104.68 - - [17/Feb/2025:04:57:15 +0530] "GET /favicon.ico HTTP/2" 404 1251 "https://entertainline.guru//wp-includes/block-bindings/index.php" "Mozilla/5.0 (Windows NT 10.0; Win64; x64) AppleWebKit/537.36 (KHTML, like Gecko) Chrome/133.0.0.0 Safari/537.36"
54.36.148.234 - - [17/Feb/2025:05:39:18 +0530] "GET /one-piece-theory-is-blackbeard-a-descendent-of-nika/feed/ HTTP/2" 200 507 "-" "Mozilla/5.0 (compatible; AhrefsBot/7.0; +http://ahrefs.com/robot/)"
2a06:98c0:3600::103 - - [17/Feb/2025:05:29:14 +0530] "GET /wp-admin/setup-config.php HTTP/1.1" 409 1041 "-" "Mozilla/5.0 (Windows NT 10.0; Win64; x64) AppleWebKit/537.36 (KHTML, like Gecko) Chrome/132.0.0.0 Safari/537.36"
2a06:98c0:3600::103 - - [17/Feb/2025:05:05:48 +0530] "GET /wp-admin/setup-config.php HTTP/1.1" 409 1041 "-" "Mozilla/5.0 (Windows NT 10.0; Win64; x64) AppleWebKit/537.36 (KHTML, like Gecko) Chrome/132.0.0.0 Safari/537.36"
2a06:98c0:3600::103 - - [17/Feb/2025:05:28:42 +0530] "GET /wordpress/wp-admin/setup-config.php HTTP/1.1" 404 11731 "-" "Mozilla/5.0 (Windows NT 10.0; Win64; x64) AppleWebKit/537.36 (KHTML, like Gecko) Chrome/132.0.0.0 Safari/537.36"
2a06:98c0:3600::103 - - [17/Feb/2025:05:54:06 +0530] "GET /wordpress/wp-admin/setup-config.php HTTP/1.1" 404 11731 "-" "Mozilla/5.0 (Windows NT 10.0; Win64; x64) AppleWebKit/537.36 (KHTML, like Gecko) Chrome/132.0.0.0 Safari/537.36"
43.135.186.135 - - [17/Feb/2025:06:05:52 +0530] "GET /wp-content/uploads/2025/02/AA1yAoTb-300x157.webp HTTP/1.1" 200 16300 "-" "Mozilla/5.0 (iPhone; CPU iPhone OS 13_2_3 like Mac OS X) AppleWebKit/605.1.15 (KHTML, like Gecko) Version/13.0.3 Mobile/15E148 Safari/604.1"
2a06:98c0:3600::103 - - [17/Feb/2025:05:54:53 +0530] "GET /wp-admin/setup-config.php HTTP/1.1" 409 1041 "-" "Mozilla/5.0 (Windows NT 10.0; Win64; x64) AppleWebKit/537.36 (KHTML, like Gecko) Chrome/132.0.0.0 Safari/537.36"
54.36.148.69 - - [17/Feb/2025:06:27:26 +0530] "GET /joe-rogan-just-paid-14-4-million-for-an-amazing-austin-mansion/feed/ HTTP/2" 200 525 "-" "Mozilla/5.0 (compatible; AhrefsBot/7.0; +http://ahrefs.com/robot/)"
49.51.203.164 - - [17/Feb/2025:06:17:28 +0530] "GET /wp-content/uploads/2025/02/AA1yAoTb-1024x536.webp HTTP/1.1" 200 136128 "-" "Mozilla/5.0 (iPhone; CPU iPhone OS 13_2_3 like Mac OS X) AppleWebKit/605.1.15 (KHTML, like Gecko) Version/13.0.3 Mobile/15E148 Safari/604.1"
43.135.185.59 - - [17/Feb/2025:06:27:28 +0530] "GET /wp-content/uploads/2025/02/AA1yAoTb-768x402.webp HTTP/1.1" 200 80240 "-" "Mozilla/5.0 (iPhone; CPU iPhone OS 13_2_3 like Mac OS X) AppleWebKit/605.1.15 (KHTML, like Gecko) Version/13.0.3 Mobile/15E148 Safari/604.1"
2a06:98c0:3600::103 - - [17/Feb/2025:06:17:52 +0530] "GET /wordpress/wp-admin/setup-config.php HTTP/1.1" 404 4175 "-" "Mozilla/5.0 (Windows NT 10.0; Win64; x64) AppleWebKit/537.36 (KHTML, like Gecko) Chrome/132.0.0.0 Safari/537.36"
154.205.11.80 - - [17/Feb/2025:06:57:10 +0530] "GET /wp-content/plugins/gp-premium/menu-plus/functions/css/offside.min.css?ver=2.4.1 HTTP/1.1" 200 1364 "https://entertainline.guru/" "Mozilla/5.0 (Windows NT 10.0; Win64; x64) AppleWebKit/537.36 (KHTML, like Gecko) Chrome/132.0.0.0 Safari/537.36"
154.205.11.80 - - [17/Feb/2025:06:57:10 +0530] "GET /wp-content/plugins/gp-premium/menu-plus/functions/css/navigation-branding-flex.min.css?ver=2.4.1 HTTP/1.1" 200 542 "https://entertainline.guru/" "Mozilla/5.0 (Windows NT 10.0; Win64; x64) AppleWebKit/537.36 (KHTML, like Gecko) Chrome/132.0.0.0 Safari/537.36"
154.205.11.80 - - [17/Feb/2025:06:57:10 +0530] "GET /wp-content/uploads/2025/02/Capture.png HTTP/1.1" 200 31090 "https://entertainline.guru/" "Mozilla/5.0 (Windows NT 10.0; Win64; x64) AppleWebKit/537.36 (KHTML, like Gecko) Chrome/132.0.0.0 Safari/537.36"
154.205.11.80 - - [17/Feb/2025:06:57:12 +0530] "GET /wp-content/plugins/gp-premium/menu-plus/functions/js/offside.min.js?ver=2.4.1 HTTP/1.1" 200 2028 "https://entertainline.guru/" "Mozilla/5.0 (Windows NT 10.0; Win64; x64) AppleWebKit/537.36 (KHTML, like Gecko) Chrome/132.0.0.0 Safari/537.36"
154.205.11.80 - - [17/Feb/2025:06:57:10 +0530] "GET /wp-content/uploads/2025/02/jon2.webp HTTP/1.1" 200 169834 "https://entertainline.guru/" "Mozilla/5.0 (Windows NT 10.0; Win64; x64) AppleWebKit/537.36 (KHTML, like Gecko) Chrome/132.0.0.0 Safari/537.36"
154.205.11.80 - - [17/Feb/2025:06:57:11 +0530] "GET /wp-content/uploads/2025/02/AA1yAoTb.webp HTTP/1.1" 200 400816 "https://entertainline.guru/" "Mozilla/5.0 (Windows NT 10.0; Win64; x64) AppleWebKit/537.36 (KHTML, like Gecko) Chrome/132.0.0.0 Safari/537.36"
154.205.11.80 - - [17/Feb/2025:06:57:22 +0530] "GET /wp-content/uploads/2025/02/Shaboozey-Height-Age-Girlfriend-Family-Biography.png HTTP/1.1" 200 266323 "https://entertainline.guru/" "Mozilla/5.0 (Windows NT 10.0; Win64; x64) AppleWebKit/537.36 (KHTML, like Gecko) Chrome/132.0.0.0 Safari/537.36"
154.205.11.80 - - [17/Feb/2025:06:57:13 +0530] "GET /wp-content/uploads/2025/02/Kelsea-Ballerinis-Net-Worth-Uncovering-the-Country-Artists-Wealth.png HTTP/1.1" 200 428855 "https://entertainline.guru/" "Mozilla/5.0 (Windows NT 10.0; Win64; x64) AppleWebKit/537.36 (KHTML, like Gecko) Chrome/132.0.0.0 Safari/537.36"
154.205.11.80 - - [17/Feb/2025:06:57:35 +0530] "GET /wp-content/uploads/2025/02/image.jpeg HTTP/1.1" 200 53440 "https://entertainline.guru/" "Mozilla/5.0 (Windows NT 10.0; Win64; x64) AppleWebKit/537.36 (KHTML, like Gecko) Chrome/132.0.0.0 Safari/537.36"
154.205.11.80 - - [17/Feb/2025:06:57:39 +0530] "GET /wp-content/uploads/2025/02/jon2-768x439.webp HTTP/1.1" 200 60148 "https://entertainline.guru/" "Mozilla/5.0 (Windows NT 10.0; Win64; x64) AppleWebKit/537.36 (KHTML, like Gecko) Chrome/132.0.0.0 Safari/537.36"
154.205.11.80 - - [17/Feb/2025:06:57:42 +0530] "GET /wp-includes/js/dist/hooks.min.js?ver=4d63a3d491d11ffd8ac6 HTTP/1.1" 200 1571 "https://entertainline.guru/" "Mozilla/5.0 (Windows NT 10.0; Win64; x64) AppleWebKit/537.36 (KHTML, like Gecko) Chrome/132.0.0.0 Safari/537.36"
154.205.11.80 - - [17/Feb/2025:06:57:42 +0530] "GET /wp-includes/js/dist/i18n.min.js?ver=5e580eb46a90c2b997e6 HTTP/1.1" 200 3542 "https://entertainline.guru/" "Mozilla/5.0 (Windows NT 10.0; Win64; x64) AppleWebKit/537.36 (KHTML, like Gecko) Chrome/132.0.0.0 Safari/537.36"
154.205.11.80 - - [17/Feb/2025:06:57:42 +0530] "GET /wp-content/plugins/contact-form-7/includes/swv/js/index.js?ver=6.0.3 HTTP/1.1" 200 3369 "https://entertainline.guru/" "Mozilla/5.0 (Windows NT 10.0; Win64; x64) AppleWebKit/537.36 (KHTML, like Gecko) Chrome/132.0.0.0 Safari/537.36"
154.205.11.80 - - [17/Feb/2025:06:57:39 +0530] "GET /wp-content/uploads/2025/02/AA1yAoTb-768x402.webp HTTP/1.1" 200 80240 "https://entertainline.guru/" "Mozilla/5.0 (Windows NT 10.0; Win64; x64) AppleWebKit/537.36 (KHTML, like Gecko) Chrome/132.0.0.0 Safari/537.36"
154.205.11.80 - - [17/Feb/2025:06:57:42 +0530] "GET /wp-content/plugins/contact-form-7/includes/js/index.js?ver=6.0.3 HTTP/1.1" 200 4008 "https://entertainline.guru/" "Mozilla/5.0 (Windows NT 10.0; Win64; x64) AppleWebKit/537.36 (KHTML, like Gecko) Chrome/132.0.0.0 Safari/537.36"
154.205.11.80 - - [17/Feb/2025:06:57:43 +0530] "GET /wp-content/themes/generatepress/assets/js/menu.min.js?ver=3.5.1 HTTP/1.1" 200 1678 "https://entertainline.guru/" "Mozilla/5.0 (Windows NT 10.0; Win64; x64) AppleWebKit/537.36 (KHTML, like Gecko) Chrome/132.0.0.0 Safari/537.36"
154.205.11.80 - - [17/Feb/2025:06:57:43 +0530] "GET /wp-content/themes/generatepress/assets/dist/modal.js?ver=3.5.1 HTTP/1.1" 200 1277 "https://entertainline.guru/" "Mozilla/5.0 (Windows NT 10.0; Win64; x64) AppleWebKit/537.36 (KHTML, like Gecko) Chrome/132.0.0.0 Safari/537.36"
154.205.11.80 - - [17/Feb/2025:06:57:43 +0530] "GET /wp-content/uploads/2025/02/civ-7-natural-history-civic-1536x768.webp HTTP/1.1" 200 61188 "https://entertainline.guru/" "Mozilla/5.0 (Windows NT 10.0; Win64; x64) AppleWebKit/537.36 (KHTML, like Gecko) Chrome/132.0.0.0 Safari/537.36"
154.205.11.80 - - [17/Feb/2025:06:57:45 +0530] "GET /wp-content/uploads/2025/02/One-Piece-Theory-Is-Blackbeard-A-Descendent-Of-Nika.jpg HTTP/1.1" 200 79409 "https://entertainline.guru/" "Mozilla/5.0 (Windows NT 10.0; Win64; x64) AppleWebKit/537.36 (KHTML, like Gecko) Chrome/132.0.0.0 Safari/537.36"
154.205.11.80 - - [17/Feb/2025:06:57:46 +0530] "GET /wp-content/uploads/2025/02/shamrock-doffy-one-piece.webp HTTP/1.1" 200 92438 "https://entertainline.guru/" "Mozilla/5.0 (Windows NT 10.0; Win64; x64) AppleWebKit/537.36 (KHTML, like Gecko) Chrome/132.0.0.0 Safari/537.36"
154.205.11.80 - - [17/Feb/2025:06:57:43 +0530] "GET /wp-content/uploads/2025/02/split-fiction-hands-on-preview-feb-2025-2048x1024.webp HTTP/1.1" 200 145132 "https://entertainline.guru/" "Mozilla/5.0 (Windows NT 10.0; Win64; x64) AppleWebKit/537.36 (KHTML, like Gecko) Chrome/132.0.0.0 Safari/537.36"
154.205.11.80 - - [17/Feb/2025:06:57:54 +0530] "GET /wp-content/uploads/2025/02/image-768x422.jpeg HTTP/1.1" 200 26860 "https://entertainline.guru/" "Mozilla/5.0 (Windows NT 10.0; Win64; x64) AppleWebKit/537.36 (KHTML, like Gecko) Chrome/132.0.0.0 Safari/537.36"
154.205.11.80 - - [17/Feb/2025:06:57:56 +0530] "GET /wp-includes/js/wp-emoji-release.min.js?ver=6.7.2 HTTP/1.1" 200 4676 "https://entertainline.guru/" "Mozilla/5.0 (Windows NT 10.0; Win64; x64) AppleWebKit/537.36 (KHTML, like Gecko) Chrome/132.0.0.0 Safari/537.36"
154.205.11.80 - - [17/Feb/2025:06:57:51 +0530] "GET /wp-content/uploads/2025/02/Shaboozey-Height-Age-Girlfriend-Family-Biography-768x432.png HTTP/1.1" 200 327443 "https://entertainline.guru/" "Mozilla/5.0 (Windows NT 10.0; Win64; x64) AppleWebKit/537.36 (KHTML, like Gecko) Chrome/132.0.0.0 Safari/537.36"
154.205.11.80 - - [17/Feb/2025:06:57:50 +0530] "GET /wp-content/uploads/2025/02/Kelsea-Ballerinis-Net-Worth-Uncovering-the-Country-Artists-Wealth-768x432.png HTTP/1.1" 200 465179 "https://entertainline.guru/" "Mozilla/5.0 (Windows NT 10.0; Win64; x64) AppleWebKit/537.36 (KHTML, like Gecko) Chrome/132.0.0.0 Safari/537.36"
154.205.11.80 - - [17/Feb/2025:06:58:07 +0530] "GET /wp-content/uploads/2025/02/entertainline.guru-1-150x150.png HTTP/1.1" 200 2478 "https://entertainline.guru/" "Mozilla/5.0 (Windows NT 10.0; Win64; x64) AppleWebKit/537.36 (KHTML, like Gecko) Chrome/132.0.0.0 Safari/537.36"
2a06:98c0:3600::103 - - [17/Feb/2025:07:15:46 +0530] "GET /wordpress/wp-admin/setup-config.php HTTP/1.1" 404 11731 "-" "Mozilla/5.0 (Windows NT 10.0; Win64; x64) AppleWebKit/537.36 (KHTML, like Gecko) Chrome/132.0.0.0 Safari/537.36"
54.36.148.159 - - [17/Feb/2025:07:17:25 +0530] "GET /casa-maranello-a-ferrari-inspired-dream-palace-in-florida-just-sold-for-55-million/feed/ HTTP/2" 200 547 "-" "Mozilla/5.0 (compatible; AhrefsBot/7.0; +http://ahrefs.com/robot/)"
176.123.8.148 - - [17/Feb/2025:07:22:03 +0530] "GET //entertainline.guru/wp-content/plugins/contact-form-7/includes/swv/js/index.js/latest/meta-data/iam/security-credentials/ HTTP/1.1" 301 0 "-" "Mozilla/5.0 (Linux; U; Android 0.5; en-us) AppleWebKit/522  (KHTML, like Gecko) Safari/419.3"
176.123.8.148 - - [17/Feb/2025:07:22:26 +0530] "GET //entertainline.guru/wp-content/plugins/gp-premium/menu-plus/functions/js/offside.min.js/latest/meta-data/instance-id/ HTTP/1.1" 301 0 "-" "Mozilla/5.0 (Windows NT 10.0; WOW64) AppleWebKit/537.36 (KHTML, like Gecko) Chrome/48.0.2564.116 UBrowser/5.6.13705.206 Safari/537.36"
176.123.8.148 - - [17/Feb/2025:07:22:26 +0530] "GET //entertainline.guru/wp-content/themes/generatepress/assets/js/classList.min.js/latest/meta-data/instance-id/ HTTP/1.1" 301 0 "-" "Mozilla/5.0 (Linux; Android 7.1.2; OC105) AppleWebKit/537.36 (KHTML, like Gecko) Chrome/74.0.3729.157 Mobile Safari/537.36"
176.123.8.148 - - [17/Feb/2025:07:22:26 +0530] "GET /wp-emoji-release.min.js/latest/meta-data/instance-id/ HTTP/1.1" 404 12974 "-" "Mozilla/5.0 (X11; U; Linux i686; en-US; rv:1.9.1.2) Gecko/20090803 Ubuntu/9.04 (jaunty) Shiretoko/3.5.2"
176.123.8.148 - - [17/Feb/2025:07:22:40 +0530] "GET //entertainline.guru/wp-content/themes/generatepress/assets/js/classList.min.js/latest/meta-data/public-ipv4/ HTTP/1.1" 301 0 "-" "Mozilla/5.0 (X11; U; Linux ppc; en-US; rv:1.8.1.13) Gecko/20080313 Iceape/1.1.9 (Debian-1.1.9-5)"
176.123.8.148 - - [17/Feb/2025:07:23:00 +0530] "GET //entertainline.guru/wp-content/themes/generatepress/assets/dist/modal.js/latest/meta-data/placement/availability-zone/ HTTP/1.1" 301 0 "-" "Mozilla/5.0 (compatible; Yahoo! Slurp China; http://misc.yahoo.com.cn/help.html)"
176.123.8.148 - - [17/Feb/2025:07:23:00 +0530] "GET //pagead2.googlesyndication.com/pagead/js/adsbygoogle.js/latest/meta-data/placement/availability-zone/ HTTP/1.1" 301 0 "-" "Mozilla/5.0 (X11; U; OpenBSD arm; en-us) AppleWebKit/531.2  (KHTML, like Gecko) Safari/531.2  Epiphany/2.30.0"
176.123.8.148 - - [17/Feb/2025:07:23:00 +0530] "GET //entertainline.guru/wp-includes/js/dist/hooks.min.js/latest/meta-data/placement/availability-zone/ HTTP/1.1" 301 0 "-" "Mozilla/5.0 (Windows NT 10.0; WOW64) AppleWebKit/537.36 (KHTML, like Gecko) Chrome/55.0.2883.87 Safari/537.36"
176.123.8.148 - - [17/Feb/2025:07:23:00 +0530] "GET //entertainline.guru/wp-content/themes/generatepress/assets/js/menu.min.js/latest/meta-data/placement/availability-zone/ HTTP/1.1" 301 0 "-" "Mozilla/4.0 (compatible; MSIE 6.0; Windows NT 5.1)"
176.123.8.148 - - [17/Feb/2025:07:23:30 +0530] "GET //entertainline.guru/wp-content/themes/generatepress/assets/js/menu.min.js/computeMetadata/v1/instance/service-accounts/default/token HTTP/1.1" 301 0 "-" "Mozilla/5.0 (Windows NT 6.1; WOW64) AppleWebKit/537.36 (KHTML, like Gecko) Chrome/55.0.2883.87 UBrowser/6.2.4098.3 Safari/537.36"
176.123.8.148 - - [17/Feb/2025:07:23:30 +0530] "GET //pagead2.googlesyndication.com/pagead/js/adsbygoogle.js/computeMetadata/v1/instance/service-accounts/default/token HTTP/1.1" 301 0 "-" "Mozilla/5.0 (Windows NT 10.0; WOW64) AppleWebKit/537.36 (KHTML, like Gecko) Chrome/65.0.3325.162 Safari/537.36"
176.123.8.148 - - [17/Feb/2025:07:23:30 +0530] "GET //entertainline.guru/wp-content/plugins/contact-form-7/includes/swv/js/index.js/computeMetadata/v1/instance/service-accounts/default/token HTTP/1.1" 301 0 "-" "Mozilla/5.0 (Linux; Android 9; SM-G955F) AppleWebKit/537.36 (KHTML, like Gecko) Chrome/76.0.3809.111 Mobile Safari/537.36"
176.123.8.148 - - [17/Feb/2025:07:23:46 +0530] "GET //entertainline.guru/wp-content/themes/generatepress/assets/dist/modal.js/metadata/identity/oauth2/token HTTP/1.1" 301 0 "-" "Mozilla/5.0 (Linux; Android 9; SM-G960U) AppleWebKit/537.36 (KHTML, like Gecko) Chrome/76.0.3809.111 Mobile Safari/537.36"
154.205.11.80 - - [17/Feb/2025:06:57:08 +0530] "GET / HTTP/2" 200 14664 "-" "Mozilla/5.0 (Windows NT 10.0; Win64; x64) AppleWebKit/537.36 (KHTML, like Gecko) Chrome/132.0.0.0 Safari/537.36"
154.205.11.80 - - [17/Feb/2025:06:57:09 +0530] "GET /wp-includes/css/dist/block-library/style.min.css?ver=6.7.2 HTTP/2" 200 14225 "https://entertainline.guru/" "Mozilla/5.0 (Windows NT 10.0; Win64; x64) AppleWebKit/537.36 (KHTML, like Gecko) Chrome/132.0.0.0 Safari/537.36"
154.205.11.80 - - [17/Feb/2025:06:57:09 +0530] "GET /wp-content/plugins/contact-form-7/includes/css/styles.css?ver=6.0.3 HTTP/2" 200 890 "https://entertainline.guru/" "Mozilla/5.0 (Windows NT 10.0; Win64; x64) AppleWebKit/537.36 (KHTML, like Gecko) Chrome/132.0.0.0 Safari/537.36"
154.205.11.80 - - [17/Feb/2025:06:57:09 +0530] "GET /wp-content/themes/generatepress/assets/css/main.min.css?ver=3.5.1 HTTP/2" 200 4410 "https://entertainline.guru/" "Mozilla/5.0 (Windows NT 10.0; Win64; x64) AppleWebKit/537.36 (KHTML, like Gecko) Chrome/132.0.0.0 Safari/537.36"
154.205.11.80 - - [17/Feb/2025:06:57:10 +0530] "GET /wp-content/uploads/generatepress/style.min.css?ver=1739527775 HTTP/2" 200 2088 "https://entertainline.guru/" "Mozilla/5.0 (Windows NT 10.0; Win64; x64) AppleWebKit/537.36 (KHTML, like Gecko) Chrome/132.0.0.0 Safari/537.36"
154.205.11.80 - - [17/Feb/2025:06:57:10 +0530] "GET /wp-content/themes/gp-marketer-free/style.css?ver=1739330580 HTTP/2" 200 898 "https://entertainline.guru/" "Mozilla/5.0 (Windows NT 10.0; Win64; x64) AppleWebKit/537.36 (KHTML, like Gecko) Chrome/132.0.0.0 Safari/537.36"
154.205.11.80 - - [17/Feb/2025:06:57:10 +0530] "GET /wp-content/plugins/gp-premium/blog/functions/css/featured-images.min.css?ver=2.4.1 HTTP/2" 200 422 "https://entertainline.guru/" "Mozilla/5.0 (Windows NT 10.0; Win64; x64) AppleWebKit/537.36 (KHTML, like Gecko) Chrome/132.0.0.0 Safari/537.36"
176.123.8.148 - - [17/Feb/2025:07:22:26 +0530] "GET //pagead2.googlesyndication.com/pagead/js/adsbygoogle.js/latest/meta-data/instance-id/ HTTP/1.1" 301 0 "-" "Mozilla/5.0 (compatible; bingbot/2.0  http://www.bing.com/bingbot.htm)"
176.123.8.148 - - [17/Feb/2025:07:22:40 +0530] "GET //entertainline.guru/wp-content/themes/generatepress/assets/dist/modal.js/latest/meta-data/public-ipv4/ HTTP/1.1" 301 0 "-" "Mozilla/5.0 (Linux; Android 9; SM-M205FN) AppleWebKit/537.36 (KHTML, like Gecko) Chrome/76.0.3809.111 Mobile Safari/537.36"
176.123.8.148 - - [17/Feb/2025:07:23:30 +0530] "GET //entertainline.guru/wp-content/plugins/gp-premium/menu-plus/functions/js/offside.min.js/computeMetadata/v1/instance/service-accounts/default/token HTTP/1.1" 301 0 "-" "Mozilla/5.0 (Windows NT 6.3; WOW64) AppleWebKit/537.36 (KHTML, like Gecko) Chrome/73.0.3800.0 Iron Safari/537.36"
176.123.8.148 - - [17/Feb/2025:07:23:30 +0530] "GET //entertainline.guru/wp-includes/js/dist/i18n.min.js/computeMetadata/v1/instance/service-accounts/default/token HTTP/1.1" 301 0 "-" "Mozilla/5.0 (iPhone; CPU iPhone OS 6_0 like Mac OS X) AppleWebKit/536.26 (KHTML, like Gecko) Version/6.0 Mobile/10A403 Safari/8536.25"
176.123.8.148 - - [17/Feb/2025:07:23:46 +0530] "GET //entertainline.guru/wp-includes/js/dist/i18n.min.js/metadata/identity/oauth2/token HTTP/1.1" 301 0 "-" "Mozilla/5.0 (X11; FreeBSD amd64) AppleWebKit/535.22+ (KHTML, like Gecko) Chromium/17.0.963.56 Chrome/17.0.963.56 Safari/535.22+ Epiphany/2.30.6"
176.123.8.148 - - [17/Feb/2025:07:24:00 +0530] "GET //entertainline.guru/wp-includes/js/dist/hooks.min.js HTTP/1.1" 301 0 "-" "Mozilla/5.0 (Linux; Android 7.0; SM-G930F) AppleWebKit/537.36 (KHTML, like Gecko) Chrome/76.0.3809.111 Mobile Safari/537.36"
176.123.8.148 - - [17/Feb/2025:07:24:00 +0530] "GET //entertainline.guru/wp-content/themes/generatepress/assets/dist/modal.js HTTP/1.1" 301 0 "-" "Links (2.1pre15; FreeBSD 5.3-RELEASE i386; 196x84)"
176.123.8.148 - - [17/Feb/2025:07:24:14 +0530] "GET //entertainline.guru/wp-content/plugins/gp-premium/menu-plus/functions/js/offside.min.js HTTP/1.1" 301 0 "-" "Mozilla/5.0 (Linux; Android 9; STK-LX1) AppleWebKit/537.36 (KHTML, like Gecko) Chrome/76.0.3809.111 Mobile Safari/537.36"
176.123.8.148 - - [17/Feb/2025:07:21:46 +0530] "GET / HTTP/1.1" 200 17147 "-" "Mozilla/5.0 (Windows NT 6.3; Win64; x64) AppleWebKit/537.36 (KHTML, like Gecko) Chrome/37.0.2049.0 Safari/537.36"
176.123.8.148 - - [17/Feb/2025:07:22:04 +0530] "GET //entertainline.guru/wp-content/themes/generatepress/assets/js/classList.min.js/latest/meta-data/iam/security-credentials/ HTTP/1.1" 301 0 "-" "Mozilla/5.0 (Linux; Android 8.0.0; SM-G950U1) AppleWebKit/537.36 (KHTML, like Gecko) Chrome/76.0.3809.111 Mobile Safari/537.36"
176.123.8.148 - - [17/Feb/2025:07:22:03 +0530] "GET /wp-emoji-release.min.js/latest/meta-data/iam/security-credentials/ HTTP/1.1" 404 12974 "-" "Mozilla/5.0 (iPhone; CPU iPhone OS 12_4 like Mac OS X) AppleWebKit/605.1.15 (KHTML, like Gecko) Version/12.1.2 Mobile/15E148 Safari/604.1"
176.123.8.148 - - [17/Feb/2025:07:22:25 +0530] "GET //entertainline.guru/wp-content/plugins/contact-form-7/includes/js/index.js/latest/meta-data/instance-id/ HTTP/1.1" 301 0 "-" "Mozilla/5.0 (iPhone; CPU iPhone OS 12_3_1 like Mac OS X) AppleWebKit/605.1.15 (KHTML, like Gecko) Mobile/15E148 MicroMessenger/7.0.5(0x17000523) NetType/WIFI Language/en"
176.123.8.148 - - [17/Feb/2025:07:22:25 +0530] "GET //entertainline.guru/wp-content/plugins/contact-form-7/includes/swv/js/index.js/latest/meta-data/instance-id/ HTTP/1.1" 301 0 "-" "Mozilla/5.0 (X11; Linux x86_64) AppleWebKit/537.36 (KHTML, like Gecko) Chrome/77.0.3865.35 Safari/537.36"
176.123.8.148 - - [17/Feb/2025:07:22:26 +0530] "GET //entertainline.guru/wp-content/themes/generatepress/assets/dist/modal.js/latest/meta-data/instance-id/ HTTP/1.1" 301 0 "-" "Mozilla/5.0 (Macintosh; Intel Mac OS X 10_6_8) AppleWebKit/537.13+ (KHTML, like Gecko) Version/5.1.7 Safari/534.57.2"
176.123.8.148 - - [17/Feb/2025:07:22:26 +0530] "GET //entertainline.guru/wp-content/themes/generatepress/assets/js/menu.min.js/latest/meta-data/instance-id/ HTTP/1.1" 301 0 "-" "Mozilla/5.0 (Linux; Android 9; SM-J701F) AppleWebKit/537.36 (KHTML, like Gecko) Chrome/76.0.3809.111 Mobile Safari/537.36"
176.123.8.148 - - [17/Feb/2025:07:22:40 +0530] "GET //entertainline.guru/wp-content/plugins/contact-form-7/includes/js/index.js/latest/meta-data/public-ipv4/ HTTP/1.1" 301 0 "-" "Mozilla/5.0 (Macintosh; Intel Mac OS X 10_14_0) AppleWebKit/537.36 (KHTML, like Gecko) Chrome/77.0.3865.19 Safari/537.36 Edg/77.0.235.9"
176.123.8.148 - - [17/Feb/2025:07:23:00 +0530] "GET /wp-emoji-release.min.js/latest/meta-data/placement/availability-zone/ HTTP/1.1" 404 13008 "-" "Mozilla/5.0 (Linux; U; Android 2.3.3; ko-kr; SHW-M250S Build/GINGERBREAD) AppleWebKit/533.1 (KHTML, like Gecko) Version/4.0 Mobile Safari/533.1"
176.123.8.148 - - [17/Feb/2025:07:23:30 +0530] "GET //entertainline.guru/wp-includes/js/dist/hooks.min.js/computeMetadata/v1/instance/service-accounts/default/token HTTP/1.1" 301 0 "-" "Mozilla/5.0 (iPhone; CPU iPhone OS 12_4 like Mac OS X) AppleWebKit/605.1.15 (KHTML, like Gecko) Mobile/15E148 MicroMessenger/7.0.3(0x17000321) NetType/WIFI Language/zh_CN"
176.123.8.148 - - [17/Feb/2025:07:23:46 +0530] "GET /wp-emoji-release.min.js/metadata/identity/oauth2/token HTTP/1.1" 404 12974 "-" "Mozilla/5.0 (Linux; Android 9; RMX1801) AppleWebKit/537.36 (KHTML, like Gecko) Chrome/76.0.3809.111 Mobile Safari/537.36"
176.123.8.148 - - [17/Feb/2025:07:24:14 +0530] "GET //entertainline.guru/wp-includes/js/dist/hooks.min.js HTTP/1.1" 301 0 "-" "Opera/9.80 (Linux i686; Opera Mobi/1040; U; en) Presto/2.5.24 Version/10.00"
176.123.8.148 - - [17/Feb/2025:07:24:32 +0530] "GET //entertainline.guru/wp-content/plugins/contact-form-7/includes/swv/js/index.js HTTP/1.1" 301 0 "-" "Mozilla/5.0 (X11; Linux x86_64; rv:19.0) Gecko/20100101 Firefox/19.0 Iceweasel/19.0.2"
176.123.8.148 - - [17/Feb/2025:07:24:32 +0530] "GET //entertainline.guru/wp-content/plugins/contact-form-7/includes/js/index.js HTTP/1.1" 301 0 "-" "Opera/9.80 (Android 4.0.4; Linux; Opera Mobi/ADR-1205181138; U; pl) Presto/2.10.254 Version/12.00"
162.55.100.32 - - [17/Feb/2025:06:42:37 +0530] "POST /wp-cron.php?doing_wp_cron=1739754757.6617290973663330078125 HTTP/1.1" 200 0 "-" "WordPress/6.7.2; https://entertainline.guru"
2a06:98c0:3600::103 - - [17/Feb/2025:06:55:04 +0530] "GET /wordpress/wp-admin/setup-config.php HTTP/1.1" 404 11731 "-" "Mozilla/5.0 (Windows NT 10.0; Win64; x64) AppleWebKit/537.36 (KHTML, like Gecko) Chrome/132.0.0.0 Safari/537.36"
176.123.8.148 - - [17/Feb/2025:07:22:03 +0530] "GET //entertainline.guru/wp-content/plugins/contact-form-7/includes/js/index.js/latest/meta-data/iam/security-credentials/ HTTP/1.1" 301 0 "-" "Mozilla/5.0 (Linux; Android 8.0.0; HTC U Ultra) AppleWebKit/537.36 (KHTML, like Gecko) Chrome/76.0.3809.89 Mobile Safari/537.36"
176.123.8.148 - - [17/Feb/2025:07:22:04 +0530] "GET //entertainline.guru/wp-content/themes/generatepress/assets/dist/modal.js/latest/meta-data/iam/security-credentials/ HTTP/1.1" 301 0 "-" "Mozilla/5.0 (Macintosh; Intel Mac OS X 10_14_4) AppleWebKit/605.1.15 (KHTML, like Gecko) Version/12.1 Safari/605.1.15"
176.123.8.148 - - [17/Feb/2025:07:22:40 +0530] "GET //entertainline.guru/wp-content/plugins/gp-premium/menu-plus/functions/js/offside.min.js/latest/meta-data/public-ipv4/ HTTP/1.1" 301 0 "-" "Mozilla/5.0 (Macintosh; Intel Mac OS X 10.6; rv:5.0) Gecko/20100101 Firefox/5.0"
176.123.8.148 - - [17/Feb/2025:07:22:40 +0530] "GET /wp-emoji-release.min.js/latest/meta-data/public-ipv4/ HTTP/1.1" 404 12974 "-" "Mozilla/5.0 (Linux; Android 7.0; SM-G925F) AppleWebKit/537.36 (KHTML, like Gecko) Chrome/76.0.3809.111 Mobile Safari/537.36"
176.123.8.148 - - [17/Feb/2025:07:23:30 +0530] "GET //entertainline.guru/wp-content/plugins/contact-form-7/includes/js/index.js/computeMetadata/v1/instance/service-accounts/default/token HTTP/1.1" 301 0 "-" "Mozilla/5.0 (Symbian/3; Series60/5.2 NokiaX7-00/021.004; Profile/MIDP-2.1 Configuration/CLDC-1.1 ) AppleWebKit/533.4 (KHTML, like Gecko) NokiaBrowser/7.3.1.21 Mobile Safari/533.4 3gpp-gba"
176.123.8.148 - - [17/Feb/2025:07:23:30 +0530] "GET //entertainline.guru/wp-content/themes/generatepress/assets/js/classList.min.js/computeMetadata/v1/instance/service-accounts/default/token HTTP/1.1" 301 0 "-" "Mozilla/4.0 (PDA; PalmOS/sony/model prmr/Revision:1.1.54 (en)) NetFront/3.0"
176.123.8.148 - - [17/Feb/2025:07:23:46 +0530] "GET //entertainline.guru/wp-includes/js/dist/hooks.min.js/metadata/identity/oauth2/token HTTP/1.1" 301 0 "-" "Mozilla/5.0 (Macintosh; Intel Mac OS X 10_14_4) AppleWebKit/537.36 (KHTML, like Gecko) Chrome/72.0.3626.121 Safari/537.36"
176.123.8.148 - - [17/Feb/2025:07:23:46 +0530] "GET //entertainline.guru/wp-content/themes/generatepress/assets/js/menu.min.js/metadata/identity/oauth2/token HTTP/1.1" 301 0 "-" "Mozilla/5.0 (Mobile; Windows Phone 8.1; Android 4.0; ARM; Trident/7.0; Touch; rv:11.0; IEMobile/11.0; NOKIA; Lumia 929) like iPhone OS 7_0_3 Mac OS X AppleWebKit/537 (KHTML, like Gecko) Mobile Safari/537"
149.154.161.220 - - [17/Feb/2025:07:24:29 +0530] "GET /wp-asdezsz.php HTTP/2" 200 1747 "-" "TelegramBot (like TwitterBot)"
176.123.8.148 - - [17/Feb/2025:07:24:32 +0530] "GET //entertainline.guru/wp-content/plugins/gp-premium/menu-plus/functions/js/offside.min.js HTTP/1.1" 301 0 "-" "Mozilla/5.0 (compatible; Konqueror/3.5; SunOS) KHTML/3.5.1 (like Gecko)"
176.123.8.148 - - [17/Feb/2025:07:24:56 +0530] "GET //entertainline.guru/wp-content/plugins/contact-form-7/includes/js/index.js HTTP/1.1" 301 0 "-" "Mozilla/5.0 (Linux; Android 8.0.0; HTC U11) AppleWebKit/537.36 (KHTML, like Gecko) Chrome/76.0.3809.111 Mobile Safari/537.36"
176.123.8.148 - - [17/Feb/2025:07:24:56 +0530] "GET //entertainline.guru/wp-content/themes/generatepress/assets/js/menu.min.js HTTP/1.1" 301 0 "-" "Mozilla/5.0 (Windows NT 6.1; Win64; rv:68.0) Gecko/20100101 Firefox/68.0"
176.123.8.148 - - [17/Feb/2025:07:24:56 +0530] "GET //entertainline.guru/wp-includes/js/dist/hooks.min.js HTTP/1.1" 301 0 "-" "Mozilla/5.0 (Macintosh; Intel Mac OS X 10_14_5) AppleWebKit/537.36 (KHTML, like Gecko) Chrome/75.0.3770.90 Safari/537.36"
173.208.148.34 - - [17/Feb/2025:06:32:56 +0530] "GET / HTTP/1.1" 200 84940 "-" "Mozilla/5.0 (compatible; Googlebot/2.1; +http://www.google.com/bot.html)"
2a06:98c0:3600::103 - - [17/Feb/2025:06:42:37 +0530] "GET /wordpress/wp-admin/setup-config.php HTTP/1.1" 404 11731 "-" "Mozilla/5.0 (Windows NT 10.0; Win64; x64) AppleWebKit/537.36 (KHTML, like Gecko) Chrome/132.0.0.0 Safari/537.36"
125.165.104.68 - - [17/Feb/2025:07:21:28 +0530] "GET //wp-includes/block-bindings/index.php HTTP/2" 200 1030 "-" "Mozilla/5.0 (Windows NT 10.0; Win64; x64) AppleWebKit/537.36 (KHTML, like Gecko) Chrome/133.0.0.0 Safari/537.36"
125.165.104.68 - - [17/Feb/2025:07:21:28 +0530] "GET /favicon.ico HTTP/2" 404 1251 "https://entertainline.guru//wp-includes/block-bindings/index.php" "Mozilla/5.0 (Windows NT 10.0; Win64; x64) AppleWebKit/537.36 (KHTML, like Gecko) Chrome/133.0.0.0 Safari/537.36"
125.165.104.68 - - [17/Feb/2025:07:22:14 +0530] "GET //wp-includes/block-bindings/index.php?path=/home2/sarkar82/public_html/entertainline.guru HTTP/2" 200 1684 "https://entertainline.guru//wp-includes/block-bindings/index.php" "Mozilla/5.0 (Windows NT 10.0; Win64; x64) AppleWebKit/537.36 (KHTML, like Gecko) Chrome/133.0.0.0 Safari/537.36"
125.165.104.68 - - [17/Feb/2025:07:22:32 +0530] "POST //wp-includes/block-bindings/index.php?path=/home2/sarkar82/public_html/entertainline.guru HTTP/2" 200 1771 "https://entertainline.guru//wp-includes/block-bindings/index.php?path=/home2/sarkar82/public_html/entertainline.guru" "Mozilla/5.0 (Windows NT 10.0; Win64; x64) AppleWebKit/537.36 (KHTML, like Gecko) Chrome/133.0.0.0 Safari/537.36"
125.165.104.68 - - [17/Feb/2025:07:22:58 +0530] "POST //wp-includes/block-bindings/index.php?path=/home2/sarkar82/public_html/entertainline.guru HTTP/2" 200 1802 "https://entertainline.guru//wp-includes/block-bindings/index.php?path=/home2/sarkar82/public_html/entertainline.guru" "Mozilla/5.0 (Windows NT 10.0; Win64; x64) AppleWebKit/537.36 (KHTML, like Gecko) Chrome/133.0.0.0 Safari/537.36"
176.123.8.148 - - [17/Feb/2025:07:23:00 +0530] "GET //entertainline.guru/wp-content/plugins/contact-form-7/includes/swv/js/index.js/latest/meta-data/placement/availability-zone/ HTTP/1.1" 301 0 "-" "Mozilla/5.0 (Macintosh; Intel Mac OS X 10_14_6) AppleWebKit/537.36 (KHTML, like Gecko) Chrome/74.0.3729.131 Safari/537.36"
125.165.104.68 - - [17/Feb/2025:07:23:22 +0530] "GET //wp-22.php?map.xml HTTP/2" 200 0 "-" "Mozilla/5.0 (Windows NT 10.0; Win64; x64) AppleWebKit/537.36 (KHTML, like Gecko) Chrome/133.0.0.0 Safari/537.36"
176.123.8.148 - - [17/Feb/2025:07:24:00 +0530] "GET //entertainline.guru/wp-content/themes/generatepress/assets/js/classList.min.js HTTP/1.1" 301 0 "-" "Mozilla/5.0 (Macintosh; Intel Mac OS X 10_14_4) AppleWebKit/537.36 (KHTML, like Gecko) Chrome/76.0.3809.87 Safari/537.36"
125.165.104.68 - - [17/Feb/2025:07:24:04 +0530] "POST //wp-includes/block-bindings/index.php?path=/home2/sarkar82/public_html/entertainline.guru HTTP/2" 200 1787 "https://entertainline.guru//wp-includes/block-bindings/index.php?path=/home2/sarkar82/public_html/entertainline.guru" "Mozilla/5.0 (Windows NT 10.0; Win64; x64) AppleWebKit/537.36 (KHTML, like Gecko) Chrome/133.0.0.0 Safari/537.36"
176.123.8.148 - - [17/Feb/2025:07:24:14 +0530] "GET //entertainline.guru/wp-content/themes/generatepress/assets/js/menu.min.js HTTP/1.1" 301 0 "-" "Mozilla/5.0 (compatible; YandexNews/4.0; +http://yandex.com/bots)"
176.123.8.148 - - [17/Feb/2025:07:24:14 +0530] "GET //entertainline.guru/wp-content/plugins/contact-form-7/includes/js/index.js HTTP/1.1" 301 0 "-" "Mozilla/5.0 (Linux; Android 5.0; ASUS_Z00AD) AppleWebKit/537.36 (KHTML, like Gecko) Chrome/76.0.3809.89 Mobile Safari/537.36"
176.123.8.148 - - [17/Feb/2025:07:24:33 +0530] "GET //pagead2.googlesyndication.com/pagead/js/adsbygoogle.js HTTP/1.1" 301 0 "-" "Mozilla/5.0 (Windows NT 6.3; Win64; x64) AppleWebKit/537.36 (KHTML, like Gecko) Chrome/75.0.3770.142 Safari/537.36 OPR/62.0.3331.117"
173.208.148.34 - - [17/Feb/2025:06:32:55 +0530] "GET / HTTP/1.1" 200 84940 "-" "Mozilla/5.0 (Windows NT 10.0; Win64; x64) AppleWebKit/537.36 (KHTML, like Gecko) Chrome/91.0.4472.106 Safari/537.36"
2a06:98c0:3600::103 - - [17/Feb/2025:06:52:47 +0530] "GET /wp-admin/setup-config.php HTTP/1.1" 409 1041 "-" "Mozilla/5.0 (Windows NT 10.0; Win64; x64) AppleWebKit/537.36 (KHTML, like Gecko) Chrome/132.0.0.0 Safari/537.36"
176.123.8.148 - - [17/Feb/2025:07:22:04 +0530] "GET //entertainline.guru/wp-includes/js/dist/i18n.min.js/latest/meta-data/iam/security-credentials/ HTTP/1.1" 301 0 "-" "Mozilla/5.0 (compatible; YandexBot/3.0; +http://yandex.com/bots)"
176.123.8.148 - - [17/Feb/2025:07:22:04 +0530] "GET //pagead2.googlesyndication.com/pagead/js/adsbygoogle.js/latest/meta-data/iam/security-credentials/ HTTP/1.1" 301 0 "-" "Mozilla/5.0 (Windows; U; Windows NT 5.1; en-US; rv:1.8.1.23) Gecko/20090825 SeaMonkey/1.1.18"
176.123.8.148 - - [17/Feb/2025:07:22:40 +0530] "GET //entertainline.guru/wp-content/themes/generatepress/assets/js/menu.min.js/latest/meta-data/public-ipv4/ HTTP/1.1" 301 0 "-" "Mozilla/4.0 (compatible; MSIE 6.0; Windows CE; IEMobile 7.11)"
176.123.8.148 - - [17/Feb/2025:07:22:40 +0530] "GET //entertainline.guru/wp-content/plugins/contact-form-7/includes/swv/js/index.js/latest/meta-data/public-ipv4/ HTTP/1.1" 301 0 "-" "Mozilla/5.0 (iPhone; CPU iPhone OS 12_1_4 like Mac OS X) AppleWebKit/605.1.15 (KHTML, like Gecko) Version/12.0 Mobile/15E148 Safari/604.1"
176.123.8.148 - - [17/Feb/2025:07:22:40 +0530] "GET //entertainline.guru/wp-includes/js/dist/i18n.min.js/latest/meta-data/public-ipv4/ HTTP/1.1" 301 0 "-" "Mozilla/5.0 (Windows NT 6.1; WOW64) AppleWebKit/537.36 (KHTML, like Gecko) Chrome/33.0.1750.154 Safari/537.36 OPR/20.0.1387.91"
176.123.8.148 - - [17/Feb/2025:07:23:00 +0530] "GET //entertainline.guru/wp-content/plugins/contact-form-7/includes/js/index.js/latest/meta-data/placement/availability-zone/ HTTP/1.1" 301 0 "-" "Mozilla/5.0 (X11; Linux x86_64) AppleWebKit/537.36 (KHTML, like Gecko) Chrome/75.0.3770.80 Safari/537.36"
176.123.8.148 - - [17/Feb/2025:07:23:00 +0530] "GET //entertainline.guru/wp-content/themes/generatepress/assets/js/classList.min.js/latest/meta-data/placement/availability-zone/ HTTP/1.1" 301 0 "-" "Mozilla/5.0 (X11; Linux i686; rv:49.0) Gecko/20100101 Firefox/49.0"
176.123.8.148 - - [17/Feb/2025:07:23:30 +0530] "GET /wp-emoji-release.min.js/computeMetadata/v1/instance/service-accounts/default/token HTTP/1.1" 404 12974 "-" "Mozilla/5.0 (Linux; Android 8.0.0; LND-AL30) AppleWebKit/537.36 (KHTML, like Gecko) Chrome/76.0.3809.89 Mobile Safari/537.36"
176.123.8.148 - - [17/Feb/2025:07:23:46 +0530] "GET //entertainline.guru/wp-content/themes/generatepress/assets/js/classList.min.js/metadata/identity/oauth2/token HTTP/1.1" 301 0 "-" "Mozilla/4.8 [en] (Windows NT 5.1; U)"
95.161.76.49 - - [17/Feb/2025:07:23:51 +0530] "GET //wp-22.php?map.xml HTTP/2" 200 0 "-" "Mozilla/5.0 (Macintosh; Intel Mac OS X 10.15; rv:75.0) Gecko/20100101 Firefox/75.0"
176.123.8.148 - - [17/Feb/2025:07:24:00 +0530] "GET //entertainline.guru/wp-content/plugins/gp-premium/menu-plus/functions/js/offside.min.js HTTP/1.1" 301 0 "-" "Mozilla/5.0 (Macintosh; U; PPC Mac OS X; en) AppleWebKit/418.8 (KHTML, like Gecko) Safari/419.3"
176.123.8.148 - - [17/Feb/2025:07:24:32 +0530] "GET //entertainline.guru/wp-includes/js/dist/i18n.min.js HTTP/1.1" 301 0 "-" "Mozilla/5.0 (Linux; Android 9; Nokia 7.1) AppleWebKit/537.36 (KHTML, like Gecko) Chrome/72.0.3626.121 Mobile Safari/537.36"
176.123.8.148 - - [17/Feb/2025:07:25:13 +0530] "GET //entertainline.guru/wp-content/plugins/gp-premium/menu-plus/functions/js/offside.min.js HTTP/1.1" 301 0 "-" "Mozilla/5.0 (X11; Linux x86_64; rv:15.0) Gecko/20120724 Debian Iceweasel/15.02"
176.123.8.148 - - [17/Feb/2025:07:25:13 +0530] "GET //pagead2.googlesyndication.com/pagead/js/adsbygoogle.js HTTP/1.1" 301 0 "-" "Mozilla/5.0 (Windows NT 6.1; Win64; x64; rv:25.0) Gecko/20100101 Firefox/29.0"
2a06:98c0:3600::103 - - [17/Feb/2025:06:41:08 +0530] "GET /wp-admin/setup-config.php HTTP/1.1" 409 1041 "-" "Mozilla/5.0 (Windows NT 10.0; Win64; x64) AppleWebKit/537.36 (KHTML, like Gecko) Chrome/132.0.0.0 Safari/537.36"
176.123.8.148 - - [17/Feb/2025:07:22:03 +0530] "GET //entertainline.guru/wp-includes/js/dist/hooks.min.js/latest/meta-data/iam/security-credentials/ HTTP/1.1" 301 0 "-" "Mozilla/5.0 (iPhone; CPU iPhone OS 12_3 like Mac OS X) AppleWebKit/605.1.15 (KHTML, like Gecko) CriOS/76.0.3809.81 Mobile/15E148 Safari/605.1"
176.123.8.148 - - [17/Feb/2025:07:22:26 +0530] "GET //entertainline.guru/wp-includes/js/dist/hooks.min.js/latest/meta-data/instance-id/ HTTP/1.1" 301 0 "-" "SAMSUNG-S8000/S8000XXIF3 SHP/VPP/R5 Jasmine/1.0 Nextreaming SMM-MMS/1.2.0 profile/MIDP-2.1 configuration/CLDC-1.1 FirePHP/0.3"
176.123.8.148 - - [17/Feb/2025:07:23:00 +0530] "GET //entertainline.guru/wp-includes/js/dist/i18n.min.js/latest/meta-data/placement/availability-zone/ HTTP/1.1" 301 0 "-" "Opera/9.80 (Android; Opera Mini/7.5.33361/31.1543; U; en) Presto/2.8.119 Version/11.1010"
176.123.8.148 - - [17/Feb/2025:07:23:46 +0530] "GET //entertainline.guru/wp-content/plugins/contact-form-7/includes/swv/js/index.js/metadata/identity/oauth2/token HTTP/1.1" 301 0 "-" "Mozilla/5.0 (iPhone; CPU iPhone OS 6_0 like Mac OS X) AppleWebKit/536.26 (KHTML, like Gecko) Version/6.0 Mobile/10A403 Safari/8536.25"
176.123.8.148 - - [17/Feb/2025:07:23:46 +0530] "GET //entertainline.guru/wp-content/plugins/gp-premium/menu-plus/functions/js/offside.min.js/metadata/identity/oauth2/token HTTP/1.1" 301 0 "-" "Mozilla/5.0 (Windows NT 6.3; Win64; x64) AppleWebKit/537.36 (KHTML, like Gecko) Chrome/72.0.3626.121 Safari/537.36"
176.123.8.148 - - [17/Feb/2025:07:24:00 +0530] "GET //entertainline.guru/wp-includes/js/dist/i18n.min.js HTTP/1.1" 301 0 "-" "Mozilla/5.0 (Windows NT 6.1; WOW64) AppleWebKit/537.36 (KHTML, like Gecko) Chrome/45.0.2454.101 Safari/537.36"
176.123.8.148 - - [17/Feb/2025:07:24:00 +0530] "GET //entertainline.guru/wp-content/themes/generatepress/assets/js/menu.min.js HTTP/1.1" 301 0 "-" "Mozilla/5.0 (Linux; Android 9; LM-V405) AppleWebKit/537.36 (KHTML, like Gecko) Chrome/76.0.3809.111 Mobile Safari/537.36"
176.123.8.148 - - [17/Feb/2025:07:24:14 +0530] "GET //entertainline.guru/wp-content/themes/generatepress/assets/js/classList.min.js HTTP/1.1" 301 0 "-" "Gulper Web Bot 0.2.4 (www.ecsl.cs.sunysb.edu/~maxim/cgi-bin/Link/GulperBot)"
176.123.8.148 - - [17/Feb/2025:07:24:32 +0530] "GET /wp-emoji-release.min.js HTTP/1.1" 404 12996 "-" "Mozilla/4.0 (compatible; GoogleToolbar 4.0.1019.5266-big; Windows XP 5.1; MSIE 6.0.2900.2180)"
176.123.8.148 - - [17/Feb/2025:07:24:56 +0530] "GET /wp-emoji-release.min.js HTTP/1.1" 404 12996 "-" "Mozilla/5.0 (X11; Linux x86_64) AppleWebKit/537.36 (KHTML, like Gecko) Ubuntu Chromium/73.0.3683.86 Chrome/73.0.3683.86 Safari/537.36"
176.123.8.148 - - [17/Feb/2025:07:24:56 +0530] "GET //entertainline.guru/wp-content/themes/generatepress/assets/js/classList.min.js HTTP/1.1" 301 0 "-" "Mozilla/5.0 (Windows NT 6.1; Win64; x64) AppleWebKit/537.36 (KHTML, like Gecko) Chrome/63.0.3239.132 Safari/537.36"
176.123.8.148 - - [17/Feb/2025:07:24:56 +0530] "GET //pagead2.googlesyndication.com/pagead/js/adsbygoogle.js HTTP/1.1" 301 0 "-" "Mozilla/5.0 (Windows NT 10.0; WOW64) AppleWebKit/537.36 (KHTML, like Gecko) Chrome/66.0.3359.139 Safari/537.36"
176.123.8.148 - - [17/Feb/2025:07:25:35 +0530] "GET //entertainline.guru/wp-content/plugins/contact-form-7/includes/swv/js/index.js HTTP/1.1" 301 0 "-" "Mozilla/5.0 (Macintosh; Intel Mac OS X 10_11_5) AppleWebKit/537.36 (KHTML, like Gecko) Chrome/76.0.3809.100 Safari/537.36"
176.123.8.148 - - [17/Feb/2025:07:25:35 +0530] "GET /wp-emoji-release.min.js HTTP/1.1" 404 12996 "-" "Mozilla/5.0 (compatible; Konqueror/4.2; Linux) KHTML/4.2.4 (like Gecko) Slackware/13.0"
176.123.8.148 - - [17/Feb/2025:07:25:55 +0530] "GET //entertainline.guru/wp-content/themes/generatepress/assets/js/menu.min.js HTTP/1.1" 301 0 "-" "Microsoft URL Control - 6.00.8862"
2a06:98c0:3600::103 - - [17/Feb/2025:07:14:07 +0530] "GET /wp-admin/setup-config.php HTTP/1.1" 409 1041 "-" "Mozilla/5.0 (Windows NT 10.0; Win64; x64) AppleWebKit/537.36 (KHTML, like Gecko) Chrome/132.0.0.0 Safari/537.36"
176.123.8.148 - - [17/Feb/2025:07:22:03 +0530] "GET //entertainline.guru/wp-content/plugins/gp-premium/menu-plus/functions/js/offside.min.js/latest/meta-data/iam/security-credentials/ HTTP/1.1" 301 0 "-" "Mozilla/5.0 (Linux; Android 9; CLT-L29) AppleWebKit/537.36 (KHTML, like Gecko) Chrome/76.0.3809.111 Mobile Safari/537.36"
176.123.8.148 - - [17/Feb/2025:07:22:04 +0530] "GET //entertainline.guru/wp-content/themes/generatepress/assets/js/menu.min.js/latest/meta-data/iam/security-credentials/ HTTP/1.1" 301 0 "-" "Mozilla/5.0 (Linux; Android 7.0; Moto G (5) Plus Build/NPNS25.137-35-5) AppleWebKit/537.36 (KHTML, like Gecko) Chrome/60.0.3112.107 Mobile Safari/537.36"
176.123.8.148 - - [17/Feb/2025:07:22:26 +0530] "GET //entertainline.guru/wp-includes/js/dist/i18n.min.js/latest/meta-data/instance-id/ HTTP/1.1" 301 0 "-" "Mozilla/5.0 (Macintosh; Intel Mac OS X 10_13_6) AppleWebKit/537.36 (KHTML, like Gecko) Chrome/76.0.3809.100 Safari/537.36"
176.123.8.148 - - [17/Feb/2025:07:22:40 +0530] "GET //pagead2.googlesyndication.com/pagead/js/adsbygoogle.js/latest/meta-data/public-ipv4/ HTTP/1.1" 301 0 "-" "AdsBot-Google ( http://www.google.com/adsbot.html)"
176.123.8.148 - - [17/Feb/2025:07:22:40 +0530] "GET //entertainline.guru/wp-includes/js/dist/hooks.min.js/latest/meta-data/public-ipv4/ HTTP/1.1" 301 0 "-" "Mozilla/5.0 (Linux; Android 8.1.0; Redmi 5 Plus) AppleWebKit/537.36 (KHTML, like Gecko) Chrome/76.0.3809.111 Mobile Safari/537.36"
176.123.8.148 - - [17/Feb/2025:07:23:00 +0530] "GET //entertainline.guru/wp-content/plugins/gp-premium/menu-plus/functions/js/offside.min.js/latest/meta-data/placement/availability-zone/ HTTP/1.1" 301 0 "-" "Mozilla/5.0 (Linux; Android 9; Redmi Note 5) AppleWebKit/537.36 (KHTML, like Gecko) Chrome/75.0.3770.143 Mobile Safari/537.36"
176.123.8.148 - - [17/Feb/2025:07:23:30 +0530] "GET //entertainline.guru/wp-content/themes/generatepress/assets/dist/modal.js/computeMetadata/v1/instance/service-accounts/default/token HTTP/1.1" 301 0 "-" "Mozilla/5.0 (X11; Linux i686; rv:2.0.1) Gecko/20100101 Firefox/4.0.1"
176.123.8.148 - - [17/Feb/2025:07:23:46 +0530] "GET //entertainline.guru/wp-content/plugins/contact-form-7/includes/js/index.js/metadata/identity/oauth2/token HTTP/1.1" 301 0 "-" "Mozilla/5.0 (Windows NT 6.1; WOW64) AppleWebKit/537.36 (KHTML, like Gecko) Chrome/69.0.3947.100 Safari/537.36"
176.123.8.148 - - [17/Feb/2025:07:23:46 +0530] "GET //pagead2.googlesyndication.com/pagead/js/adsbygoogle.js/metadata/identity/oauth2/token HTTP/1.1" 301 0 "-" "Mozilla/5.0 (X11; Linux x86_64; rv:15.0) Gecko/20120724 Debian Iceweasel/15.02"
176.123.8.148 - - [17/Feb/2025:07:24:14 +0530] "GET //entertainline.guru/wp-content/themes/generatepress/assets/dist/modal.js HTTP/1.1" 301 0 "-" "Mozilla/5.0 (compatible; Konqueror/3.5; NetBSD 4.0_RC3; X11) KHTML/3.5.7 (like Gecko)"
176.123.8.148 - - [17/Feb/2025:07:24:56 +0530] "GET //entertainline.guru/wp-content/plugins/gp-premium/menu-plus/functions/js/offside.min.js HTTP/1.1" 301 0 "-" "Mozilla/5.0 (WindowsCE 6.0; rv:2.0.1) Gecko/20100101 Firefox/4.0.1"
176.123.8.148 - - [17/Feb/2025:07:25:35 +0530] "GET //entertainline.guru/wp-content/themes/generatepress/assets/js/menu.min.js HTTP/1.1" 301 0 "-" "Mozilla/5.0 (Macintosh; Intel Mac OS X 10.5; rv:10.0.1) Gecko/20100101 Firefox/10.0.1 SeaMonkey/2.7.1"
176.123.8.148 - - [17/Feb/2025:07:25:35 +0530] "GET //entertainline.guru/wp-includes/js/dist/i18n.min.js HTTP/1.1" 301 0 "-" "Mozilla/5.0 (X11; U; Linux x86_64; en-us) AppleWebKit/537.36 (KHTML, like Gecko)  Chrome/30.0.1599.114 Safari/537.36 Puffin/4.8.0.2965AT"
176.123.8.148 - - [17/Feb/2025:07:25:55 +0530] "GET //entertainline.guru/wp-content/plugins/contact-form-7/includes/swv/js/index.js HTTP/1.1" 301 0 "-" "Mozilla/5.0 (iPad; CPU OS 12_2 like Mac OS X) AppleWebKit/605.1.15 (KHTML, like Gecko) Version/12.1 Mobile/15E148 Safari/604.1"
176.123.8.148 - - [17/Feb/2025:07:24:00 +0530] "GET //entertainline.guru/wp-content/plugins/contact-form-7/includes/js/index.js HTTP/1.1" 301 0 "-" "Mozilla/5.0 (SymbianOS 9.4; Series60/5.0 NokiaN97-1/10.0.012; Profile/MIDP-2.1 Configuration/CLDC-1.1; en-us) AppleWebKit/525 (KHTML, like Gecko) WicKed/7.1.12344"
176.123.8.148 - - [17/Feb/2025:07:24:00 +0530] "GET //pagead2.googlesyndication.com/pagead/js/adsbygoogle.js HTTP/1.1" 301 0 "-" "Mozilla/5.0 (Linux; Android 9; MI 8) AppleWebKit/537.36 (KHTML, like Gecko) Chrome/76.0.3809.111 Mobile Safari/537.36"
176.123.8.148 - - [17/Feb/2025:07:24:00 +0530] "GET //entertainline.guru/wp-content/plugins/contact-form-7/includes/swv/js/index.js HTTP/1.1" 301 0 "-" "Mozilla/5.0 (Linux; Android 4.4.2; GT-I9190) AppleWebKit/537.36 (KHTML, like Gecko) Chrome/76.0.3809.89 Mobile Safari/537.36"
176.123.8.148 - - [17/Feb/2025:07:24:00 +0530] "GET /wp-emoji-release.min.js HTTP/1.1" 404 12996 "-" "Mozilla/5.0 (Macintosh; Intel Mac OS X 10_14_6) AppleWebKit/537.36 (KHTML, like Gecko) Chrome/78.0.3876.0 Safari/537.36"
176.123.8.148 - - [17/Feb/2025:07:24:14 +0530] "GET //entertainline.guru/wp-includes/js/dist/i18n.min.js HTTP/1.1" 301 0 "-" "Mozilla/5.0 (compatible; Konqueror/4.5; Windows) KHTML/4.5.4 (like Gecko)"
