66.249.66.36 - - [16/Feb/2025:21:32:01 +0530] "GET /wp-content/uploads/2025/02/Kelsea-Ballerinis-Net-Worth-Uncovering-the-Country-Artists-Wealth-300x169.png HTTP/1.1" 200 87209 "https://entertainline.guru/casa-maranello-a-ferrari-inspired-dream-palace-in-florida-just-sold-for-55-million/" "Mozilla/5.0 (X11; Linux x86_64) AppleWebKit/537.36 (KHTML, like Gecko) Chrome/133.0.6943.53 Safari/537.36 (compatible; Google-InspectionTool/1.0)"
66.249.66.35 - - [16/Feb/2025:21:17:48 +0530] "GET /wp-content/themes/gp-marketer-free/style.css?ver=1739330580 HTTP/1.1" 200 898 "https://entertainline.guru/casa-maranello-a-ferrari-inspired-dream-palace-in-florida-just-sold-for-55-million/" "Mozilla/5.0 (X11; Linux x86_64) AppleWebKit/537.36 (KHTML, like Gecko) Chrome/133.0.6943.53 Safari/537.36 (compatible; Google-InspectionTool/1.0)"
66.249.66.34 - - [16/Feb/2025:21:18:26 +0530] "GET /wp-content/uploads/2025/02/image-8-1024x563.jpeg HTTP/1.1" 200 167422 "-" "Googlebot-Image/1.0"
66.249.66.34 - - [16/Feb/2025:21:18:26 +0530] "GET /wp-content/uploads/2025/02/image-9-1024x563.jpeg HTTP/1.1" 200 165527 "-" "Googlebot-Image/1.0"
66.249.66.34 - - [16/Feb/2025:21:18:28 +0530] "GET /wp-content/uploads/2025/02/image-2.png HTTP/1.1" 200 114132 "-" "Googlebot-Image/1.0"
66.249.66.34 - - [16/Feb/2025:21:18:29 +0530] "GET /wp-content/uploads/2025/02/image-9-1024x563.jpeg HTTP/1.1" 200 165527 "-" "Googlebot-Image/1.0"
66.249.66.34 - - [16/Feb/2025:21:18:29 +0530] "GET /wp-content/uploads/2025/02/image-8-1024x563.jpeg HTTP/1.1" 200 167422 "-" "Googlebot-Image/1.0"
66.249.66.34 - - [16/Feb/2025:21:18:30 +0530] "GET /wp-content/uploads/2025/02/AA1yAoTb-1024x536.webp HTTP/1.1" 200 136128 "-" "Googlebot-Image/1.0"
66.249.66.35 - - [16/Feb/2025:21:31:59 +0530] "GET /wp-content/plugins/contact-form-7/includes/css/styles.css?ver=6.0.3 HTTP/1.1" 200 890 "https://entertainline.guru/casa-maranello-a-ferrari-inspired-dream-palace-in-florida-just-sold-for-55-million/" "Mozilla/5.0 (Linux; Android 6.0.1; Nexus 5X Build/MMB29P) AppleWebKit/537.36 (KHTML, like Gecko) Chrome/133.0.6943.53 Mobile Safari/537.36 (compatible; Google-InspectionTool/1.0)"
66.249.66.35 - - [16/Feb/2025:21:31:59 +0530] "GET /wp-content/themes/generatepress/assets/js/menu.min.js?ver=3.5.1 HTTP/1.1" 200 1678 "https://entertainline.guru/casa-maranello-a-ferrari-inspired-dream-palace-in-florida-just-sold-for-55-million/" "Mozilla/5.0 (Linux; Android 6.0.1; Nexus 5X Build/MMB29P) AppleWebKit/537.36 (KHTML, like Gecko) Chrome/133.0.6943.53 Mobile Safari/537.36 (compatible; Google-InspectionTool/1.0)"
66.249.66.35 - - [16/Feb/2025:21:31:59 +0530] "GET /wp-content/plugins/contact-form-7/includes/js/index.js?ver=6.0.3 HTTP/1.1" 200 4008 "https://entertainline.guru/casa-maranello-a-ferrari-inspired-dream-palace-in-florida-just-sold-for-55-million/" "Mozilla/5.0 (X11; Linux x86_64) AppleWebKit/537.36 (KHTML, like Gecko) Chrome/133.0.6943.53 Safari/537.36 (compatible; Google-InspectionTool/1.0)"
66.249.66.34 - - [16/Feb/2025:21:32:39 +0530] "GET /shaboozey-height-age-girlfriend-family-biography/ HTTP/1.1" 200 23799 "-" "Mozilla/5.0 (Linux; Android 6.0.1; Nexus 5X Build/MMB29P) AppleWebKit/537.36 (KHTML, like Gecko) Chrome/133.0.6943.98 Mobile Safari/537.36 (compatible; Google-InspectionTool/1.0;)"
66.249.66.34 - - [16/Feb/2025:21:32:40 +0530] "GET /wp-content/themes/generatepress/assets/css/components/comments.min.css?ver=3.5.1 HTTP/1.1" 200 488 "https://entertainline.guru/shaboozey-height-age-girlfriend-family-biography/" "Mozilla/5.0 (Linux; Android 6.0.1; Nexus 5X Build/MMB29P) AppleWebKit/537.36 (KHTML, like Gecko) Chrome/133.0.6943.53 Mobile Safari/537.36 (compatible; Google-InspectionTool/1.0)"
66.249.66.34 - - [16/Feb/2025:21:32:40 +0530] "GET /wp-includes/js/dist/hooks.min.js?ver=4d63a3d491d11ffd8ac6 HTTP/1.1" 200 1571 "https://entertainline.guru/shaboozey-height-age-girlfriend-family-biography/" "Mozilla/5.0 (Linux; Android 6.0.1; Nexus 5X Build/MMB29P) AppleWebKit/537.36 (KHTML, like Gecko) Chrome/133.0.6943.53 Mobile Safari/537.36 (compatible; Google-InspectionTool/1.0)"
66.249.66.34 - - [16/Feb/2025:21:32:40 +0530] "GET /wp-content/themes/generatepress/assets/css/main.min.css?ver=3.5.1 HTTP/1.1" 200 4410 "https://entertainline.guru/shaboozey-height-age-girlfriend-family-biography/" "Mozilla/5.0 (Linux; Android 6.0.1; Nexus 5X Build/MMB29P) AppleWebKit/537.36 (KHTML, like Gecko) Chrome/133.0.6943.53 Mobile Safari/537.36 (compatible; Google-InspectionTool/1.0)"
66.249.66.34 - - [16/Feb/2025:21:17:49 +0530] "GET /wp-content/uploads/2025/02/AA1yAoTb-1536x804.webp HTTP/1.1" 200 275756 "https://entertainline.guru/casa-maranello-a-ferrari-inspired-dream-palace-in-florida-just-sold-for-55-million/" "Mozilla/5.0 (Linux; Android 6.0.1; Nexus 5X Build/MMB29P) AppleWebKit/537.36 (KHTML, like Gecko) Chrome/133.0.6943.53 Mobile Safari/537.36 (compatible; Google-InspectionTool/1.0)"
66.249.66.36 - - [16/Feb/2025:21:17:50 +0530] "GET /wp-content/uploads/2025/02/Shaboozey-Height-Age-Girlfriend-Family-Biography-300x169.png HTTP/1.1" 200 66847 "https://entertainline.guru/casa-maranello-a-ferrari-inspired-dream-palace-in-florida-just-sold-for-55-million/" "Mozilla/5.0 (X11; Linux x86_64) AppleWebKit/537.36 (KHTML, like Gecko) Chrome/133.0.6943.53 Safari/537.36 (compatible; Google-InspectionTool/1.0)"
66.249.66.34 - - [16/Feb/2025:21:17:50 +0530] "GET /wp-content/uploads/2025/02/Kelsea-Ballerinis-Net-Worth-Uncovering-the-Country-Artists-Wealth-300x169.png HTTP/1.1" 200 87209 "https://entertainline.guru/casa-maranello-a-ferrari-inspired-dream-palace-in-florida-just-sold-for-55-million/" "Mozilla/5.0 (X11; Linux x86_64) AppleWebKit/537.36 (KHTML, like Gecko) Chrome/133.0.6943.53 Safari/537.36 (compatible; Google-InspectionTool/1.0)"
66.249.66.34 - - [16/Feb/2025:21:17:52 +0530] "GET /wp-content/uploads/2025/02/civ-7-natural-history-civic-768x384.webp HTTP/1.1" 200 22768 "https://entertainline.guru/casa-maranello-a-ferrari-inspired-dream-palace-in-florida-just-sold-for-55-million/" "Mozilla/5.0 (Linux; Android 6.0.1; Nexus 5X Build/MMB29P) AppleWebKit/537.36 (KHTML, like Gecko) Chrome/133.0.6943.53 Mobile Safari/537.36 (compatible; Google-InspectionTool/1.0)"
66.249.66.36 - - [16/Feb/2025:21:31:59 +0530] "GET /wp-includes/js/dist/hooks.min.js?ver=4d63a3d491d11ffd8ac6 HTTP/1.1" 200 1571 "https://entertainline.guru/casa-maranello-a-ferrari-inspired-dream-palace-in-florida-just-sold-for-55-million/" "Mozilla/5.0 (X11; Linux x86_64) AppleWebKit/537.36 (KHTML, like Gecko) Chrome/133.0.6943.53 Safari/537.36 (compatible; Google-InspectionTool/1.0)"
66.249.66.34 - - [16/Feb/2025:21:31:59 +0530] "GET /wp-includes/js/dist/i18n.min.js?ver=5e580eb46a90c2b997e6 HTTP/1.1" 200 3542 "https://entertainline.guru/casa-maranello-a-ferrari-inspired-dream-palace-in-florida-just-sold-for-55-million/" "Mozilla/5.0 (Linux; Android 6.0.1; Nexus 5X Build/MMB29P) AppleWebKit/537.36 (KHTML, like Gecko) Chrome/133.0.6943.53 Mobile Safari/537.36 (compatible; Google-InspectionTool/1.0)"
66.249.66.34 - - [16/Feb/2025:21:31:59 +0530] "GET /wp-includes/js/comment-reply.min.js?ver=6.7.2 HTTP/1.1" 200 1247 "https://entertainline.guru/casa-maranello-a-ferrari-inspired-dream-palace-in-florida-just-sold-for-55-million/" "Mozilla/5.0 (Linux; Android 6.0.1; Nexus 5X Build/MMB29P) AppleWebKit/537.36 (KHTML, like Gecko) Chrome/133.0.6943.53 Mobile Safari/537.36 (compatible; Google-InspectionTool/1.0)"
66.249.66.34 - - [16/Feb/2025:21:31:59 +0530] "GET /wp-content/themes/generatepress/assets/dist/modal.js?ver=3.5.1 HTTP/1.1" 200 1277 "https://entertainline.guru/casa-maranello-a-ferrari-inspired-dream-palace-in-florida-just-sold-for-55-million/" "Mozilla/5.0 (X11; Linux x86_64) AppleWebKit/537.36 (KHTML, like Gecko) Chrome/133.0.6943.53 Safari/537.36 (compatible; Google-InspectionTool/1.0)"
66.249.66.35 - - [16/Feb/2025:21:32:40 +0530] "GET /wp-content/plugins/contact-form-7/includes/js/index.js?ver=6.0.3 HTTP/1.1" 200 4008 "https://entertainline.guru/shaboozey-height-age-girlfriend-family-biography/" "Mozilla/5.0 (Linux; Android 6.0.1; Nexus 5X Build/MMB29P) AppleWebKit/537.36 (KHTML, like Gecko) Chrome/133.0.6943.53 Mobile Safari/537.36 (compatible; Google-InspectionTool/1.0)"
66.249.66.35 - - [16/Feb/2025:21:31:59 +0530] "GET /wp-content/uploads/2025/02/image-8-1024x563.jpeg HTTP/1.1" 200 167422 "https://entertainline.guru/casa-maranello-a-ferrari-inspired-dream-palace-in-florida-just-sold-for-55-million/" "Mozilla/5.0 (X11; Linux x86_64) AppleWebKit/537.36 (KHTML, like Gecko) Chrome/133.0.6943.53 Safari/537.36 (compatible; Google-InspectionTool/1.0)"
66.249.66.36 - - [16/Feb/2025:21:31:59 +0530] "GET /wp-content/plugins/gp-premium/menu-plus/functions/css/offside.min.css?ver=2.4.1 HTTP/1.1" 200 1364 "https://entertainline.guru/casa-maranello-a-ferrari-inspired-dream-palace-in-florida-just-sold-for-55-million/" "Mozilla/5.0 (X11; Linux x86_64) AppleWebKit/537.36 (KHTML, like Gecko) Chrome/133.0.6943.53 Safari/537.36 (compatible; Google-InspectionTool/1.0)"
66.249.66.36 - - [16/Feb/2025:21:31:59 +0530] "GET /wp-includes/js/dist/hooks.min.js?ver=4d63a3d491d11ffd8ac6 HTTP/1.1" 200 1571 "https://entertainline.guru/casa-maranello-a-ferrari-inspired-dream-palace-in-florida-just-sold-for-55-million/" "Mozilla/5.0 (Linux; Android 6.0.1; Nexus 5X Build/MMB29P) AppleWebKit/537.36 (KHTML, like Gecko) Chrome/133.0.6943.53 Mobile Safari/537.36 (compatible; Google-InspectionTool/1.0)"
66.249.66.36 - - [16/Feb/2025:21:31:59 +0530] "GET /wp-content/uploads/2025/02/image-8.jpeg HTTP/1.1" 200 249064 "https://entertainline.guru/casa-maranello-a-ferrari-inspired-dream-palace-in-florida-just-sold-for-55-million/" "Mozilla/5.0 (Linux; Android 6.0.1; Nexus 5X Build/MMB29P) AppleWebKit/537.36 (KHTML, like Gecko) Chrome/133.0.6943.53 Mobile Safari/537.36 (compatible; Google-InspectionTool/1.0)"
66.249.66.35 - - [16/Feb/2025:21:32:01 +0530] "GET /wp-content/uploads/2025/02/image-300x165.jpeg HTTP/1.1" 200 6598 "https://entertainline.guru/casa-maranello-a-ferrari-inspired-dream-palace-in-florida-just-sold-for-55-million/" "Mozilla/5.0 (X11; Linux x86_64) AppleWebKit/537.36 (KHTML, like Gecko) Chrome/133.0.6943.53 Safari/537.36 (compatible; Google-InspectionTool/1.0)"
66.249.66.36 - - [16/Feb/2025:21:32:01 +0530] "GET /wp-content/uploads/2025/02/civ-7-natural-history-civic-300x150.webp HTTP/1.1" 200 6060 "https://entertainline.guru/casa-maranello-a-ferrari-inspired-dream-palace-in-florida-just-sold-for-55-million/" "Mozilla/5.0 (X11; Linux x86_64) AppleWebKit/537.36 (KHTML, like Gecko) Chrome/133.0.6943.53 Safari/537.36 (compatible; Google-InspectionTool/1.0)"
66.249.66.35 - - [16/Feb/2025:21:32:03 +0530] "GET /wp-content/uploads/2025/02/Kelsea-Ballerinis-Net-Worth-Uncovering-the-Country-Artists-Wealth-768x432.png HTTP/1.1" 200 465179 "https://entertainline.guru/casa-maranello-a-ferrari-inspired-dream-palace-in-florida-just-sold-for-55-million/" "Mozilla/5.0 (Linux; Android 6.0.1; Nexus 5X Build/MMB29P) AppleWebKit/537.36 (KHTML, like Gecko) Chrome/133.0.6943.53 Mobile Safari/537.36 (compatible; Google-InspectionTool/1.0)"
66.249.66.34 - - [16/Feb/2025:21:32:40 +0530] "GET /wp-content/uploads/2025/02/image-5.jpeg HTTP/1.1" 200 50738 "https://entertainline.guru/shaboozey-height-age-girlfriend-family-biography/" "Mozilla/5.0 (Linux; Android 6.0.1; Nexus 5X Build/MMB29P) AppleWebKit/537.36 (KHTML, like Gecko) Chrome/133.0.6943.53 Mobile Safari/537.36 (compatible; Google-InspectionTool/1.0)"
66.249.66.34 - - [16/Feb/2025:21:32:40 +0530] "GET /wp-content/uploads/2025/02/Capture.png HTTP/1.1" 200 31090 "https://entertainline.guru/shaboozey-height-age-girlfriend-family-biography/" "Mozilla/5.0 (Linux; Android 6.0.1; Nexus 5X Build/MMB29P) AppleWebKit/537.36 (KHTML, like Gecko) Chrome/133.0.6943.53 Mobile Safari/537.36 (compatible; Google-InspectionTool/1.0)"
66.249.66.34 - - [16/Feb/2025:21:32:40 +0530] "GET /wp-content/themes/generatepress/assets/js/menu.min.js?ver=3.5.1 HTTP/1.1" 200 1678 "https://entertainline.guru/shaboozey-height-age-girlfriend-family-biography/" "Mozilla/5.0 (Linux; Android 6.0.1; Nexus 5X Build/MMB29P) AppleWebKit/537.36 (KHTML, like Gecko) Chrome/133.0.6943.53 Mobile Safari/537.36 (compatible; Google-InspectionTool/1.0)"
66.249.66.36 - - [16/Feb/2025:21:32:03 +0530] "GET /wp-content/uploads/2025/02/civ-7-natural-history-civic-768x384.webp HTTP/1.1" 200 22768 "https://entertainline.guru/casa-maranello-a-ferrari-inspired-dream-palace-in-florida-just-sold-for-55-million/" "Mozilla/5.0 (Linux; Android 6.0.1; Nexus 5X Build/MMB29P) AppleWebKit/537.36 (KHTML, like Gecko) Chrome/133.0.6943.53 Mobile Safari/537.36 (compatible; Google-InspectionTool/1.0)"
66.249.66.35 - - [16/Feb/2025:21:32:03 +0530] "GET /wp-content/uploads/2025/02/Shaboozey-Height-Age-Girlfriend-Family-Biography-768x432.png HTTP/1.1" 200 327443 "https://entertainline.guru/casa-maranello-a-ferrari-inspired-dream-palace-in-florida-just-sold-for-55-million/" "Mozilla/5.0 (Linux; Android 6.0.1; Nexus 5X Build/MMB29P) AppleWebKit/537.36 (KHTML, like Gecko) Chrome/133.0.6943.53 Mobile Safari/537.36 (compatible; Google-InspectionTool/1.0)"
66.249.66.35 - - [16/Feb/2025:21:32:40 +0530] "GET /wp-content/themes/gp-marketer-free/style.css?ver=1739330580 HTTP/1.1" 200 898 "https://entertainline.guru/shaboozey-height-age-girlfriend-family-biography/" "Mozilla/5.0 (Linux; Android 6.0.1; Nexus 5X Build/MMB29P) AppleWebKit/537.36 (KHTML, like Gecko) Chrome/133.0.6943.53 Mobile Safari/537.36 (compatible; Google-InspectionTool/1.0)"
66.249.66.34 - - [16/Feb/2025:21:32:40 +0530] "GET /wp-content/plugins/gp-premium/menu-plus/functions/js/offside.min.js?ver=2.4.1 HTTP/1.1" 200 2028 "https://entertainline.guru/shaboozey-height-age-girlfriend-family-biography/" "Mozilla/5.0 (Linux; Android 6.0.1; Nexus 5X Build/MMB29P) AppleWebKit/537.36 (KHTML, like Gecko) Chrome/133.0.6943.53 Mobile Safari/537.36 (compatible; Google-InspectionTool/1.0)"
66.249.66.35 - - [16/Feb/2025:21:32:40 +0530] "GET /wp-content/plugins/gp-premium/menu-plus/functions/js/offside.min.js?ver=2.4.1 HTTP/1.1" 200 2028 "https://entertainline.guru/shaboozey-height-age-girlfriend-family-biography/" "Mozilla/5.0 (X11; Linux x86_64) AppleWebKit/537.36 (KHTML, like Gecko) Chrome/133.0.6943.53 Safari/537.36 (compatible; Google-InspectionTool/1.0)"
66.249.66.34 - - [16/Feb/2025:21:32:40 +0530] "GET /wp-content/uploads/generatepress/style.min.css?ver=1739527775 HTTP/1.1" 200 2088 "https://entertainline.guru/shaboozey-height-age-girlfriend-family-biography/" "Mozilla/5.0 (Linux; Android 6.0.1; Nexus 5X Build/MMB29P) AppleWebKit/537.36 (KHTML, like Gecko) Chrome/133.0.6943.53 Mobile Safari/537.36 (compatible; Google-InspectionTool/1.0)"
66.249.66.35 - - [16/Feb/2025:21:32:40 +0530] "GET /wp-includes/js/comment-reply.min.js?ver=6.7.2 HTTP/1.1" 200 1247 "https://entertainline.guru/shaboozey-height-age-girlfriend-family-biography/" "Mozilla/5.0 (Linux; Android 6.0.1; Nexus 5X Build/MMB29P) AppleWebKit/537.36 (KHTML, like Gecko) Chrome/133.0.6943.53 Mobile Safari/537.36 (compatible; Google-InspectionTool/1.0)"
66.249.66.35 - - [16/Feb/2025:21:32:40 +0530] "GET /wp-content/plugins/contact-form-7/includes/css/styles.css?ver=6.0.3 HTTP/1.1" 200 890 "https://entertainline.guru/shaboozey-height-age-girlfriend-family-biography/" "Mozilla/5.0 (X11; Linux x86_64) AppleWebKit/537.36 (KHTML, like Gecko) Chrome/133.0.6943.53 Safari/537.36 (compatible; Google-InspectionTool/1.0)"
66.249.66.35 - - [16/Feb/2025:21:32:40 +0530] "GET /wp-content/plugins/gp-premium/menu-plus/functions/css/navigation-branding-flex.min.css?ver=2.4.1 HTTP/1.1" 200 542 "https://entertainline.guru/shaboozey-height-age-girlfriend-family-biography/" "Mozilla/5.0 (X11; Linux x86_64) AppleWebKit/537.36 (KHTML, like Gecko) Chrome/133.0.6943.53 Safari/537.36 (compatible; Google-InspectionTool/1.0)"
66.249.66.35 - - [16/Feb/2025:21:32:40 +0530] "GET /wp-includes/js/comment-reply.min.js?ver=6.7.2 HTTP/1.1" 200 1247 "https://entertainline.guru/shaboozey-height-age-girlfriend-family-biography/" "Mozilla/5.0 (X11; Linux x86_64) AppleWebKit/537.36 (KHTML, like Gecko) Chrome/133.0.6943.53 Safari/537.36 (compatible; Google-InspectionTool/1.0)"
66.249.66.35 - - [16/Feb/2025:21:17:49 +0530] "GET /wp-content/uploads/2025/02/image-9.jpeg HTTP/1.1" 200 246730 "https://entertainline.guru/casa-maranello-a-ferrari-inspired-dream-palace-in-florida-just-sold-for-55-million/" "Mozilla/5.0 (Linux; Android 6.0.1; Nexus 5X Build/MMB29P) AppleWebKit/537.36 (KHTML, like Gecko) Chrome/133.0.6943.53 Mobile Safari/537.36 (compatible; Google-InspectionTool/1.0)"
66.249.66.36 - - [16/Feb/2025:21:17:50 +0530] "GET /wp-content/uploads/2025/02/civ-7-natural-history-civic-300x150.webp HTTP/1.1" 200 6060 "https://entertainline.guru/casa-maranello-a-ferrari-inspired-dream-palace-in-florida-just-sold-for-55-million/" "Mozilla/5.0 (X11; Linux x86_64) AppleWebKit/537.36 (KHTML, like Gecko) Chrome/133.0.6943.53 Safari/537.36 (compatible; Google-InspectionTool/1.0)"
43.159.128.247 - - [16/Feb/2025:21:19:11 +0530] "GET /kelsea-ballerinis-net-worth/feed/ HTTP/1.1" 200 557 "-" "Mozilla/5.0 (iPhone; CPU iPhone OS 13_2_3 like Mac OS X) AppleWebKit/605.1.15 (KHTML, like Gecko) Version/13.0.3 Mobile/15E148 Safari/604.1"
66.249.66.36 - - [16/Feb/2025:21:31:59 +0530] "GET /wp-content/themes/gp-marketer-free/style.css?ver=1739330580 HTTP/1.1" 200 898 "https://entertainline.guru/casa-maranello-a-ferrari-inspired-dream-palace-in-florida-just-sold-for-55-million/" "Mozilla/5.0 (Linux; Android 6.0.1; Nexus 5X Build/MMB29P) AppleWebKit/537.36 (KHTML, like Gecko) Chrome/133.0.6943.53 Mobile Safari/537.36 (compatible; Google-InspectionTool/1.0)"
66.249.66.34 - - [16/Feb/2025:21:31:59 +0530] "GET /wp-content/plugins/contact-form-7/includes/js/index.js?ver=6.0.3 HTTP/1.1" 200 4008 "https://entertainline.guru/casa-maranello-a-ferrari-inspired-dream-palace-in-florida-just-sold-for-55-million/" "Mozilla/5.0 (Linux; Android 6.0.1; Nexus 5X Build/MMB29P) AppleWebKit/537.36 (KHTML, like Gecko) Chrome/133.0.6943.53 Mobile Safari/537.36 (compatible; Google-InspectionTool/1.0)"
66.249.66.35 - - [16/Feb/2025:21:32:39 +0530] "GET /shaboozey-height-age-girlfriend-family-biography/ HTTP/1.1" 200 23743 "-" "Mozilla/5.0 (compatible; Google-InspectionTool/1.0;)"
66.249.66.34 - - [16/Feb/2025:21:32:40 +0530] "GET /wp-content/plugins/contact-form-7/includes/css/styles.css?ver=6.0.3 HTTP/1.1" 200 890 "https://entertainline.guru/shaboozey-height-age-girlfriend-family-biography/" "Mozilla/5.0 (Linux; Android 6.0.1; Nexus 5X Build/MMB29P) AppleWebKit/537.36 (KHTML, like Gecko) Chrome/133.0.6943.53 Mobile Safari/537.36 (compatible; Google-InspectionTool/1.0)"
66.249.66.35 - - [16/Feb/2025:21:32:40 +0530] "GET /wp-includes/css/dist/block-library/style.min.css?ver=6.7.2 HTTP/1.1" 200 14225 "https://entertainline.guru/shaboozey-height-age-girlfriend-family-biography/" "Mozilla/5.0 (Linux; Android 6.0.1; Nexus 5X Build/MMB29P) AppleWebKit/537.36 (KHTML, like Gecko) Chrome/133.0.6943.53 Mobile Safari/537.36 (compatible; Google-InspectionTool/1.0)"
66.249.66.34 - - [16/Feb/2025:21:32:40 +0530] "GET /wp-content/themes/generatepress/assets/js/menu.min.js?ver=3.5.1 HTTP/1.1" 200 1678 "https://entertainline.guru/shaboozey-height-age-girlfriend-family-biography/" "Mozilla/5.0 (X11; Linux x86_64) AppleWebKit/537.36 (KHTML, like Gecko) Chrome/133.0.6943.53 Safari/537.36 (compatible; Google-InspectionTool/1.0)"
66.249.66.35 - - [16/Feb/2025:21:32:40 +0530] "GET /wp-content/uploads/2025/02/did-shaboozey-biography.png HTTP/1.1" 200 459681 "https://entertainline.guru/shaboozey-height-age-girlfriend-family-biography/" "Mozilla/5.0 (Linux; Android 6.0.1; Nexus 5X Build/MMB29P) AppleWebKit/537.36 (KHTML, like Gecko) Chrome/133.0.6943.53 Mobile Safari/537.36 (compatible; Google-InspectionTool/1.0)"
66.249.66.35 - - [16/Feb/2025:21:32:40 +0530] "GET /wp-content/plugins/gp-premium/blog/functions/css/featured-images.min.css?ver=2.4.1 HTTP/1.1" 200 422 "https://entertainline.guru/shaboozey-height-age-girlfriend-family-biography/" "Mozilla/5.0 (X11; Linux x86_64) AppleWebKit/537.36 (KHTML, like Gecko) Chrome/133.0.6943.53 Safari/537.36 (compatible; Google-InspectionTool/1.0)"
66.249.66.36 - - [16/Feb/2025:21:31:59 +0530] "GET /wp-content/uploads/2025/02/image-2.png HTTP/1.1" 200 114132 "https://entertainline.guru/casa-maranello-a-ferrari-inspired-dream-palace-in-florida-just-sold-for-55-million/" "Mozilla/5.0 (Linux; Android 6.0.1; Nexus 5X Build/MMB29P) AppleWebKit/537.36 (KHTML, like Gecko) Chrome/133.0.6943.53 Mobile Safari/537.36 (compatible; Google-InspectionTool/1.0)"
66.249.66.35 - - [16/Feb/2025:21:31:59 +0530] "GET /wp-content/themes/generatepress/assets/dist/modal.js?ver=3.5.1 HTTP/1.1" 200 1277 "https://entertainline.guru/casa-maranello-a-ferrari-inspired-dream-palace-in-florida-just-sold-for-55-million/" "Mozilla/5.0 (Linux; Android 6.0.1; Nexus 5X Build/MMB29P) AppleWebKit/537.36 (KHTML, like Gecko) Chrome/133.0.6943.53 Mobile Safari/537.36 (compatible; Google-InspectionTool/1.0)"
66.249.66.35 - - [16/Feb/2025:21:32:40 +0530] "GET /wp-includes/js/dist/i18n.min.js?ver=5e580eb46a90c2b997e6 HTTP/1.1" 200 3542 "https://entertainline.guru/shaboozey-height-age-girlfriend-family-biography/" "Mozilla/5.0 (Linux; Android 6.0.1; Nexus 5X Build/MMB29P) AppleWebKit/537.36 (KHTML, like Gecko) Chrome/133.0.6943.53 Mobile Safari/537.36 (compatible; Google-InspectionTool/1.0)"
66.249.66.35 - - [16/Feb/2025:21:32:40 +0530] "GET /wp-content/plugins/gp-premium/menu-plus/functions/css/offside.min.css?ver=2.4.1 HTTP/1.1" 200 1364 "https://entertainline.guru/shaboozey-height-age-girlfriend-family-biography/" "Mozilla/5.0 (Linux; Android 6.0.1; Nexus 5X Build/MMB29P) AppleWebKit/537.36 (KHTML, like Gecko) Chrome/133.0.6943.53 Mobile Safari/537.36 (compatible; Google-InspectionTool/1.0)"
66.249.66.35 - - [16/Feb/2025:21:32:40 +0530] "GET /wp-content/themes/generatepress/assets/dist/modal.js?ver=3.5.1 HTTP/1.1" 200 1277 "https://entertainline.guru/shaboozey-height-age-girlfriend-family-biography/" "Mozilla/5.0 (X11; Linux x86_64) AppleWebKit/537.36 (KHTML, like Gecko) Chrome/133.0.6943.53 Safari/537.36 (compatible; Google-InspectionTool/1.0)"
66.249.66.34 - - [16/Feb/2025:21:32:45 +0530] "GET /wp-content/uploads/2025/02/image-768x422.jpeg HTTP/1.1" 200 26860 "https://entertainline.guru/shaboozey-height-age-girlfriend-family-biography/" "Mozilla/5.0 (Linux; Android 6.0.1; Nexus 5X Build/MMB29P) AppleWebKit/537.36 (KHTML, like Gecko) Chrome/133.0.6943.53 Mobile Safari/537.36 (compatible; Google-InspectionTool/1.0)"
66.249.66.34 - - [16/Feb/2025:21:32:45 +0530] "GET /wp-content/uploads/2025/02/AA1yAoTb-768x402.webp HTTP/1.1" 200 80240 "https://entertainline.guru/shaboozey-height-age-girlfriend-family-biography/" "Mozilla/5.0 (Linux; Android 6.0.1; Nexus 5X Build/MMB29P) AppleWebKit/537.36 (KHTML, like Gecko) Chrome/133.0.6943.53 Mobile Safari/537.36 (compatible; Google-InspectionTool/1.0)"
66.249.66.34 - - [16/Feb/2025:21:32:45 +0530] "GET /wp-content/uploads/2025/02/image-6-1024x563.jpeg HTTP/1.1" 200 151903 "https://entertainline.guru/shaboozey-height-age-girlfriend-family-biography/" "Mozilla/5.0 (Linux; Android 6.0.1; Nexus 5X Build/MMB29P) AppleWebKit/537.36 (KHTML, like Gecko) Chrome/133.0.6943.53 Mobile Safari/537.36 (compatible; Google-InspectionTool/1.0)"
66.249.66.35 - - [16/Feb/2025:21:32:52 +0530] "GET /wp-content/uploads/2025/02/image-6-768x422.jpeg HTTP/1.1" 200 91278 "https://entertainline.guru/shaboozey-height-age-girlfriend-family-biography/" "Mozilla/5.0 (X11; Linux x86_64) AppleWebKit/537.36 (KHTML, like Gecko) Chrome/133.0.6943.53 Safari/537.36 (compatible; Google-InspectionTool/1.0)"
66.249.66.35 - - [16/Feb/2025:21:33:17 +0530] "GET /wp-content/themes/generatepress/assets/css/components/comments.min.css?ver=3.5.1 HTTP/1.1" 200 488 "https://entertainline.guru/shaboozey-height-age-girlfriend-family-biography/" "Mozilla/5.0 (X11; Linux x86_64) AppleWebKit/537.36 (KHTML, like Gecko) Chrome/133.0.6943.53 Safari/537.36 (compatible; Google-InspectionTool/1.0)"
66.249.66.34 - - [16/Feb/2025:21:32:01 +0530] "GET /wp-content/plugins/contact-form-7/includes/swv/js/index.js?ver=6.0.3 HTTP/1.1" 200 3369 "https://entertainline.guru/casa-maranello-a-ferrari-inspired-dream-palace-in-florida-just-sold-for-55-million/" "Mozilla/5.0 (Linux; Android 6.0.1; Nexus 5X Build/MMB29P) AppleWebKit/537.36 (KHTML, like Gecko) Chrome/133.0.6943.53 Mobile Safari/537.36 (compatible; Google-InspectionTool/1.0)"
66.249.66.34 - - [16/Feb/2025:21:32:01 +0530] "GET /wp-content/uploads/2025/02/Shaboozey-Height-Age-Girlfriend-Family-Biography-300x169.png HTTP/1.1" 200 66847 "https://entertainline.guru/casa-maranello-a-ferrari-inspired-dream-palace-in-florida-just-sold-for-55-million/" "Mozilla/5.0 (X11; Linux x86_64) AppleWebKit/537.36 (KHTML, like Gecko) Chrome/133.0.6943.53 Safari/537.36 (compatible; Google-InspectionTool/1.0)"
66.249.66.34 - - [16/Feb/2025:21:32:03 +0530] "GET /wp-content/uploads/2025/02/image-768x422.jpeg HTTP/1.1" 200 26860 "https://entertainline.guru/casa-maranello-a-ferrari-inspired-dream-palace-in-florida-just-sold-for-55-million/" "Mozilla/5.0 (Linux; Android 6.0.1; Nexus 5X Build/MMB29P) AppleWebKit/537.36 (KHTML, like Gecko) Chrome/133.0.6943.53 Mobile Safari/537.36 (compatible; Google-InspectionTool/1.0)"
66.249.66.34 - - [16/Feb/2025:21:32:40 +0530] "GET /wp-content/themes/generatepress/assets/dist/modal.js?ver=3.5.1 HTTP/1.1" 200 1277 "https://entertainline.guru/shaboozey-height-age-girlfriend-family-biography/" "Mozilla/5.0 (Linux; Android 6.0.1; Nexus 5X Build/MMB29P) AppleWebKit/537.36 (KHTML, like Gecko) Chrome/133.0.6943.53 Mobile Safari/537.36 (compatible; Google-InspectionTool/1.0)"
66.249.66.35 - - [16/Feb/2025:21:32:40 +0530] "GET /wp-content/plugins/contact-form-7/includes/swv/js/index.js?ver=6.0.3 HTTP/1.1" 200 3369 "https://entertainline.guru/shaboozey-height-age-girlfriend-family-biography/" "Mozilla/5.0 (Linux; Android 6.0.1; Nexus 5X Build/MMB29P) AppleWebKit/537.36 (KHTML, like Gecko) Chrome/133.0.6943.53 Mobile Safari/537.36 (compatible; Google-InspectionTool/1.0)"
66.249.66.34 - - [16/Feb/2025:21:32:40 +0530] "GET /wp-includes/js/dist/hooks.min.js?ver=4d63a3d491d11ffd8ac6 HTTP/1.1" 200 1571 "https://entertainline.guru/shaboozey-height-age-girlfriend-family-biography/" "Mozilla/5.0 (X11; Linux x86_64) AppleWebKit/537.36 (KHTML, like Gecko) Chrome/133.0.6943.53 Safari/537.36 (compatible; Google-InspectionTool/1.0)"
66.249.66.34 - - [16/Feb/2025:21:32:40 +0530] "GET /wp-includes/css/dist/block-library/style.min.css?ver=6.7.2 HTTP/1.1" 200 14225 "https://entertainline.guru/shaboozey-height-age-girlfriend-family-biography/" "Mozilla/5.0 (X11; Linux x86_64) AppleWebKit/537.36 (KHTML, like Gecko) Chrome/133.0.6943.53 Safari/537.36 (compatible; Google-InspectionTool/1.0)"
66.249.66.35 - - [16/Feb/2025:21:32:40 +0530] "GET /wp-content/uploads/2025/02/Capture.png HTTP/1.1" 200 31090 "https://entertainline.guru/shaboozey-height-age-girlfriend-family-biography/" "Mozilla/5.0 (X11; Linux x86_64) AppleWebKit/537.36 (KHTML, like Gecko) Chrome/133.0.6943.53 Safari/537.36 (compatible; Google-InspectionTool/1.0)"
66.249.66.35 - - [16/Feb/2025:21:32:40 +0530] "GET /wp-content/uploads/2025/02/Shaboozey-Height-Age-Girlfriend-Family-Biography.png HTTP/1.1" 200 266323 "https://entertainline.guru/shaboozey-height-age-girlfriend-family-biography/" "Mozilla/5.0 (Linux; Android 6.0.1; Nexus 5X Build/MMB29P) AppleWebKit/537.36 (KHTML, like Gecko) Chrome/133.0.6943.53 Mobile Safari/537.36 (compatible; Google-InspectionTool/1.0)"
66.249.66.35 - - [16/Feb/2025:21:33:17 +0530] "GET /wp-content/uploads/2025/02/image-5-1024x563.jpeg HTTP/1.1" 200 41360 "https://entertainline.guru/shaboozey-height-age-girlfriend-family-biography/" "Mozilla/5.0 (X11; Linux x86_64) AppleWebKit/537.36 (KHTML, like Gecko) Chrome/133.0.6943.53 Safari/537.36 (compatible; Google-InspectionTool/1.0)"
66.249.66.34 - - [16/Feb/2025:21:31:59 +0530] "GET /wp-content/uploads/generatepress/style.min.css?ver=1739527775 HTTP/1.1" 200 2088 "https://entertainline.guru/casa-maranello-a-ferrari-inspired-dream-palace-in-florida-just-sold-for-55-million/" "Mozilla/5.0 (X11; Linux x86_64) AppleWebKit/537.36 (KHTML, like Gecko) Chrome/133.0.6943.53 Safari/537.36 (compatible; Google-InspectionTool/1.0)"
66.249.66.34 - - [16/Feb/2025:21:31:59 +0530] "GET /wp-content/uploads/2025/02/image-2.png HTTP/1.1" 200 114132 "https://entertainline.guru/casa-maranello-a-ferrari-inspired-dream-palace-in-florida-just-sold-for-55-million/" "Mozilla/5.0 (X11; Linux x86_64) AppleWebKit/537.36 (KHTML, like Gecko) Chrome/133.0.6943.53 Safari/537.36 (compatible; Google-InspectionTool/1.0)"
66.249.66.36 - - [16/Feb/2025:21:31:59 +0530] "GET /wp-content/plugins/gp-premium/menu-plus/functions/css/offside.min.css?ver=2.4.1 HTTP/1.1" 200 1364 "https://entertainline.guru/casa-maranello-a-ferrari-inspired-dream-palace-in-florida-just-sold-for-55-million/" "Mozilla/5.0 (Linux; Android 6.0.1; Nexus 5X Build/MMB29P) AppleWebKit/537.36 (KHTML, like Gecko) Chrome/133.0.6943.53 Mobile Safari/537.36 (compatible; Google-InspectionTool/1.0)"
66.249.66.34 - - [16/Feb/2025:21:32:40 +0530] "GET /wp-content/plugins/gp-premium/menu-plus/functions/css/navigation-branding-flex.min.css?ver=2.4.1 HTTP/1.1" 200 542 "https://entertainline.guru/shaboozey-height-age-girlfriend-family-biography/" "Mozilla/5.0 (Linux; Android 6.0.1; Nexus 5X Build/MMB29P) AppleWebKit/537.36 (KHTML, like Gecko) Chrome/133.0.6943.53 Mobile Safari/537.36 (compatible; Google-InspectionTool/1.0)"
66.249.66.35 - - [16/Feb/2025:21:32:40 +0530] "GET /wp-content/plugins/gp-premium/blog/functions/css/featured-images.min.css?ver=2.4.1 HTTP/1.1" 200 422 "https://entertainline.guru/shaboozey-height-age-girlfriend-family-biography/" "Mozilla/5.0 (Linux; Android 6.0.1; Nexus 5X Build/MMB29P) AppleWebKit/537.36 (KHTML, like Gecko) Chrome/133.0.6943.53 Mobile Safari/537.36 (compatible; Google-InspectionTool/1.0)"
66.249.66.35 - - [16/Feb/2025:21:32:40 +0530] "GET /wp-content/themes/generatepress/assets/css/main.min.css?ver=3.5.1 HTTP/1.1" 200 4410 "https://entertainline.guru/shaboozey-height-age-girlfriend-family-biography/" "Mozilla/5.0 (X11; Linux x86_64) AppleWebKit/537.36 (KHTML, like Gecko) Chrome/133.0.6943.53 Safari/537.36 (compatible; Google-InspectionTool/1.0)"
66.249.66.34 - - [16/Feb/2025:21:32:40 +0530] "GET /wp-content/uploads/generatepress/style.min.css?ver=1739527775 HTTP/1.1" 200 2088 "https://entertainline.guru/shaboozey-height-age-girlfriend-family-biography/" "Mozilla/5.0 (X11; Linux x86_64) AppleWebKit/537.36 (KHTML, like Gecko) Chrome/133.0.6943.53 Safari/537.36 (compatible; Google-InspectionTool/1.0)"
66.249.66.34 - - [16/Feb/2025:21:32:51 +0530] "GET /wp-content/uploads/2025/02/AA1yAoTb-300x157.webp HTTP/1.1" 200 16300 "https://entertainline.guru/shaboozey-height-age-girlfriend-family-biography/" "Mozilla/5.0 (X11; Linux x86_64) AppleWebKit/537.36 (KHTML, like Gecko) Chrome/133.0.6943.53 Safari/537.36 (compatible; Google-InspectionTool/1.0)"
66.249.66.34 - - [16/Feb/2025:21:33:17 +0530] "GET /wp-content/plugins/gp-premium/blog/functions/css/featured-images.min.css?ver=2.4.1 HTTP/1.1" 200 422 "https://entertainline.guru/shaboozey-height-age-girlfriend-family-biography/" "Mozilla/5.0 (X11; Linux x86_64) AppleWebKit/537.36 (KHTML, like Gecko) Chrome/133.0.6943.53 Safari/537.36 (compatible; Google-InspectionTool/1.0)"
66.249.66.35 - - [16/Feb/2025:21:33:17 +0530] "GET /wp-includes/css/dist/block-library/style.min.css?ver=6.7.2 HTTP/1.1" 200 14225 "https://entertainline.guru/shaboozey-height-age-girlfriend-family-biography/" "Mozilla/5.0 (Linux; Android 6.0.1; Nexus 5X Build/MMB29P) AppleWebKit/537.36 (KHTML, like Gecko) Chrome/133.0.6943.53 Mobile Safari/537.36 (compatible; Google-InspectionTool/1.0)"
66.249.66.34 - - [16/Feb/2025:21:32:40 +0530] "GET /wp-content/plugins/contact-form-7/includes/js/index.js?ver=6.0.3 HTTP/1.1" 200 4008 "https://entertainline.guru/shaboozey-height-age-girlfriend-family-biography/" "Mozilla/5.0 (X11; Linux x86_64) AppleWebKit/537.36 (KHTML, like Gecko) Chrome/133.0.6943.53 Safari/537.36 (compatible; Google-InspectionTool/1.0)"
66.249.66.35 - - [16/Feb/2025:21:32:40 +0530] "GET /wp-content/uploads/2025/02/Shaboozey-Height-Age-Girlfriend-Family-Biography-1024x576.png HTTP/1.1" 200 554097 "https://entertainline.guru/shaboozey-height-age-girlfriend-family-biography/" "Mozilla/5.0 (X11; Linux x86_64) AppleWebKit/537.36 (KHTML, like Gecko) Chrome/133.0.6943.53 Safari/537.36 (compatible; Google-InspectionTool/1.0)"
66.249.66.34 - - [16/Feb/2025:21:32:51 +0530] "GET /wp-content/uploads/2025/02/Kelsea-Ballerinis-Net-Worth-Uncovering-the-Country-Artists-Wealth-300x169.png HTTP/1.1" 200 87209 "https://entertainline.guru/shaboozey-height-age-girlfriend-family-biography/" "Mozilla/5.0 (X11; Linux x86_64) AppleWebKit/537.36 (KHTML, like Gecko) Chrome/133.0.6943.53 Safari/537.36 (compatible; Google-InspectionTool/1.0)"
66.249.66.35 - - [16/Feb/2025:21:33:14 +0530] "GET /shaboozey-height-age-girlfriend-family-biography/ HTTP/1.1" 200 23795 "-" "Mozilla/5.0 (Linux; Android 6.0.1; Nexus 5X Build/MMB29P) AppleWebKit/537.36 (KHTML, like Gecko) Chrome/133.0.6943.53 Mobile Safari/537.36 (compatible; Googlebot/2.1; +http://www.google.com/bot.html)"
66.249.66.36 - - [16/Feb/2025:21:33:16 +0530] "GET /shaboozey-height-age-girlfriend-family-biography/ HTTP/1.1" 200 23799 "-" "Mozilla/5.0 (Linux; Android 6.0.1; Nexus 5X Build/MMB29P) AppleWebKit/537.36 (KHTML, like Gecko) Chrome/133.0.6943.98 Mobile Safari/537.36 (compatible; Google-InspectionTool/1.0;)"
66.249.66.36 - - [16/Feb/2025:21:33:17 +0530] "GET /wp-content/themes/generatepress/assets/dist/modal.js?ver=3.5.1 HTTP/1.1" 200 1277 "https://entertainline.guru/shaboozey-height-age-girlfriend-family-biography/" "Mozilla/5.0 (X11; Linux x86_64) AppleWebKit/537.36 (KHTML, like Gecko) Chrome/133.0.6943.53 Safari/537.36 (compatible; Google-InspectionTool/1.0)"
66.249.66.36 - - [16/Feb/2025:21:33:17 +0530] "GET /wp-includes/js/dist/hooks.min.js?ver=4d63a3d491d11ffd8ac6 HTTP/1.1" 200 1571 "https://entertainline.guru/shaboozey-height-age-girlfriend-family-biography/" "Mozilla/5.0 (X11; Linux x86_64) AppleWebKit/537.36 (KHTML, like Gecko) Chrome/133.0.6943.53 Safari/537.36 (compatible; Google-InspectionTool/1.0)"
66.249.66.34 - - [16/Feb/2025:21:33:17 +0530] "GET /wp-includes/js/dist/i18n.min.js?ver=5e580eb46a90c2b997e6 HTTP/1.1" 200 3542 "https://entertainline.guru/shaboozey-height-age-girlfriend-family-biography/" "Mozilla/5.0 (X11; Linux x86_64) AppleWebKit/537.36 (KHTML, like Gecko) Chrome/133.0.6943.53 Safari/537.36 (compatible; Google-InspectionTool/1.0)"
66.249.66.35 - - [16/Feb/2025:21:33:17 +0530] "GET /wp-content/plugins/gp-premium/blog/functions/css/featured-images.min.css?ver=2.4.1 HTTP/1.1" 200 422 "https://entertainline.guru/shaboozey-height-age-girlfriend-family-biography/" "Mozilla/5.0 (Linux; Android 6.0.1; Nexus 5X Build/MMB29P) AppleWebKit/537.36 (KHTML, like Gecko) Chrome/133.0.6943.53 Mobile Safari/537.36 (compatible; Google-InspectionTool/1.0)"
66.249.66.36 - - [16/Feb/2025:21:33:17 +0530] "GET /wp-content/plugins/gp-premium/menu-plus/functions/js/offside.min.js?ver=2.4.1 HTTP/1.1" 200 2028 "https://entertainline.guru/shaboozey-height-age-girlfriend-family-biography/" "Mozilla/5.0 (X11; Linux x86_64) AppleWebKit/537.36 (KHTML, like Gecko) Chrome/133.0.6943.53 Safari/537.36 (compatible; Google-InspectionTool/1.0)"
66.249.66.34 - - [16/Feb/2025:21:33:18 +0530] "GET /wp-content/uploads/generatepress/style.min.css?ver=1739527775 HTTP/1.1" 200 2088 "https://entertainline.guru/shaboozey-height-age-girlfriend-family-biography/" "Mozilla/5.0 (Linux; Android 6.0.1; Nexus 5X Build/MMB29P) AppleWebKit/537.36 (KHTML, like Gecko) Chrome/133.0.6943.53 Mobile Safari/537.36 (compatible; Google-InspectionTool/1.0)"
66.249.66.34 - - [16/Feb/2025:21:32:40 +0530] "GET /wp-content/themes/generatepress/assets/css/components/comments.min.css?ver=3.5.1 HTTP/1.1" 200 488 "https://entertainline.guru/shaboozey-height-age-girlfriend-family-biography/" "Mozilla/5.0 (X11; Linux x86_64) AppleWebKit/537.36 (KHTML, like Gecko) Chrome/133.0.6943.53 Safari/537.36 (compatible; Google-InspectionTool/1.0)"
66.249.66.34 - - [16/Feb/2025:21:32:40 +0530] "GET /wp-includes/js/dist/i18n.min.js?ver=5e580eb46a90c2b997e6 HTTP/1.1" 200 3542 "https://entertainline.guru/shaboozey-height-age-girlfriend-family-biography/" "Mozilla/5.0 (X11; Linux x86_64) AppleWebKit/537.36 (KHTML, like Gecko) Chrome/133.0.6943.53 Safari/537.36 (compatible; Google-InspectionTool/1.0)"
66.249.66.35 - - [16/Feb/2025:21:32:40 +0530] "GET /wp-content/themes/gp-marketer-free/style.css?ver=1739330580 HTTP/1.1" 200 898 "https://entertainline.guru/shaboozey-height-age-girlfriend-family-biography/" "Mozilla/5.0 (X11; Linux x86_64) AppleWebKit/537.36 (KHTML, like Gecko) Chrome/133.0.6943.53 Safari/537.36 (compatible; Google-InspectionTool/1.0)"
66.249.66.34 - - [16/Feb/2025:21:32:45 +0530] "GET /wp-content/uploads/2025/02/Kelsea-Ballerinis-Net-Worth-Uncovering-the-Country-Artists-Wealth-768x432.png HTTP/1.1" 200 465179 "https://entertainline.guru/shaboozey-height-age-girlfriend-family-biography/" "Mozilla/5.0 (Linux; Android 6.0.1; Nexus 5X Build/MMB29P) AppleWebKit/537.36 (KHTML, like Gecko) Chrome/133.0.6943.53 Mobile Safari/537.36 (compatible; Google-InspectionTool/1.0)"
66.249.66.34 - - [16/Feb/2025:21:32:50 +0530] "GET /wp-content/uploads/2025/02/civ-7-natural-history-civic-300x150.webp HTTP/1.1" 200 6060 "https://entertainline.guru/shaboozey-height-age-girlfriend-family-biography/" "Mozilla/5.0 (X11; Linux x86_64) AppleWebKit/537.36 (KHTML, like Gecko) Chrome/133.0.6943.53 Safari/537.36 (compatible; Google-InspectionTool/1.0)"
66.249.66.34 - - [16/Feb/2025:21:32:51 +0530] "GET /wp-content/uploads/2025/02/image-300x165.jpeg HTTP/1.1" 200 6598 "https://entertainline.guru/shaboozey-height-age-girlfriend-family-biography/" "Mozilla/5.0 (X11; Linux x86_64) AppleWebKit/537.36 (KHTML, like Gecko) Chrome/133.0.6943.53 Safari/537.36 (compatible; Google-InspectionTool/1.0)"
66.249.66.34 - - [16/Feb/2025:21:33:17 +0530] "GET /robots.txt HTTP/1.1" 200 110 "-" "Mozilla/5.0 (compatible; Googlebot/2.1; +http://www.google.com/bot.html)"
66.249.66.34 - - [16/Feb/2025:21:33:17 +0530] "GET /wp-content/themes/gp-marketer-free/style.css?ver=1739330580 HTTP/1.1" 200 898 "https://entertainline.guru/shaboozey-height-age-girlfriend-family-biography/" "Mozilla/5.0 (Linux; Android 6.0.1; Nexus 5X Build/MMB29P) AppleWebKit/537.36 (KHTML, like Gecko) Chrome/133.0.6943.53 Mobile Safari/537.36 (compatible; Google-InspectionTool/1.0)"
66.249.66.34 - - [16/Feb/2025:21:33:17 +0530] "GET /wp-content/themes/generatepress/assets/js/menu.min.js?ver=3.5.1 HTTP/1.1" 200 1678 "https://entertainline.guru/shaboozey-height-age-girlfriend-family-biography/" "Mozilla/5.0 (Linux; Android 6.0.1; Nexus 5X Build/MMB29P) AppleWebKit/537.36 (KHTML, like Gecko) Chrome/133.0.6943.53 Mobile Safari/537.36 (compatible; Google-InspectionTool/1.0)"
66.249.66.36 - - [16/Feb/2025:21:33:18 +0530] "GET /wp-content/uploads/2025/02/image-5.jpeg HTTP/1.1" 200 50738 "https://entertainline.guru/shaboozey-height-age-girlfriend-family-biography/" "Mozilla/5.0 (Linux; Android 6.0.1; Nexus 5X Build/MMB29P) AppleWebKit/537.36 (KHTML, like Gecko) Chrome/133.0.6943.53 Mobile Safari/537.36 (compatible; Google-InspectionTool/1.0)"
66.249.66.36 - - [16/Feb/2025:21:33:18 +0530] "GET /wp-content/plugins/gp-premium/menu-plus/functions/js/offside.min.js?ver=2.4.1 HTTP/1.1" 200 2028 "https://entertainline.guru/shaboozey-height-age-girlfriend-family-biography/" "Mozilla/5.0 (Linux; Android 6.0.1; Nexus 5X Build/MMB29P) AppleWebKit/537.36 (KHTML, like Gecko) Chrome/133.0.6943.53 Mobile Safari/537.36 (compatible; Google-InspectionTool/1.0)"
66.249.66.35 - - [16/Feb/2025:21:33:18 +0530] "GET /wp-content/plugins/gp-premium/menu-plus/functions/css/offside.min.css?ver=2.4.1 HTTP/1.1" 200 1364 "https://entertainline.guru/shaboozey-height-age-girlfriend-family-biography/" "Mozilla/5.0 (Linux; Android 6.0.1; Nexus 5X Build/MMB29P) AppleWebKit/537.36 (KHTML, like Gecko) Chrome/133.0.6943.53 Mobile Safari/537.36 (compatible; Google-InspectionTool/1.0)"
66.249.66.35 - - [16/Feb/2025:21:33:18 +0530] "GET /wp-content/uploads/2025/02/Capture.png HTTP/1.1" 200 31090 "https://entertainline.guru/shaboozey-height-age-girlfriend-family-biography/" "Mozilla/5.0 (X11; Linux x86_64) AppleWebKit/537.36 (KHTML, like Gecko) Chrome/133.0.6943.53 Safari/537.36 (compatible; Google-InspectionTool/1.0)"
152.56.69.141 - - [16/Feb/2025:21:37:03 +0530] "GET /wp-admin/post-new.php HTTP/1.1" 200 84365 "https://entertainline.guru/" "Mozilla/5.0 (Windows NT 10.0; Win64; x64) AppleWebKit/537.36 (KHTML, like Gecko) Chrome/133.0.0.0 Safari/537.36"
152.56.69.141 - - [16/Feb/2025:21:37:06 +0530] "GET /wp-json/wp/v2/types?context=view&_locale=user HTTP/1.1" 200 2148 "https://entertainline.guru/wp-admin/post-new.php?" "Mozilla/5.0 (Windows NT 10.0; Win64; x64) AppleWebKit/537.36 (KHTML, like Gecko) Chrome/133.0.0.0 Safari/537.36"
152.56.69.141 - - [16/Feb/2025:21:37:06 +0530] "OPTIONS /wp-json/wp/v2/settings?_locale=user HTTP/1.1" 200 1081 "https://entertainline.guru/wp-admin/post-new.php?" "Mozilla/5.0 (Windows NT 10.0; Win64; x64) AppleWebKit/537.36 (KHTML, like Gecko) Chrome/133.0.0.0 Safari/537.36"
152.56.69.141 - - [16/Feb/2025:21:37:06 +0530] "GET /wp-json/wp/v2/block-patterns/categories?_locale=user HTTP/1.1" 200 614 "https://entertainline.guru/wp-admin/post-new.php?" "Mozilla/5.0 (Windows NT 10.0; Win64; x64) AppleWebKit/537.36 (KHTML, like Gecko) Chrome/133.0.0.0 Safari/537.36"
152.56.69.141 - - [16/Feb/2025:21:37:06 +0530] "GET /wp-json/?_fields=description%2Cgmt_offset%2Chome%2Cname%2Csite_icon%2Csite_icon_url%2Csite_logo%2Ctimezone_string%2Curl&_locale=user HTTP/1.1" 200 383 "https://entertainline.guru/wp-admin/post-new.php?" "Mozilla/5.0 (Windows NT 10.0; Win64; x64) AppleWebKit/537.36 (KHTML, like Gecko) Chrome/133.0.0.0 Safari/537.36"
152.56.69.141 - - [16/Feb/2025:21:37:06 +0530] "GET /wp-json/wp/v2/blocks?context=edit&per_page=100&page=1&_locale=user HTTP/1.1" 200 6 "https://entertainline.guru/wp-admin/post-new.php?" "Mozilla/5.0 (Windows NT 10.0; Win64; x64) AppleWebKit/537.36 (KHTML, like Gecko) Chrome/133.0.0.0 Safari/537.36"
152.56.69.141 - - [16/Feb/2025:21:37:06 +0530] "GET /wp-json/wp/v2/wp_pattern_category?context=view&per_page=100&_fields=id%2Cname%2Cdescription%2Cslug&_locale=user HTTP/1.1" 200 6 "https://entertainline.guru/wp-admin/post-new.php?" "Mozilla/5.0 (Windows NT 10.0; Win64; x64) AppleWebKit/537.36 (KHTML, like Gecko) Chrome/133.0.0.0 Safari/537.36"
152.56.69.141 - - [16/Feb/2025:21:37:06 +0530] "GET /wp-json/wp/v2/users?context=view&who=authors&per_page=50&_fields=id%2Cname&_locale=user HTTP/1.1" 200 44 "https://entertainline.guru/wp-admin/post-new.php?" "Mozilla/5.0 (Windows NT 10.0; Win64; x64) AppleWebKit/537.36 (KHTML, like Gecko) Chrome/133.0.0.0 Safari/537.36"
152.56.69.141 - - [16/Feb/2025:21:37:06 +0530] "GET /wp-json/wp/v2/taxonomies?context=edit&per_page=100&_locale=user HTTP/1.1" 200 1432 "https://entertainline.guru/wp-admin/post-new.php?" "Mozilla/5.0 (Windows NT 10.0; Win64; x64) AppleWebKit/537.36 (KHTML, like Gecko) Chrome/133.0.0.0 Safari/537.36"
152.56.69.141 - - [16/Feb/2025:21:37:06 +0530] "OPTIONS /wp-json/wp/v2/posts?_locale=user HTTP/1.1" 200 2653 "https://entertainline.guru/wp-admin/post-new.php?" "Mozilla/5.0 (Windows NT 10.0; Win64; x64) AppleWebKit/537.36 (KHTML, like Gecko) Chrome/133.0.0.0 Safari/537.36"
152.56.69.141 - - [16/Feb/2025:21:37:06 +0530] "GET /wp-json/wp/v2/block-patterns/patterns?_locale=user HTTP/1.1" 200 19565 "https://entertainline.guru/wp-admin/post-new.php?" "Mozilla/5.0 (Windows NT 10.0; Win64; x64) AppleWebKit/537.36 (KHTML, like Gecko) Chrome/133.0.0.0 Safari/537.36"
152.56.69.141 - - [16/Feb/2025:21:37:07 +0530] "GET /wp-json/wp/v2/categories?per_page=100&orderby=count&order=desc&_fields=id%2Cname&_locale=user HTTP/1.1" 200 80 "https://entertainline.guru/wp-admin/post-new.php?" "Mozilla/5.0 (Windows NT 10.0; Win64; x64) AppleWebKit/537.36 (KHTML, like Gecko) Chrome/133.0.0.0 Safari/537.36"
152.56.69.141 - - [16/Feb/2025:21:37:07 +0530] "GET /wp-json/wp/v2/taxonomies/category?context=edit&_locale=user HTTP/1.1" 200 895 "https://entertainline.guru/wp-admin/post-new.php?" "Mozilla/5.0 (Windows NT 10.0; Win64; x64) AppleWebKit/537.36 (KHTML, like Gecko) Chrome/133.0.0.0 Safari/537.36"
152.56.69.141 - - [16/Feb/2025:21:37:07 +0530] "GET /wp-json/wp/v2/users/1?context=view&_fields=id%2Cname&_locale=user HTTP/1.1" 200 27 "https://entertainline.guru/wp-admin/post-new.php?" "Mozilla/5.0 (Windows NT 10.0; Win64; x64) AppleWebKit/537.36 (KHTML, like Gecko) Chrome/133.0.0.0 Safari/537.36"
152.56.69.141 - - [16/Feb/2025:21:37:07 +0530] "GET /wp-json/wp/v2/categories?context=view&per_page=100&orderby=name&order=asc&_fields=id%2Cname%2Cparent&_locale=user HTTP/1.1" 200 90 "https://entertainline.guru/wp-admin/post-new.php?" "Mozilla/5.0 (Windows NT 10.0; Win64; x64) AppleWebKit/537.36 (KHTML, like Gecko) Chrome/133.0.0.0 Safari/537.36"
152.56.69.141 - - [16/Feb/2025:21:37:10 +0530] "OPTIONS /wp-json/wp/v2/posts/?context=edit&_locale=user HTTP/1.1" 200 2653 "https://entertainline.guru/wp-admin/post-new.php?" "Mozilla/5.0 (Windows NT 10.0; Win64; x64) AppleWebKit/537.36 (KHTML, like Gecko) Chrome/133.0.0.0 Safari/537.36"
152.56.69.141 - - [16/Feb/2025:21:37:10 +0530] "GET /wp-json/oembed/1.0/proxy?url=https%3A%2F%2Fyoutube.com%2Fwatch%3Fv%3DHabReVLqelo&_locale=user HTTP/1.1" 200 439 "https://entertainline.guru/wp-admin/post-new.php?" "Mozilla/5.0 (Windows NT 10.0; Win64; x64) AppleWebKit/537.36 (KHTML, like Gecko) Chrome/133.0.0.0 Safari/537.36"
152.56.69.141 - - [16/Feb/2025:21:37:17 +0530] "POST /wp-admin/admin-ajax.php HTTP/1.1" 200 79 "https://entertainline.guru/wp-admin/post-new.php?" "Mozilla/5.0 (Windows NT 10.0; Win64; x64) AppleWebKit/537.36 (KHTML, like Gecko) Chrome/133.0.0.0 Safari/537.36"
152.56.69.141 - - [16/Feb/2025:21:38:07 +0530] "POST /wp-json/wp/v2/posts/562/autosaves?_locale=user HTTP/1.1" 200 8284 "https://entertainline.guru/wp-admin/post-new.php?" "Mozilla/5.0 (Windows NT 10.0; Win64; x64) AppleWebKit/537.36 (KHTML, like Gecko) Chrome/133.0.0.0 Safari/537.36"
152.56.69.141 - - [16/Feb/2025:21:38:27 +0530] "POST /wp-admin/admin-ajax.php HTTP/1.1" 200 79 "https://entertainline.guru/wp-admin/post.php?post=562&action=edit" "Mozilla/5.0 (Windows NT 10.0; Win64; x64) AppleWebKit/537.36 (KHTML, like Gecko) Chrome/133.0.0.0 Safari/537.36"
152.56.69.141 - - [16/Feb/2025:21:38:37 +0530] "POST /wp-admin/admin-ajax.php HTTP/1.1" 200 79 "https://entertainline.guru/wp-admin/post.php?post=562&action=edit" "Mozilla/5.0 (Windows NT 10.0; Win64; x64) AppleWebKit/537.36 (KHTML, like Gecko) Chrome/133.0.0.0 Safari/537.36"
152.56.69.141 - - [16/Feb/2025:21:38:47 +0530] "POST /wp-admin/admin-ajax.php HTTP/1.1" 200 79 "https://entertainline.guru/wp-admin/post.php?post=562&action=edit" "Mozilla/5.0 (Windows NT 10.0; Win64; x64) AppleWebKit/537.36 (KHTML, like Gecko) Chrome/133.0.0.0 Safari/537.36"
152.56.69.141 - - [16/Feb/2025:21:38:58 +0530] "POST /wp-admin/admin-ajax.php HTTP/1.1" 200 79 "https://entertainline.guru/wp-admin/post.php?post=562&action=edit" "Mozilla/5.0 (Windows NT 10.0; Win64; x64) AppleWebKit/537.36 (KHTML, like Gecko) Chrome/133.0.0.0 Safari/537.36"
152.56.69.141 - - [16/Feb/2025:21:38:53 +0530] "POST /wp-json/wp/v2/media?_embed=wp%3Afeaturedmedia&_locale=user HTTP/1.1" 201 1106 "https://entertainline.guru/wp-admin/post.php?post=562&action=edit" "Mozilla/5.0 (Windows NT 10.0; Win64; x64) AppleWebKit/537.36 (KHTML, like Gecko) Chrome/133.0.0.0 Safari/537.36"
152.56.69.141 - - [16/Feb/2025:21:39:05 +0530] "GET /wp-json/wp/v2/categories?per_page=100&orderby=count&order=desc&_fields=id%2Cname&_locale=user HTTP/1.1" 200 80 "https://entertainline.guru/wp-admin/post.php?post=562&action=edit" "Mozilla/5.0 (Windows NT 10.0; Win64; x64) AppleWebKit/537.36 (KHTML, like Gecko) Chrome/133.0.0.0 Safari/537.36"
152.56.69.141 - - [16/Feb/2025:21:39:06 +0530] "POST /wp-json/wp/v2/posts/562/autosaves?_locale=user HTTP/1.1" 200 10214 "https://entertainline.guru/wp-admin/post.php?post=562&action=edit" "Mozilla/5.0 (Windows NT 10.0; Win64; x64) AppleWebKit/537.36 (KHTML, like Gecko) Chrome/133.0.0.0 Safari/537.36"
152.56.69.141 - - [16/Feb/2025:21:39:05 +0530] "GET /wp-content/uploads/2025/02/image-3-1024x566.png HTTP/1.1" 200 857577 "https://entertainline.guru/wp-admin/post.php?post=562&action=edit" "Mozilla/5.0 (Windows NT 10.0; Win64; x64) AppleWebKit/537.36 (KHTML, like Gecko) Chrome/133.0.0.0 Safari/537.36"
152.56.69.141 - - [16/Feb/2025:21:39:07 +0530] "POST /wp-admin/admin-ajax.php HTTP/1.1" 200 4391 "https://entertainline.guru/wp-admin/post.php?post=562&action=edit" "Mozilla/5.0 (Windows NT 10.0; Win64; x64) AppleWebKit/537.36 (KHTML, like Gecko) Chrome/133.0.0.0 Safari/537.36"
152.56.69.141 - - [16/Feb/2025:21:39:07 +0530] "GET /wp-content/uploads/2025/02/image-3-300x166.png HTTP/1.1" 200 87835 "https://entertainline.guru/wp-admin/post.php?post=562&action=edit" "Mozilla/5.0 (Windows NT 10.0; Win64; x64) AppleWebKit/537.36 (KHTML, like Gecko) Chrome/133.0.0.0 Safari/537.36"
152.56.69.141 - - [16/Feb/2025:21:39:08 +0530] "POST /wp-admin/admin-ajax.php HTTP/1.1" 200 79 "https://entertainline.guru/wp-admin/post.php?post=562&action=edit" "Mozilla/5.0 (Windows NT 10.0; Win64; x64) AppleWebKit/537.36 (KHTML, like Gecko) Chrome/133.0.0.0 Safari/537.36"
152.56.69.141 - - [16/Feb/2025:21:39:11 +0530] "POST /wp-admin/async-upload.php HTTP/1.1" 200 651 "https://entertainline.guru/wp-admin/post.php?post=562&action=edit" "Mozilla/5.0 (Windows NT 10.0; Win64; x64) AppleWebKit/537.36 (KHTML, like Gecko) Chrome/133.0.0.0 Safari/537.36"
