152.56.69.141 - - [16/Feb/2025:21:16:51 +0530] "GET /wp-includes/css/dist/reusable-blocks/style.min.css?ver=6.7.2 HTTP/1.1" 200 223 "-" "Mozilla/5.0 (Windows NT 10.0; Win64; x64) AppleWebKit/537.36 (KHTML, like Gecko) Chrome/133.0.0.0 Safari/537.36"
152.56.69.141 - - [16/Feb/2025:21:16:51 +0530] "GET /wp-includes/css/dist/patterns/style.min.css?ver=6.7.2 HTTP/1.1" 200 602 "-" "Mozilla/5.0 (Windows NT 10.0; Win64; x64) AppleWebKit/537.36 (KHTML, like Gecko) Chrome/133.0.0.0 Safari/537.36"
152.56.69.141 - - [16/Feb/2025:21:16:51 +0530] "GET /wp-includes/css/dist/components/style.min.css?ver=6.7.2 HTTP/1.1" 200 11895 "-" "Mozilla/5.0 (Windows NT 10.0; Win64; x64) AppleWebKit/537.36 (KHTML, like Gecko) Chrome/133.0.0.0 Safari/537.36"
152.56.69.141 - - [16/Feb/2025:21:16:51 +0530] "GET /wp-includes/css/dist/block-library/reset.min.css?ver=6.7.2 HTTP/1.1" 200 401 "-" "Mozilla/5.0 (Windows NT 10.0; Win64; x64) AppleWebKit/537.36 (KHTML, like Gecko) Chrome/133.0.0.0 Safari/537.36"
152.56.69.141 - - [16/Feb/2025:21:16:51 +0530] "GET /wp-includes/css/dist/edit-post/classic.min.css?ver=6.7.2 HTTP/1.1" 200 547 "-" "Mozilla/5.0 (Windows NT 10.0; Win64; x64) AppleWebKit/537.36 (KHTML, like Gecko) Chrome/133.0.0.0 Safari/537.36"
152.56.69.141 - - [16/Feb/2025:21:16:51 +0530] "GET /wp-includes/css/dist/block-editor/style.min.css?ver=6.7.2 HTTP/1.1" 200 15207 "-" "Mozilla/5.0 (Windows NT 10.0; Win64; x64) AppleWebKit/537.36 (KHTML, like Gecko) Chrome/133.0.0.0 Safari/537.36"
152.56.69.141 - - [16/Feb/2025:21:16:51 +0530] "GET /wp-admin/load-scripts.php?c=1&load%5Bchunk_0%5D=wp-polyfill&ver=6.7.2 HTTP/1.1" 200 12241 "-" "Mozilla/5.0 (Windows NT 10.0; Win64; x64) AppleWebKit/537.36 (KHTML, like Gecko) Chrome/133.0.0.0 Safari/537.36"
152.56.69.141 - - [16/Feb/2025:21:16:51 +0530] "GET /wp-includes/css/dist/editor/style.min.css?ver=6.7.2 HTTP/1.1" 200 9001 "-" "Mozilla/5.0 (Windows NT 10.0; Win64; x64) AppleWebKit/537.36 (KHTML, like Gecko) Chrome/133.0.0.0 Safari/537.36"
152.56.69.141 - - [16/Feb/2025:21:16:51 +0530] "GET /wp-admin/css/common.min.css?ver=6.7.2 HTTP/1.1" 200 140 "-" "Mozilla/5.0 (Windows NT 10.0; Win64; x64) AppleWebKit/537.36 (KHTML, like Gecko) Chrome/133.0.0.0 Safari/537.36"
152.56.69.141 - - [16/Feb/2025:21:16:51 +0530] "GET /wp-includes/css/dist/block-editor/content.min.css?ver=6.7.2 HTTP/1.1" 200 0 "-" "Mozilla/5.0 (Windows NT 10.0; Win64; x64) AppleWebKit/537.36 (KHTML, like Gecko) Chrome/133.0.0.0 Safari/537.36"
152.56.69.141 - - [16/Feb/2025:21:16:51 +0530] "GET /wp-includes/css/dist/block-library/editor.min.css?ver=6.7.2 HTTP/1.1" 200 0 "-" "Mozilla/5.0 (Windows NT 10.0; Win64; x64) AppleWebKit/537.36 (KHTML, like Gecko) Chrome/133.0.0.0 Safari/537.36"
152.56.69.141 - - [16/Feb/2025:21:16:51 +0530] "GET /wp-admin/css/forms.min.css?ver=6.7.2 HTTP/1.1" 200 0 "-" "Mozilla/5.0 (Windows NT 10.0; Win64; x64) AppleWebKit/537.36 (KHTML, like Gecko) Chrome/133.0.0.0 Safari/537.36"
152.56.69.141 - - [16/Feb/2025:21:16:52 +0530] "GET /wp-json/wp/v2/categories?per_page=100&orderby=count&order=desc&_fields=id%2Cname&_locale=user HTTP/1.1" 200 80 "https://entertainline.guru/wp-admin/post.php?post=555&action=edit" "Mozilla/5.0 (Windows NT 10.0; Win64; x64) AppleWebKit/537.36 (KHTML, like Gecko) Chrome/133.0.0.0 Safari/537.36"
152.56.69.141 - - [16/Feb/2025:21:16:53 +0530] "POST /wp-admin/admin-ajax.php HTTP/1.1" 200 4007 "https://entertainline.guru/wp-admin/post.php?post=555&action=edit" "Mozilla/5.0 (Windows NT 10.0; Win64; x64) AppleWebKit/537.36 (KHTML, like Gecko) Chrome/133.0.0.0 Safari/537.36"
152.56.69.141 - - [16/Feb/2025:21:16:53 +0530] "GET /wp-content/uploads/2025/02/Kelsea-Ballerinis-Net-Worth-Uncovering-the-Country-Artists-Wealth-300x169.jpg HTTP/1.1" 200 13942 "https://entertainline.guru/wp-admin/post.php?post=555&action=edit" "Mozilla/5.0 (Windows NT 10.0; Win64; x64) AppleWebKit/537.36 (KHTML, like Gecko) Chrome/133.0.0.0 Safari/537.36"
152.56.69.141 - - [16/Feb/2025:21:16:53 +0530] "GET /wp-content/uploads/2025/02/image-1-300x143.png HTTP/1.1" 200 59349 "https://entertainline.guru/wp-admin/post.php?post=555&action=edit" "Mozilla/5.0 (Windows NT 10.0; Win64; x64) AppleWebKit/537.36 (KHTML, like Gecko) Chrome/133.0.0.0 Safari/537.36"
152.56.69.141 - - [16/Feb/2025:21:16:53 +0530] "GET /wp-content/uploads/2025/02/image-7-300x165.jpeg HTTP/1.1" 200 15882 "https://entertainline.guru/wp-admin/post.php?post=555&action=edit" "Mozilla/5.0 (Windows NT 10.0; Win64; x64) AppleWebKit/537.36 (KHTML, like Gecko) Chrome/133.0.0.0 Safari/537.36"
152.56.69.141 - - [16/Feb/2025:21:16:53 +0530] "GET /wp-content/uploads/2025/02/image-8-300x165.jpeg HTTP/1.1" 200 16754 "https://entertainline.guru/wp-admin/post.php?post=555&action=edit" "Mozilla/5.0 (Windows NT 10.0; Win64; x64) AppleWebKit/537.36 (KHTML, like Gecko) Chrome/133.0.0.0 Safari/537.36"
152.56.69.141 - - [16/Feb/2025:21:16:53 +0530] "GET /wp-content/uploads/2025/02/image-9-300x165.jpeg HTTP/1.1" 200 16979 "https://entertainline.guru/wp-admin/post.php?post=555&action=edit" "Mozilla/5.0 (Windows NT 10.0; Win64; x64) AppleWebKit/537.36 (KHTML, like Gecko) Chrome/133.0.0.0 Safari/537.36"
152.56.69.141 - - [16/Feb/2025:21:16:53 +0530] "GET /wp-content/uploads/2025/02/image-2-150x150.png HTTP/1.1" 200 38240 "https://entertainline.guru/wp-admin/post.php?post=555&action=edit" "Mozilla/5.0 (Windows NT 10.0; Win64; x64) AppleWebKit/537.36 (KHTML, like Gecko) Chrome/133.0.0.0 Safari/537.36"
152.56.69.141 - - [16/Feb/2025:21:16:53 +0530] "GET /wp-content/uploads/2025/02/Kelsea-Ballerinis-Net-Worth-Uncovering-the-Country-Artists-Wealth-300x169.png HTTP/1.1" 200 87209 "https://entertainline.guru/wp-admin/post.php?post=555&action=edit" "Mozilla/5.0 (Windows NT 10.0; Win64; x64) AppleWebKit/537.36 (KHTML, like Gecko) Chrome/133.0.0.0 Safari/537.36"
152.56.69.141 - - [16/Feb/2025:21:17:00 +0530] "POST /wp-admin/admin-ajax.php HTTP/1.1" 200 79 "https://entertainline.guru/wp-admin/post.php?post=555&action=edit" "Mozilla/5.0 (Windows NT 10.0; Win64; x64) AppleWebKit/537.36 (KHTML, like Gecko) Chrome/133.0.0.0 Safari/537.36"
152.56.69.141 - - [16/Feb/2025:21:16:58 +0530] "POST /wp-admin/async-upload.php HTTP/1.1" 200 675 "https://entertainline.guru/wp-admin/post.php?post=555&action=edit" "Mozilla/5.0 (Windows NT 10.0; Win64; x64) AppleWebKit/537.36 (KHTML, like Gecko) Chrome/133.0.0.0 Safari/537.36"
152.56.69.141 - - [16/Feb/2025:21:17:02 +0530] "GET /wp-content/uploads/2025/02/AA1yAoTb-300x157.webp HTTP/1.1" 200 16300 "https://entertainline.guru/wp-admin/post.php?post=555&action=edit" "Mozilla/5.0 (Windows NT 10.0; Win64; x64) AppleWebKit/537.36 (KHTML, like Gecko) Chrome/133.0.0.0 Safari/537.36"
152.56.69.141 - - [16/Feb/2025:21:17:04 +0530] "POST /wp-admin/admin-ajax.php HTTP/1.1" 200 20 "https://entertainline.guru/wp-admin/post.php?post=555&action=edit" "Mozilla/5.0 (Windows NT 10.0; Win64; x64) AppleWebKit/537.36 (KHTML, like Gecko) Chrome/133.0.0.0 Safari/537.36"
152.56.69.141 - - [16/Feb/2025:21:17:05 +0530] "POST /wp-admin/admin-ajax.php HTTP/1.1" 200 20 "https://entertainline.guru/wp-admin/post.php?post=555&action=edit" "Mozilla/5.0 (Windows NT 10.0; Win64; x64) AppleWebKit/537.36 (KHTML, like Gecko) Chrome/133.0.0.0 Safari/537.36"
152.56.69.141 - - [16/Feb/2025:21:17:06 +0530] "POST /wp-admin/admin-ajax.php HTTP/1.1" 200 20 "https://entertainline.guru/wp-admin/post.php?post=555&action=edit" "Mozilla/5.0 (Windows NT 10.0; Win64; x64) AppleWebKit/537.36 (KHTML, like Gecko) Chrome/133.0.0.0 Safari/537.36"
152.56.69.141 - - [16/Feb/2025:21:17:07 +0530] "POST /wp-admin/admin-ajax.php HTTP/1.1" 200 20 "https://entertainline.guru/wp-admin/post.php?post=555&action=edit" "Mozilla/5.0 (Windows NT 10.0; Win64; x64) AppleWebKit/537.36 (KHTML, like Gecko) Chrome/133.0.0.0 Safari/537.36"
152.56.69.141 - - [16/Feb/2025:21:17:07 +0530] "GET /wp-json/wp/v2/media/560?context=edit&_locale=user HTTP/1.1" 200 1288 "https://entertainline.guru/wp-admin/post.php?post=555&action=edit" "Mozilla/5.0 (Windows NT 10.0; Win64; x64) AppleWebKit/537.36 (KHTML, like Gecko) Chrome/133.0.0.0 Safari/537.36"
152.56.69.141 - - [16/Feb/2025:21:17:07 +0530] "GET /wp-json/wp/v2/media/560?context=view&_locale=user HTTP/1.1" 200 1135 "https://entertainline.guru/wp-admin/post.php?post=555&action=edit" "Mozilla/5.0 (Windows NT 10.0; Win64; x64) AppleWebKit/537.36 (KHTML, like Gecko) Chrome/133.0.0.0 Safari/537.36"
152.56.69.141 - - [16/Feb/2025:21:17:08 +0530] "GET /wp-content/uploads/2025/02/AA1yAoTb-1024x536.webp HTTP/1.1" 200 136128 "https://entertainline.guru/wp-admin/post.php?post=555&action=edit" "Mozilla/5.0 (Windows NT 10.0; Win64; x64) AppleWebKit/537.36 (KHTML, like Gecko) Chrome/133.0.0.0 Safari/537.36"
152.56.69.141 - - [16/Feb/2025:21:17:08 +0530] "GET /wp-content/uploads/2025/02/AA1yAoTb.webp HTTP/1.1" 200 400816 "https://entertainline.guru/wp-admin/post.php?post=555&action=edit" "Mozilla/5.0 (Windows NT 10.0; Win64; x64) AppleWebKit/537.36 (KHTML, like Gecko) Chrome/133.0.0.0 Safari/537.36"
152.56.69.141 - - [16/Feb/2025:21:17:10 +0530] "POST /wp-admin/admin-ajax.php HTTP/1.1" 200 79 "https://entertainline.guru/wp-admin/post.php?post=555&action=edit" "Mozilla/5.0 (Windows NT 10.0; Win64; x64) AppleWebKit/537.36 (KHTML, like Gecko) Chrome/133.0.0.0 Safari/537.36"
152.56.69.141 - - [16/Feb/2025:21:17:10 +0530] "GET /wp-json/wp/v2/taxonomies/post_tag?context=edit&_locale=user HTTP/1.1" 200 857 "https://entertainline.guru/wp-admin/post.php?post=555&action=edit" "Mozilla/5.0 (Windows NT 10.0; Win64; x64) AppleWebKit/537.36 (KHTML, like Gecko) Chrome/133.0.0.0 Safari/537.36"
152.56.69.141 - - [16/Feb/2025:21:17:10 +0530] "GET /wp-json/wp/v2/categories/1?context=edit&_locale=user HTTP/1.1" 200 1661 "https://entertainline.guru/wp-admin/post.php?post=555&action=edit" "Mozilla/5.0 (Windows NT 10.0; Win64; x64) AppleWebKit/537.36 (KHTML, like Gecko) Chrome/133.0.0.0 Safari/537.36"
152.56.69.141 - - [16/Feb/2025:21:17:11 +0530] "POST /wp-json/wp/v2/posts/555?_locale=user HTTP/1.1" 200 12777 "https://entertainline.guru/wp-admin/post.php?post=555&action=edit" "Mozilla/5.0 (Windows NT 10.0; Win64; x64) AppleWebKit/537.36 (KHTML, like Gecko) Chrome/133.0.0.0 Safari/537.36"
162.55.100.32 - - [16/Feb/2025:21:17:12 +0530] "POST /wp-cron.php?doing_wp_cron=1739720832.0101830959320068359375 HTTP/1.1" 200 0 "-" "WordPress/6.7.2; https://entertainline.guru"
162.55.100.32 - - [16/Feb/2025:21:17:12 +0530] "HEAD /wp-content/uploads/2025/02/image-2.png HTTP/1.1" 200 0 "-" "WordPress/6.7.2; https://entertainline.guru"
152.56.69.141 - - [16/Feb/2025:21:17:11 +0530] "POST /wp-admin/post.php?post=555&action=edit&meta-box-loader=1&meta-box-loader-nonce=744c97806a&_locale=user HTTP/1.1" 302 0 "https://entertainline.guru/wp-admin/post.php?post=555&action=edit" "Mozilla/5.0 (Windows NT 10.0; Win64; x64) AppleWebKit/537.36 (KHTML, like Gecko) Chrome/133.0.0.0 Safari/537.36"
162.55.100.32 - - [16/Feb/2025:21:17:12 +0530] "HEAD /wp-content/uploads/2025/02/image-8-1024x563.jpeg HTTP/1.1" 200 0 "-" "WordPress/6.7.2; https://entertainline.guru"
66.249.66.34 - - [16/Feb/2025:21:17:48 +0530] "GET /casa-maranello-a-ferrari-inspired-dream-palace-in-florida-just-sold-for-55-million/ HTTP/1.1" 200 24098 "-" "Mozilla/5.0 (Linux; Android 6.0.1; Nexus 5X Build/MMB29P) AppleWebKit/537.36 (KHTML, like Gecko) Chrome/133.0.6943.98 Mobile Safari/537.36 (compatible; Google-InspectionTool/1.0;)"
66.249.66.35 - - [16/Feb/2025:21:17:48 +0530] "GET /wp-content/plugins/contact-form-7/includes/js/index.js?ver=6.0.3 HTTP/1.1" 200 4008 "https://entertainline.guru/casa-maranello-a-ferrari-inspired-dream-palace-in-florida-just-sold-for-55-million/" "Mozilla/5.0 (X11; Linux x86_64) AppleWebKit/537.36 (KHTML, like Gecko) Chrome/133.0.6943.53 Safari/537.36 (compatible; Google-InspectionTool/1.0)"
66.249.66.34 - - [16/Feb/2025:21:17:49 +0530] "GET /wp-content/plugins/contact-form-7/includes/swv/js/index.js?ver=6.0.3 HTTP/1.1" 200 3369 "https://entertainline.guru/casa-maranello-a-ferrari-inspired-dream-palace-in-florida-just-sold-for-55-million/" "Mozilla/5.0 (X11; Linux x86_64) AppleWebKit/537.36 (KHTML, like Gecko) Chrome/133.0.6943.53 Safari/537.36 (compatible; Google-InspectionTool/1.0)"
66.249.66.36 - - [16/Feb/2025:21:17:48 +0530] "GET /wp-content/uploads/2025/02/image-8-1024x563.jpeg HTTP/1.1" 200 167422 "https://entertainline.guru/casa-maranello-a-ferrari-inspired-dream-palace-in-florida-just-sold-for-55-million/" "Mozilla/5.0 (X11; Linux x86_64) AppleWebKit/537.36 (KHTML, like Gecko) Chrome/133.0.6943.53 Safari/537.36 (compatible; Google-InspectionTool/1.0)"
66.249.66.34 - - [16/Feb/2025:21:17:49 +0530] "GET /wp-content/uploads/generatepress/style.min.css?ver=1739527775 HTTP/1.1" 200 2088 "https://entertainline.guru/casa-maranello-a-ferrari-inspired-dream-palace-in-florida-just-sold-for-55-million/" "Mozilla/5.0 (Linux; Android 6.0.1; Nexus 5X Build/MMB29P) AppleWebKit/537.36 (KHTML, like Gecko) Chrome/133.0.6943.53 Mobile Safari/537.36 (compatible; Google-InspectionTool/1.0)"
66.249.66.34 - - [16/Feb/2025:21:17:49 +0530] "GET /wp-includes/css/dist/block-library/style.min.css?ver=6.7.2 HTTP/1.1" 200 14225 "https://entertainline.guru/casa-maranello-a-ferrari-inspired-dream-palace-in-florida-just-sold-for-55-million/" "Mozilla/5.0 (Linux; Android 6.0.1; Nexus 5X Build/MMB29P) AppleWebKit/537.36 (KHTML, like Gecko) Chrome/133.0.6943.53 Mobile Safari/537.36 (compatible; Google-InspectionTool/1.0)"
66.249.66.35 - - [16/Feb/2025:21:17:49 +0530] "GET /wp-includes/js/dist/i18n.min.js?ver=5e580eb46a90c2b997e6 HTTP/1.1" 200 3542 "https://entertainline.guru/casa-maranello-a-ferrari-inspired-dream-palace-in-florida-just-sold-for-55-million/" "Mozilla/5.0 (Linux; Android 6.0.1; Nexus 5X Build/MMB29P) AppleWebKit/537.36 (KHTML, like Gecko) Chrome/133.0.6943.53 Mobile Safari/537.36 (compatible; Google-InspectionTool/1.0)"
66.249.66.36 - - [16/Feb/2025:21:17:49 +0530] "GET /wp-content/plugins/contact-form-7/includes/swv/js/index.js?ver=6.0.3 HTTP/1.1" 200 3369 "https://entertainline.guru/casa-maranello-a-ferrari-inspired-dream-palace-in-florida-just-sold-for-55-million/" "Mozilla/5.0 (Linux; Android 6.0.1; Nexus 5X Build/MMB29P) AppleWebKit/537.36 (KHTML, like Gecko) Chrome/133.0.6943.53 Mobile Safari/537.36 (compatible; Google-InspectionTool/1.0)"
66.249.66.34 - - [16/Feb/2025:21:17:49 +0530] "GET /wp-includes/js/dist/hooks.min.js?ver=4d63a3d491d11ffd8ac6 HTTP/1.1" 200 1571 "https://entertainline.guru/casa-maranello-a-ferrari-inspired-dream-palace-in-florida-just-sold-for-55-million/" "Mozilla/5.0 (Linux; Android 6.0.1; Nexus 5X Build/MMB29P) AppleWebKit/537.36 (KHTML, like Gecko) Chrome/133.0.6943.53 Mobile Safari/537.36 (compatible; Google-InspectionTool/1.0)"
2a06:98c0:3600::103 - - [16/Feb/2025:21:16:39 +0530] "GET /wp-admin/setup-config.php HTTP/1.1" 409 1041 "-" "Mozilla/5.0 (Windows NT 10.0; Win64; x64) AppleWebKit/537.36 (KHTML, like Gecko) Chrome/132.0.0.0 Safari/537.36"
162.55.100.32 - - [16/Feb/2025:21:17:12 +0530] "HEAD /wp-content/uploads/2025/02/image-9-1024x563.jpeg HTTP/1.1" 200 0 "-" "WordPress/6.7.2; https://entertainline.guru"
66.249.66.35 - - [16/Feb/2025:21:17:47 +0530] "GET /casa-maranello-a-ferrari-inspired-dream-palace-in-florida-just-sold-for-55-million/ HTTP/1.1" 200 24139 "-" "Mozilla/5.0 (compatible; Google-InspectionTool/1.0;)"
66.249.66.35 - - [16/Feb/2025:21:17:48 +0530] "GET /wp-content/plugins/gp-premium/blog/functions/css/featured-images.min.css?ver=2.4.1 HTTP/1.1" 200 422 "https://entertainline.guru/casa-maranello-a-ferrari-inspired-dream-palace-in-florida-just-sold-for-55-million/" "Mozilla/5.0 (X11; Linux x86_64) AppleWebKit/537.36 (KHTML, like Gecko) Chrome/133.0.6943.53 Safari/537.36 (compatible; Google-InspectionTool/1.0)"
66.249.66.35 - - [16/Feb/2025:21:17:48 +0530] "GET /wp-content/uploads/generatepress/style.min.css?ver=1739527775 HTTP/1.1" 200 2088 "https://entertainline.guru/casa-maranello-a-ferrari-inspired-dream-palace-in-florida-just-sold-for-55-million/" "Mozilla/5.0 (X11; Linux x86_64) AppleWebKit/537.36 (KHTML, like Gecko) Chrome/133.0.6943.53 Safari/537.36 (compatible; Google-InspectionTool/1.0)"
66.249.66.36 - - [16/Feb/2025:21:17:48 +0530] "GET /wp-content/themes/generatepress/assets/js/menu.min.js?ver=3.5.1 HTTP/1.1" 200 1678 "https://entertainline.guru/casa-maranello-a-ferrari-inspired-dream-palace-in-florida-just-sold-for-55-million/" "Mozilla/5.0 (X11; Linux x86_64) AppleWebKit/537.36 (KHTML, like Gecko) Chrome/133.0.6943.53 Safari/537.36 (compatible; Google-InspectionTool/1.0)"
66.249.66.35 - - [16/Feb/2025:21:17:48 +0530] "GET /wp-content/uploads/2025/02/AA1yAoTb-1024x536.webp HTTP/1.1" 200 136128 "https://entertainline.guru/casa-maranello-a-ferrari-inspired-dream-palace-in-florida-just-sold-for-55-million/" "Mozilla/5.0 (X11; Linux x86_64) AppleWebKit/537.36 (KHTML, like Gecko) Chrome/133.0.6943.53 Safari/537.36 (compatible; Google-InspectionTool/1.0)"
66.249.66.35 - - [16/Feb/2025:21:17:48 +0530] "GET /wp-content/plugins/gp-premium/menu-plus/functions/js/offside.min.js?ver=2.4.1 HTTP/1.1" 200 2028 "https://entertainline.guru/casa-maranello-a-ferrari-inspired-dream-palace-in-florida-just-sold-for-55-million/" "Mozilla/5.0 (X11; Linux x86_64) AppleWebKit/537.36 (KHTML, like Gecko) Chrome/133.0.6943.53 Safari/537.36 (compatible; Google-InspectionTool/1.0)"
66.249.66.35 - - [16/Feb/2025:21:17:49 +0530] "GET /wp-content/themes/generatepress/assets/css/main.min.css?ver=3.5.1 HTTP/1.1" 200 4410 "https://entertainline.guru/casa-maranello-a-ferrari-inspired-dream-palace-in-florida-just-sold-for-55-million/" "Mozilla/5.0 (Linux; Android 6.0.1; Nexus 5X Build/MMB29P) AppleWebKit/537.36 (KHTML, like Gecko) Chrome/133.0.6943.53 Mobile Safari/537.36 (compatible; Google-InspectionTool/1.0)"
66.249.66.36 - - [16/Feb/2025:21:17:49 +0530] "GET /wp-content/plugins/gp-premium/menu-plus/functions/css/navigation-branding-flex.min.css?ver=2.4.1 HTTP/1.1" 200 542 "https://entertainline.guru/casa-maranello-a-ferrari-inspired-dream-palace-in-florida-just-sold-for-55-million/" "Mozilla/5.0 (Linux; Android 6.0.1; Nexus 5X Build/MMB29P) AppleWebKit/537.36 (KHTML, like Gecko) Chrome/133.0.6943.53 Mobile Safari/537.36 (compatible; Google-InspectionTool/1.0)"
66.249.66.35 - - [16/Feb/2025:21:17:49 +0530] "GET /wp-content/plugins/contact-form-7/includes/js/index.js?ver=6.0.3 HTTP/1.1" 200 4008 "https://entertainline.guru/casa-maranello-a-ferrari-inspired-dream-palace-in-florida-just-sold-for-55-million/" "Mozilla/5.0 (Linux; Android 6.0.1; Nexus 5X Build/MMB29P) AppleWebKit/537.36 (KHTML, like Gecko) Chrome/133.0.6943.53 Mobile Safari/537.36 (compatible; Google-InspectionTool/1.0)"
66.249.66.36 - - [16/Feb/2025:21:17:48 +0530] "GET /wp-content/themes/generatepress/assets/css/components/comments.min.css?ver=3.5.1 HTTP/1.1" 200 488 "https://entertainline.guru/casa-maranello-a-ferrari-inspired-dream-palace-in-florida-just-sold-for-55-million/" "Mozilla/5.0 (X11; Linux x86_64) AppleWebKit/537.36 (KHTML, like Gecko) Chrome/133.0.6943.53 Safari/537.36 (compatible; Google-InspectionTool/1.0)"
66.249.66.36 - - [16/Feb/2025:21:17:48 +0530] "GET /wp-content/plugins/contact-form-7/includes/css/styles.css?ver=6.0.3 HTTP/1.1" 200 890 "https://entertainline.guru/casa-maranello-a-ferrari-inspired-dream-palace-in-florida-just-sold-for-55-million/" "Mozilla/5.0 (X11; Linux x86_64) AppleWebKit/537.36 (KHTML, like Gecko) Chrome/133.0.6943.53 Safari/537.36 (compatible; Google-InspectionTool/1.0)"
66.249.66.36 - - [16/Feb/2025:21:17:48 +0530] "GET /wp-includes/css/dist/block-library/style.min.css?ver=6.7.2 HTTP/1.1" 200 14225 "https://entertainline.guru/casa-maranello-a-ferrari-inspired-dream-palace-in-florida-just-sold-for-55-million/" "Mozilla/5.0 (X11; Linux x86_64) AppleWebKit/537.36 (KHTML, like Gecko) Chrome/133.0.6943.53 Safari/537.36 (compatible; Google-InspectionTool/1.0)"
66.249.66.35 - - [16/Feb/2025:21:17:49 +0530] "GET /wp-includes/js/dist/i18n.min.js?ver=5e580eb46a90c2b997e6 HTTP/1.1" 200 3542 "https://entertainline.guru/casa-maranello-a-ferrari-inspired-dream-palace-in-florida-just-sold-for-55-million/" "Mozilla/5.0 (X11; Linux x86_64) AppleWebKit/537.36 (KHTML, like Gecko) Chrome/133.0.6943.53 Safari/537.36 (compatible; Google-InspectionTool/1.0)"
66.249.66.35 - - [16/Feb/2025:21:17:49 +0530] "GET /wp-content/themes/generatepress/assets/dist/modal.js?ver=3.5.1 HTTP/1.1" 200 1277 "https://entertainline.guru/casa-maranello-a-ferrari-inspired-dream-palace-in-florida-just-sold-for-55-million/" "Mozilla/5.0 (X11; Linux x86_64) AppleWebKit/537.36 (KHTML, like Gecko) Chrome/133.0.6943.53 Safari/537.36 (compatible; Google-InspectionTool/1.0)"
66.249.66.35 - - [16/Feb/2025:21:17:48 +0530] "GET /wp-content/uploads/2025/02/image-2.png HTTP/1.1" 200 114132 "https://entertainline.guru/casa-maranello-a-ferrari-inspired-dream-palace-in-florida-just-sold-for-55-million/" "Mozilla/5.0 (X11; Linux x86_64) AppleWebKit/537.36 (KHTML, like Gecko) Chrome/133.0.6943.53 Safari/537.36 (compatible; Google-InspectionTool/1.0)"
66.249.66.35 - - [16/Feb/2025:21:17:49 +0530] "GET /wp-content/plugins/gp-premium/blog/functions/css/featured-images.min.css?ver=2.4.1 HTTP/1.1" 200 422 "https://entertainline.guru/casa-maranello-a-ferrari-inspired-dream-palace-in-florida-just-sold-for-55-million/" "Mozilla/5.0 (Linux; Android 6.0.1; Nexus 5X Build/MMB29P) AppleWebKit/537.36 (KHTML, like Gecko) Chrome/133.0.6943.53 Mobile Safari/537.36 (compatible; Google-InspectionTool/1.0)"
66.249.66.36 - - [16/Feb/2025:21:17:49 +0530] "GET /wp-content/uploads/2025/02/Capture.png HTTP/1.1" 200 31090 "https://entertainline.guru/casa-maranello-a-ferrari-inspired-dream-palace-in-florida-just-sold-for-55-million/" "Mozilla/5.0 (Linux; Android 6.0.1; Nexus 5X Build/MMB29P) AppleWebKit/537.36 (KHTML, like Gecko) Chrome/133.0.6943.53 Mobile Safari/537.36 (compatible; Google-InspectionTool/1.0)"
66.249.66.35 - - [16/Feb/2025:21:17:49 +0530] "GET /wp-content/themes/generatepress/assets/css/components/comments.min.css?ver=3.5.1 HTTP/1.1" 200 488 "https://entertainline.guru/casa-maranello-a-ferrari-inspired-dream-palace-in-florida-just-sold-for-55-million/" "Mozilla/5.0 (Linux; Android 6.0.1; Nexus 5X Build/MMB29P) AppleWebKit/537.36 (KHTML, like Gecko) Chrome/133.0.6943.53 Mobile Safari/537.36 (compatible; Google-InspectionTool/1.0)"
66.249.66.34 - - [16/Feb/2025:21:17:49 +0530] "GET /wp-content/themes/gp-marketer-free/style.css?ver=1739330580 HTTP/1.1" 200 898 "https://entertainline.guru/casa-maranello-a-ferrari-inspired-dream-palace-in-florida-just-sold-for-55-million/" "Mozilla/5.0 (Linux; Android 6.0.1; Nexus 5X Build/MMB29P) AppleWebKit/537.36 (KHTML, like Gecko) Chrome/133.0.6943.53 Mobile Safari/537.36 (compatible; Google-InspectionTool/1.0)"
152.56.69.141 - - [16/Feb/2025:21:11:02 +0530] "OPTIONS /wp-json/wp/v2/posts/?context=edit&_locale=user HTTP/1.1" 200 2651 "https://entertainline.guru/wp-admin/post-new.php?" "Mozilla/5.0 (Windows NT 10.0; Win64; x64) AppleWebKit/537.36 (KHTML, like Gecko) Chrome/133.0.0.0 Safari/537.36"
152.56.69.141 - - [16/Feb/2025:21:11:01 +0530] "POST /wp-json/wp/v2/media?_embed=wp%3Afeaturedmedia&_locale=user HTTP/1.1" 201 1105 "https://entertainline.guru/wp-admin/post-new.php?" "Mozilla/5.0 (Windows NT 10.0; Win64; x64) AppleWebKit/537.36 (KHTML, like Gecko) Chrome/133.0.0.0 Safari/537.36"
152.56.69.141 - - [16/Feb/2025:21:11:01 +0530] "POST /wp-json/wp/v2/media?_embed=wp%3Afeaturedmedia&_locale=user HTTP/1.1" 201 1104 "https://entertainline.guru/wp-admin/post-new.php?" "Mozilla/5.0 (Windows NT 10.0; Win64; x64) AppleWebKit/537.36 (KHTML, like Gecko) Chrome/133.0.0.0 Safari/537.36"
152.56.69.141 - - [16/Feb/2025:21:11:01 +0530] "POST /wp-json/wp/v2/media?_embed=wp%3Afeaturedmedia&_locale=user HTTP/1.1" 201 1106 "https://entertainline.guru/wp-admin/post-new.php?" "Mozilla/5.0 (Windows NT 10.0; Win64; x64) AppleWebKit/537.36 (KHTML, like Gecko) Chrome/133.0.0.0 Safari/537.36"
152.56.69.141 - - [16/Feb/2025:21:11:04 +0530] "GET /wp-content/uploads/2025/02/image-7-1024x563.jpeg HTTP/1.1" 200 142853 "https://entertainline.guru/wp-admin/post-new.php?" "Mozilla/5.0 (Windows NT 10.0; Win64; x64) AppleWebKit/537.36 (KHTML, like Gecko) Chrome/133.0.0.0 Safari/537.36"
152.56.69.141 - - [16/Feb/2025:21:11:04 +0530] "GET /wp-content/uploads/2025/02/image-8-1024x563.jpeg HTTP/1.1" 200 167422 "https://entertainline.guru/wp-admin/post-new.php?" "Mozilla/5.0 (Windows NT 10.0; Win64; x64) AppleWebKit/537.36 (KHTML, like Gecko) Chrome/133.0.0.0 Safari/537.36"
152.56.69.141 - - [16/Feb/2025:21:11:04 +0530] "GET /wp-content/uploads/2025/02/image-9-1024x563.jpeg HTTP/1.1" 200 165527 "https://entertainline.guru/wp-admin/post-new.php?" "Mozilla/5.0 (Windows NT 10.0; Win64; x64) AppleWebKit/537.36 (KHTML, like Gecko) Chrome/133.0.0.0 Safari/537.36"
152.56.69.141 - - [16/Feb/2025:21:11:08 +0530] "POST /wp-admin/admin-ajax.php HTTP/1.1" 200 79 "https://entertainline.guru/wp-admin/post-new.php?" "Mozilla/5.0 (Windows NT 10.0; Win64; x64) AppleWebKit/537.36 (KHTML, like Gecko) Chrome/133.0.0.0 Safari/537.36"
152.56.69.141 - - [16/Feb/2025:21:11:09 +0530] "GET /wp-json/wp/v2/categories?per_page=100&orderby=count&order=desc&_fields=id%2Cname&_locale=user HTTP/1.1" 200 80 "https://entertainline.guru/wp-admin/post-new.php?" "Mozilla/5.0 (Windows NT 10.0; Win64; x64) AppleWebKit/537.36 (KHTML, like Gecko) Chrome/133.0.0.0 Safari/537.36"
152.56.69.141 - - [16/Feb/2025:21:11:19 +0530] "POST /wp-admin/admin-ajax.php HTTP/1.1" 200 79 "https://entertainline.guru/wp-admin/post-new.php?" "Mozilla/5.0 (Windows NT 10.0; Win64; x64) AppleWebKit/537.36 (KHTML, like Gecko) Chrome/133.0.0.0 Safari/537.36"
152.56.69.141 - - [16/Feb/2025:21:15:15 +0530] "POST /wp-admin/admin-ajax.php HTTP/1.1" 200 79 "https://entertainline.guru/wp-admin/post.php?post=555&action=edit" "Mozilla/5.0 (Windows NT 10.0; Win64; x64) AppleWebKit/537.36 (KHTML, like Gecko) Chrome/133.0.0.0 Safari/537.36"
152.56.69.141 - - [16/Feb/2025:21:15:26 +0530] "POST /wp-admin/admin-ajax.php HTTP/1.1" 200 79 "https://entertainline.guru/wp-admin/post.php?post=555&action=edit" "Mozilla/5.0 (Windows NT 10.0; Win64; x64) AppleWebKit/537.36 (KHTML, like Gecko) Chrome/133.0.0.0 Safari/537.36"
152.56.69.141 - - [16/Feb/2025:21:16:01 +0530] "POST /wp-json/wp/v2/posts/555/autosaves?_locale=user HTTP/1.1" 200 9935 "https://entertainline.guru/wp-admin/post.php?post=555&action=edit" "Mozilla/5.0 (Windows NT 10.0; Win64; x64) AppleWebKit/537.36 (KHTML, like Gecko) Chrome/133.0.0.0 Safari/537.36"
43.153.73.200 - - [16/Feb/2025:21:15:55 +0530] "GET /kelsea-ballerinis-net-worth/ HTTP/1.1" 200 26946 "-" "Mozilla/5.0 (iPhone; CPU iPhone OS 13_2_3 like Mac OS X) AppleWebKit/605.1.15 (KHTML, like Gecko) Version/13.0.3 Mobile/15E148 Safari/604.1"
2a06:98c0:3600::103 - - [16/Feb/2025:21:15:15 +0530] "GET /wordpress/wp-admin/setup-config.php HTTP/1.1" 404 11745 "-" "Mozilla/5.0 (Windows NT 10.0; Win64; x64) AppleWebKit/537.36 (KHTML, like Gecko) Chrome/132.0.0.0 Safari/537.36"
135.181.239.225 - - [16/Feb/2025:21:15:48 +0530] "GET /wp-login.php HTTP/2" 200 2086 "http://entertainline.guru" "Mozilla/5.0 (Windows NT 11.0; Win64; x64) AppleWebKit/537.36 (KHTML, like Gecko) Chrome/126.0.0.0 Safari/537.36 Edg/126.0.0.0"
66.249.66.36 - - [16/Feb/2025:21:17:48 +0530] "GET /wp-content/themes/generatepress/assets/css/main.min.css?ver=3.5.1 HTTP/1.1" 200 4410 "https://entertainline.guru/casa-maranello-a-ferrari-inspired-dream-palace-in-florida-just-sold-for-55-million/" "Mozilla/5.0 (X11; Linux x86_64) AppleWebKit/537.36 (KHTML, like Gecko) Chrome/133.0.6943.53 Safari/537.36 (compatible; Google-InspectionTool/1.0)"
66.249.66.36 - - [16/Feb/2025:21:17:49 +0530] "GET /wp-includes/js/comment-reply.min.js?ver=6.7.2 HTTP/1.1" 200 1247 "https://entertainline.guru/casa-maranello-a-ferrari-inspired-dream-palace-in-florida-just-sold-for-55-million/" "Mozilla/5.0 (X11; Linux x86_64) AppleWebKit/537.36 (KHTML, like Gecko) Chrome/133.0.6943.53 Safari/537.36 (compatible; Google-InspectionTool/1.0)"
66.249.66.36 - - [16/Feb/2025:21:17:49 +0530] "GET /wp-content/plugins/gp-premium/menu-plus/functions/css/offside.min.css?ver=2.4.1 HTTP/1.1" 200 1364 "https://entertainline.guru/casa-maranello-a-ferrari-inspired-dream-palace-in-florida-just-sold-for-55-million/" "Mozilla/5.0 (Linux; Android 6.0.1; Nexus 5X Build/MMB29P) AppleWebKit/537.36 (KHTML, like Gecko) Chrome/133.0.6943.53 Mobile Safari/537.36 (compatible; Google-InspectionTool/1.0)"
66.249.66.34 - - [16/Feb/2025:21:17:49 +0530] "GET /wp-includes/js/comment-reply.min.js?ver=6.7.2 HTTP/1.1" 200 1247 "https://entertainline.guru/casa-maranello-a-ferrari-inspired-dream-palace-in-florida-just-sold-for-55-million/" "Mozilla/5.0 (Linux; Android 6.0.1; Nexus 5X Build/MMB29P) AppleWebKit/537.36 (KHTML, like Gecko) Chrome/133.0.6943.53 Mobile Safari/537.36 (compatible; Google-InspectionTool/1.0)"
66.249.66.34 - - [16/Feb/2025:21:17:52 +0530] "GET /wp-content/uploads/2025/02/image-768x422.jpeg HTTP/1.1" 200 26860 "https://entertainline.guru/casa-maranello-a-ferrari-inspired-dream-palace-in-florida-just-sold-for-55-million/" "Mozilla/5.0 (Linux; Android 6.0.1; Nexus 5X Build/MMB29P) AppleWebKit/537.36 (KHTML, like Gecko) Chrome/133.0.6943.53 Mobile Safari/537.36 (compatible; Google-InspectionTool/1.0)"
66.249.66.35 - - [16/Feb/2025:21:18:14 +0530] "GET /casa-maranello-a-ferrari-inspired-dream-palace-in-florida-just-sold-for-55-million/ HTTP/1.1" 200 24139 "-" "Mozilla/5.0 (Linux; Android 6.0.1; Nexus 5X Build/MMB29P) AppleWebKit/537.36 (KHTML, like Gecko) Chrome/133.0.6943.53 Mobile Safari/537.36 (compatible; Googlebot/2.1; +http://www.google.com/bot.html)"
66.249.66.34 - - [16/Feb/2025:21:18:23 +0530] "GET /wp-content/uploads/2025/02/AA1yAoTb.webp HTTP/1.1" 200 400816 "-" "Googlebot-Image/1.0"
66.249.66.34 - - [16/Feb/2025:21:18:25 +0530] "GET /wp-content/uploads/2025/02/image-2.png HTTP/1.1" 200 114132 "-" "Googlebot-Image/1.0"
170.106.167.214 - - [16/Feb/2025:21:27:54 +0530] "GET /who-is-jeff-bezos-fiancee-all-about-lauren-sanchez/ HTTP/1.1" 200 24687 "https://entertainline.guru/?p=534" "Mozilla/5.0 (iPhone; CPU iPhone OS 13_2_3 like Mac OS X) AppleWebKit/605.1.15 (KHTML, like Gecko) Version/13.0.3 Mobile/15E148 Safari/604.1"
66.249.66.34 - - [16/Feb/2025:21:31:58 +0530] "GET /casa-maranello-a-ferrari-inspired-dream-palace-in-florida-just-sold-for-55-million/ HTTP/1.1" 200 24089 "-" "Mozilla/5.0 (compatible; Google-InspectionTool/1.0;)"
66.249.66.34 - - [16/Feb/2025:21:31:58 +0530] "GET /wp-content/themes/generatepress/assets/css/main.min.css?ver=3.5.1 HTTP/1.1" 200 4410 "https://entertainline.guru/casa-maranello-a-ferrari-inspired-dream-palace-in-florida-just-sold-for-55-million/" "Mozilla/5.0 (Linux; Android 6.0.1; Nexus 5X Build/MMB29P) AppleWebKit/537.36 (KHTML, like Gecko) Chrome/133.0.6943.53 Mobile Safari/537.36 (compatible; Google-InspectionTool/1.0)"
66.249.66.34 - - [16/Feb/2025:21:31:59 +0530] "GET /wp-content/plugins/contact-form-7/includes/css/styles.css?ver=6.0.3 HTTP/1.1" 200 890 "https://entertainline.guru/casa-maranello-a-ferrari-inspired-dream-palace-in-florida-just-sold-for-55-million/" "Mozilla/5.0 (X11; Linux x86_64) AppleWebKit/537.36 (KHTML, like Gecko) Chrome/133.0.6943.53 Safari/537.36 (compatible; Google-InspectionTool/1.0)"
66.249.66.36 - - [16/Feb/2025:21:17:48 +0530] "GET /wp-content/plugins/gp-premium/menu-plus/functions/css/navigation-branding-flex.min.css?ver=2.4.1 HTTP/1.1" 200 542 "https://entertainline.guru/casa-maranello-a-ferrari-inspired-dream-palace-in-florida-just-sold-for-55-million/" "Mozilla/5.0 (X11; Linux x86_64) AppleWebKit/537.36 (KHTML, like Gecko) Chrome/133.0.6943.53 Safari/537.36 (compatible; Google-InspectionTool/1.0)"
66.249.66.34 - - [16/Feb/2025:21:17:49 +0530] "GET /wp-content/uploads/2025/02/image-9-1024x563.jpeg HTTP/1.1" 200 165527 "https://entertainline.guru/casa-maranello-a-ferrari-inspired-dream-palace-in-florida-just-sold-for-55-million/" "Mozilla/5.0 (X11; Linux x86_64) AppleWebKit/537.36 (KHTML, like Gecko) Chrome/133.0.6943.53 Safari/537.36 (compatible; Google-InspectionTool/1.0)"
66.249.66.34 - - [16/Feb/2025:21:17:49 +0530] "GET /wp-content/themes/generatepress/assets/dist/modal.js?ver=3.5.1 HTTP/1.1" 200 1277 "https://entertainline.guru/casa-maranello-a-ferrari-inspired-dream-palace-in-florida-just-sold-for-55-million/" "Mozilla/5.0 (Linux; Android 6.0.1; Nexus 5X Build/MMB29P) AppleWebKit/537.36 (KHTML, like Gecko) Chrome/133.0.6943.53 Mobile Safari/537.36 (compatible; Google-InspectionTool/1.0)"
66.249.66.34 - - [16/Feb/2025:21:17:49 +0530] "GET /wp-content/plugins/gp-premium/menu-plus/functions/js/offside.min.js?ver=2.4.1 HTTP/1.1" 200 2028 "https://entertainline.guru/casa-maranello-a-ferrari-inspired-dream-palace-in-florida-just-sold-for-55-million/" "Mozilla/5.0 (Linux; Android 6.0.1; Nexus 5X Build/MMB29P) AppleWebKit/537.36 (KHTML, like Gecko) Chrome/133.0.6943.53 Mobile Safari/537.36 (compatible; Google-InspectionTool/1.0)"
66.249.66.34 - - [16/Feb/2025:21:17:52 +0530] "GET /wp-content/uploads/2025/02/Kelsea-Ballerinis-Net-Worth-Uncovering-the-Country-Artists-Wealth-768x432.png HTTP/1.1" 200 465179 "https://entertainline.guru/casa-maranello-a-ferrari-inspired-dream-palace-in-florida-just-sold-for-55-million/" "Mozilla/5.0 (Linux; Android 6.0.1; Nexus 5X Build/MMB29P) AppleWebKit/537.36 (KHTML, like Gecko) Chrome/133.0.6943.53 Mobile Safari/537.36 (compatible; Google-InspectionTool/1.0)"
66.249.66.34 - - [16/Feb/2025:21:31:57 +0530] "GET /casa-maranello-a-ferrari-inspired-dream-palace-in-florida-just-sold-for-55-million/ HTTP/1.1" 200 24089 "-" "Mozilla/5.0 (Linux; Android 6.0.1; Nexus 5X Build/MMB29P) AppleWebKit/537.36 (KHTML, like Gecko) Chrome/133.0.6943.98 Mobile Safari/537.36 (compatible; Google-InspectionTool/1.0;)"
66.249.66.35 - - [16/Feb/2025:21:31:58 +0530] "GET /robots.txt HTTP/1.1" 200 110 "-" "Mozilla/5.0 (compatible; Googlebot/2.1; +http://www.google.com/bot.html)"
66.249.66.34 - - [16/Feb/2025:21:31:58 +0530] "GET /wp-content/uploads/generatepress/style.min.css?ver=1739527775 HTTP/1.1" 200 2088 "https://entertainline.guru/casa-maranello-a-ferrari-inspired-dream-palace-in-florida-just-sold-for-55-million/" "Mozilla/5.0 (Linux; Android 6.0.1; Nexus 5X Build/MMB29P) AppleWebKit/537.36 (KHTML, like Gecko) Chrome/133.0.6943.53 Mobile Safari/537.36 (compatible; Google-InspectionTool/1.0)"
66.249.66.34 - - [16/Feb/2025:21:31:58 +0530] "GET /wp-content/themes/generatepress/assets/css/components/comments.min.css?ver=3.5.1 HTTP/1.1" 200 488 "https://entertainline.guru/casa-maranello-a-ferrari-inspired-dream-palace-in-florida-just-sold-for-55-million/" "Mozilla/5.0 (X11; Linux x86_64) AppleWebKit/537.36 (KHTML, like Gecko) Chrome/133.0.6943.53 Safari/537.36 (compatible; Google-InspectionTool/1.0)"
66.249.66.35 - - [16/Feb/2025:21:31:59 +0530] "GET /wp-content/themes/gp-marketer-free/style.css?ver=1739330580 HTTP/1.1" 200 898 "https://entertainline.guru/casa-maranello-a-ferrari-inspired-dream-palace-in-florida-just-sold-for-55-million/" "Mozilla/5.0 (X11; Linux x86_64) AppleWebKit/537.36 (KHTML, like Gecko) Chrome/133.0.6943.53 Safari/537.36 (compatible; Google-InspectionTool/1.0)"
152.56.69.141 - - [16/Feb/2025:21:17:12 +0530] "GET /wp-admin/post.php?post=555&action=edit&message=4 HTTP/1.1" 200 101988 "https://entertainline.guru/wp-admin/post.php?post=555&action=edit" "Mozilla/5.0 (Windows NT 10.0; Win64; x64) AppleWebKit/537.36 (KHTML, like Gecko) Chrome/133.0.0.0 Safari/537.36"
152.56.69.141 - - [16/Feb/2025:21:17:14 +0530] "POST /wp-admin/admin-ajax.php HTTP/1.1" 200 5 "https://entertainline.guru/wp-admin/post.php?post=555&action=edit" "Mozilla/5.0 (Windows NT 10.0; Win64; x64) AppleWebKit/537.36 (KHTML, like Gecko) Chrome/133.0.0.0 Safari/537.36"
152.56.69.141 - - [16/Feb/2025:21:17:14 +0530] "GET /casa-maranello-a-ferrari-inspired-dream-palace-in-florida-just-sold-for-55-million/ HTTP/1.1" 200 27928 "https://entertainline.guru/wp-admin/post.php?post=555&action=edit" "Mozilla/5.0 (Windows NT 10.0; Win64; x64) AppleWebKit/537.36 (KHTML, like Gecko) Chrome/133.0.0.0 Safari/537.36"
152.56.69.141 - - [16/Feb/2025:21:17:14 +0530] "GET /wp-content/uploads/2025/02/image-9.jpeg HTTP/1.1" 200 246730 "https://entertainline.guru/casa-maranello-a-ferrari-inspired-dream-palace-in-florida-just-sold-for-55-million/" "Mozilla/5.0 (Windows NT 10.0; Win64; x64) AppleWebKit/537.36 (KHTML, like Gecko) Chrome/133.0.0.0 Safari/537.36"
152.56.69.141 - - [16/Feb/2025:21:17:15 +0530] "GET /wp-content/uploads/2025/02/image-8.jpeg HTTP/1.1" 200 249064 "https://entertainline.guru/casa-maranello-a-ferrari-inspired-dream-palace-in-florida-just-sold-for-55-million/" "Mozilla/5.0 (Windows NT 10.0; Win64; x64) AppleWebKit/537.36 (KHTML, like Gecko) Chrome/133.0.0.0 Safari/537.36"
152.56.69.141 - - [16/Feb/2025:21:17:32 +0530] "GET / HTTP/1.1" 200 17724 "https://entertainline.guru/casa-maranello-a-ferrari-inspired-dream-palace-in-florida-just-sold-for-55-million/" "Mozilla/5.0 (Windows NT 10.0; Win64; x64) AppleWebKit/537.36 (KHTML, like Gecko) Chrome/133.0.0.0 Safari/537.36"
152.56.69.141 - - [16/Feb/2025:21:17:33 +0530] "GET /wp-content/uploads/2025/02/AA1yAoTb-1536x804.webp HTTP/1.1" 200 275756 "https://entertainline.guru/" "Mozilla/5.0 (Windows NT 10.0; Win64; x64) AppleWebKit/537.36 (KHTML, like Gecko) Chrome/133.0.0.0 Safari/537.36"
66.249.66.35 - - [16/Feb/2025:21:17:48 +0530] "GET /wp-content/plugins/gp-premium/menu-plus/functions/css/offside.min.css?ver=2.4.1 HTTP/1.1" 200 1364 "https://entertainline.guru/casa-maranello-a-ferrari-inspired-dream-palace-in-florida-just-sold-for-55-million/" "Mozilla/5.0 (X11; Linux x86_64) AppleWebKit/537.36 (KHTML, like Gecko) Chrome/133.0.6943.53 Safari/537.36 (compatible; Google-InspectionTool/1.0)"
66.249.66.35 - - [16/Feb/2025:21:18:26 +0530] "GET /wp-content/uploads/2025/02/AA1yAoTb-1024x536.webp HTTP/1.1" 200 136128 "-" "Googlebot-Image/1.0"
170.106.167.214 - - [16/Feb/2025:21:27:47 +0530] "GET /?p=534 HTTP/1.1" 301 0 "-" "Mozilla/5.0 (iPhone; CPU iPhone OS 13_2_3 like Mac OS X) AppleWebKit/605.1.15 (KHTML, like Gecko) Version/13.0.3 Mobile/15E148 Safari/604.1"
66.249.66.35 - - [16/Feb/2025:21:31:59 +0530] "GET /wp-content/uploads/2025/02/Capture.png HTTP/1.1" 200 31090 "https://entertainline.guru/casa-maranello-a-ferrari-inspired-dream-palace-in-florida-just-sold-for-55-million/" "Mozilla/5.0 (Linux; Android 6.0.1; Nexus 5X Build/MMB29P) AppleWebKit/537.36 (KHTML, like Gecko) Chrome/133.0.6943.53 Mobile Safari/537.36 (compatible; Google-InspectionTool/1.0)"
66.249.66.36 - - [16/Feb/2025:21:31:59 +0530] "GET /wp-content/plugins/contact-form-7/includes/swv/js/index.js?ver=6.0.3 HTTP/1.1" 200 3369 "https://entertainline.guru/casa-maranello-a-ferrari-inspired-dream-palace-in-florida-just-sold-for-55-million/" "Mozilla/5.0 (X11; Linux x86_64) AppleWebKit/537.36 (KHTML, like Gecko) Chrome/133.0.6943.53 Safari/537.36 (compatible; Google-InspectionTool/1.0)"
66.249.66.34 - - [16/Feb/2025:21:17:47 +0530] "GET /robots.txt HTTP/1.1" 200 110 "-" "Mozilla/5.0 (compatible; Googlebot/2.1; +http://www.google.com/bot.html)"
66.249.66.35 - - [16/Feb/2025:21:17:48 +0530] "GET /wp-content/uploads/2025/02/Capture.png HTTP/1.1" 200 31090 "https://entertainline.guru/casa-maranello-a-ferrari-inspired-dream-palace-in-florida-just-sold-for-55-million/" "Mozilla/5.0 (X11; Linux x86_64) AppleWebKit/537.36 (KHTML, like Gecko) Chrome/133.0.6943.53 Safari/537.36 (compatible; Google-InspectionTool/1.0)"
66.249.66.35 - - [16/Feb/2025:21:17:48 +0530] "GET /wp-includes/js/dist/hooks.min.js?ver=4d63a3d491d11ffd8ac6 HTTP/1.1" 200 1571 "https://entertainline.guru/casa-maranello-a-ferrari-inspired-dream-palace-in-florida-just-sold-for-55-million/" "Mozilla/5.0 (X11; Linux x86_64) AppleWebKit/537.36 (KHTML, like Gecko) Chrome/133.0.6943.53 Safari/537.36 (compatible; Google-InspectionTool/1.0)"
66.249.66.35 - - [16/Feb/2025:21:17:49 +0530] "GET /wp-content/plugins/contact-form-7/includes/css/styles.css?ver=6.0.3 HTTP/1.1" 200 890 "https://entertainline.guru/casa-maranello-a-ferrari-inspired-dream-palace-in-florida-just-sold-for-55-million/" "Mozilla/5.0 (Linux; Android 6.0.1; Nexus 5X Build/MMB29P) AppleWebKit/537.36 (KHTML, like Gecko) Chrome/133.0.6943.53 Mobile Safari/537.36 (compatible; Google-InspectionTool/1.0)"
66.249.66.35 - - [16/Feb/2025:21:17:49 +0530] "GET /wp-content/themes/generatepress/assets/js/menu.min.js?ver=3.5.1 HTTP/1.1" 200 1678 "https://entertainline.guru/casa-maranello-a-ferrari-inspired-dream-palace-in-florida-just-sold-for-55-million/" "Mozilla/5.0 (Linux; Android 6.0.1; Nexus 5X Build/MMB29P) AppleWebKit/537.36 (KHTML, like Gecko) Chrome/133.0.6943.53 Mobile Safari/537.36 (compatible; Google-InspectionTool/1.0)"
66.249.66.35 - - [16/Feb/2025:21:31:59 +0530] "GET /wp-content/themes/generatepress/assets/css/components/comments.min.css?ver=3.5.1 HTTP/1.1" 200 488 "https://entertainline.guru/casa-maranello-a-ferrari-inspired-dream-palace-in-florida-just-sold-for-55-million/" "Mozilla/5.0 (Linux; Android 6.0.1; Nexus 5X Build/MMB29P) AppleWebKit/537.36 (KHTML, like Gecko) Chrome/133.0.6943.53 Mobile Safari/537.36 (compatible; Google-InspectionTool/1.0)"
66.249.66.35 - - [16/Feb/2025:21:31:59 +0530] "GET /wp-includes/js/dist/i18n.min.js?ver=5e580eb46a90c2b997e6 HTTP/1.1" 200 3542 "https://entertainline.guru/casa-maranello-a-ferrari-inspired-dream-palace-in-florida-just-sold-for-55-million/" "Mozilla/5.0 (X11; Linux x86_64) AppleWebKit/537.36 (KHTML, like Gecko) Chrome/133.0.6943.53 Safari/537.36 (compatible; Google-InspectionTool/1.0)"
66.249.66.36 - - [16/Feb/2025:21:31:59 +0530] "GET /wp-includes/css/dist/block-library/style.min.css?ver=6.7.2 HTTP/1.1" 200 14225 "https://entertainline.guru/casa-maranello-a-ferrari-inspired-dream-palace-in-florida-just-sold-for-55-million/" "Mozilla/5.0 (X11; Linux x86_64) AppleWebKit/537.36 (KHTML, like Gecko) Chrome/133.0.6943.53 Safari/537.36 (compatible; Google-InspectionTool/1.0)"
66.249.66.35 - - [16/Feb/2025:21:31:59 +0530] "GET /wp-content/uploads/2025/02/AA1yAoTb-1024x536.webp HTTP/1.1" 200 136128 "https://entertainline.guru/casa-maranello-a-ferrari-inspired-dream-palace-in-florida-just-sold-for-55-million/" "Mozilla/5.0 (X11; Linux x86_64) AppleWebKit/537.36 (KHTML, like Gecko) Chrome/133.0.6943.53 Safari/537.36 (compatible; Google-InspectionTool/1.0)"
66.249.66.35 - - [16/Feb/2025:21:31:59 +0530] "GET /wp-content/plugins/gp-premium/blog/functions/css/featured-images.min.css?ver=2.4.1 HTTP/1.1" 200 422 "https://entertainline.guru/casa-maranello-a-ferrari-inspired-dream-palace-in-florida-just-sold-for-55-million/" "Mozilla/5.0 (X11; Linux x86_64) AppleWebKit/537.36 (KHTML, like Gecko) Chrome/133.0.6943.53 Safari/537.36 (compatible; Google-InspectionTool/1.0)"
66.249.66.34 - - [16/Feb/2025:21:17:49 +0530] "GET /wp-content/uploads/2025/02/image-2.png HTTP/1.1" 200 114132 "https://entertainline.guru/casa-maranello-a-ferrari-inspired-dream-palace-in-florida-just-sold-for-55-million/" "Mozilla/5.0 (Linux; Android 6.0.1; Nexus 5X Build/MMB29P) AppleWebKit/537.36 (KHTML, like Gecko) Chrome/133.0.6943.53 Mobile Safari/537.36 (compatible; Google-InspectionTool/1.0)"
66.249.66.34 - - [16/Feb/2025:21:17:49 +0530] "GET /wp-content/uploads/2025/02/image-8.jpeg HTTP/1.1" 200 249064 "https://entertainline.guru/casa-maranello-a-ferrari-inspired-dream-palace-in-florida-just-sold-for-55-million/" "Mozilla/5.0 (Linux; Android 6.0.1; Nexus 5X Build/MMB29P) AppleWebKit/537.36 (KHTML, like Gecko) Chrome/133.0.6943.53 Mobile Safari/537.36 (compatible; Google-InspectionTool/1.0)"
66.249.66.36 - - [16/Feb/2025:21:17:50 +0530] "GET /wp-content/uploads/2025/02/image-300x165.jpeg HTTP/1.1" 200 6598 "https://entertainline.guru/casa-maranello-a-ferrari-inspired-dream-palace-in-florida-just-sold-for-55-million/" "Mozilla/5.0 (X11; Linux x86_64) AppleWebKit/537.36 (KHTML, like Gecko) Chrome/133.0.6943.53 Safari/537.36 (compatible; Google-InspectionTool/1.0)"
66.249.66.34 - - [16/Feb/2025:21:17:52 +0530] "GET /wp-content/uploads/2025/02/Shaboozey-Height-Age-Girlfriend-Family-Biography-768x432.png HTTP/1.1" 200 327443 "https://entertainline.guru/casa-maranello-a-ferrari-inspired-dream-palace-in-florida-just-sold-for-55-million/" "Mozilla/5.0 (Linux; Android 6.0.1; Nexus 5X Build/MMB29P) AppleWebKit/537.36 (KHTML, like Gecko) Chrome/133.0.6943.53 Mobile Safari/537.36 (compatible; Google-InspectionTool/1.0)"
66.249.66.34 - - [16/Feb/2025:21:31:59 +0530] "GET /wp-content/plugins/gp-premium/menu-plus/functions/js/offside.min.js?ver=2.4.1 HTTP/1.1" 200 2028 "https://entertainline.guru/casa-maranello-a-ferrari-inspired-dream-palace-in-florida-just-sold-for-55-million/" "Mozilla/5.0 (Linux; Android 6.0.1; Nexus 5X Build/MMB29P) AppleWebKit/537.36 (KHTML, like Gecko) Chrome/133.0.6943.53 Mobile Safari/537.36 (compatible; Google-InspectionTool/1.0)"
66.249.66.35 - - [16/Feb/2025:21:31:59 +0530] "GET /wp-content/plugins/gp-premium/menu-plus/functions/css/navigation-branding-flex.min.css?ver=2.4.1 HTTP/1.1" 200 542 "https://entertainline.guru/casa-maranello-a-ferrari-inspired-dream-palace-in-florida-just-sold-for-55-million/" "Mozilla/5.0 (X11; Linux x86_64) AppleWebKit/537.36 (KHTML, like Gecko) Chrome/133.0.6943.53 Safari/537.36 (compatible; Google-InspectionTool/1.0)"
66.249.66.36 - - [16/Feb/2025:21:31:59 +0530] "GET /wp-content/plugins/gp-premium/menu-plus/functions/js/offside.min.js?ver=2.4.1 HTTP/1.1" 200 2028 "https://entertainline.guru/casa-maranello-a-ferrari-inspired-dream-palace-in-florida-just-sold-for-55-million/" "Mozilla/5.0 (X11; Linux x86_64) AppleWebKit/537.36 (KHTML, like Gecko) Chrome/133.0.6943.53 Safari/537.36 (compatible; Google-InspectionTool/1.0)"
66.249.66.34 - - [16/Feb/2025:21:31:59 +0530] "GET /wp-content/uploads/2025/02/image-9.jpeg HTTP/1.1" 200 246730 "https://entertainline.guru/casa-maranello-a-ferrari-inspired-dream-palace-in-florida-just-sold-for-55-million/" "Mozilla/5.0 (Linux; Android 6.0.1; Nexus 5X Build/MMB29P) AppleWebKit/537.36 (KHTML, like Gecko) Chrome/133.0.6943.53 Mobile Safari/537.36 (compatible; Google-InspectionTool/1.0)"
66.249.66.35 - - [16/Feb/2025:21:31:59 +0530] "GET /wp-content/themes/generatepress/assets/css/main.min.css?ver=3.5.1 HTTP/1.1" 200 4410 "https://entertainline.guru/casa-maranello-a-ferrari-inspired-dream-palace-in-florida-just-sold-for-55-million/" "Mozilla/5.0 (X11; Linux x86_64) AppleWebKit/537.36 (KHTML, like Gecko) Chrome/133.0.6943.53 Safari/537.36 (compatible; Google-InspectionTool/1.0)"
66.249.66.34 - - [16/Feb/2025:21:31:59 +0530] "GET /wp-content/uploads/2025/02/Capture.png HTTP/1.1" 200 31090 "https://entertainline.guru/casa-maranello-a-ferrari-inspired-dream-palace-in-florida-just-sold-for-55-million/" "Mozilla/5.0 (X11; Linux x86_64) AppleWebKit/537.36 (KHTML, like Gecko) Chrome/133.0.6943.53 Safari/537.36 (compatible; Google-InspectionTool/1.0)"
66.249.66.35 - - [16/Feb/2025:21:31:59 +0530] "GET /wp-content/plugins/gp-premium/menu-plus/functions/css/navigation-branding-flex.min.css?ver=2.4.1 HTTP/1.1" 200 542 "https://entertainline.guru/casa-maranello-a-ferrari-inspired-dream-palace-in-florida-just-sold-for-55-million/" "Mozilla/5.0 (Linux; Android 6.0.1; Nexus 5X Build/MMB29P) AppleWebKit/537.36 (KHTML, like Gecko) Chrome/133.0.6943.53 Mobile Safari/537.36 (compatible; Google-InspectionTool/1.0)"
66.249.66.35 - - [16/Feb/2025:21:31:59 +0530] "GET /wp-includes/css/dist/block-library/style.min.css?ver=6.7.2 HTTP/1.1" 200 14225 "https://entertainline.guru/casa-maranello-a-ferrari-inspired-dream-palace-in-florida-just-sold-for-55-million/" "Mozilla/5.0 (Linux; Android 6.0.1; Nexus 5X Build/MMB29P) AppleWebKit/537.36 (KHTML, like Gecko) Chrome/133.0.6943.53 Mobile Safari/537.36 (compatible; Google-InspectionTool/1.0)"
66.249.66.35 - - [16/Feb/2025:21:31:59 +0530] "GET /wp-content/plugins/gp-premium/blog/functions/css/featured-images.min.css?ver=2.4.1 HTTP/1.1" 200 422 "https://entertainline.guru/casa-maranello-a-ferrari-inspired-dream-palace-in-florida-just-sold-for-55-million/" "Mozilla/5.0 (Linux; Android 6.0.1; Nexus 5X Build/MMB29P) AppleWebKit/537.36 (KHTML, like Gecko) Chrome/133.0.6943.53 Mobile Safari/537.36 (compatible; Google-InspectionTool/1.0)"
66.249.66.34 - - [16/Feb/2025:21:31:59 +0530] "GET /wp-content/uploads/2025/02/image-9-1024x563.jpeg HTTP/1.1" 200 165527 "https://entertainline.guru/casa-maranello-a-ferrari-inspired-dream-palace-in-florida-just-sold-for-55-million/" "Mozilla/5.0 (X11; Linux x86_64) AppleWebKit/537.36 (KHTML, like Gecko) Chrome/133.0.6943.53 Safari/537.36 (compatible; Google-InspectionTool/1.0)"
66.249.66.35 - - [16/Feb/2025:21:31:59 +0530] "GET /wp-includes/js/comment-reply.min.js?ver=6.7.2 HTTP/1.1" 200 1247 "https://entertainline.guru/casa-maranello-a-ferrari-inspired-dream-palace-in-florida-just-sold-for-55-million/" "Mozilla/5.0 (X11; Linux x86_64) AppleWebKit/537.36 (KHTML, like Gecko) Chrome/133.0.6943.53 Safari/537.36 (compatible; Google-InspectionTool/1.0)"
66.249.66.36 - - [16/Feb/2025:21:31:59 +0530] "GET /wp-content/uploads/2025/02/AA1yAoTb-1536x804.webp HTTP/1.1" 200 275756 "https://entertainline.guru/casa-maranello-a-ferrari-inspired-dream-palace-in-florida-just-sold-for-55-million/" "Mozilla/5.0 (Linux; Android 6.0.1; Nexus 5X Build/MMB29P) AppleWebKit/537.36 (KHTML, like Gecko) Chrome/133.0.6943.53 Mobile Safari/537.36 (compatible; Google-InspectionTool/1.0)"
66.249.66.34 - - [16/Feb/2025:21:32:01 +0530] "GET /wp-content/themes/generatepress/assets/js/menu.min.js?ver=3.5.1 HTTP/1.1" 200 1678 "https://entertainline.guru/casa-maranello-a-ferrari-inspired-dream-palace-in-florida-just-sold-for-55-million/" "Mozilla/5.0 (X11; Linux x86_64) AppleWebKit/537.36 (KHTML, like Gecko) Chrome/133.0.6943.53 Safari/537.36 (compatible; Google-InspectionTool/1.0)"
