????

Your IP : 18.188.159.155


Current Path : /home2/sarkar82/logs/
Upload File :
Current File : /home2/sarkar82/logs/entertainline.sarkariyojanaguru.xyz-ssl_log.bkup

159.223.205.79 - - [16/Feb/2025:14:39:40 +0530] "GET / HTTP/1.1" 200 16568 "-" "Mozilla/5.0 (compatible)"
66.85.140.106 - - [16/Feb/2025:14:38:17 +0530] "GET /wp-login.php HTTP/2" 200 1848 "http://entertainline.guru" "Mozilla/5.0 (Macintosh; Intel Mac OS X 10_15_7; rv:127.0) Gecko/20100101 Firefox/127.0"
2a06:98c0:3600::103 - - [16/Feb/2025:14:52:12 +0530] "GET /wordpress/wp-admin/setup-config.php HTTP/1.1" 404 11745 "-" "Mozilla/5.0 (Windows NT 10.0; Win64; x64) AppleWebKit/537.36 (KHTML, like Gecko) Chrome/132.0.0.0 Safari/537.36"
82.165.201.138 - - [16/Feb/2025:14:48:59 +0530] "GET /wp-login.php HTTP/2" 200 1848 "http://entertainline.guru" "Mozilla/5.0 (Macintosh; Intel Mac OS X 13_3) AppleWebKit/537.36 (KHTML, like Gecko) Chrome/126.0.0.0 Safari/537.36 Edg/126.0.0.0"
2a06:98c0:3600::103 - - [16/Feb/2025:14:50:49 +0530] "GET /wp-admin/setup-config.php HTTP/1.1" 409 1041 "-" "Mozilla/5.0 (Windows NT 10.0; Win64; x64) AppleWebKit/537.36 (KHTML, like Gecko) Chrome/132.0.0.0 Safari/537.36"
2a06:98c0:3600::103 - - [16/Feb/2025:16:00:43 +0530] "GET /wp-admin/setup-config.php HTTP/1.1" 409 1041 "-" "Mozilla/5.0 (Windows NT 10.0; Win64; x64) AppleWebKit/537.36 (KHTML, like Gecko) Chrome/132.0.0.0 Safari/537.36"
2a06:98c0:3600::103 - - [16/Feb/2025:16:20:35 +0530] "GET /wordpress/wp-admin/setup-config.php HTTP/1.1" 404 11745 "-" "Mozilla/5.0 (Windows NT 10.0; Win64; x64) AppleWebKit/537.36 (KHTML, like Gecko) Chrome/132.0.0.0 Safari/537.36"
195.201.142.91 - - [16/Feb/2025:15:43:04 +0530] "GET /wp-login.php HTTP/2" 200 1848 "http://entertainline.guru" "Mozilla/5.0 (Macintosh; Intel Mac OS X 10_15_7; rv:126.0) Gecko/20100101 Firefox/126.0"
2a06:98c0:3600::103 - - [16/Feb/2025:15:38:08 +0530] "GET /wp-admin/setup-config.php HTTP/1.1" 409 1041 "-" "Mozilla/5.0 (Windows NT 10.0; Win64; x64) AppleWebKit/537.36 (KHTML, like Gecko) Chrome/132.0.0.0 Safari/537.36"
2a06:98c0:3600::103 - - [16/Feb/2025:16:33:16 +0530] "GET /wp-admin/setup-config.php HTTP/1.1" 409 1041 "-" "Mozilla/5.0 (Windows NT 10.0; Win64; x64) AppleWebKit/537.36 (KHTML, like Gecko) Chrome/132.0.0.0 Safari/537.36"
95.217.197.23 - - [16/Feb/2025:15:21:21 +0530] "GET /wp-login.php HTTP/2" 200 2086 "http://entertainline.guru" "Mozilla/5.0 (Windows NT 11.0; Win64; x64; rv:126.0) Gecko/20100101 Firefox/126.0"
2a06:98c0:3600::103 - - [16/Feb/2025:15:58:40 +0530] "GET /wordpress/wp-admin/setup-config.php HTTP/1.1" 404 11745 "-" "Mozilla/5.0 (Windows NT 10.0; Win64; x64) AppleWebKit/537.36 (KHTML, like Gecko) Chrome/132.0.0.0 Safari/537.36"
2a06:98c0:3600::103 - - [16/Feb/2025:16:33:12 +0530] "GET /wordpress/wp-admin/setup-config.php HTTP/1.1" 404 11745 "-" "Mozilla/5.0 (Windows NT 10.0; Win64; x64) AppleWebKit/537.36 (KHTML, like Gecko) Chrome/132.0.0.0 Safari/537.36"
2a06:98c0:3600::103 - - [16/Feb/2025:15:13:14 +0530] "GET /wordpress/wp-admin/setup-config.php HTTP/1.1" 404 11745 "-" "Mozilla/5.0 (Windows NT 10.0; Win64; x64) AppleWebKit/537.36 (KHTML, like Gecko) Chrome/132.0.0.0 Safari/537.36"
2a06:98c0:3600::103 - - [16/Feb/2025:15:14:02 +0530] "GET /wp-admin/setup-config.php HTTP/1.1" 409 1041 "-" "Mozilla/5.0 (Windows NT 10.0; Win64; x64) AppleWebKit/537.36 (KHTML, like Gecko) Chrome/132.0.0.0 Safari/537.36"
2a06:98c0:3600::103 - - [16/Feb/2025:15:36:43 +0530] "GET /wordpress/wp-admin/setup-config.php HTTP/1.1" 404 11745 "-" "Mozilla/5.0 (Windows NT 10.0; Win64; x64) AppleWebKit/537.36 (KHTML, like Gecko) Chrome/132.0.0.0 Safari/537.36"
147.182.133.232 - - [16/Feb/2025:16:15:25 +0530] "GET /wp-login.php HTTP/2" 200 1848 "http://entertainline.guru" "Mozilla/5.0 (Macintosh; Intel Mac OS X 13_3) AppleWebKit/537.36 (KHTML, like Gecko) Chrome/126.0.0.0 Safari/537.36 Edg/126.0.0.0"
2a06:98c0:3600::103 - - [16/Feb/2025:16:22:16 +0530] "GET /wp-admin/setup-config.php HTTP/1.1" 409 1041 "-" "Mozilla/5.0 (Windows NT 10.0; Win64; x64) AppleWebKit/537.36 (KHTML, like Gecko) Chrome/132.0.0.0 Safari/537.36"
162.0.215.103 - - [16/Feb/2025:15:10:33 +0530] "GET /wp-login.php HTTP/2" 200 2086 "http://entertainline.guru" "Mozilla/5.0 (Windows NT 10.0; Win64; x64) AppleWebKit/537.36 (KHTML, like Gecko) Chrome/113.0.5672.93 Safari/537.36"
149.255.58.163 - - [16/Feb/2025:16:36:36 +0530] "GET /wp-login.php HTTP/2" 200 1848 "http://entertainline.guru" "Mozilla/5.0 (Macintosh; Intel Mac OS X 13.3; rv:126.0) Gecko/20100101 Firefox/126.0"
66.249.66.15 - - [16/Feb/2025:16:46:10 +0530] "GET /robots.txt HTTP/1.1" 301 0 "-" "Mozilla/5.0 (compatible; Googlebot/2.1; +http://www.google.com/bot.html)"
162.55.100.32 - - [16/Feb/2025:16:46:11 +0530] "POST /wp-cron.php?doing_wp_cron=1739704571.4719200134277343750000 HTTP/1.1" 200 0 "-" "WordPress/6.7.2; https://entertainline.guru"
66.249.66.36 - - [16/Feb/2025:16:46:12 +0530] "GET / HTTP/1.1" 200 14095 "-" "Mozilla/5.0 (Linux; Android 6.0.1; Nexus 5X Build/MMB29P) AppleWebKit/537.36 (KHTML, like Gecko) Chrome/133.0.6943.98 Mobile Safari/537.36 (compatible; Googlebot/2.1; +http://www.google.com/bot.html)"
66.249.66.34 - - [16/Feb/2025:16:46:11 +0530] "GET /robots.txt HTTP/1.1" 200 110 "-" "Mozilla/5.0 (compatible; Googlebot/2.1; +http://www.google.com/bot.html)"
66.249.66.16 - - [16/Feb/2025:16:46:12 +0530] "GET / HTTP/1.1" 301 0 "-" "Mozilla/5.0 (Linux; Android 6.0.1; Nexus 5X Build/MMB29P) AppleWebKit/537.36 (KHTML, like Gecko) Chrome/133.0.6943.98 Mobile Safari/537.36 (compatible; Googlebot/2.1; +http://www.google.com/bot.html)"
2a06:98c0:3600::103 - - [16/Feb/2025:16:58:12 +0530] "GET /wordpress/wp-admin/setup-config.php HTTP/1.1" 404 11745 "-" "Mozilla/5.0 (Windows NT 10.0; Win64; x64) AppleWebKit/537.36 (KHTML, like Gecko) Chrome/132.0.0.0 Safari/537.36"
2a06:98c0:3600::103 - - [16/Feb/2025:16:56:14 +0530] "GET /wp-admin/setup-config.php HTTP/1.1" 409 1041 "-" "Mozilla/5.0 (Windows NT 10.0; Win64; x64) AppleWebKit/537.36 (KHTML, like Gecko) Chrome/132.0.0.0 Safari/537.36"
2a06:98c0:3600::103 - - [16/Feb/2025:17:18:57 +0530] "GET /wp-admin/setup-config.php HTTP/1.1" 409 1041 "-" "Mozilla/5.0 (Windows NT 10.0; Win64; x64) AppleWebKit/537.36 (KHTML, like Gecko) Chrome/132.0.0.0 Safari/537.36"
2a06:98c0:3600::103 - - [16/Feb/2025:17:20:15 +0530] "GET /wordpress/wp-admin/setup-config.php HTTP/1.1" 404 11745 "-" "Mozilla/5.0 (Windows NT 10.0; Win64; x64) AppleWebKit/537.36 (KHTML, like Gecko) Chrome/132.0.0.0 Safari/537.36"
152.56.69.141 - - [16/Feb/2025:17:10:07 +0530] "GET / HTTP/1.1" 200 17497 "https://www.google.com/" "Mozilla/5.0 (Windows NT 10.0; Win64; x64) AppleWebKit/537.36 (KHTML, like Gecko) Chrome/133.0.0.0 Safari/537.36"
152.56.69.141 - - [16/Feb/2025:17:10:46 +0530] "GET / HTTP/1.1" 200 17497 "https://www.google.com/" "Mozilla/5.0 (Windows NT 10.0; Win64; x64) AppleWebKit/537.36 (KHTML, like Gecko) Chrome/133.0.0.0 Safari/537.36"
152.56.69.141 - - [16/Feb/2025:17:10:47 +0530] "GET /shaboozey-height-age-girlfriend-family-biography/ HTTP/1.1" 200 27462 "https://entertainline.guru/" "Mozilla/5.0 (Windows NT 10.0; Win64; x64) AppleWebKit/537.36 (KHTML, like Gecko) Chrome/133.0.0.0 Safari/537.36"
152.56.69.141 - - [16/Feb/2025:17:10:50 +0530] "GET /wp-content/uploads/2025/02/entertainline.guru-1-150x150.png HTTP/1.1" 200 2478 "https://entertainline.guru/shaboozey-height-age-girlfriend-family-biography/" "Mozilla/5.0 (Windows NT 10.0; Win64; x64) AppleWebKit/537.36 (KHTML, like Gecko) Chrome/133.0.0.0 Safari/537.36"
152.56.69.141 - - [16/Feb/2025:17:10:52 +0530] "GET /wp-content/uploads/2025/02/image-6.jpeg HTTP/1.1" 200 215672 "https://entertainline.guru/shaboozey-height-age-girlfriend-family-biography/" "Mozilla/5.0 (Windows NT 10.0; Win64; x64) AppleWebKit/537.36 (KHTML, like Gecko) Chrome/133.0.0.0 Safari/537.36"
171.241.161.151 - - [16/Feb/2025:17:43:19 +0530] "GET /category/anime-entertaiment/ HTTP/1.1" 200 12353 "http://entertainline.guru" "Mozilla/5.0 (X11; Linux x86_64) AppleWebKit/537.36 (KHTML, like Gecko) Chrome/114.0.0.0 Safari/537.36"
171.241.161.151 - - [16/Feb/2025:17:43:20 +0530] "GET /comments/feed/ HTTP/1.1" 200 472 "http://entertainline.guru" "Mozilla/5.0 (X11; Linux x86_64) AppleWebKit/537.36 (KHTML, like Gecko) Chrome/114.0.0.0 Safari/537.36"
171.241.161.151 - - [16/Feb/2025:17:43:38 +0530] "GET /wp-content/uploads/2025/02/shamrock-doffy-one-piece-1024x512.webp HTTP/1.1" 200 78502 "http://entertainline.guru" "Mozilla/5.0 (X11; Linux x86_64) AppleWebKit/537.36 (KHTML, like Gecko) Chrome/114.0.0.0 Safari/537.36"
171.241.161.151 - - [16/Feb/2025:17:43:42 +0530] "GET /wp-content/uploads/2025/02/shamrock-doffy-one-piece-300x150.webp HTTP/1.1" 200 14180 "http://entertainline.guru" "Mozilla/5.0 (X11; Linux x86_64) AppleWebKit/537.36 (KHTML, like Gecko) Chrome/114.0.0.0 Safari/537.36"
171.241.161.151 - - [16/Feb/2025:17:43:44 +0530] "GET /who-is-jeff-bezos-fiancee-all-about-lauren-sanchez/ HTTP/1.1" 200 21604 "http://entertainline.guru" "Mozilla/5.0 (X11; Linux x86_64) AppleWebKit/537.36 (KHTML, like Gecko) Chrome/114.0.0.0 Safari/537.36"
171.241.161.151 - - [16/Feb/2025:17:43:55 +0530] "GET /wp-content/uploads/2025/02/split-fiction-hands-on-preview-feb-2025-2048x1024.webp HTTP/1.1" 200 145132 "http://entertainline.guru" "Mozilla/5.0 (X11; Linux x86_64) AppleWebKit/537.36 (KHTML, like Gecko) Chrome/114.0.0.0 Safari/537.36"
171.241.161.151 - - [16/Feb/2025:17:43:23 +0530] "GET /category/celebrity/ HTTP/1.1" 200 13429 "http://entertainline.guru" "Mozilla/5.0 (X11; Linux x86_64) AppleWebKit/537.36 (KHTML, like Gecko) Chrome/114.0.0.0 Safari/537.36"
171.241.161.151 - - [16/Feb/2025:17:43:37 +0530] "GET /kelsea-ballerinis-net-worth/ HTTP/1.1" 200 23512 "http://entertainline.guru" "Mozilla/5.0 (X11; Linux x86_64) AppleWebKit/537.36 (KHTML, like Gecko) Chrome/114.0.0.0 Safari/537.36"
171.241.161.151 - - [16/Feb/2025:17:43:18 +0530] "GET /?s= HTTP/1.1" 200 13622 "http://entertainline.guru" "Mozilla/5.0 (X11; Linux x86_64) AppleWebKit/537.36 (KHTML, like Gecko) Chrome/114.0.0.0 Safari/537.36"
171.241.161.151 - - [16/Feb/2025:17:43:41 +0530] "GET /shaboozey-height-age-girlfriend-family-biography/ HTTP/1.1" 200 23803 "http://entertainline.guru" "Mozilla/5.0 (X11; Linux x86_64) AppleWebKit/537.36 (KHTML, like Gecko) Chrome/114.0.0.0 Safari/537.36"
171.241.161.151 - - [16/Feb/2025:17:43:50 +0530] "GET /wp-content/uploads/2025/02/split-fiction-hands-on-preview-feb-2025-1024x512.webp HTTP/1.1" 200 61220 "http://entertainline.guru" "Mozilla/5.0 (X11; Linux x86_64) AppleWebKit/537.36 (KHTML, like Gecko) Chrome/114.0.0.0 Safari/537.36"
171.241.161.151 - - [16/Feb/2025:17:43:51 +0530] "GET /xmlrpc.php?rsd HTTP/1.1" 200 292 "http://entertainline.guru" "Mozilla/5.0 (X11; Linux x86_64) AppleWebKit/537.36 (KHTML, like Gecko) Chrome/114.0.0.0 Safari/537.36"
2a06:98c0:3600::103 - - [16/Feb/2025:17:42:13 +0530] "GET /wordpress/wp-admin/setup-config.php HTTP/1.1" 404 11745 "-" "Mozilla/5.0 (Windows NT 10.0; Win64; x64) AppleWebKit/537.36 (KHTML, like Gecko) Chrome/132.0.0.0 Safari/537.36"
171.241.161.151 - - [16/Feb/2025:17:43:24 +0530] "GET /wp-content/uploads/2025/02/civ-7-natural-history-civic-1024x512.webp HTTP/1.1" 200 34050 "http://entertainline.guru" "Mozilla/5.0 (X11; Linux x86_64) AppleWebKit/537.36 (KHTML, like Gecko) Chrome/114.0.0.0 Safari/537.36"
171.241.161.151 - - [16/Feb/2025:17:43:49 +0530] "GET /split-fiction-hands-on-preview-pushing-the-co-op-envelope-again/ HTTP/1.1" 200 20556 "http://entertainline.guru" "Mozilla/5.0 (X11; Linux x86_64) AppleWebKit/537.36 (KHTML, like Gecko) Chrome/114.0.0.0 Safari/537.36"
2a06:98c0:3600::103 - - [16/Feb/2025:17:41:59 +0530] "GET /wp-admin/setup-config.php HTTP/1.1" 409 1041 "-" "Mozilla/5.0 (Windows NT 10.0; Win64; x64) AppleWebKit/537.36 (KHTML, like Gecko) Chrome/132.0.0.0 Safari/537.36"
171.241.161.151 - - [16/Feb/2025:17:43:57 +0530] "GET /wp-content/uploads/2025/02/split-fiction-hands-on-preview-feb-2025.webp HTTP/1.1" 200 162392 "http://entertainline.guru" "Mozilla/5.0 (X11; Linux x86_64) AppleWebKit/537.36 (KHTML, like Gecko) Chrome/114.0.0.0 Safari/537.36"
171.241.161.151 - - [16/Feb/2025:17:43:30 +0530] "GET /wp-content/uploads/2025/02/civ-7-natural-history-civic-300x150.webp HTTP/1.1" 200 6060 "http://entertainline.guru" "Mozilla/5.0 (X11; Linux x86_64) AppleWebKit/537.36 (KHTML, like Gecko) Chrome/114.0.0.0 Safari/537.36"
171.241.161.151 - - [16/Feb/2025:17:43:46 +0530] "GET /how-to-get-more-artifacts-in-civ-7-not-enough-artifacts/ HTTP/1.1" 200 18970 "http://entertainline.guru" "Mozilla/5.0 (X11; Linux x86_64) AppleWebKit/537.36 (KHTML, like Gecko) Chrome/114.0.0.0 Safari/537.36"
171.241.161.151 - - [16/Feb/2025:17:44:00 +0530] "GET /wp-content/uploads/2025/02/split-fiction-hands-on-preview-feb-2025-768x384.webp HTTP/1.1" 200 41770 "http://entertainline.guru" "Mozilla/5.0 (X11; Linux x86_64) AppleWebKit/537.36 (KHTML, like Gecko) Chrome/114.0.0.0 Safari/537.36"
142.132.228.254 - - [16/Feb/2025:17:40:39 +0530] "GET /wp-login.php HTTP/2" 200 2086 "http://entertainline.guru" "Mozilla/5.0 (Windows NT 10.0; Win64; x64) AppleWebKit/537.36 (KHTML, like Gecko) Chrome/116.0.5845.96 Safari/537.36"
171.241.161.151 - - [16/Feb/2025:17:43:22 +0530] "GET /feed/ HTTP/1.1" 200 27436 "http://entertainline.guru" "Mozilla/5.0 (X11; Linux x86_64) AppleWebKit/537.36 (KHTML, like Gecko) Chrome/114.0.0.0 Safari/537.36"
171.241.161.151 - - [16/Feb/2025:17:43:33 +0530] "GET /wp-content/uploads/2025/02/civ-7-natural-history-civic-768x384.webp HTTP/1.1" 200 22768 "http://entertainline.guru" "Mozilla/5.0 (X11; Linux x86_64) AppleWebKit/537.36 (KHTML, like Gecko) Chrome/114.0.0.0 Safari/537.36"
171.241.161.151 - - [16/Feb/2025:17:43:34 +0530] "GET /author/admin/ HTTP/1.1" 200 14382 "http://entertainline.guru" "Mozilla/5.0 (X11; Linux x86_64) AppleWebKit/537.36 (KHTML, like Gecko) Chrome/114.0.0.0 Safari/537.36"
171.241.161.151 - - [16/Feb/2025:17:43:48 +0530] "GET /wp-content/uploads/2025/02/shamrock-doffy-one-piece.webp HTTP/1.1" 200 92438 "http://entertainline.guru" "Mozilla/5.0 (X11; Linux x86_64) AppleWebKit/537.36 (KHTML, like Gecko) Chrome/114.0.0.0 Safari/537.36"
171.241.161.151 - - [16/Feb/2025:17:43:54 +0530] "GET /wp-json/ HTTP/1.1" 200 13458 "http://entertainline.guru" "Mozilla/5.0 (X11; Linux x86_64) AppleWebKit/537.36 (KHTML, like Gecko) Chrome/114.0.0.0 Safari/537.36"
171.241.161.151 - - [16/Feb/2025:17:43:59 +0530] "GET /wp-content/uploads/2025/02/split-fiction-hands-on-preview-feb-2025-300x150.webp HTTP/1.1" 200 10058 "http://entertainline.guru" "Mozilla/5.0 (X11; Linux x86_64) AppleWebKit/537.36 (KHTML, like Gecko) Chrome/114.0.0.0 Safari/537.36"
171.241.161.151 - - [16/Feb/2025:17:43:17 +0530] "GET / HTTP/1.1" 200 14145 "http://entertainline.guru" "Mozilla/5.0 (X11; Linux x86_64) AppleWebKit/537.36 (KHTML, like Gecko) Chrome/114.0.0.0 Safari/537.36"
171.241.161.151 - - [16/Feb/2025:17:43:25 +0530] "GET /one-piece-theory-is-blackbeard-a-descendent-of-nika/ HTTP/1.1" 200 19014 "http://entertainline.guru" "Mozilla/5.0 (X11; Linux x86_64) AppleWebKit/537.36 (KHTML, like Gecko) Chrome/114.0.0.0 Safari/537.36"
171.241.161.151 - - [16/Feb/2025:17:43:27 +0530] "GET /wp-content/uploads/2025/02/civ-7-natural-history-civic-1536x768.webp HTTP/1.1" 200 61188 "http://entertainline.guru" "Mozilla/5.0 (X11; Linux x86_64) AppleWebKit/537.36 (KHTML, like Gecko) Chrome/114.0.0.0 Safari/537.36"
171.241.161.151 - - [16/Feb/2025:17:43:29 +0530] "GET /category/trending-now/ HTTP/1.1" 200 13977 "http://entertainline.guru" "Mozilla/5.0 (X11; Linux x86_64) AppleWebKit/537.36 (KHTML, like Gecko) Chrome/114.0.0.0 Safari/537.36"
171.241.161.151 - - [16/Feb/2025:17:43:31 +0530] "GET /one-piece-shamrock-and-doflamingo-show-a-new-side-of-the-celestial-dragons/ HTTP/1.1" 200 19038 "http://entertainline.guru" "Mozilla/5.0 (X11; Linux x86_64) AppleWebKit/537.36 (KHTML, like Gecko) Chrome/114.0.0.0 Safari/537.36"
171.241.161.151 - - [16/Feb/2025:17:43:35 +0530] "GET /wp-content/uploads/2025/02/civ-7-natural-history-civic.webp HTTP/1.1" 200 66258 "http://entertainline.guru" "Mozilla/5.0 (X11; Linux x86_64) AppleWebKit/537.36 (KHTML, like Gecko) Chrome/114.0.0.0 Safari/537.36"
171.241.161.151 - - [16/Feb/2025:17:43:45 +0530] "GET /wp-content/uploads/2025/02/shamrock-doffy-one-piece-768x384.webp HTTP/1.1" 200 54204 "http://entertainline.guru" "Mozilla/5.0 (X11; Linux x86_64) AppleWebKit/537.36 (KHTML, like Gecko) Chrome/114.0.0.0 Safari/537.36"
171.241.161.151 - - [16/Feb/2025:17:43:52 +0530] "GET /wp-content/uploads/2025/02/split-fiction-hands-on-preview-feb-2025-1536x768.webp HTTP/1.1" 200 101982 "http://entertainline.guru" "Mozilla/5.0 (X11; Linux x86_64) AppleWebKit/537.36 (KHTML, like Gecko) Chrome/114.0.0.0 Safari/537.36"
66.249.66.36 - - [16/Feb/2025:18:07:00 +0530] "GET /robots.txt HTTP/1.1" 200 110 "-" "Mozilla/5.0 (compatible; Googlebot/2.1; +http://www.google.com/bot.html)"
2a06:98c0:3600::103 - - [16/Feb/2025:18:07:46 +0530] "GET /wp-admin/setup-config.php HTTP/1.1" 409 1041 "-" "Mozilla/5.0 (Windows NT 10.0; Win64; x64) AppleWebKit/537.36 (KHTML, like Gecko) Chrome/132.0.0.0 Safari/537.36"
66.249.66.35 - - [16/Feb/2025:18:07:01 +0530] "GET /sitemap_index.xml HTTP/1.1" 200 305 "-" "Mozilla/5.0 (compatible; Googlebot/2.1; +http://www.google.com/bot.html)"
2a06:98c0:3600::103 - - [16/Feb/2025:18:09:43 +0530] "GET /wordpress/wp-admin/setup-config.php HTTP/1.1" 404 11745 "-" "Mozilla/5.0 (Windows NT 10.0; Win64; x64) AppleWebKit/537.36 (KHTML, like Gecko) Chrome/132.0.0.0 Safari/537.36"
205.169.39.43 - - [16/Feb/2025:18:20:24 +0530] "GET /wp-content/uploads/2025/02/Capture.png HTTP/2" 200 31090 "http://entertainline.guru/" "Mozilla/5.0 (Windows NT 10.0; Win64; x64) AppleWebKit/537.36 (KHTML, like Gecko) Chrome/117.0.5938.132 Safari/537.36"
205.169.39.43 - - [16/Feb/2025:18:20:24 +0530] "GET /wp-content/uploads/2025/02/civ-7-natural-history-civic-1024x512.webp HTTP/2" 200 34050 "http://entertainline.guru/" "Mozilla/5.0 (Windows NT 10.0; Win64; x64) AppleWebKit/537.36 (KHTML, like Gecko) Chrome/117.0.5938.132 Safari/537.36"
205.169.39.43 - - [16/Feb/2025:18:20:24 +0530] "GET /wp-content/uploads/2025/02/split-fiction-hands-on-preview-feb-2025-1024x512.webp HTTP/2" 200 61220 "http://entertainline.guru/" "Mozilla/5.0 (Windows NT 10.0; Win64; x64) AppleWebKit/537.36 (KHTML, like Gecko) Chrome/117.0.5938.132 Safari/537.36"
205.169.39.43 - - [16/Feb/2025:18:20:24 +0530] "GET /wp-content/uploads/2025/02/One-Piece-Theory-Is-Blackbeard-A-Descendent-Of-Nika.jpg HTTP/2" 200 79409 "http://entertainline.guru/" "Mozilla/5.0 (Windows NT 10.0; Win64; x64) AppleWebKit/537.36 (KHTML, like Gecko) Chrome/117.0.5938.132 Safari/537.36"
205.169.39.43 - - [16/Feb/2025:18:20:24 +0530] "GET /wp-content/uploads/2025/02/image-1024x563.jpeg HTTP/2" 200 42278 "http://entertainline.guru/" "Mozilla/5.0 (Windows NT 10.0; Win64; x64) AppleWebKit/537.36 (KHTML, like Gecko) Chrome/117.0.5938.132 Safari/537.36"
205.169.39.43 - - [16/Feb/2025:18:20:24 +0530] "GET /wp-content/uploads/2025/02/Shaboozey-Height-Age-Girlfriend-Family-Biography.png HTTP/2" 200 266323 "http://entertainline.guru/" "Mozilla/5.0 (Windows NT 10.0; Win64; x64) AppleWebKit/537.36 (KHTML, like Gecko) Chrome/117.0.5938.132 Safari/537.36"
205.169.39.43 - - [16/Feb/2025:18:20:24 +0530] "GET /wp-content/uploads/2025/02/Kelsea-Ballerinis-Net-Worth-Uncovering-the-Country-Artists-Wealth.png HTTP/2" 200 428855 "http://entertainline.guru/" "Mozilla/5.0 (Windows NT 10.0; Win64; x64) AppleWebKit/537.36 (KHTML, like Gecko) Chrome/117.0.5938.132 Safari/537.36"
205.169.39.43 - - [16/Feb/2025:18:20:24 +0530] "GET /wp-content/uploads/2025/02/Shaboozey-Height-Age-Girlfriend-Family-Biography-1024x576.png HTTP/2" 200 554097 "http://entertainline.guru/" "Mozilla/5.0 (Windows NT 10.0; Win64; x64) AppleWebKit/537.36 (KHTML, like Gecko) Chrome/117.0.5938.132 Safari/537.36"
205.169.39.43 - - [16/Feb/2025:18:20:24 +0530] "GET /wp-content/uploads/2025/02/image.jpeg HTTP/2" 200 53440 "http://entertainline.guru/" "Mozilla/5.0 (Windows NT 10.0; Win64; x64) AppleWebKit/537.36 (KHTML, like Gecko) Chrome/117.0.5938.132 Safari/537.36"
205.169.39.43 - - [16/Feb/2025:18:20:24 +0530] "GET /wp-content/uploads/2025/02/civ-7-natural-history-civic.webp HTTP/2" 200 66258 "http://entertainline.guru/" "Mozilla/5.0 (Windows NT 10.0; Win64; x64) AppleWebKit/537.36 (KHTML, like Gecko) Chrome/117.0.5938.132 Safari/537.36"
205.169.39.43 - - [16/Feb/2025:18:20:24 +0530] "GET /wp-content/uploads/2025/02/split-fiction-hands-on-preview-feb-2025-2048x1024.webp HTTP/2" 200 145132 "http://entertainline.guru/" "Mozilla/5.0 (Windows NT 10.0; Win64; x64) AppleWebKit/537.36 (KHTML, like Gecko) Chrome/117.0.5938.132 Safari/537.36"
205.169.39.43 - - [16/Feb/2025:18:20:24 +0530] "GET /wp-content/uploads/2025/02/shamrock-doffy-one-piece.webp HTTP/2" 200 92438 "http://entertainline.guru/" "Mozilla/5.0 (Windows NT 10.0; Win64; x64) AppleWebKit/537.36 (KHTML, like Gecko) Chrome/117.0.5938.132 Safari/537.36"
205.169.39.43 - - [16/Feb/2025:18:20:24 +0530] "GET /wp-content/uploads/2025/02/Kelsea-Ballerinis-Net-Worth-Uncovering-the-Country-Artists-Wealth-1024x576.png HTTP/2" 200 783120 "http://entertainline.guru/" "Mozilla/5.0 (Windows NT 10.0; Win64; x64) AppleWebKit/537.36 (KHTML, like Gecko) Chrome/117.0.5938.132 Safari/537.36"
205.169.39.234 - - [16/Feb/2025:18:20:38 +0530] "GET /wp-content/uploads/2025/02/Capture.png HTTP/2" 200 31090 "http://entertainline.guru/" "Mozilla/5.0 (Windows NT 10.0; Win64; x64) AppleWebKit/537.36 (KHTML, like Gecko) Chrome/79.0.3945.79 Safari/537.36"
2a06:98c0:3600::103 - - [16/Feb/2025:18:32:03 +0530] "GET /wp-admin/setup-config.php HTTP/1.1" 409 1041 "-" "Mozilla/5.0 (Windows NT 10.0; Win64; x64) AppleWebKit/537.36 (KHTML, like Gecko) Chrome/132.0.0.0 Safari/537.36"
198.54.114.77 - - [16/Feb/2025:18:34:27 +0530] "GET /wp-login.php HTTP/2" 200 1848 "http://entertainline.guru" "Mozilla/5.0 (Windows NT 10.0; Win64; x64) AppleWebKit/537.36 (KHTML, like Gecko) Chrome/113.0.5672.93 Safari/537.36"
2a06:98c0:3600::103 - - [16/Feb/2025:18:31:19 +0530] "GET /wordpress/wp-admin/setup-config.php HTTP/1.1" 404 11745 "-" "Mozilla/5.0 (Windows NT 10.0; Win64; x64) AppleWebKit/537.36 (KHTML, like Gecko) Chrome/132.0.0.0 Safari/537.36"
145.239.190.36 - - [16/Feb/2025:18:44:59 +0530] "GET /wp-login.php HTTP/2" 200 1848 "http://entertainline.guru" "Mozilla/5.0 (Windows NT 10.0; Win64; x64) AppleWebKit/537.36 (KHTML, like Gecko) Chrome/126.0.0.0 Safari/537.36 Edg/126.0.0.0"
205.169.39.234 - - [16/Feb/2025:18:20:39 +0530] "GET /wp-content/uploads/2025/02/One-Piece-Theory-Is-Blackbeard-A-Descendent-Of-Nika-1024x576.jpg HTTP/2" 200 88175 "http://entertainline.guru/" "Mozilla/5.0 (Windows NT 10.0; Win64; x64) AppleWebKit/537.36 (KHTML, like Gecko) Chrome/79.0.3945.79 Safari/537.36"
205.169.39.234 - - [16/Feb/2025:18:20:39 +0530] "GET /wp-content/uploads/2025/02/split-fiction-hands-on-preview-feb-2025-1024x512.webp HTTP/2" 200 61220 "http://entertainline.guru/" "Mozilla/5.0 (Windows NT 10.0; Win64; x64) AppleWebKit/537.36 (KHTML, like Gecko) Chrome/79.0.3945.79 Safari/537.36"
205.169.39.234 - - [16/Feb/2025:18:20:39 +0530] "GET /wp-content/uploads/2025/02/image-1024x563.jpeg HTTP/2" 200 42278 "http://entertainline.guru/" "Mozilla/5.0 (Windows NT 10.0; Win64; x64) AppleWebKit/537.36 (KHTML, like Gecko) Chrome/79.0.3945.79 Safari/537.36"
205.169.39.234 - - [16/Feb/2025:18:20:41 +0530] "GET /wp-content/uploads/2025/02/civ-7-natural-history-civic-1024x512.webp HTTP/2" 200 34050 "http://entertainline.guru/" "Mozilla/5.0 (Windows NT 10.0; Win64; x64) AppleWebKit/537.36 (KHTML, like Gecko) Chrome/79.0.3945.79 Safari/537.36"
205.169.39.234 - - [16/Feb/2025:18:20:41 +0530] "GET /wp-content/uploads/2025/02/shamrock-doffy-one-piece-1024x512.webp HTTP/2" 200 78502 "http://entertainline.guru/" "Mozilla/5.0 (Windows NT 10.0; Win64; x64) AppleWebKit/537.36 (KHTML, like Gecko) Chrome/79.0.3945.79 Safari/537.36"
205.169.39.234 - - [16/Feb/2025:18:20:38 +0530] "GET /wp-content/uploads/2025/02/Shaboozey-Height-Age-Girlfriend-Family-Biography-1024x576.png HTTP/2" 200 554097 "http://entertainline.guru/" "Mozilla/5.0 (Windows NT 10.0; Win64; x64) AppleWebKit/537.36 (KHTML, like Gecko) Chrome/79.0.3945.79 Safari/537.36"
205.169.39.234 - - [16/Feb/2025:18:20:38 +0530] "GET /wp-content/uploads/2025/02/Kelsea-Ballerinis-Net-Worth-Uncovering-the-Country-Artists-Wealth-1024x576.png HTTP/2" 200 783120 "http://entertainline.guru/" "Mozilla/5.0 (Windows NT 10.0; Win64; x64) AppleWebKit/537.36 (KHTML, like Gecko) Chrome/79.0.3945.79 Safari/537.36"
35.187.250.253 - - [16/Feb/2025:18:13:26 +0530] "GET /wp-login.php HTTP/2" 200 1848 "http://entertainline.guru" "Mozilla/5.0 (Macintosh; Intel Mac OS X 10_15_7) AppleWebKit/537.36 (KHTML, like Gecko) Chrome/116.0.5845.96 Safari/537.36"
2a06:98c0:3600::103 - - [16/Feb/2025:18:55:28 +0530] "GET /wp-admin/setup-config.php HTTP/1.1" 409 1041 "-" "Mozilla/5.0 (Windows NT 10.0; Win64; x64) AppleWebKit/537.36 (KHTML, like Gecko) Chrome/132.0.0.0 Safari/537.36"
87.236.176.17 - - [16/Feb/2025:19:06:30 +0530] "GET /wp-content/uploads/2025/02/entertainline.guru-1-300x300.png HTTP/2" 200 9025 "-" "Mozilla/5.0 (compatible; InternetMeasurement/1.0; +https://internet-measurement.com/)"
185.247.137.235 - - [16/Feb/2025:19:06:29 +0530] "GET / HTTP/1.1" 200 16568 "-" "Mozilla/5.0 (compatible; InternetMeasurement/1.0; +https://internet-measurement.com/)"
66.249.66.34 - - [16/Feb/2025:19:02:52 +0530] "GET /wp-sitemap.xml HTTP/1.1" 301 0 "-" "Mozilla/5.0 (compatible; Googlebot/2.1; +http://www.google.com/bot.html)"
66.249.66.34 - - [16/Feb/2025:19:02:53 +0530] "GET /sitemap_index.xml HTTP/1.1" 200 305 "-" "Mozilla/5.0 (compatible; Googlebot/2.1; +http://www.google.com/bot.html)"
185.247.137.139 - - [16/Feb/2025:19:06:30 +0530] "GET /wp-content/uploads/2025/02/entertainline.guru-1-150x150.png HTTP/2" 200 2478 "-" "Mozilla/5.0 (compatible; InternetMeasurement/1.0; +https://internet-measurement.com/)"
2a06:98c0:3600::103 - - [16/Feb/2025:18:54:47 +0530] "GET /wordpress/wp-admin/setup-config.php HTTP/1.1" 404 11702 "-" "Mozilla/5.0 (Windows NT 10.0; Win64; x64) AppleWebKit/537.36 (KHTML, like Gecko) Chrome/132.0.0.0 Safari/537.36"
194.164.90.185 - - [16/Feb/2025:19:06:22 +0530] "GET /wp-login.php HTTP/2" 200 2086 "http://entertainline.guru" "Mozilla/5.0 (Macintosh; Intel Mac OS X 10_15_7) AppleWebKit/537.36 (KHTML, like Gecko) Chrome/113.0.5672.93 Safari/537.36"
2a06:98c0:3600::103 - - [16/Feb/2025:19:18:03 +0530] "GET /wp-admin/setup-config.php HTTP/1.1" 409 1041 "-" "Mozilla/5.0 (Windows NT 10.0; Win64; x64) AppleWebKit/537.36 (KHTML, like Gecko) Chrome/132.0.0.0 Safari/537.36"
2a06:98c0:3600::103 - - [16/Feb/2025:19:18:08 +0530] "GET /wordpress/wp-admin/setup-config.php HTTP/1.1" 404 11745 "-" "Mozilla/5.0 (Windows NT 10.0; Win64; x64) AppleWebKit/537.36 (KHTML, like Gecko) Chrome/132.0.0.0 Safari/537.36"
136.243.92.92 - - [16/Feb/2025:19:27:55 +0530] "GET /wp-login.php HTTP/2" 200 1848 "http://entertainline.guru" "Mozilla/5.0 (Macintosh; Intel Mac OS X 10_15_7) AppleWebKit/537.36 (KHTML, like Gecko) Chrome/112.0.5615.138 Safari/537.36"
66.249.66.34 - - [16/Feb/2025:19:21:43 +0530] "GET /robots.txt HTTP/1.1" 200 110 "-" "Mozilla/5.0 (compatible; Googlebot/2.1; +http://www.google.com/bot.html)"
66.249.66.34 - - [16/Feb/2025:19:21:44 +0530] "GET /author-sitemap.xml HTTP/1.1" 200 343 "-" "Mozilla/5.0 (compatible; Googlebot/2.1; +http://www.google.com/bot.html)"
2a06:98c0:3600::103 - - [16/Feb/2025:19:40:58 +0530] "GET /wordpress/wp-admin/setup-config.php HTTP/1.1" 404 11745 "-" "Mozilla/5.0 (Windows NT 10.0; Win64; x64) AppleWebKit/537.36 (KHTML, like Gecko) Chrome/132.0.0.0 Safari/537.36"
2a06:98c0:3600::103 - - [16/Feb/2025:19:39:34 +0530] "GET /wp-admin/setup-config.php HTTP/1.1" 409 1041 "-" "Mozilla/5.0 (Windows NT 10.0; Win64; x64) AppleWebKit/537.36 (KHTML, like Gecko) Chrome/132.0.0.0 Safari/537.36"
162.213.249.63 - - [16/Feb/2025:19:49:28 +0530] "GET /wp-login.php HTTP/2" 200 2086 "http://entertainline.guru" "Mozilla/5.0 (Macintosh; Intel Mac OS X 10_15_7; rv:125.0.1) Gecko/20100101 Firefox/125.0.1"
2a06:98c0:3600::103 - - [16/Feb/2025:20:04:18 +0530] "GET /wp-admin/setup-config.php HTTP/1.1" 409 1041 "-" "Mozilla/5.0 (Windows NT 10.0; Win64; x64) AppleWebKit/537.36 (KHTML, like Gecko) Chrome/132.0.0.0 Safari/537.36"
2a06:98c0:3600::103 - - [16/Feb/2025:20:04:43 +0530] "GET /wordpress/wp-admin/setup-config.php HTTP/1.1" 404 11702 "-" "Mozilla/5.0 (Windows NT 10.0; Win64; x64) AppleWebKit/537.36 (KHTML, like Gecko) Chrome/132.0.0.0 Safari/537.36"
66.189.112.93 - - [16/Feb/2025:19:54:26 +0530] "GET /wp-content/uploads/2025/02/Shaboozey-Height-Age-Girlfriend-Family-Biography.png HTTP/2" 200 266323 "https://www.google.com/" "Mozilla/5.0 (iPhone; CPU iPhone OS 16_7_8 like Mac OS X) AppleWebKit/605.1.15 (KHTML, like Gecko) Version/16.6 Mobile/15E148 Safari/604.1"
167.172.146.212 - - [16/Feb/2025:20:00:10 +0530] "GET /wp-login.php HTTP/2" 200 1848 "http://entertainline.guru" "Mozilla/5.0 (Windows NT 11.0; Win64; x64; rv:126.0) Gecko/20100101 Firefox/126.0"
109.203.101.161 - - [16/Feb/2025:20:21:38 +0530] "GET /wp-login.php HTTP/2" 200 1848 "http://entertainline.guru" "Mozilla/5.0 (Windows NT 10.0; Win64; x64) AppleWebKit/537.36 (KHTML, like Gecko) Chrome/116.0.5845.96 Safari/537.36 Edg/116.0.1938.62"
2a06:98c0:3600::103 - - [16/Feb/2025:20:27:44 +0530] "GET /wordpress/wp-admin/setup-config.php HTTP/1.1" 404 11745 "-" "Mozilla/5.0 (Windows NT 10.0; Win64; x64) AppleWebKit/537.36 (KHTML, like Gecko) Chrome/132.0.0.0 Safari/537.36"
54.36.148.132 - - [16/Feb/2025:20:30:38 +0530] "GET /shaboozey-height-age-girlfriend-family-biography/ HTTP/2" 200 23802 "-" "Mozilla/5.0 (compatible; AhrefsBot/7.0; +http://ahrefs.com/robot/)"
2a06:98c0:3600::103 - - [16/Feb/2025:20:29:31 +0530] "GET /wp-admin/setup-config.php HTTP/1.1" 409 1041 "-" "Mozilla/5.0 (Windows NT 10.0; Win64; x64) AppleWebKit/537.36 (KHTML, like Gecko) Chrome/132.0.0.0 Safari/537.36"
152.56.69.141 - - [16/Feb/2025:20:40:39 +0530] "GET / HTTP/2" 200 0 "https://www.google.com/" "Mozilla/5.0 (Windows NT 10.0; Win64; x64) AppleWebKit/537.36 (KHTML, like Gecko) Chrome/133.0.0.0 Safari/537.36"
152.56.69.141 - - [16/Feb/2025:20:40:41 +0530] "GET / HTTP/2" 200 17498 "https://www.google.com/" "Mozilla/5.0 (Windows NT 10.0; Win64; x64) AppleWebKit/537.36 (KHTML, like Gecko) Chrome/133.0.0.0 Safari/537.36"
152.56.69.141 - - [16/Feb/2025:20:40:43 +0530] "GET /wp-content/uploads/2025/02/entertainline.guru-1-150x150.png HTTP/2" 200 2478 "https://entertainline.guru/" "Mozilla/5.0 (Windows NT 10.0; Win64; x64) AppleWebKit/537.36 (KHTML, like Gecko) Chrome/133.0.0.0 Safari/537.36"
152.56.69.141 - - [16/Feb/2025:20:40:46 +0530] "GET /wp-admin/post-new.php HTTP/2" 200 84370 "https://entertainline.guru/" "Mozilla/5.0 (Windows NT 10.0; Win64; x64) AppleWebKit/537.36 (KHTML, like Gecko) Chrome/133.0.0.0 Safari/537.36"
152.56.69.141 - - [16/Feb/2025:20:40:50 +0530] "GET /wp-json/wp/v2/ HTTP/2" 200 10696 "https://entertainline.guru/wp-admin/post-new.php" "Mozilla/5.0 (Windows NT 10.0; Win64; x64) AppleWebKit/537.36 (KHTML, like Gecko) Chrome/133.0.0.0 Safari/537.36"
152.56.69.141 - - [16/Feb/2025:20:40:50 +0530] "GET /wp-json/wp/v2/types?context=view&_locale=user HTTP/2" 200 2148 "https://entertainline.guru/wp-admin/post-new.php?" "Mozilla/5.0 (Windows NT 10.0; Win64; x64) AppleWebKit/537.36 (KHTML, like Gecko) Chrome/133.0.0.0 Safari/537.36"
152.56.69.141 - - [16/Feb/2025:20:40:51 +0530] "OPTIONS /wp-json/wp/v2/settings?_locale=user HTTP/2" 200 1081 "https://entertainline.guru/wp-admin/post-new.php?" "Mozilla/5.0 (Windows NT 10.0; Win64; x64) AppleWebKit/537.36 (KHTML, like Gecko) Chrome/133.0.0.0 Safari/537.36"
152.56.69.141 - - [16/Feb/2025:20:40:51 +0530] "GET /wp-json/wp/v2/block-patterns/categories?_locale=user HTTP/2" 200 614 "https://entertainline.guru/wp-admin/post-new.php?" "Mozilla/5.0 (Windows NT 10.0; Win64; x64) AppleWebKit/537.36 (KHTML, like Gecko) Chrome/133.0.0.0 Safari/537.36"
152.56.69.141 - - [16/Feb/2025:20:40:51 +0530] "GET /wp-json/?_fields=description%2Cgmt_offset%2Chome%2Cname%2Csite_icon%2Csite_icon_url%2Csite_logo%2Ctimezone_string%2Curl&_locale=user HTTP/2" 200 383 "https://entertainline.guru/wp-admin/post-new.php?" "Mozilla/5.0 (Windows NT 10.0; Win64; x64) AppleWebKit/537.36 (KHTML, like Gecko) Chrome/133.0.0.0 Safari/537.36"
152.56.69.141 - - [16/Feb/2025:20:40:51 +0530] "GET /wp-json/wp/v2/blocks?context=edit&per_page=100&page=1&_locale=user HTTP/2" 200 6 "https://entertainline.guru/wp-admin/post-new.php?" "Mozilla/5.0 (Windows NT 10.0; Win64; x64) AppleWebKit/537.36 (KHTML, like Gecko) Chrome/133.0.0.0 Safari/537.36"
152.56.69.141 - - [16/Feb/2025:20:40:51 +0530] "GET /wp-json/wp/v2/wp_pattern_category?context=view&per_page=100&_fields=id%2Cname%2Cdescription%2Cslug&_locale=user HTTP/2" 200 6 "https://entertainline.guru/wp-admin/post-new.php?" "Mozilla/5.0 (Windows NT 10.0; Win64; x64) AppleWebKit/537.36 (KHTML, like Gecko) Chrome/133.0.0.0 Safari/537.36"
152.56.69.141 - - [16/Feb/2025:20:40:51 +0530] "GET /wp-json/wp/v2/users?context=view&who=authors&per_page=50&_fields=id%2Cname&_locale=user HTTP/2" 200 44 "https://entertainline.guru/wp-admin/post-new.php?" "Mozilla/5.0 (Windows NT 10.0; Win64; x64) AppleWebKit/537.36 (KHTML, like Gecko) Chrome/133.0.0.0 Safari/537.36"
152.56.69.141 - - [16/Feb/2025:20:40:51 +0530] "OPTIONS /wp-json/wp/v2/posts?_locale=user HTTP/2" 200 2653 "https://entertainline.guru/wp-admin/post-new.php?" "Mozilla/5.0 (Windows NT 10.0; Win64; x64) AppleWebKit/537.36 (KHTML, like Gecko) Chrome/133.0.0.0 Safari/537.36"
54.36.148.117 - - [16/Feb/2025:20:30:13 +0530] "GET /robots.txt HTTP/2" 200 110 "-" "Mozilla/5.0 (compatible; AhrefsBot/7.0; +http://ahrefs.com/robot/)"
152.56.69.141 - - [16/Feb/2025:20:40:51 +0530] "GET /wp-json/wp/v2/taxonomies?context=edit&per_page=100&_locale=user HTTP/2" 200 1434 "https://entertainline.guru/wp-admin/post-new.php?" "Mozilla/5.0 (Windows NT 10.0; Win64; x64) AppleWebKit/537.36 (KHTML, like Gecko) Chrome/133.0.0.0 Safari/537.36"
152.56.69.141 - - [16/Feb/2025:20:40:52 +0530] "GET /wp-json/wp/v2/categories?per_page=100&orderby=count&order=desc&_fields=id%2Cname&_locale=user HTTP/2" 200 80 "https://entertainline.guru/wp-admin/post-new.php?" "Mozilla/5.0 (Windows NT 10.0; Win64; x64) AppleWebKit/537.36 (KHTML, like Gecko) Chrome/133.0.0.0 Safari/537.36"
152.56.69.141 - - [16/Feb/2025:20:40:52 +0530] "GET /wp-json/wp/v2/users/1?context=view&_fields=id%2Cname&_locale=user HTTP/2" 200 27 "https://entertainline.guru/wp-admin/post-new.php?" "Mozilla/5.0 (Windows NT 10.0; Win64; x64) AppleWebKit/537.36 (KHTML, like Gecko) Chrome/133.0.0.0 Safari/537.36"
152.56.69.141 - - [16/Feb/2025:20:40:52 +0530] "GET /wp-json/wp/v2/taxonomies/category?context=edit&_locale=user HTTP/2" 200 895 "https://entertainline.guru/wp-admin/post-new.php?" "Mozilla/5.0 (Windows NT 10.0; Win64; x64) AppleWebKit/537.36 (KHTML, like Gecko) Chrome/133.0.0.0 Safari/537.36"
152.56.69.141 - - [16/Feb/2025:20:40:52 +0530] "GET /wp-json/wp/v2/categories?context=view&per_page=100&orderby=name&order=asc&_fields=id%2Cname%2Cparent&_locale=user HTTP/2" 200 90 "https://entertainline.guru/wp-admin/post-new.php?" "Mozilla/5.0 (Windows NT 10.0; Win64; x64) AppleWebKit/537.36 (KHTML, like Gecko) Chrome/133.0.0.0 Safari/537.36"
152.56.69.141 - - [16/Feb/2025:20:40:51 +0530] "GET /wp-json/wp/v2/block-patterns/patterns?_locale=user HTTP/2" 200 19565 "https://entertainline.guru/wp-admin/post-new.php?" "Mozilla/5.0 (Windows NT 10.0; Win64; x64) AppleWebKit/537.36 (KHTML, like Gecko) Chrome/133.0.0.0 Safari/537.36"
152.56.69.141 - - [16/Feb/2025:20:40:57 +0530] "POST /wp-admin/admin-ajax.php HTTP/2" 200 5 "https://entertainline.guru/wp-admin/post-new.php?" "Mozilla/5.0 (Windows NT 10.0; Win64; x64) AppleWebKit/537.36 (KHTML, like Gecko) Chrome/133.0.0.0 Safari/537.36"
43.128.100.206 - - [16/Feb/2025:20:50:14 +0530] "GET /feed/ HTTP/1.1" 200 31384 "-" "Mozilla/5.0 (iPhone; CPU iPhone OS 13_2_3 like Mac OS X) AppleWebKit/605.1.15 (KHTML, like Gecko) Version/13.0.3 Mobile/15E148 Safari/604.1"
2a06:98c0:3600::103 - - [16/Feb/2025:20:53:17 +0530] "GET /wp-admin/setup-config.php HTTP/1.1" 409 1041 "-" "Mozilla/5.0 (Windows NT 10.0; Win64; x64) AppleWebKit/537.36 (KHTML, like Gecko) Chrome/132.0.0.0 Safari/537.36"
43.153.87.54 - - [16/Feb/2025:21:03:44 +0530] "GET /wp-json/ HTTP/1.1" 200 21654 "-" "Mozilla/5.0 (iPhone; CPU iPhone OS 13_2_3 like Mac OS X) AppleWebKit/605.1.15 (KHTML, like Gecko) Version/13.0.3 Mobile/15E148 Safari/604.1"
162.55.100.32 - - [16/Feb/2025:20:32:26 +0530] "GET /wp-login.php HTTP/2" 200 1848 "http://entertainline.guru" "Mozilla/5.0 (Windows NT 10.0; Win64; x64; rv:129.0) Gecko/20100101 Firefox/129.0"
2a06:98c0:3600::103 - - [16/Feb/2025:20:51:31 +0530] "GET /wordpress/wp-admin/setup-config.php HTTP/1.1" 404 11745 "-" "Mozilla/5.0 (Windows NT 10.0; Win64; x64) AppleWebKit/537.36 (KHTML, like Gecko) Chrome/132.0.0.0 Safari/537.36"
152.56.69.141 - - [16/Feb/2025:21:10:58 +0530] "OPTIONS /wp-json/wp/v2/settings?_locale=user HTTP/1.1" 200 1081 "https://entertainline.guru/wp-admin/post-new.php?" "Mozilla/5.0 (Windows NT 10.0; Win64; x64) AppleWebKit/537.36 (KHTML, like Gecko) Chrome/133.0.0.0 Safari/537.36"
152.56.69.141 - - [16/Feb/2025:21:10:58 +0530] "GET /wp-json/wp/v2/block-patterns/categories?_locale=user HTTP/1.1" 200 614 "https://entertainline.guru/wp-admin/post-new.php?" "Mozilla/5.0 (Windows NT 10.0; Win64; x64) AppleWebKit/537.36 (KHTML, like Gecko) Chrome/133.0.0.0 Safari/537.36"
152.56.69.141 - - [16/Feb/2025:21:10:58 +0530] "GET /wp-json/wp/v2/blocks?context=edit&per_page=100&page=1&_locale=user HTTP/1.1" 200 6 "https://entertainline.guru/wp-admin/post-new.php?" "Mozilla/5.0 (Windows NT 10.0; Win64; x64) AppleWebKit/537.36 (KHTML, like Gecko) Chrome/133.0.0.0 Safari/537.36"
152.56.69.141 - - [16/Feb/2025:21:10:58 +0530] "GET /wp-json/?_fields=description%2Cgmt_offset%2Chome%2Cname%2Csite_icon%2Csite_icon_url%2Csite_logo%2Ctimezone_string%2Curl&_locale=user HTTP/1.1" 200 383 "https://entertainline.guru/wp-admin/post-new.php?" "Mozilla/5.0 (Windows NT 10.0; Win64; x64) AppleWebKit/537.36 (KHTML, like Gecko) Chrome/133.0.0.0 Safari/537.36"
152.56.69.141 - - [16/Feb/2025:21:10:58 +0530] "GET /wp-json/wp/v2/wp_pattern_category?context=view&per_page=100&_fields=id%2Cname%2Cdescription%2Cslug&_locale=user HTTP/1.1" 200 6 "https://entertainline.guru/wp-admin/post-new.php?" "Mozilla/5.0 (Windows NT 10.0; Win64; x64) AppleWebKit/537.36 (KHTML, like Gecko) Chrome/133.0.0.0 Safari/537.36"
152.56.69.141 - - [16/Feb/2025:21:10:58 +0530] "GET /wp-json/wp/v2/taxonomies?context=edit&per_page=100&_locale=user HTTP/1.1" 200 1434 "https://entertainline.guru/wp-admin/post-new.php?" "Mozilla/5.0 (Windows NT 10.0; Win64; x64) AppleWebKit/537.36 (KHTML, like Gecko) Chrome/133.0.0.0 Safari/537.36"
152.56.69.141 - - [16/Feb/2025:21:10:58 +0530] "OPTIONS /wp-json/wp/v2/posts?_locale=user HTTP/1.1" 200 2653 "https://entertainline.guru/wp-admin/post-new.php?" "Mozilla/5.0 (Windows NT 10.0; Win64; x64) AppleWebKit/537.36 (KHTML, like Gecko) Chrome/133.0.0.0 Safari/537.36"
152.56.69.141 - - [16/Feb/2025:21:10:58 +0530] "GET /wp-json/wp/v2/users?context=view&who=authors&per_page=50&_fields=id%2Cname&_locale=user HTTP/1.1" 200 44 "https://entertainline.guru/wp-admin/post-new.php?" "Mozilla/5.0 (Windows NT 10.0; Win64; x64) AppleWebKit/537.36 (KHTML, like Gecko) Chrome/133.0.0.0 Safari/537.36"
152.56.69.141 - - [16/Feb/2025:21:10:58 +0530] "GET /wp-json/wp/v2/block-patterns/patterns?_locale=user HTTP/1.1" 200 19565 "https://entertainline.guru/wp-admin/post-new.php?" "Mozilla/5.0 (Windows NT 10.0; Win64; x64) AppleWebKit/537.36 (KHTML, like Gecko) Chrome/133.0.0.0 Safari/537.36"
152.56.69.141 - - [16/Feb/2025:21:10:59 +0530] "GET /wp-json/wp/v2/categories?per_page=100&orderby=count&order=desc&_fields=id%2Cname&_locale=user HTTP/1.1" 200 80 "https://entertainline.guru/wp-admin/post-new.php?" "Mozilla/5.0 (Windows NT 10.0; Win64; x64) AppleWebKit/537.36 (KHTML, like Gecko) Chrome/133.0.0.0 Safari/537.36"
152.56.69.141 - - [16/Feb/2025:21:10:59 +0530] "GET /wp-json/wp/v2/categories?context=view&per_page=100&orderby=name&order=asc&_fields=id%2Cname%2Cparent&_locale=user HTTP/1.1" 200 90 "https://entertainline.guru/wp-admin/post-new.php?" "Mozilla/5.0 (Windows NT 10.0; Win64; x64) AppleWebKit/537.36 (KHTML, like Gecko) Chrome/133.0.0.0 Safari/537.36"
152.56.69.141 - - [16/Feb/2025:21:10:59 +0530] "GET /wp-json/wp/v2/taxonomies/category?context=edit&_locale=user HTTP/1.1" 200 895 "https://entertainline.guru/wp-admin/post-new.php?" "Mozilla/5.0 (Windows NT 10.0; Win64; x64) AppleWebKit/537.36 (KHTML, like Gecko) Chrome/133.0.0.0 Safari/537.36"
152.56.69.141 - - [16/Feb/2025:21:10:59 +0530] "GET /wp-json/wp/v2/users/1?context=view&_fields=id%2Cname&_locale=user HTTP/1.1" 200 27 "https://entertainline.guru/wp-admin/post-new.php?" "Mozilla/5.0 (Windows NT 10.0; Win64; x64) AppleWebKit/537.36 (KHTML, like Gecko) Chrome/133.0.0.0 Safari/537.36"
152.56.69.141 - - [16/Feb/2025:21:10:55 +0530] "GET /wp-admin/post-new.php HTTP/2" 200 84452 "https://entertainline.guru/" "Mozilla/5.0 (Windows NT 10.0; Win64; x64) AppleWebKit/537.36 (KHTML, like Gecko) Chrome/133.0.0.0 Safari/537.36"
152.56.69.141 - - [16/Feb/2025:21:10:58 +0530] "GET /wp-json/wp/v2/types?context=view&_locale=user HTTP/2" 200 2148 "https://entertainline.guru/wp-admin/post-new.php?" "Mozilla/5.0 (Windows NT 10.0; Win64; x64) AppleWebKit/537.36 (KHTML, like Gecko) Chrome/133.0.0.0 Safari/537.36"
152.56.69.141 - - [16/Feb/2025:21:11:58 +0530] "POST /wp-json/wp/v2/posts/555/autosaves?_locale=user HTTP/2" 200 8878 "https://entertainline.guru/wp-admin/post-new.php?" "Mozilla/5.0 (Windows NT 10.0; Win64; x64) AppleWebKit/537.36 (KHTML, like Gecko) Chrome/133.0.0.0 Safari/537.36"
152.56.69.141 - - [16/Feb/2025:21:12:32 +0530] "POST /wp-admin/admin-ajax.php HTTP/2" 200 79 "https://entertainline.guru/wp-admin/post.php?post=555&action=edit" "Mozilla/5.0 (Windows NT 10.0; Win64; x64) AppleWebKit/537.36 (KHTML, like Gecko) Chrome/133.0.0.0 Safari/537.36"
152.56.69.141 - - [16/Feb/2025:21:12:42 +0530] "POST /wp-admin/admin-ajax.php HTTP/1.1" 200 79 "https://entertainline.guru/wp-admin/post.php?post=555&action=edit" "Mozilla/5.0 (Windows NT 10.0; Win64; x64) AppleWebKit/537.36 (KHTML, like Gecko) Chrome/133.0.0.0 Safari/537.36"
152.56.69.141 - - [16/Feb/2025:21:12:52 +0530] "POST /wp-admin/admin-ajax.php HTTP/1.1" 200 79 "https://entertainline.guru/wp-admin/post.php?post=555&action=edit" "Mozilla/5.0 (Windows NT 10.0; Win64; x64) AppleWebKit/537.36 (KHTML, like Gecko) Chrome/133.0.0.0 Safari/537.36"
152.56.69.141 - - [16/Feb/2025:21:12:58 +0530] "POST /wp-json/wp/v2/posts/555/autosaves?_locale=user HTTP/1.1" 200 9827 "https://entertainline.guru/wp-admin/post.php?post=555&action=edit" "Mozilla/5.0 (Windows NT 10.0; Win64; x64) AppleWebKit/537.36 (KHTML, like Gecko) Chrome/133.0.0.0 Safari/537.36"
152.56.69.141 - - [16/Feb/2025:21:13:02 +0530] "POST /wp-admin/admin-ajax.php HTTP/1.1" 200 40 "https://entertainline.guru/wp-admin/post.php?post=555&action=edit" "Mozilla/5.0 (Windows NT 10.0; Win64; x64) AppleWebKit/537.36 (KHTML, like Gecko) Chrome/133.0.0.0 Safari/537.36"
152.56.69.141 - - [16/Feb/2025:21:13:02 +0530] "POST /wp-admin/admin-ajax.php HTTP/1.1" 200 79 "https://entertainline.guru/wp-admin/post.php?post=555&action=edit" "Mozilla/5.0 (Windows NT 10.0; Win64; x64) AppleWebKit/537.36 (KHTML, like Gecko) Chrome/133.0.0.0 Safari/537.36"
152.56.69.141 - - [16/Feb/2025:21:13:13 +0530] "POST /wp-admin/admin-ajax.php HTTP/1.1" 200 79 "https://entertainline.guru/wp-admin/post.php?post=555&action=edit" "Mozilla/5.0 (Windows NT 10.0; Win64; x64) AppleWebKit/537.36 (KHTML, like Gecko) Chrome/133.0.0.0 Safari/537.36"
152.56.69.141 - - [16/Feb/2025:21:13:23 +0530] "POST /wp-admin/admin-ajax.php HTTP/1.1" 200 79 "https://entertainline.guru/wp-admin/post.php?post=555&action=edit" "Mozilla/5.0 (Windows NT 10.0; Win64; x64) AppleWebKit/537.36 (KHTML, like Gecko) Chrome/133.0.0.0 Safari/537.36"
152.56.69.141 - - [16/Feb/2025:21:13:33 +0530] "POST /wp-admin/admin-ajax.php HTTP/1.1" 200 79 "https://entertainline.guru/wp-admin/post.php?post=555&action=edit" "Mozilla/5.0 (Windows NT 10.0; Win64; x64) AppleWebKit/537.36 (KHTML, like Gecko) Chrome/133.0.0.0 Safari/537.36"
152.56.69.141 - - [16/Feb/2025:21:13:44 +0530] "POST /wp-admin/admin-ajax.php HTTP/1.1" 200 79 "https://entertainline.guru/wp-admin/post.php?post=555&action=edit" "Mozilla/5.0 (Windows NT 10.0; Win64; x64) AppleWebKit/537.36 (KHTML, like Gecko) Chrome/133.0.0.0 Safari/537.36"
152.56.69.141 - - [16/Feb/2025:21:14:04 +0530] "POST /wp-admin/admin-ajax.php HTTP/1.1" 200 79 "https://entertainline.guru/wp-admin/post.php?post=555&action=edit" "Mozilla/5.0 (Windows NT 10.0; Win64; x64) AppleWebKit/537.36 (KHTML, like Gecko) Chrome/133.0.0.0 Safari/537.36"
152.56.69.141 - - [16/Feb/2025:21:14:14 +0530] "POST /wp-admin/admin-ajax.php HTTP/1.1" 200 79 "https://entertainline.guru/wp-admin/post.php?post=555&action=edit" "Mozilla/5.0 (Windows NT 10.0; Win64; x64) AppleWebKit/537.36 (KHTML, like Gecko) Chrome/133.0.0.0 Safari/537.36"
152.56.69.141 - - [16/Feb/2025:21:14:25 +0530] "POST /wp-admin/admin-ajax.php HTTP/1.1" 200 79 "https://entertainline.guru/wp-admin/post.php?post=555&action=edit" "Mozilla/5.0 (Windows NT 10.0; Win64; x64) AppleWebKit/537.36 (KHTML, like Gecko) Chrome/133.0.0.0 Safari/537.36"
152.56.69.141 - - [16/Feb/2025:21:14:28 +0530] "GET /wp-json/wp/v2/media/556?context=view&_locale=user HTTP/1.1" 200 988 "https://entertainline.guru/wp-admin/post.php?post=555&action=edit" "Mozilla/5.0 (Windows NT 10.0; Win64; x64) AppleWebKit/537.36 (KHTML, like Gecko) Chrome/133.0.0.0 Safari/537.36"
152.56.69.141 - - [16/Feb/2025:21:14:31 +0530] "POST /wp-json/wp/v2/media?_embed=wp%3Afeaturedmedia&_locale=user HTTP/1.1" 201 927 "https://entertainline.guru/wp-admin/post.php?post=555&action=edit" "Mozilla/5.0 (Windows NT 10.0; Win64; x64) AppleWebKit/537.36 (KHTML, like Gecko) Chrome/133.0.0.0 Safari/537.36"
152.56.69.141 - - [16/Feb/2025:21:14:31 +0530] "GET /wp-json/wp/v2/media/559?context=view&_locale=user HTTP/1.1" 200 811 "https://entertainline.guru/wp-admin/post.php?post=555&action=edit" "Mozilla/5.0 (Windows NT 10.0; Win64; x64) AppleWebKit/537.36 (KHTML, like Gecko) Chrome/133.0.0.0 Safari/537.36"
152.56.69.141 - - [16/Feb/2025:21:14:31 +0530] "GET /wp-content/uploads/2025/02/image-2.png HTTP/1.1" 200 114132 "https://entertainline.guru/wp-admin/post.php?post=555&action=edit" "Mozilla/5.0 (Windows NT 10.0; Win64; x64) AppleWebKit/537.36 (KHTML, like Gecko) Chrome/133.0.0.0 Safari/537.36"
152.56.69.141 - - [16/Feb/2025:21:14:35 +0530] "POST /wp-admin/admin-ajax.php HTTP/1.1" 200 79 "https://entertainline.guru/wp-admin/post.php?post=555&action=edit" "Mozilla/5.0 (Windows NT 10.0; Win64; x64) AppleWebKit/537.36 (KHTML, like Gecko) Chrome/133.0.0.0 Safari/537.36"
152.56.69.141 - - [16/Feb/2025:21:14:45 +0530] "GET /wp-json/wp/v2/categories?per_page=100&orderby=count&order=desc&_fields=id%2Cname&_locale=user HTTP/1.1" 200 80 "https://entertainline.guru/wp-admin/post.php?post=555&action=edit" "Mozilla/5.0 (Windows NT 10.0; Win64; x64) AppleWebKit/537.36 (KHTML, like Gecko) Chrome/133.0.0.0 Safari/537.36"
152.56.69.141 - - [16/Feb/2025:21:14:45 +0530] "POST /wp-admin/admin-ajax.php HTTP/1.1" 200 79 "https://entertainline.guru/wp-admin/post.php?post=555&action=edit" "Mozilla/5.0 (Windows NT 10.0; Win64; x64) AppleWebKit/537.36 (KHTML, like Gecko) Chrome/133.0.0.0 Safari/537.36"
152.56.69.141 - - [16/Feb/2025:21:14:55 +0530] "POST /wp-admin/admin-ajax.php HTTP/1.1" 200 79 "https://entertainline.guru/wp-admin/post.php?post=555&action=edit" "Mozilla/5.0 (Windows NT 10.0; Win64; x64) AppleWebKit/537.36 (KHTML, like Gecko) Chrome/133.0.0.0 Safari/537.36"
152.56.69.141 - - [16/Feb/2025:21:14:59 +0530] "POST /wp-json/wp/v2/posts/555/autosaves?_locale=user HTTP/1.1" 200 9898 "https://entertainline.guru/wp-admin/post.php?post=555&action=edit" "Mozilla/5.0 (Windows NT 10.0; Win64; x64) AppleWebKit/537.36 (KHTML, like Gecko) Chrome/133.0.0.0 Safari/537.36"
152.56.69.141 - - [16/Feb/2025:21:15:05 +0530] "POST /wp-admin/admin-ajax.php HTTP/1.1" 200 79 "https://entertainline.guru/wp-admin/post.php?post=555&action=edit" "Mozilla/5.0 (Windows NT 10.0; Win64; x64) AppleWebKit/537.36 (KHTML, like Gecko) Chrome/133.0.0.0 Safari/537.36"
152.56.69.141 - - [16/Feb/2025:21:15:07 +0530] "GET /wp-json/wp/v2/categories?per_page=100&orderby=count&order=desc&_fields=id%2Cname&_locale=user HTTP/1.1" 200 80 "https://entertainline.guru/wp-admin/post.php?post=555&action=edit" "Mozilla/5.0 (Windows NT 10.0; Win64; x64) AppleWebKit/537.36 (KHTML, like Gecko) Chrome/133.0.0.0 Safari/537.36"
152.56.69.141 - - [16/Feb/2025:21:16:14 +0530] "POST /wp-admin/admin-ajax.php HTTP/1.1" 200 79 "https://entertainline.guru/wp-admin/post.php?post=555&action=edit" "Mozilla/5.0 (Windows NT 10.0; Win64; x64) AppleWebKit/537.36 (KHTML, like Gecko) Chrome/133.0.0.0 Safari/537.36"
152.56.69.141 - - [16/Feb/2025:21:16:24 +0530] "POST /wp-admin/admin-ajax.php HTTP/1.1" 200 79 "https://entertainline.guru/wp-admin/post.php?post=555&action=edit" "Mozilla/5.0 (Windows NT 10.0; Win64; x64) AppleWebKit/537.36 (KHTML, like Gecko) Chrome/133.0.0.0 Safari/537.36"
152.56.69.141 - - [16/Feb/2025:21:16:50 +0530] "POST /wp-admin/admin-ajax.php HTTP/1.1" 200 79 "https://entertainline.guru/wp-admin/post.php?post=555&action=edit" "Mozilla/5.0 (Windows NT 10.0; Win64; x64) AppleWebKit/537.36 (KHTML, like Gecko) Chrome/133.0.0.0 Safari/537.36"
152.56.69.141 - - [16/Feb/2025:21:16:51 +0530] "GET /wp-includes/css/dist/preferences/style.min.css?ver=6.7.2 HTTP/1.1" 200 481 "-" "Mozilla/5.0 (Windows NT 10.0; Win64; x64) AppleWebKit/537.36 (KHTML, like Gecko) Chrome/133.0.0.0 Safari/537.36"
