66.249.66.34 - - [18/Feb/2025:21:12:43 +0530] "POST /get-message-notify HTTP/1.1" 200 19362 "https://entertainline.guru/darva-conger-net-worth-how-much-is-the-reality-star-worth/" "Mozilla/5.0 (Linux; Android 6.0.1; Nexus 5X Build/MMB29P) AppleWebKit/537.36 (KHTML, like Gecko) Chrome/133.0.6943.53 Mobile Safari/537.36 (compatible; Googlebot/2.1; +http://www.google.com/bot.html)"
66.249.66.34 - - [18/Feb/2025:21:10:54 +0530] "POST /get-message-notify HTTP/1.1" 200 19362 "https://entertainline.guru/darva-conger-net-worth-how-much-is-the-reality-star-worth/" "Mozilla/5.0 (X11; Linux x86_64) AppleWebKit/537.36 (KHTML, like Gecko) Chrome/133.0.6943.53 Safari/537.36 (compatible; Google-InspectionTool/1.0)"
2a06:98c0:3600::103 - - [18/Feb/2025:21:05:49 +0530] "GET /wordpress/wp-admin/setup-config.php HTTP/1.1" 404 11875 "-" "Mozilla/5.0 (Windows NT 10.0; Win64; x64) AppleWebKit/537.36 (KHTML, like Gecko) Chrome/133.0.0.0 Safari/537.36"
66.249.66.35 - - [18/Feb/2025:21:10:50 +0530] "GET /darva-conger-net-worth-how-much-is-the-reality-star-worth/ HTTP/1.1" 200 19385 "-" "Mozilla/5.0 (compatible; Google-InspectionTool/1.0;)"
66.249.66.35 - - [18/Feb/2025:21:10:54 +0530] "GET /robots.txt HTTP/1.1" 200 105 "-" "Mozilla/5.0 (compatible; Googlebot/2.1; +http://www.google.com/bot.html)"
66.249.66.35 - - [18/Feb/2025:21:10:54 +0530] "GET /darva-conger-net-worth-how-much-is-the-reality-star-worth/ HTTP/1.1" 200 19385 "-" "Mozilla/5.0 (Linux; Android 6.0.1; Nexus 5X Build/MMB29P) AppleWebKit/537.36 (KHTML, like Gecko) Chrome/133.0.6943.98 Mobile Safari/537.36 (compatible; Google-InspectionTool/1.0;)"
2a06:98c0:3600::103 - - [18/Feb/2025:21:50:28 +0530] "GET /wp-admin/setup-config.php HTTP/1.1" 409 1041 "-" "Mozilla/5.0 (Windows NT 10.0; Win64; x64) AppleWebKit/537.36 (KHTML, like Gecko) Chrome/133.0.0.0 Safari/537.36"
91.84.87.137 - - [18/Feb/2025:21:51:12 +0530] "GET / HTTP/2" 200 18112 "-" "Mozilla/5.0 (Linux; Android 6.0; Nexus 5 Build/MRA58N) AppleWebKit/537.36 (KHTML, like Gecko) Chrome/130.0.0.0 Mobile Safari/537.36"
91.84.87.137 - - [18/Feb/2025:21:51:13 +0530] "GET /wp-includes/js/dist/i18n.min.js?ver=5e580eb46a90c2b997e6 HTTP/2" 200 3667 "-" "Mozilla/5.0 (Linux; Android 6.0; Nexus 5 Build/MRA58N) AppleWebKit/537.36 (KHTML, like Gecko) Chrome/130.0.0.0 Mobile Safari/537.36"
91.84.87.137 - - [18/Feb/2025:21:51:13 +0530] "GET /wp-content/uploads/2025/02/tales-of-graces-f-remastered-2-15-2025-3-1024x576.webp HTTP/2" 200 23004 "-" "Mozilla/5.0 (Linux; Android 6.0; Nexus 5 Build/MRA58N) AppleWebKit/537.36 (KHTML, like Gecko) Chrome/130.0.0.0 Mobile Safari/537.36"
91.84.87.137 - - [18/Feb/2025:21:51:13 +0530] "GET /wp-json/ HTTP/2" 200 21648 "-" "Mozilla/5.0 (Linux; Android 6.0; Nexus 5 Build/MRA58N) AppleWebKit/537.36 (KHTML, like Gecko) Chrome/130.0.0.0 Mobile Safari/537.36"
91.84.87.137 - - [18/Feb/2025:21:51:13 +0530] "GET /wp-content/themes/generatepress/assets/css/main.min.css?ver=3.5.1 HTTP/2" 200 4670 "-" "Mozilla/5.0 (Linux; Android 6.0; Nexus 5 Build/MRA58N) AppleWebKit/537.36 (KHTML, like Gecko) Chrome/130.0.0.0 Mobile Safari/537.36"
91.84.87.137 - - [18/Feb/2025:21:51:13 +0530] "GET /wp-content/uploads/2025/02/Capture.png HTTP/2" 200 31090 "-" "Mozilla/5.0 (Linux; Android 6.0; Nexus 5 Build/MRA58N) AppleWebKit/537.36 (KHTML, like Gecko) Chrome/130.0.0.0 Mobile Safari/537.36"
91.84.87.137 - - [18/Feb/2025:21:51:13 +0530] "GET /wp-content/plugins/gp-premium/blog/functions/css/featured-images.min.css?ver=2.4.1 HTTP/2" 200 487 "-" "Mozilla/5.0 (Linux; Android 6.0; Nexus 5 Build/MRA58N) AppleWebKit/537.36 (KHTML, like Gecko) Chrome/130.0.0.0 Mobile Safari/537.36"
91.84.87.137 - - [18/Feb/2025:21:51:13 +0530] "GET /wp-content/uploads/2025/02/jon2.webp HTTP/2" 200 169834 "-" "Mozilla/5.0 (Linux; Android 6.0; Nexus 5 Build/MRA58N) AppleWebKit/537.36 (KHTML, like Gecko) Chrome/130.0.0.0 Mobile Safari/537.36"
91.84.87.137 - - [18/Feb/2025:21:51:13 +0530] "GET /wp-content/plugins/gp-premium/menu-plus/functions/css/navigation-branding-flex.min.css?ver=2.4.1 HTTP/2" 200 615 "-" "Mozilla/5.0 (Linux; Android 6.0; Nexus 5 Build/MRA58N) AppleWebKit/537.36 (KHTML, like Gecko) Chrome/130.0.0.0 Mobile Safari/537.36"
91.84.87.137 - - [18/Feb/2025:21:51:14 +0530] "GET /wp-includes/css/dist/block-library/style.min.css?ver=6.7.2 HTTP/2" 200 15146 "-" "Mozilla/5.0 (Linux; Android 6.0; Nexus 5 Build/MRA58N) AppleWebKit/537.36 (KHTML, like Gecko) Chrome/130.0.0.0 Mobile Safari/537.36"
91.84.87.137 - - [18/Feb/2025:21:51:14 +0530] "GET /wp-content/uploads/2025/02/entertainline.guru-1-300x300.png HTTP/2" 200 9025 "-" "Mozilla/5.0 (Linux; Android 6.0; Nexus 5 Build/MRA58N) AppleWebKit/537.36 (KHTML, like Gecko) Chrome/130.0.0.0 Mobile Safari/537.36"
91.84.87.137 - - [18/Feb/2025:21:51:14 +0530] "GET /wp-content/uploads/2025/02/AA1yAoTb.webp HTTP/2" 200 400816 "-" "Mozilla/5.0 (Linux; Android 6.0; Nexus 5 Build/MRA58N) AppleWebKit/537.36 (KHTML, like Gecko) Chrome/130.0.0.0 Mobile Safari/537.36"
91.84.87.137 - - [18/Feb/2025:21:51:14 +0530] "GET /comments/feed/ HTTP/2" 200 519 "-" "Mozilla/5.0 (Linux; Android 6.0; Nexus 5 Build/MRA58N) AppleWebKit/537.36 (KHTML, like Gecko) Chrome/130.0.0.0 Mobile Safari/537.36"
91.84.87.137 - - [18/Feb/2025:21:51:14 +0530] "GET /wp-content/themes/generatepress/assets/dist/modal.js?ver=3.5.1 HTTP/2" 200 1408 "-" "Mozilla/5.0 (Linux; Android 6.0; Nexus 5 Build/MRA58N) AppleWebKit/537.36 (KHTML, like Gecko) Chrome/130.0.0.0 Mobile Safari/537.36"
91.84.87.137 - - [18/Feb/2025:21:51:14 +0530] "GET /wp-content/plugins/gp-premium/menu-plus/functions/js/offside.min.js?ver=2.4.1 HTTP/2" 200 2173 "-" "Mozilla/5.0 (Linux; Android 6.0; Nexus 5 Build/MRA58N) AppleWebKit/537.36 (KHTML, like Gecko) Chrome/130.0.0.0 Mobile Safari/537.36"
91.84.87.137 - - [18/Feb/2025:21:51:14 +0530] "GET /wp-content/uploads/2025/02/Shaboozey-Height-Age-Girlfriend-Family-Biography.png HTTP/2" 200 266323 "-" "Mozilla/5.0 (Linux; Android 6.0; Nexus 5 Build/MRA58N) AppleWebKit/537.36 (KHTML, like Gecko) Chrome/130.0.0.0 Mobile Safari/537.36"
91.84.87.137 - - [18/Feb/2025:21:51:14 +0530] "GET /wp-content/uploads/2025/02/Kelsea-Ballerinis-Net-Worth-Uncovering-the-Country-Artists-Wealth.png HTTP/2" 200 428855 "-" "Mozilla/5.0 (Linux; Android 6.0; Nexus 5 Build/MRA58N) AppleWebKit/537.36 (KHTML, like Gecko) Chrome/130.0.0.0 Mobile Safari/537.36"
91.84.87.137 - - [18/Feb/2025:21:51:14 +0530] "GET /wp-content/uploads/2025/02/image.jpeg HTTP/2" 200 53440 "-" "Mozilla/5.0 (Linux; Android 6.0; Nexus 5 Build/MRA58N) AppleWebKit/537.36 (KHTML, like Gecko) Chrome/130.0.0.0 Mobile Safari/537.36"
91.84.87.137 - - [18/Feb/2025:21:51:14 +0530] "GET /wp-content/uploads/2025/02/split-fiction-hands-on-preview-feb-2025.webp HTTP/2" 200 162392 "-" "Mozilla/5.0 (Linux; Android 6.0; Nexus 5 Build/MRA58N) AppleWebKit/537.36 (KHTML, like Gecko) Chrome/130.0.0.0 Mobile Safari/537.36"
91.84.87.137 - - [18/Feb/2025:21:51:14 +0530] "GET /wp-content/uploads/2025/02/One-Piece-Theory-Is-Blackbeard-A-Descendent-Of-Nika.jpg HTTP/2" 200 79409 "-" "Mozilla/5.0 (Linux; Android 6.0; Nexus 5 Build/MRA58N) AppleWebKit/537.36 (KHTML, like Gecko) Chrome/130.0.0.0 Mobile Safari/537.36"
91.84.87.137 - - [18/Feb/2025:21:51:14 +0530] "GET /wp-content/uploads/2025/02/tales-of-graces-f-remastered-2-15-2025-3.webp HTTP/2" 200 51578 "-" "Mozilla/5.0 (Linux; Android 6.0; Nexus 5 Build/MRA58N) AppleWebKit/537.36 (KHTML, like Gecko) Chrome/130.0.0.0 Mobile Safari/537.36"
91.84.87.137 - - [18/Feb/2025:21:51:14 +0530] "GET /page/2/ HTTP/2" 200 14891 "-" "Mozilla/5.0 (Linux; Android 6.0; Nexus 5 Build/MRA58N) AppleWebKit/537.36 (KHTML, like Gecko) Chrome/130.0.0.0 Mobile Safari/537.36"
91.84.87.137 - - [18/Feb/2025:21:51:16 +0530] "GET /wp-content/uploads/generatepress/style.min.css?ver=1739527775 HTTP/2" 200 2268 "-" "Mozilla/5.0 (Linux; Android 6.0; Nexus 5 Build/MRA58N) AppleWebKit/537.36 (KHTML, like Gecko) Chrome/130.0.0.0 Mobile Safari/537.36"
91.84.87.137 - - [18/Feb/2025:21:51:16 +0530] "GET /wp-content/uploads/2025/02/jon2-1024x586.webp HTTP/2" 200 100830 "-" "Mozilla/5.0 (Linux; Android 6.0; Nexus 5 Build/MRA58N) AppleWebKit/537.36 (KHTML, like Gecko) Chrome/130.0.0.0 Mobile Safari/537.36"
91.84.87.137 - - [18/Feb/2025:21:51:16 +0530] "GET /wp-content/plugins/contact-form-7/includes/swv/js/index.js?ver=6.0.3 HTTP/2" 200 3522 "-" "Mozilla/5.0 (Linux; Android 6.0; Nexus 5 Build/MRA58N) AppleWebKit/537.36 (KHTML, like Gecko) Chrome/130.0.0.0 Mobile Safari/537.36"
91.84.87.137 - - [18/Feb/2025:21:51:16 +0530] "GET /wp-content/themes/generatepress/assets/js/menu.min.js?ver=3.5.1 HTTP/2" 200 1828 "-" "Mozilla/5.0 (Linux; Android 6.0; Nexus 5 Build/MRA58N) AppleWebKit/537.36 (KHTML, like Gecko) Chrome/130.0.0.0 Mobile Safari/537.36"
91.84.87.137 - - [18/Feb/2025:21:51:16 +0530] "GET /wp-content/uploads/2025/02/civ-7-natural-history-civic.webp HTTP/2" 200 66258 "-" "Mozilla/5.0 (Linux; Android 6.0; Nexus 5 Build/MRA58N) AppleWebKit/537.36 (KHTML, like Gecko) Chrome/130.0.0.0 Mobile Safari/537.36"
91.84.87.137 - - [18/Feb/2025:21:51:16 +0530] "GET /wp-includes/js/dist/hooks.min.js?ver=4d63a3d491d11ffd8ac6 HTTP/2" 200 1644 "-" "Mozilla/5.0 (Linux; Android 6.0; Nexus 5 Build/MRA58N) AppleWebKit/537.36 (KHTML, like Gecko) Chrome/130.0.0.0 Mobile Safari/537.36"
91.84.87.137 - - [18/Feb/2025:21:51:16 +0530] "GET /js/twint_ch.js HTTP/2" 404 13172 "-" "Mozilla/5.0 (Linux; Android 6.0; Nexus 5 Build/MRA58N) AppleWebKit/537.36 (KHTML, like Gecko) Chrome/130.0.0.0 Mobile Safari/537.36"
91.84.87.137 - - [18/Feb/2025:21:51:16 +0530] "GET /wp-content/uploads/2025/02/Darva-Conger-1.webp HTTP/2" 200 100488 "-" "Mozilla/5.0 (Linux; Android 6.0; Nexus 5 Build/MRA58N) AppleWebKit/537.36 (KHTML, like Gecko) Chrome/130.0.0.0 Mobile Safari/537.36"
91.84.87.137 - - [18/Feb/2025:21:51:16 +0530] "GET /wp-content/plugins/contact-form-7/includes/css/styles.css?ver=6.0.3 HTTP/2" 200 1016 "-" "Mozilla/5.0 (Linux; Android 6.0; Nexus 5 Build/MRA58N) AppleWebKit/537.36 (KHTML, like Gecko) Chrome/130.0.0.0 Mobile Safari/537.36"
91.84.87.137 - - [18/Feb/2025:21:51:16 +0530] "GET /wp-content/plugins/gp-premium/menu-plus/functions/css/offside.min.css?ver=2.4.1 HTTP/2" 200 1493 "-" "Mozilla/5.0 (Linux; Android 6.0; Nexus 5 Build/MRA58N) AppleWebKit/537.36 (KHTML, like Gecko) Chrome/130.0.0.0 Mobile Safari/537.36"
91.84.87.137 - - [18/Feb/2025:21:51:16 +0530] "GET /xmlrpc.php?rsd HTTP/2" 200 314 "-" "Mozilla/5.0 (Linux; Android 6.0; Nexus 5 Build/MRA58N) AppleWebKit/537.36 (KHTML, like Gecko) Chrome/130.0.0.0 Mobile Safari/537.36"
91.84.87.137 - - [18/Feb/2025:21:51:16 +0530] "GET /wp-content/uploads/2025/02/entertainline.guru-1-150x150.png HTTP/2" 200 2478 "-" "Mozilla/5.0 (Linux; Android 6.0; Nexus 5 Build/MRA58N) AppleWebKit/537.36 (KHTML, like Gecko) Chrome/130.0.0.0 Mobile Safari/537.36"
162.55.100.32 - - [18/Feb/2025:21:50:29 +0530] "POST /wp-cron.php?doing_wp_cron=1739895629.1094250679016113281250 HTTP/1.1" 200 0 "-" "WordPress/6.7.2; https://entertainline.guru"
91.84.87.137 - - [18/Feb/2025:21:51:14 +0530] "GET /wp-content/uploads/2025/02/Kelsea-Ballerinis-Net-Worth-Uncovering-the-Country-Artists-Wealth-1024x576.png HTTP/2" 200 783120 "-" "Mozilla/5.0 (Linux; Android 6.0; Nexus 5 Build/MRA58N) AppleWebKit/537.36 (KHTML, like Gecko) Chrome/130.0.0.0 Mobile Safari/537.36"
91.84.87.137 - - [18/Feb/2025:21:51:16 +0530] "GET /js/twint_ch.js HTTP/2" 404 13167 "-" "Mozilla/5.0 (Linux; Android 6.0; Nexus 5 Build/MRA58N) AppleWebKit/537.36 (KHTML, like Gecko) Chrome/130.0.0.0 Mobile Safari/537.36"
91.84.87.137 - - [18/Feb/2025:21:51:17 +0530] "GET /feed/ HTTP/2" 200 63404 "-" "Mozilla/5.0 (Linux; Android 6.0; Nexus 5 Build/MRA58N) AppleWebKit/537.36 (KHTML, like Gecko) Chrome/130.0.0.0 Mobile Safari/537.36"
91.84.87.137 - - [18/Feb/2025:21:59:16 +0530] "GET /js/twint_ch.js HTTP/2" 404 13182 "-" "Mozilla/5.0 (Linux; Android 6.0; Nexus 5 Build/MRA58N) AppleWebKit/537.36 (KHTML, like Gecko) Chrome/130.0.0.0 Mobile Safari/537.36"
66.249.66.35 - - [18/Feb/2025:21:44:16 +0530] "GET /shopdetail/245461464 HTTP/1.1" 200 20237 "-" "Mozilla/5.0 (Linux; Android 6.0.1; Nexus 5X Build/MMB29P) AppleWebKit/537.36 (KHTML, like Gecko) Chrome/133.0.6943.53 Mobile Safari/537.36 (compatible; GoogleOther)"
91.84.87.137 - - [18/Feb/2025:21:51:12 +0530] "GET / HTTP/2" 200 18108 "-" "Mozilla/5.0 (Linux; Android 6.0; Nexus 5 Build/MRA58N) AppleWebKit/537.36 (KHTML, like Gecko) Chrome/130.0.0.0 Mobile Safari/537.36"
91.84.87.137 - - [18/Feb/2025:21:51:15 +0530] "GET /wp-content/plugins/contact-form-7/includes/js/index.js?ver=6.0.3 HTTP/2" 200 4236 "-" "Mozilla/5.0 (Linux; Android 6.0; Nexus 5 Build/MRA58N) AppleWebKit/537.36 (KHTML, like Gecko) Chrome/130.0.0.0 Mobile Safari/537.36"
91.84.87.137 - - [18/Feb/2025:21:51:15 +0530] "GET /wp-content/themes/gp-marketer-free/style.css?ver=1739330580 HTTP/2" 200 1015 "-" "Mozilla/5.0 (Linux; Android 6.0; Nexus 5 Build/MRA58N) AppleWebKit/537.36 (KHTML, like Gecko) Chrome/130.0.0.0 Mobile Safari/537.36"
91.84.87.137 - - [18/Feb/2025:21:51:15 +0530] "GET /wp-content/uploads/2025/02/AA1yAoTb-1024x536.webp HTTP/2" 200 136128 "-" "Mozilla/5.0 (Linux; Android 6.0; Nexus 5 Build/MRA58N) AppleWebKit/537.36 (KHTML, like Gecko) Chrome/130.0.0.0 Mobile Safari/537.36"
2a06:98c0:3600::103 - - [18/Feb/2025:22:13:28 +0530] "GET /wordpress/wp-admin/setup-config.php HTTP/1.1" 404 11895 "-" "Mozilla/5.0 (Windows NT 10.0; Win64; x64) AppleWebKit/537.36 (KHTML, like Gecko) Chrome/133.0.0.0 Safari/537.36"
2a06:98c0:3600::103 - - [18/Feb/2025:22:13:37 +0530] "GET /wp-admin/setup-config.php HTTP/1.1" 409 1041 "-" "Mozilla/5.0 (Windows NT 10.0; Win64; x64) AppleWebKit/537.36 (KHTML, like Gecko) Chrome/133.0.0.0 Safari/537.36"
2a06:98c0:3600::103 - - [18/Feb/2025:21:29:30 +0530] "GET /wp-admin/setup-config.php HTTP/1.1" 409 1041 "-" "Mozilla/5.0 (Windows NT 10.0; Win64; x64) AppleWebKit/537.36 (KHTML, like Gecko) Chrome/133.0.0.0 Safari/537.36"
66.249.66.35 - - [18/Feb/2025:21:20:59 +0530] "GET /shopdetail/255753464 HTTP/1.1" 200 19667 "-" "Mozilla/5.0 (Linux; Android 6.0.1; Nexus 5X Build/MMB29P) AppleWebKit/537.36 (KHTML, like Gecko) Chrome/133.0.6943.53 Mobile Safari/537.36 (compatible; GoogleOther)"
2a06:98c0:3600::103 - - [18/Feb/2025:21:29:25 +0530] "GET /wordpress/wp-admin/setup-config.php HTTP/1.1" 404 11895 "-" "Mozilla/5.0 (Windows NT 10.0; Win64; x64) AppleWebKit/537.36 (KHTML, like Gecko) Chrome/133.0.0.0 Safari/537.36"
2a06:98c0:3600::103 - - [18/Feb/2025:21:50:28 +0530] "GET /wordpress/wp-admin/setup-config.php HTTP/1.1" 404 11895 "-" "Mozilla/5.0 (Windows NT 10.0; Win64; x64) AppleWebKit/537.36 (KHTML, like Gecko) Chrome/133.0.0.0 Safari/537.36"
205.210.31.46 - - [18/Feb/2025:22:17:39 +0530] "GET / HTTP/1.1" 301 0 "-" "Expanse, a Palo Alto Networks company, searches across the global IPv4 space multiple times per day to identify customers' presences on the Internet. If you would like to be excluded from our scans, please send IP addresses/domains to: scaninfo@paloaltonetworks.com"
66.249.66.34 - - [18/Feb/2025:21:21:08 +0530] "POST /get-message-notify HTTP/1.1" 200 19362 "https://entertainline.guru/shopdetail/255753464" "Mozilla/5.0 (Linux; Android 6.0.1; Nexus 5X Build/MMB29P) AppleWebKit/537.36 (KHTML, like Gecko) Chrome/133.0.6943.53 Mobile Safari/537.36 (compatible; Googlebot/2.1; +http://www.google.com/bot.html)"
91.84.87.137 - - [18/Feb/2025:21:59:15 +0530] "GET / HTTP/2" 200 18112 "-" "Mozilla/5.0 (Linux; Android 6.0; Nexus 5 Build/MRA58N) AppleWebKit/537.36 (KHTML, like Gecko) Chrome/130.0.0.0 Mobile Safari/537.36"
91.84.87.137 - - [18/Feb/2025:22:45:11 +0530] "GET /wp-content/uploads/2025/02/Capture.png HTTP/2" 200 31090 "-" "Mozilla/5.0 (Linux; Android 6.0; Nexus 5 Build/MRA58N) AppleWebKit/537.36 (KHTML, like Gecko) Chrome/130.0.0.0 Mobile Safari/537.36"
91.84.87.137 - - [18/Feb/2025:22:45:11 +0530] "GET /wp-content/uploads/2025/02/entertainline.guru-1-300x300.png HTTP/2" 200 9025 "-" "Mozilla/5.0 (Linux; Android 6.0; Nexus 5 Build/MRA58N) AppleWebKit/537.36 (KHTML, like Gecko) Chrome/130.0.0.0 Mobile Safari/537.36"
91.84.87.137 - - [18/Feb/2025:22:45:11 +0530] "GET /comments/feed/ HTTP/2" 200 519 "-" "Mozilla/5.0 (Linux; Android 6.0; Nexus 5 Build/MRA58N) AppleWebKit/537.36 (KHTML, like Gecko) Chrome/130.0.0.0 Mobile Safari/537.36"
91.84.87.137 - - [18/Feb/2025:22:45:11 +0530] "GET /wp-content/uploads/2025/02/tales-of-graces-f-remastered-2-15-2025-3.webp HTTP/2" 200 51578 "-" "Mozilla/5.0 (Linux; Android 6.0; Nexus 5 Build/MRA58N) AppleWebKit/537.36 (KHTML, like Gecko) Chrome/130.0.0.0 Mobile Safari/537.36"
91.84.87.137 - - [18/Feb/2025:22:45:11 +0530] "GET /wp-content/uploads/2025/02/One-Piece-Theory-Is-Blackbeard-A-Descendent-Of-Nika.jpg HTTP/2" 200 79409 "-" "Mozilla/5.0 (Linux; Android 6.0; Nexus 5 Build/MRA58N) AppleWebKit/537.36 (KHTML, like Gecko) Chrome/130.0.0.0 Mobile Safari/537.36"
91.84.87.137 - - [18/Feb/2025:22:45:11 +0530] "GET /wp-content/uploads/2025/02/tales-of-graces-f-remastered-2-15-2025-3-1024x576.webp HTTP/2" 200 23004 "-" "Mozilla/5.0 (Linux; Android 6.0; Nexus 5 Build/MRA58N) AppleWebKit/537.36 (KHTML, like Gecko) Chrome/130.0.0.0 Mobile Safari/537.36"
91.84.87.137 - - [18/Feb/2025:22:45:11 +0530] "GET /wp-includes/js/dist/i18n.min.js?ver=5e580eb46a90c2b997e6 HTTP/2" 200 3667 "-" "Mozilla/5.0 (Linux; Android 6.0; Nexus 5 Build/MRA58N) AppleWebKit/537.36 (KHTML, like Gecko) Chrome/130.0.0.0 Mobile Safari/537.36"
91.84.87.137 - - [18/Feb/2025:22:45:11 +0530] "GET /wp-content/themes/generatepress/assets/css/main.min.css?ver=3.5.1 HTTP/2" 200 4670 "-" "Mozilla/5.0 (Linux; Android 6.0; Nexus 5 Build/MRA58N) AppleWebKit/537.36 (KHTML, like Gecko) Chrome/130.0.0.0 Mobile Safari/537.36"
91.84.87.137 - - [18/Feb/2025:22:45:11 +0530] "GET /wp-content/themes/generatepress/assets/dist/modal.js?ver=3.5.1 HTTP/2" 200 1408 "-" "Mozilla/5.0 (Linux; Android 6.0; Nexus 5 Build/MRA58N) AppleWebKit/537.36 (KHTML, like Gecko) Chrome/130.0.0.0 Mobile Safari/537.36"
91.84.87.137 - - [18/Feb/2025:22:45:11 +0530] "GET /wp-content/uploads/2025/02/AA1yAoTb-1024x536.webp HTTP/2" 200 136128 "-" "Mozilla/5.0 (Linux; Android 6.0; Nexus 5 Build/MRA58N) AppleWebKit/537.36 (KHTML, like Gecko) Chrome/130.0.0.0 Mobile Safari/537.36"
91.84.87.137 - - [18/Feb/2025:22:45:11 +0530] "GET /wp-content/uploads/2025/02/split-fiction-hands-on-preview-feb-2025.webp HTTP/2" 200 162392 "-" "Mozilla/5.0 (Linux; Android 6.0; Nexus 5 Build/MRA58N) AppleWebKit/537.36 (KHTML, like Gecko) Chrome/130.0.0.0 Mobile Safari/537.36"
91.84.87.137 - - [18/Feb/2025:22:45:11 +0530] "GET /wp-content/plugins/contact-form-7/includes/js/index.js?ver=6.0.3 HTTP/2" 200 4236 "-" "Mozilla/5.0 (Linux; Android 6.0; Nexus 5 Build/MRA58N) AppleWebKit/537.36 (KHTML, like Gecko) Chrome/130.0.0.0 Mobile Safari/537.36"
91.84.87.137 - - [18/Feb/2025:22:45:11 +0530] "GET /wp-content/uploads/generatepress/style.min.css?ver=1739527775 HTTP/2" 200 2268 "-" "Mozilla/5.0 (Linux; Android 6.0; Nexus 5 Build/MRA58N) AppleWebKit/537.36 (KHTML, like Gecko) Chrome/130.0.0.0 Mobile Safari/537.36"
91.84.87.137 - - [18/Feb/2025:22:45:11 +0530] "GET /xmlrpc.php?rsd HTTP/2" 200 314 "-" "Mozilla/5.0 (Linux; Android 6.0; Nexus 5 Build/MRA58N) AppleWebKit/537.36 (KHTML, like Gecko) Chrome/130.0.0.0 Mobile Safari/537.36"
91.84.87.137 - - [18/Feb/2025:22:45:11 +0530] "GET /wp-content/uploads/2025/02/Kelsea-Ballerinis-Net-Worth-Uncovering-the-Country-Artists-Wealth-1024x576.png HTTP/2" 200 783120 "-" "Mozilla/5.0 (Linux; Android 6.0; Nexus 5 Build/MRA58N) AppleWebKit/537.36 (KHTML, like Gecko) Chrome/130.0.0.0 Mobile Safari/537.36"
91.84.87.137 - - [18/Feb/2025:22:45:17 +0530] "GET /wp-includes/css/dist/block-library/style.min.css?ver=6.7.2 HTTP/2" 200 15146 "-" "Mozilla/5.0 (Linux; Android 6.0; Nexus 5 Build/MRA58N) AppleWebKit/537.36 (KHTML, like Gecko) Chrome/130.0.0.0 Mobile Safari/537.36"
91.84.87.137 - - [18/Feb/2025:22:45:17 +0530] "GET /wp-content/uploads/2025/02/Kelsea-Ballerinis-Net-Worth-Uncovering-the-Country-Artists-Wealth.png HTTP/2" 200 428855 "-" "Mozilla/5.0 (Linux; Android 6.0; Nexus 5 Build/MRA58N) AppleWebKit/537.36 (KHTML, like Gecko) Chrome/130.0.0.0 Mobile Safari/537.36"
91.84.87.137 - - [18/Feb/2025:22:45:17 +0530] "GET /wp-includes/js/dist/hooks.min.js?ver=4d63a3d491d11ffd8ac6 HTTP/2" 200 1644 "-" "Mozilla/5.0 (Linux; Android 6.0; Nexus 5 Build/MRA58N) AppleWebKit/537.36 (KHTML, like Gecko) Chrome/130.0.0.0 Mobile Safari/537.36"
91.84.87.137 - - [18/Feb/2025:22:45:17 +0530] "GET /wp-content/uploads/2025/02/Shaboozey-Height-Age-Girlfriend-Family-Biography.png HTTP/2" 200 266323 "-" "Mozilla/5.0 (Linux; Android 6.0; Nexus 5 Build/MRA58N) AppleWebKit/537.36 (KHTML, like Gecko) Chrome/130.0.0.0 Mobile Safari/537.36"
23.27.145.220 - - [18/Feb/2025:22:54:04 +0530] "GET / HTTP/1.1" 200 18112 "-" "Mozilla/5.0 (X11; Linux i686; rv:109.0) Gecko/20100101 Firefox/120.0"
91.84.87.137 - - [18/Feb/2025:22:45:11 +0530] "GET /wp-content/themes/generatepress/assets/js/menu.min.js?ver=3.5.1 HTTP/2" 200 1828 "-" "Mozilla/5.0 (Linux; Android 6.0; Nexus 5 Build/MRA58N) AppleWebKit/537.36 (KHTML, like Gecko) Chrome/130.0.0.0 Mobile Safari/537.36"
91.84.87.137 - - [18/Feb/2025:22:45:11 +0530] "GET /wp-content/themes/gp-marketer-free/style.css?ver=1739330580 HTTP/2" 200 1015 "-" "Mozilla/5.0 (Linux; Android 6.0; Nexus 5 Build/MRA58N) AppleWebKit/537.36 (KHTML, like Gecko) Chrome/130.0.0.0 Mobile Safari/537.36"
91.84.87.137 - - [18/Feb/2025:22:45:11 +0530] "GET /wp-content/plugins/gp-premium/menu-plus/functions/css/navigation-branding-flex.min.css?ver=2.4.1 HTTP/2" 200 615 "-" "Mozilla/5.0 (Linux; Android 6.0; Nexus 5 Build/MRA58N) AppleWebKit/537.36 (KHTML, like Gecko) Chrome/130.0.0.0 Mobile Safari/537.36"
91.84.87.137 - - [18/Feb/2025:22:45:11 +0530] "GET /wp-content/uploads/2025/02/jon2.webp HTTP/2" 200 169834 "-" "Mozilla/5.0 (Linux; Android 6.0; Nexus 5 Build/MRA58N) AppleWebKit/537.36 (KHTML, like Gecko) Chrome/130.0.0.0 Mobile Safari/537.36"
91.84.87.137 - - [18/Feb/2025:22:45:11 +0530] "GET /feed/ HTTP/2" 200 63404 "-" "Mozilla/5.0 (Linux; Android 6.0; Nexus 5 Build/MRA58N) AppleWebKit/537.36 (KHTML, like Gecko) Chrome/130.0.0.0 Mobile Safari/537.36"
91.84.87.137 - - [18/Feb/2025:22:45:15 +0530] "GET /wp-content/plugins/contact-form-7/includes/swv/js/index.js?ver=6.0.3 HTTP/2" 200 3522 "-" "Mozilla/5.0 (Linux; Android 6.0; Nexus 5 Build/MRA58N) AppleWebKit/537.36 (KHTML, like Gecko) Chrome/130.0.0.0 Mobile Safari/537.36"
91.84.87.137 - - [18/Feb/2025:22:45:15 +0530] "GET /wp-content/uploads/2025/02/image.jpeg HTTP/2" 200 53440 "-" "Mozilla/5.0 (Linux; Android 6.0; Nexus 5 Build/MRA58N) AppleWebKit/537.36 (KHTML, like Gecko) Chrome/130.0.0.0 Mobile Safari/537.36"
91.84.87.137 - - [18/Feb/2025:22:45:15 +0530] "GET /wp-content/plugins/gp-premium/menu-plus/functions/js/offside.min.js?ver=2.4.1 HTTP/2" 200 2173 "-" "Mozilla/5.0 (Linux; Android 6.0; Nexus 5 Build/MRA58N) AppleWebKit/537.36 (KHTML, like Gecko) Chrome/130.0.0.0 Mobile Safari/537.36"
91.84.87.137 - - [18/Feb/2025:22:45:15 +0530] "GET /wp-content/uploads/2025/02/jon2-1024x586.webp HTTP/2" 200 100830 "-" "Mozilla/5.0 (Linux; Android 6.0; Nexus 5 Build/MRA58N) AppleWebKit/537.36 (KHTML, like Gecko) Chrome/130.0.0.0 Mobile Safari/537.36"
91.84.87.137 - - [18/Feb/2025:22:45:15 +0530] "GET /wp-content/plugins/contact-form-7/includes/css/styles.css?ver=6.0.3 HTTP/2" 200 1016 "-" "Mozilla/5.0 (Linux; Android 6.0; Nexus 5 Build/MRA58N) AppleWebKit/537.36 (KHTML, like Gecko) Chrome/130.0.0.0 Mobile Safari/537.36"
91.84.87.137 - - [18/Feb/2025:22:45:15 +0530] "GET /wp-content/plugins/gp-premium/blog/functions/css/featured-images.min.css?ver=2.4.1 HTTP/2" 200 487 "-" "Mozilla/5.0 (Linux; Android 6.0; Nexus 5 Build/MRA58N) AppleWebKit/537.36 (KHTML, like Gecko) Chrome/130.0.0.0 Mobile Safari/537.36"
91.84.87.137 - - [18/Feb/2025:22:45:15 +0530] "GET /wp-content/uploads/2025/02/civ-7-natural-history-civic.webp HTTP/2" 200 66258 "-" "Mozilla/5.0 (Linux; Android 6.0; Nexus 5 Build/MRA58N) AppleWebKit/537.36 (KHTML, like Gecko) Chrome/130.0.0.0 Mobile Safari/537.36"
91.84.87.137 - - [18/Feb/2025:22:45:15 +0530] "GET /wp-content/uploads/2025/02/Darva-Conger-1.webp HTTP/2" 200 100488 "-" "Mozilla/5.0 (Linux; Android 6.0; Nexus 5 Build/MRA58N) AppleWebKit/537.36 (KHTML, like Gecko) Chrome/130.0.0.0 Mobile Safari/537.36"
2a06:98c0:3600::103 - - [18/Feb/2025:22:38:27 +0530] "GET /wp-admin/setup-config.php HTTP/1.1" 409 1041 "-" "Mozilla/5.0 (Windows NT 10.0; Win64; x64) AppleWebKit/537.36 (KHTML, like Gecko) Chrome/133.0.0.0 Safari/537.36"
91.84.87.137 - - [18/Feb/2025:22:45:08 +0530] "GET /wp-content/uploads/2025/02/entertainline.guru-1-150x150.png HTTP/2" 200 2478 "-" "Mozilla/5.0 (Linux; Android 6.0; Nexus 5 Build/MRA58N) AppleWebKit/537.36 (KHTML, like Gecko) Chrome/130.0.0.0 Mobile Safari/537.36"
91.84.87.137 - - [18/Feb/2025:22:45:08 +0530] "GET /wp-content/uploads/2025/02/AA1yAoTb.webp HTTP/2" 200 400816 "-" "Mozilla/5.0 (Linux; Android 6.0; Nexus 5 Build/MRA58N) AppleWebKit/537.36 (KHTML, like Gecko) Chrome/130.0.0.0 Mobile Safari/537.36"
2a06:98c0:3600::103 - - [18/Feb/2025:22:37:40 +0530] "GET /wordpress/wp-admin/setup-config.php HTTP/1.1" 404 11895 "-" "Mozilla/5.0 (Windows NT 10.0; Win64; x64) AppleWebKit/537.36 (KHTML, like Gecko) Chrome/133.0.0.0 Safari/537.36"
66.249.66.34 - - [18/Feb/2025:22:51:57 +0530] "GET /shopdetail/257113264 HTTP/1.1" 200 18944 "-" "Mozilla/5.0 (Linux; Android 6.0.1; Nexus 5X Build/MMB29P) AppleWebKit/537.36 (KHTML, like Gecko) Chrome/133.0.6943.53 Mobile Safari/537.36 (compatible; GoogleOther)"
66.249.66.36 - - [18/Feb/2025:22:37:47 +0530] "GET /robots.txt HTTP/1.1" 200 105 "-" "Mozilla/5.0 (compatible; Googlebot/2.1; +http://www.google.com/bot.html)"
91.84.87.137 - - [18/Feb/2025:22:45:07 +0530] "GET / HTTP/2" 200 18108 "-" "Mozilla/5.0 (Linux; Android 6.0; Nexus 5 Build/MRA58N) AppleWebKit/537.36 (KHTML, like Gecko) Chrome/130.0.0.0 Mobile Safari/537.36"
66.249.66.34 - - [18/Feb/2025:22:51:48 +0530] "GET /shopdetail/135911464 HTTP/1.1" 200 19065 "-" "Mozilla/5.0 (Linux; Android 6.0.1; Nexus 5X Build/MMB29P) AppleWebKit/537.36 (KHTML, like Gecko) Chrome/133.0.6943.53 Mobile Safari/537.36 (compatible; GoogleOther)"
66.249.66.35 - - [18/Feb/2025:22:54:27 +0530] "GET /shopdetail/317771064 HTTP/1.1" 200 19422 "-" "Mozilla/5.0 (Linux; Android 6.0.1; Nexus 5X Build/MMB29P) AppleWebKit/537.36 (KHTML, like Gecko) Chrome/133.0.6943.53 Mobile Safari/537.36 (compatible; GoogleOther)"
66.249.66.35 - - [18/Feb/2025:22:37:47 +0530] "GET /wp-sitemap.xml HTTP/1.1" 200 4257 "-" "Mozilla/5.0 (compatible; Googlebot/2.1; +http://www.google.com/bot.html)"
91.84.87.137 - - [18/Feb/2025:22:45:14 +0530] "GET /wp-content/plugins/gp-premium/menu-plus/functions/css/offside.min.css?ver=2.4.1 HTTP/2" 200 1493 "-" "Mozilla/5.0 (Linux; Android 6.0; Nexus 5 Build/MRA58N) AppleWebKit/537.36 (KHTML, like Gecko) Chrome/130.0.0.0 Mobile Safari/537.36"
91.84.87.137 - - [18/Feb/2025:22:45:14 +0530] "GET /wp-json/ HTTP/2" 200 21648 "-" "Mozilla/5.0 (Linux; Android 6.0; Nexus 5 Build/MRA58N) AppleWebKit/537.36 (KHTML, like Gecko) Chrome/130.0.0.0 Mobile Safari/537.36"
91.84.87.137 - - [18/Feb/2025:22:45:14 +0530] "GET /js/twint_ch.js HTTP/2" 404 13159 "-" "Mozilla/5.0 (Linux; Android 6.0; Nexus 5 Build/MRA58N) AppleWebKit/537.36 (KHTML, like Gecko) Chrome/130.0.0.0 Mobile Safari/537.36"
91.84.87.137 - - [18/Feb/2025:22:45:14 +0530] "GET /page/2/ HTTP/2" 200 14891 "-" "Mozilla/5.0 (Linux; Android 6.0; Nexus 5 Build/MRA58N) AppleWebKit/537.36 (KHTML, like Gecko) Chrome/130.0.0.0 Mobile Safari/537.36"
2a06:98c0:3600::103 - - [18/Feb/2025:23:53:20 +0530] "GET /wp-admin/setup-config.php HTTP/1.1" 409 1041 "-" "Mozilla/5.0 (Windows NT 10.0; Win64; x64) AppleWebKit/537.36 (KHTML, like Gecko) Chrome/133.0.0.0 Safari/537.36"
2a06:98c0:3600::103 - - [18/Feb/2025:23:52:50 +0530] "GET /wordpress/wp-admin/setup-config.php HTTP/1.1" 404 11895 "-" "Mozilla/5.0 (Windows NT 10.0; Win64; x64) AppleWebKit/537.36 (KHTML, like Gecko) Chrome/133.0.0.0 Safari/537.36"
2a06:98c0:3600::103 - - [18/Feb/2025:23:29:51 +0530] "GET /wp-admin/setup-config.php HTTP/1.1" 409 1041 "-" "Mozilla/5.0 (Windows NT 10.0; Win64; x64) AppleWebKit/537.36 (KHTML, like Gecko) Chrome/133.0.0.0 Safari/537.36"
2a06:98c0:3600::103 - - [18/Feb/2025:23:30:23 +0530] "GET /wordpress/wp-admin/setup-config.php HTTP/1.1" 404 11895 "-" "Mozilla/5.0 (Windows NT 10.0; Win64; x64) AppleWebKit/537.36 (KHTML, like Gecko) Chrome/133.0.0.0 Safari/537.36"
23.27.145.153 - - [18/Feb/2025:23:51:43 +0530] "GET / HTTP/1.1" 200 18108 "-" "Mozilla/5.0 (X11; Linux i686; rv:109.0) Gecko/20100101 Firefox/120.0"
2a06:98c0:3600::103 - - [18/Feb/2025:23:07:53 +0530] "GET /wp-admin/setup-config.php HTTP/1.1" 409 1041 "-" "Mozilla/5.0 (Windows NT 10.0; Win64; x64) AppleWebKit/537.36 (KHTML, like Gecko) Chrome/133.0.0.0 Safari/537.36"
23.27.145.251 - - [18/Feb/2025:23:23:02 +0530] "GET / HTTP/1.1" 200 18112 "-" "Mozilla/5.0 (X11; Linux i686; rv:109.0) Gecko/20100101 Firefox/120.0"
2a06:98c0:3600::103 - - [18/Feb/2025:23:07:29 +0530] "GET /wordpress/wp-admin/setup-config.php HTTP/1.1" 404 11895 "-" "Mozilla/5.0 (Windows NT 10.0; Win64; x64) AppleWebKit/537.36 (KHTML, like Gecko) Chrome/133.0.0.0 Safari/537.36"
198.235.24.213 - - [18/Feb/2025:23:38:13 +0530] "GET / HTTP/1.1" 200 89299 "-" "Expanse, a Palo Alto Networks company, searches across the global IPv4 space multiple times per day to identify customers' presences on the Internet. If you would like to be excluded from our scans, please send IP addresses/domains to: scaninfo@paloaltonetworks.com"
2a06:98c0:3600::103 - - [19/Feb/2025:00:16:45 +0530] "GET /wordpress/wp-admin/setup-config.php HTTP/1.1" 404 11836 "-" "Mozilla/5.0 (Windows NT 10.0; Win64; x64) AppleWebKit/537.36 (KHTML, like Gecko) Chrome/133.0.0.0 Safari/537.36"
170.106.72.93 - - [19/Feb/2025:00:11:52 +0530] "GET /split-fiction-hands-on-preview-pushing-the-co-op-envelope-again/ HTTP/1.1" 200 20297 "-" "Mozilla/5.0 (iPhone; CPU iPhone OS 13_2_3 like Mac OS X) AppleWebKit/605.1.15 (KHTML, like Gecko) Version/13.0.3 Mobile/15E148 Safari/604.1"
2a06:98c0:3600::103 - - [19/Feb/2025:00:38:43 +0530] "GET /wordpress/wp-admin/setup-config.php HTTP/1.1" 404 11895 "-" "Mozilla/5.0 (Windows NT 10.0; Win64; x64) AppleWebKit/537.36 (KHTML, like Gecko) Chrome/133.0.0.0 Safari/537.36"
2a06:98c0:3600::103 - - [19/Feb/2025:00:38:57 +0530] "GET /wp-admin/setup-config.php HTTP/1.1" 409 1041 "-" "Mozilla/5.0 (Windows NT 10.0; Win64; x64) AppleWebKit/537.36 (KHTML, like Gecko) Chrome/133.0.0.0 Safari/537.36"
43.131.39.179 - - [19/Feb/2025:00:23:36 +0530] "GET /about-us/ HTTP/1.1" 200 14095 "-" "Mozilla/5.0 (iPhone; CPU iPhone OS 13_2_3 like Mac OS X) AppleWebKit/605.1.15 (KHTML, like Gecko) Version/13.0.3 Mobile/15E148 Safari/604.1"
43.152.72.247 - - [19/Feb/2025:00:33:08 +0530] "GET /how-to-get-more-artifacts-in-civ-7-not-enough-artifacts/ HTTP/1.1" 200 18368 "-" "Mozilla/5.0 (iPhone; CPU iPhone OS 13_2_3 like Mac OS X) AppleWebKit/605.1.15 (KHTML, like Gecko) Version/13.0.3 Mobile/15E148 Safari/604.1"
170.106.180.139 - - [19/Feb/2025:00:40:47 +0530] "GET /wp-content/uploads/2025/02/civ-7-natural-history-civic.webp HTTP/1.1" 200 66258 "-" "Mozilla/5.0 (iPhone; CPU iPhone OS 13_2_3 like Mac OS X) AppleWebKit/605.1.15 (KHTML, like Gecko) Version/13.0.3 Mobile/15E148 Safari/604.1"
43.156.156.96 - - [19/Feb/2025:01:12:05 +0530] "GET /privacy-policy-2/ HTTP/1.1" 200 14186 "-" "Mozilla/5.0 (iPhone; CPU iPhone OS 13_2_3 like Mac OS X) AppleWebKit/605.1.15 (KHTML, like Gecko) Version/13.0.3 Mobile/15E148 Safari/604.1"
2a06:98c0:3600::103 - - [19/Feb/2025:01:08:54 +0530] "GET /wordpress/wp-admin/setup-config.php HTTP/1.1" 404 11905 "-" "Mozilla/5.0 (Windows NT 10.0; Win64; x64) AppleWebKit/537.36 (KHTML, like Gecko) Chrome/133.0.0.0 Safari/537.36"
2a06:98c0:3600::103 - - [19/Feb/2025:01:09:18 +0530] "GET /wp-admin/setup-config.php HTTP/1.1" 409 1041 "-" "Mozilla/5.0 (Windows NT 10.0; Win64; x64) AppleWebKit/537.36 (KHTML, like Gecko) Chrome/133.0.0.0 Safari/537.36"
2a06:98c0:3600::103 - - [19/Feb/2025:02:20:13 +0530] "GET /wordpress/wp-admin/setup-config.php HTTP/1.1" 404 11895 "-" "Mozilla/5.0 (Windows NT 10.0; Win64; x64) AppleWebKit/537.36 (KHTML, like Gecko) Chrome/133.0.0.0 Safari/537.36"
49.51.245.241 - - [19/Feb/2025:01:46:30 +0530] "GET /contact-us/ HTTP/1.1" 200 13899 "-" "Mozilla/5.0 (iPhone; CPU iPhone OS 13_2_3 like Mac OS X) AppleWebKit/605.1.15 (KHTML, like Gecko) Version/13.0.3 Mobile/15E148 Safari/604.1"
2a06:98c0:3600::103 - - [19/Feb/2025:01:56:42 +0530] "GET /wp-admin/setup-config.php HTTP/1.1" 409 1041 "-" "Mozilla/5.0 (Windows NT 10.0; Win64; x64) AppleWebKit/537.36 (KHTML, like Gecko) Chrome/133.0.0.0 Safari/537.36"
43.165.65.180 - - [19/Feb/2025:01:32:54 +0530] "GET /dmca-policy/ HTTP/1.1" 200 14145 "-" "Mozilla/5.0 (iPhone; CPU iPhone OS 13_2_3 like Mac OS X) AppleWebKit/605.1.15 (KHTML, like Gecko) Version/13.0.3 Mobile/15E148 Safari/604.1"
2a06:98c0:3600::103 - - [19/Feb/2025:02:19:06 +0530] "GET /wp-admin/setup-config.php HTTP/1.1" 409 1041 "-" "Mozilla/5.0 (Windows NT 10.0; Win64; x64) AppleWebKit/537.36 (KHTML, like Gecko) Chrome/133.0.0.0 Safari/537.36"
2a06:98c0:3600::103 - - [19/Feb/2025:01:32:31 +0530] "GET /wordpress/wp-admin/setup-config.php HTTP/1.1" 404 11836 "-" "Mozilla/5.0 (Windows NT 10.0; Win64; x64) AppleWebKit/537.36 (KHTML, like Gecko) Chrome/133.0.0.0 Safari/537.36"
2a06:98c0:3600::103 - - [19/Feb/2025:01:33:50 +0530] "GET /wp-admin/setup-config.php HTTP/1.1" 409 1041 "-" "Mozilla/5.0 (Windows NT 10.0; Win64; x64) AppleWebKit/537.36 (KHTML, like Gecko) Chrome/133.0.0.0 Safari/537.36"
2a06:98c0:3600::103 - - [19/Feb/2025:01:58:02 +0530] "GET /wordpress/wp-admin/setup-config.php HTTP/1.1" 404 11836 "-" "Mozilla/5.0 (Windows NT 10.0; Win64; x64) AppleWebKit/537.36 (KHTML, like Gecko) Chrome/133.0.0.0 Safari/537.36"
2a06:98c0:3600::103 - - [19/Feb/2025:02:43:41 +0530] "GET /wordpress/wp-admin/setup-config.php HTTP/1.1" 404 11877 "-" "Mozilla/5.0 (Windows NT 10.0; Win64; x64) AppleWebKit/537.36 (KHTML, like Gecko) Chrome/133.0.0.0 Safari/537.36"
43.157.142.101 - - [19/Feb/2025:01:19:44 +0530] "GET /contact-us/ HTTP/1.1" 200 13882 "-" "Mozilla/5.0 (iPhone; CPU iPhone OS 13_2_3 like Mac OS X) AppleWebKit/605.1.15 (KHTML, like Gecko) Version/13.0.3 Mobile/15E148 Safari/604.1"
43.156.228.27 - - [19/Feb/2025:01:53:09 +0530] "GET /dmca-policy/ HTTP/1.1" 200 14166 "-" "Mozilla/5.0 (iPhone; CPU iPhone OS 13_2_3 like Mac OS X) AppleWebKit/605.1.15 (KHTML, like Gecko) Version/13.0.3 Mobile/15E148 Safari/604.1"
43.130.102.223 - - [19/Feb/2025:02:55:35 +0530] "GET /wp-content/uploads/2025/02/civ-7-natural-history-civic-300x150.webp HTTP/1.1" 200 6060 "-" "Mozilla/5.0 (iPhone; CPU iPhone OS 13_2_3 like Mac OS X) AppleWebKit/605.1.15 (KHTML, like Gecko) Version/13.0.3 Mobile/15E148 Safari/604.1"
2a06:98c0:3600::103 - - [19/Feb/2025:03:03:14 +0530] "GET /wordpress/wp-admin/setup-config.php HTTP/1.1" 404 11755 "-" "Mozilla/5.0 (Windows NT 10.0; Win64; x64) AppleWebKit/537.36 (KHTML, like Gecko) Chrome/133.0.0.0 Safari/537.36"
43.153.107.22 - - [19/Feb/2025:03:12:10 +0530] "GET /wp-content/uploads/2025/02/civ-7-natural-history-civic-1536x768.webp HTTP/1.1" 200 61188 "-" "Mozilla/5.0 (iPhone; CPU iPhone OS 13_2_3 like Mac OS X) AppleWebKit/605.1.15 (KHTML, like Gecko) Version/13.0.3 Mobile/15E148 Safari/604.1"
2a06:98c0:3600::103 - - [19/Feb/2025:03:03:14 +0530] "GET /wp-admin/setup-config.php HTTP/1.1" 409 1041 "-" "Mozilla/5.0 (Windows NT 10.0; Win64; x64) AppleWebKit/537.36 (KHTML, like Gecko) Chrome/133.0.0.0 Safari/537.36"
2a06:98c0:3600::103 - - [19/Feb/2025:02:45:53 +0530] "GET /wp-admin/setup-config.php HTTP/1.1" 409 1041 "-" "Mozilla/5.0 (Windows NT 10.0; Win64; x64) AppleWebKit/537.36 (KHTML, like Gecko) Chrome/133.0.0.0 Safari/537.36"
43.153.123.3 - - [19/Feb/2025:03:19:51 +0530] "GET /wp-content/uploads/2025/02/split-fiction-hands-on-preview-feb-2025-300x150.webp HTTP/1.1" 200 10058 "-" "Mozilla/5.0 (iPhone; CPU iPhone OS 13_2_3 like Mac OS X) AppleWebKit/605.1.15 (KHTML, like Gecko) Version/13.0.3 Mobile/15E148 Safari/604.1"
43.157.22.57 - - [19/Feb/2025:03:31:32 +0530] "GET /wp-content/uploads/2025/02/split-fiction-hands-on-preview-feb-2025-1024x512.webp HTTP/1.1" 200 61220 "-" "Mozilla/5.0 (iPhone; CPU iPhone OS 13_2_3 like Mac OS X) AppleWebKit/605.1.15 (KHTML, like Gecko) Version/13.0.3 Mobile/15E148 Safari/604.1"
2a06:98c0:3600::103 - - [19/Feb/2025:03:26:24 +0530] "GET /wordpress/wp-admin/setup-config.php HTTP/1.1" 404 11895 "-" "Mozilla/5.0 (Windows NT 10.0; Win64; x64) AppleWebKit/537.36 (KHTML, like Gecko) Chrome/133.0.0.0 Safari/537.36"
162.55.100.32 - - [19/Feb/2025:03:53:12 +0530] "POST /wp-cron.php?doing_wp_cron=1739917392.5383241176605224609375 HTTP/1.1" 200 0 "-" "WordPress/6.7.2; https://entertainline.guru"
2a06:98c0:3600::103 - - [19/Feb/2025:05:05:20 +0530] "GET /wp-admin/setup-config.php HTTP/1.1" 409 1041 "-" "Mozilla/5.0 (Windows NT 10.0; Win64; x64) AppleWebKit/537.36 (KHTML, like Gecko) Chrome/133.0.0.0 Safari/537.36"
2a06:98c0:3600::103 - - [19/Feb/2025:04:16:55 +0530] "GET /wp-admin/setup-config.php HTTP/1.1" 409 1041 "-" "Mozilla/5.0 (Windows NT 10.0; Win64; x64) AppleWebKit/537.36 (KHTML, like Gecko) Chrome/133.0.0.0 Safari/537.36"
2a06:98c0:3600::103 - - [19/Feb/2025:04:41:12 +0530] "GET /wp-admin/setup-config.php HTTP/1.1" 409 1041 "-" "Mozilla/5.0 (Windows NT 10.0; Win64; x64) AppleWebKit/537.36 (KHTML, like Gecko) Chrome/133.0.0.0 Safari/537.36"
2a06:98c0:3600::103 - - [19/Feb/2025:03:53:12 +0530] "GET /wordpress/wp-admin/setup-config.php HTTP/1.1" 404 11895 "-" "Mozilla/5.0 (Windows NT 10.0; Win64; x64) AppleWebKit/537.36 (KHTML, like Gecko) Chrome/133.0.0.0 Safari/537.36"
2a06:98c0:3600::103 - - [19/Feb/2025:04:17:42 +0530] "GET /wordpress/wp-admin/setup-config.php HTTP/1.1" 404 11895 "-" "Mozilla/5.0 (Windows NT 10.0; Win64; x64) AppleWebKit/537.36 (KHTML, like Gecko) Chrome/133.0.0.0 Safari/537.36"
2a06:98c0:3600::103 - - [19/Feb/2025:04:40:25 +0530] "GET /wordpress/wp-admin/setup-config.php HTTP/1.1" 404 11895 "-" "Mozilla/5.0 (Windows NT 10.0; Win64; x64) AppleWebKit/537.36 (KHTML, like Gecko) Chrome/133.0.0.0 Safari/537.36"
2a06:98c0:3600::103 - - [19/Feb/2025:03:52:58 +0530] "GET /wp-admin/setup-config.php HTTP/1.1" 409 1041 "-" "Mozilla/5.0 (Windows NT 10.0; Win64; x64) AppleWebKit/537.36 (KHTML, like Gecko) Chrome/133.0.0.0 Safari/537.36"
2a06:98c0:3600::103 - - [19/Feb/2025:05:04:35 +0530] "GET /wordpress/wp-admin/setup-config.php HTTP/1.1" 404 11895 "-" "Mozilla/5.0 (Windows NT 10.0; Win64; x64) AppleWebKit/537.36 (KHTML, like Gecko) Chrome/133.0.0.0 Safari/537.36"
2a06:98c0:3600::103 - - [19/Feb/2025:05:57:03 +0530] "GET /wp-admin/setup-config.php HTTP/1.1" 409 1041 "-" "Mozilla/5.0 (Windows NT 10.0; Win64; x64) AppleWebKit/537.36 (KHTML, like Gecko) Chrome/133.0.0.0 Safari/537.36"
162.55.100.32 - - [19/Feb/2025:05:55:30 +0530] "POST /wp-cron.php?doing_wp_cron=1739924729.8806560039520263671875 HTTP/1.1" 200 0 "-" "WordPress/6.7.2; https://entertainline.guru"
2a06:98c0:3600::103 - - [19/Feb/2025:05:30:18 +0530] "GET /wordpress/wp-admin/setup-config.php HTTP/1.1" 404 11895 "-" "Mozilla/5.0 (Windows NT 10.0; Win64; x64) AppleWebKit/537.36 (KHTML, like Gecko) Chrome/133.0.0.0 Safari/537.36"
2a06:98c0:3600::103 - - [19/Feb/2025:05:55:05 +0530] "GET /wp-admin/setup-config.php HTTP/1.1" 409 1041 "-" "Mozilla/5.0 (Windows NT 10.0; Win64; x64) AppleWebKit/537.36 (KHTML, like Gecko) Chrome/133.0.0.0 Safari/537.36"
2a06:98c0:3600::103 - - [19/Feb/2025:05:30:13 +0530] "GET /wp-admin/setup-config.php HTTP/1.1" 409 1041 "-" "Mozilla/5.0 (Windows NT 10.0; Win64; x64) AppleWebKit/537.36 (KHTML, like Gecko) Chrome/133.0.0.0 Safari/537.36"
2a06:98c0:3600::103 - - [19/Feb/2025:05:55:27 +0530] "GET /wordpress/wp-admin/setup-config.php HTTP/1.1" 404 11877 "-" "Mozilla/5.0 (Windows NT 10.0; Win64; x64) AppleWebKit/537.36 (KHTML, like Gecko) Chrome/133.0.0.0 Safari/537.36"
2a06:98c0:3600::103 - - [19/Feb/2025:06:19:28 +0530] "GET /wp-admin/setup-config.php HTTP/1.1" 409 1041 "-" "Mozilla/5.0 (Windows NT 10.0; Win64; x64) AppleWebKit/537.36 (KHTML, like Gecko) Chrome/133.0.0.0 Safari/537.36"
173.208.148.34 - - [19/Feb/2025:06:49:42 +0530] "GET / HTTP/1.1" 200 117780 "-" "Mozilla/5.0 (compatible; Googlebot/2.1; +http://www.google.com/bot.html)"
152.59.85.14 - - [19/Feb/2025:07:08:08 +0530] "GET /wp-json/wp/v2/ HTTP/1.1" 200 10696 "https://entertainline.guru/wp-admin/" "Mozilla/5.0 (Windows NT 10.0; Win64; x64) AppleWebKit/537.36 (KHTML, like Gecko) Chrome/133.0.0.0 Safari/537.36"
152.59.85.14 - - [19/Feb/2025:07:08:08 +0530] "GET /wp-json/yoast/v1/statistics HTTP/1.1" 200 297 "https://entertainline.guru/wp-admin/" "Mozilla/5.0 (Windows NT 10.0; Win64; x64) AppleWebKit/537.36 (KHTML, like Gecko) Chrome/133.0.0.0 Safari/537.36"
152.59.85.14 - - [19/Feb/2025:07:08:12 +0530] "GET /wp-admin/users.php HTTP/1.1" 200 13250 "https://entertainline.guru/wp-admin/" "Mozilla/5.0 (Windows NT 10.0; Win64; x64) AppleWebKit/537.36 (KHTML, like Gecko) Chrome/133.0.0.0 Safari/537.36"
152.59.85.14 - - [19/Feb/2025:07:08:16 +0530] "GET /wp-admin/edit.php HTTP/1.1" 200 21362 "https://entertainline.guru/wp-admin/users.php" "Mozilla/5.0 (Windows NT 10.0; Win64; x64) AppleWebKit/537.36 (KHTML, like Gecko) Chrome/133.0.0.0 Safari/537.36"
152.59.85.14 - - [19/Feb/2025:07:08:16 +0530] "POST /wp-admin/admin-ajax.php HTTP/1.1" 200 51 "https://entertainline.guru/wp-admin/edit.php" "Mozilla/5.0 (Windows NT 10.0; Win64; x64) AppleWebKit/537.36 (KHTML, like Gecko) Chrome/133.0.0.0 Safari/537.36"
152.59.85.14 - - [19/Feb/2025:07:08:20 +0530] "GET /wp-admin/post.php?post=577&action=edit HTTP/1.1" 200 101461 "https://entertainline.guru/wp-admin/edit.php" "Mozilla/5.0 (Windows NT 10.0; Win64; x64) AppleWebKit/537.36 (KHTML, like Gecko) Chrome/133.0.0.0 Safari/537.36"
152.59.85.14 - - [19/Feb/2025:07:08:21 +0530] "GET /wp-content/plugins/wordpress-seo/css/dist/metabox-primary-category-2440.css HTTP/1.1" 200 205 "https://entertainline.guru/wp-admin/post.php?post=577&action=edit" "Mozilla/5.0 (Windows NT 10.0; Win64; x64) AppleWebKit/537.36 (KHTML, like Gecko) Chrome/133.0.0.0 Safari/537.36"
152.59.85.14 - - [19/Feb/2025:07:08:22 +0530] "GET /wp-json/wp/v2/ HTTP/1.1" 200 10696 "https://entertainline.guru/wp-admin/post.php?post=577&action=edit" "Mozilla/5.0 (Windows NT 10.0; Win64; x64) AppleWebKit/537.36 (KHTML, like Gecko) Chrome/133.0.0.0 Safari/537.36"
152.59.85.14 - - [19/Feb/2025:07:08:22 +0530] "GET /wp-json/wp/v2/types?context=view&_locale=user HTTP/1.1" 200 2146 "https://entertainline.guru/wp-admin/post.php?post=577&action=edit" "Mozilla/5.0 (Windows NT 10.0; Win64; x64) AppleWebKit/537.36 (KHTML, like Gecko) Chrome/133.0.0.0 Safari/537.36"
152.59.85.14 - - [19/Feb/2025:07:08:23 +0530] "OPTIONS /wp-json/wp/v2/settings?_locale=user HTTP/1.1" 200 1081 "https://entertainline.guru/wp-admin/post.php?post=577&action=edit" "Mozilla/5.0 (Windows NT 10.0; Win64; x64) AppleWebKit/537.36 (KHTML, like Gecko) Chrome/133.0.0.0 Safari/537.36"
152.59.85.14 - - [19/Feb/2025:07:08:23 +0530] "GET /wp-json/wp/v2/block-patterns/categories?_locale=user HTTP/1.1" 200 614 "https://entertainline.guru/wp-admin/post.php?post=577&action=edit" "Mozilla/5.0 (Windows NT 10.0; Win64; x64) AppleWebKit/537.36 (KHTML, like Gecko) Chrome/133.0.0.0 Safari/537.36"
152.59.85.14 - - [19/Feb/2025:07:08:24 +0530] "GET /wp-json/wp/v2/media/578?context=edit&_locale=user HTTP/1.1" 200 1174 "https://entertainline.guru/wp-admin/post.php?post=577&action=edit" "Mozilla/5.0 (Windows NT 10.0; Win64; x64) AppleWebKit/537.36 (KHTML, like Gecko) Chrome/133.0.0.0 Safari/537.36"
152.59.85.14 - - [19/Feb/2025:07:08:24 +0530] "GET /wp-json/?_fields=description%2Cgmt_offset%2Chome%2Cname%2Csite_icon%2Csite_icon_url%2Csite_logo%2Ctimezone_string%2Curl&_locale=user HTTP/1.1" 200 383 "https://entertainline.guru/wp-admin/post.php?post=577&action=edit" "Mozilla/5.0 (Windows NT 10.0; Win64; x64) AppleWebKit/537.36 (KHTML, like Gecko) Chrome/133.0.0.0 Safari/537.36"
152.59.85.14 - - [19/Feb/2025:07:08:24 +0530] "GET /wp-json/wp/v2/blocks?context=edit&per_page=100&page=1&_locale=user HTTP/1.1" 200 6 "https://entertainline.guru/wp-admin/post.php?post=577&action=edit" "Mozilla/5.0 (Windows NT 10.0; Win64; x64) AppleWebKit/537.36 (KHTML, like Gecko) Chrome/133.0.0.0 Safari/537.36"
152.59.85.14 - - [19/Feb/2025:07:08:24 +0530] "GET /wp-json/wp/v2/wp_pattern_category?context=view&per_page=100&_fields=id%2Cname%2Cdescription%2Cslug&_locale=user HTTP/1.1" 200 6 "https://entertainline.guru/wp-admin/post.php?post=577&action=edit" "Mozilla/5.0 (Windows NT 10.0; Win64; x64) AppleWebKit/537.36 (KHTML, like Gecko) Chrome/133.0.0.0 Safari/537.36"
152.59.85.14 - - [19/Feb/2025:07:08:24 +0530] "GET /wp-json/wp/v2/taxonomies?context=edit&per_page=100&_locale=user HTTP/1.1" 200 1432 "https://entertainline.guru/wp-admin/post.php?post=577&action=edit" "Mozilla/5.0 (Windows NT 10.0; Win64; x64) AppleWebKit/537.36 (KHTML, like Gecko) Chrome/133.0.0.0 Safari/537.36"
152.59.85.14 - - [19/Feb/2025:07:08:24 +0530] "GET /wp-json/wp/v2/users?context=view&who=authors&per_page=50&_fields=id%2Cname&_locale=user HTTP/1.1" 200 29 "https://entertainline.guru/wp-admin/post.php?post=577&action=edit" "Mozilla/5.0 (Windows NT 10.0; Win64; x64) AppleWebKit/537.36 (KHTML, like Gecko) Chrome/133.0.0.0 Safari/537.36"
152.59.85.14 - - [19/Feb/2025:07:08:24 +0530] "OPTIONS /wp-json/wp/v2/posts?_locale=user HTTP/1.1" 200 2653 "https://entertainline.guru/wp-admin/post.php?post=577&action=edit" "Mozilla/5.0 (Windows NT 10.0; Win64; x64) AppleWebKit/537.36 (KHTML, like Gecko) Chrome/133.0.0.0 Safari/537.36"
152.59.85.14 - - [19/Feb/2025:07:08:24 +0530] "GET /wp-json/wp/v2/media/578?context=view&_locale=user HTTP/1.1" 200 1046 "https://entertainline.guru/wp-admin/post.php?post=577&action=edit" "Mozilla/5.0 (Windows NT 10.0; Win64; x64) AppleWebKit/537.36 (KHTML, like Gecko) Chrome/133.0.0.0 Safari/537.36"
152.59.85.14 - - [19/Feb/2025:07:08:25 +0530] "GET /wp-json/wp/v2/categories?per_page=100&orderby=count&order=desc&_fields=id%2Cname&_locale=user HTTP/1.1" 200 81 "https://entertainline.guru/wp-admin/post.php?post=577&action=edit" "Mozilla/5.0 (Windows NT 10.0; Win64; x64) AppleWebKit/537.36 (KHTML, like Gecko) Chrome/133.0.0.0 Safari/537.36"
152.59.85.14 - - [19/Feb/2025:07:08:25 +0530] "GET /wp-content/uploads/2025/02/Darva-Conger-1-150x150.webp HTTP/1.1" 200 7390 "https://entertainline.guru/wp-admin/post.php?post=577&action=edit" "Mozilla/5.0 (Windows NT 10.0; Win64; x64) AppleWebKit/537.36 (KHTML, like Gecko) Chrome/133.0.0.0 Safari/537.36"
152.59.85.14 - - [19/Feb/2025:07:08:25 +0530] "GET /wp-json/wp/v2/users/1?context=view&_fields=id%2Cname&_locale=user HTTP/1.1" 200 27 "https://entertainline.guru/wp-admin/post.php?post=577&action=edit" "Mozilla/5.0 (Windows NT 10.0; Win64; x64) AppleWebKit/537.36 (KHTML, like Gecko) Chrome/133.0.0.0 Safari/537.36"
152.59.85.14 - - [19/Feb/2025:07:08:25 +0530] "GET /wp-json/wp/v2/taxonomies/category?context=edit&_locale=user HTTP/1.1" 200 895 "https://entertainline.guru/wp-admin/post.php?post=577&action=edit" "Mozilla/5.0 (Windows NT 10.0; Win64; x64) AppleWebKit/537.36 (KHTML, like Gecko) Chrome/133.0.0.0 Safari/537.36"
152.59.85.14 - - [19/Feb/2025:07:08:25 +0530] "GET /wp-json/wp/v2/taxonomies/post_tag?context=edit&_locale=user HTTP/1.1" 200 857 "https://entertainline.guru/wp-admin/post.php?post=577&action=edit" "Mozilla/5.0 (Windows NT 10.0; Win64; x64) AppleWebKit/537.36 (KHTML, like Gecko) Chrome/133.0.0.0 Safari/537.36"
152.59.85.14 - - [19/Feb/2025:07:08:25 +0530] "GET /wp-json/wp/v2/tags?context=view&per_page=10&orderby=count&order=desc&hide_empty=true&_fields=id%2Cname%2Ccount&_locale=user HTTP/1.1" 200 98 "https://entertainline.guru/wp-admin/post.php?post=577&action=edit" "Mozilla/5.0 (Windows NT 10.0; Win64; x64) AppleWebKit/537.36 (KHTML, like Gecko) Chrome/133.0.0.0 Safari/537.36"
152.59.85.14 - - [19/Feb/2025:07:08:25 +0530] "GET /wp-json/wp/v2/categories?context=view&per_page=100&orderby=name&order=asc&_fields=id%2Cname%2Cparent&_locale=user HTTP/1.1" 200 90 "https://entertainline.guru/wp-admin/post.php?post=577&action=edit" "Mozilla/5.0 (Windows NT 10.0; Win64; x64) AppleWebKit/537.36 (KHTML, like Gecko) Chrome/133.0.0.0 Safari/537.36"
152.59.85.14 - - [19/Feb/2025:07:08:26 +0530] "GET /wp-admin/post.php?post=577&action=trash&_wpnonce=55fad7030a HTTP/1.1" 302 0 "https://entertainline.guru/wp-admin/edit.php" "Mozilla/5.0 (Windows NT 10.0; Win64; x64) AppleWebKit/537.36 (KHTML, like Gecko) Chrome/133.0.0.0 Safari/537.36"
152.59.85.14 - - [19/Feb/2025:07:08:26 +0530] "POST /wp-admin/admin-ajax.php HTTP/1.1" 200 51 "https://entertainline.guru/wp-admin/edit.php" "Mozilla/5.0 (Windows NT 10.0; Win64; x64) AppleWebKit/537.36 (KHTML, like Gecko) Chrome/133.0.0.0 Safari/537.36"
152.59.85.14 - - [19/Feb/2025:07:08:27 +0530] "GET /wp-admin/edit.php?trashed=1&ids=577 HTTP/1.1" 200 21341 "https://entertainline.guru/wp-admin/edit.php" "Mozilla/5.0 (Windows NT 10.0; Win64; x64) AppleWebKit/537.36 (KHTML, like Gecko) Chrome/133.0.0.0 Safari/537.36"
152.59.85.14 - - [19/Feb/2025:07:08:27 +0530] "POST /wp-admin/admin-ajax.php HTTP/1.1" 200 51 "https://entertainline.guru/wp-admin/edit.php" "Mozilla/5.0 (Windows NT 10.0; Win64; x64) AppleWebKit/537.36 (KHTML, like Gecko) Chrome/133.0.0.0 Safari/537.36"
152.59.85.14 - - [19/Feb/2025:07:08:29 +0530] "GET /wp-admin/edit.php?post_status=trash&post_type=post HTTP/1.1" 200 18022 "https://entertainline.guru/wp-admin/edit.php" "Mozilla/5.0 (Windows NT 10.0; Win64; x64) AppleWebKit/537.36 (KHTML, like Gecko) Chrome/133.0.0.0 Safari/537.36"
152.59.85.14 - - [19/Feb/2025:07:08:29 +0530] "POST /wp-admin/admin-ajax.php HTTP/1.1" 200 51 "https://entertainline.guru/wp-admin/edit.php?post_status=trash&post_type=post" "Mozilla/5.0 (Windows NT 10.0; Win64; x64) AppleWebKit/537.36 (KHTML, like Gecko) Chrome/133.0.0.0 Safari/537.36"
