176.123.10.110 - - [16/Feb/2025:22:57:42 +0530] "GET //entertainline.guru/wp-content/plugins/contact-form-7/includes/js/index.js HTTP/1.1" 301 0 "-" "Mozilla/5.0 (Windows NT 10.0; WOW64) AppleWebKit/537.36 (KHTML, like Gecko) Chrome/73.0.3683.103 Safari/537.36"
176.123.10.110 - - [16/Feb/2025:22:58:14 +0530] "GET //entertainline.guru/wp-content/themes/generatepress/assets/js/classList.min.js HTTP/1.1" 301 0 "-" "Mozilla/5.0 (Macintosh; Intel Mac OS X 10_14_4) AppleWebKit/537.36 (KHTML, like Gecko) Chrome/75.0.3770.142 Safari/537.36"
176.123.10.110 - - [16/Feb/2025:22:58:14 +0530] "GET /wp-emoji-release.min.js HTTP/1.1" 404 12996 "-" "Mozilla/5.0 (Windows NT 10.0; WOW64) AppleWebKit/537.36 (KHTML, like Gecko) Chrome/70.0.3538.25 Safari/537.36 Core/1.70.3704.400 QQBrowser/10.4.3587.400"
176.123.10.110 - - [16/Feb/2025:22:59:05 +0530] "GET //entertainline.guru/wp-includes/js/dist/i18n.min.js HTTP/1.1" 301 0 "-" "Mozilla/5.0 (Macintosh; Intel Mac OS X 10_14_2) AppleWebKit/537.36 (KHTML, like Gecko) Chrome/75.0.3770.142 Safari/537.36"
176.123.10.110 - - [16/Feb/2025:22:59:23 +0530] "GET //pagead2.googlesyndication.com/pagead/js/adsbygoogle.js HTTP/1.1" 301 0 "-" "Mozilla/5.0 (Linux; Android 4.4.4; Nexus 7 Build/KTU84P) AppleWebKit/537.36 (KHTML like Gecko) Chrome/36.0.1985.135 Safari/537.36"
176.123.10.110 - - [16/Feb/2025:22:59:39 +0530] "GET //entertainline.guru/wp-content/themes/generatepress/assets/dist/modal.js HTTP/1.1" 301 0 "-" "Mozilla/5.0 (Windows NT 10.0; Win64; x64) AppleWebKit/537.36 (KHTML, like Gecko) Chrome/66.0.3359.170 Safari/537.36"
176.123.10.110 - - [16/Feb/2025:22:59:05 +0530] "GET //entertainline.guru/wp-content/plugins/contact-form-7/includes/js/index.js HTTP/1.1" 301 0 "-" "msnbot-media/1.1 ( http://search.msn.com/msnbot.htm)"
176.123.10.110 - - [16/Feb/2025:22:59:23 +0530] "GET //entertainline.guru/wp-content/plugins/contact-form-7/includes/swv/js/index.js HTTP/1.1" 301 0 "-" "Mozilla/5.0 (X11; Linux x86_64) AppleWebKit/537.36 (KHTML, like Gecko) Falkon/3.0.0 Chrome/65.0.3325.230 Safari/537.36"
176.123.10.110 - - [16/Feb/2025:22:59:38 +0530] "GET /wp-emoji-release.min.js HTTP/1.1" 404 12996 "-" "Mozilla/5.0 (Macintosh; Intel Mac OS X 10_14_6) AppleWebKit/537.36 (KHTML, like Gecko) Chrome/73.0.3683.86 Safari/537.36"
176.123.10.110 - - [16/Feb/2025:22:59:05 +0530] "GET //entertainline.guru/wp-content/themes/generatepress/assets/js/menu.min.js HTTP/1.1" 301 0 "-" "Mozilla/5.0 (Linux; Android 9; INE-LX2) AppleWebKit/537.36 (KHTML, like Gecko) Chrome/76.0.3809.111 Mobile Safari/537.36"
176.123.10.110 - - [16/Feb/2025:22:58:14 +0530] "GET //entertainline.guru/wp-content/themes/generatepress/assets/js/menu.min.js HTTP/1.1" 301 0 "-" "Mozilla/5.0 (Windows NT 10.0; Win64; x64) AppleWebKit/537.36 (KHTML, like Gecko) Chrome/67.0.3396.62 Safari/537.36"
176.123.10.110 - - [16/Feb/2025:22:58:31 +0530] "GET //entertainline.guru/wp-includes/js/dist/hooks.min.js HTTP/1.1" 301 0 "-" "Mozilla/5.0 (X11; U; Linux; i686; en-US; rv:1.6) Gecko Debian/1.6-7"
176.123.10.110 - - [16/Feb/2025:22:59:05 +0530] "GET //pagead2.googlesyndication.com/pagead/js/adsbygoogle.js HTTP/1.1" 301 0 "-" "Mozilla/5.0 (Maemo; Linux armv7l; rv:2.0.1) Gecko/20100101 Firefox/4.0.1 Fennec/2.0.1"
176.123.10.110 - - [16/Feb/2025:22:59:24 +0530] "GET //entertainline.guru/wp-content/themes/generatepress/assets/dist/modal.js HTTP/1.1" 301 0 "-" "Mozilla/5.0 (Windows NT 10.0; Win64; x64) AppleWebKit/537.36 (KHTML, like Gecko) Chrome/60.0.3112.113 Safari/537.36"
176.123.10.110 - - [16/Feb/2025:22:59:38 +0530] "GET //entertainline.guru/wp-content/plugins/gp-premium/menu-plus/functions/js/offside.min.js HTTP/1.1" 301 0 "-" "Mozilla/5.0 (Macintosh; Intel Mac OS X 10_13_4) AppleWebKit/537.36 (KHTML, like Gecko) Chrome/75.0.3770.145 Safari/537.36 Vivaldi/2.6.1566.49"
176.123.10.110 - - [16/Feb/2025:22:59:38 +0530] "GET //pagead2.googlesyndication.com/pagead/js/adsbygoogle.js HTTP/1.1" 301 0 "-" "Mozilla/5.0 (Linux; Android 7.1.2; FP2) AppleWebKit/537.36 (KHTML, like Gecko) Chrome/78.0.3888.0 Mobile Safari/537.36"
176.123.10.110 - - [16/Feb/2025:22:59:38 +0530] "GET //entertainline.guru/wp-content/plugins/contact-form-7/includes/js/index.js HTTP/1.1" 301 0 "-" "Mozilla/5.0 (X11; Linux x86_64) AppleWebKit/534.24 (KHTML, like Gecko) Ubuntu/10.10 Chromium/12.0.703.0 Chrome/12.0.703.0 Safari/534.24"
2a06:98c0:3600::103 - - [16/Feb/2025:23:22:43 +0530] "GET /wp-admin/setup-config.php HTTP/1.1" 409 1041 "-" "Mozilla/5.0 (Windows NT 10.0; Win64; x64) AppleWebKit/537.36 (KHTML, like Gecko) Chrome/132.0.0.0 Safari/537.36"
162.55.100.32 - - [16/Feb/2025:22:43:38 +0530] "POST /wp-cron.php?doing_wp_cron=1739726018.3428618907928466796875 HTTP/1.1" 200 0 "-" "WordPress/6.7.2; https://entertainline.guru"
54.36.148.72 - - [16/Feb/2025:22:43:37 +0530] "GET /category/celebrity/ HTTP/2" 200 13675 "-" "Mozilla/5.0 (compatible; AhrefsBot/7.0; +http://ahrefs.com/robot/)"
176.123.10.110 - - [16/Feb/2025:22:55:14 +0530] "GET / HTTP/1.1" 200 17147 "-" "Mozilla/5.0 (Linux; Android 9; Mi A2) AppleWebKit/537.36 (KHTML, like Gecko) Chrome/76.0.3809.111 Mobile Safari/537.36"
176.123.10.110 - - [16/Feb/2025:22:55:27 +0530] "GET //entertainline.guru/wp-content/themes/generatepress/assets/js/classList.min.js/latest/meta-data/iam/security-credentials/ HTTP/1.1" 301 0 "-" "Mozilla/5.0 (Windows NT 6.2; ARM; Trident/7.0; Touch; rv:11.0; WPDesktop; NOKIA; Lumia 635) like Gecko"
176.123.10.110 - - [16/Feb/2025:22:55:50 +0530] "GET //entertainline.guru/wp-content/plugins/contact-form-7/includes/js/index.js/latest/meta-data/instance-id/ HTTP/1.1" 301 0 "-" "Mozilla/5.0 (BeOS; U; BeOS BePC; en-US; rv:1.9a1) Gecko/20060702 SeaMonkey/1.5a"
176.123.10.110 - - [16/Feb/2025:22:56:41 +0530] "GET //entertainline.guru/wp-content/plugins/contact-form-7/includes/js/index.js/latest/meta-data/placement/availability-zone/ HTTP/1.1" 301 0 "-" "Mozilla/5.0 (Windows NT 10.0; Win64; x64) AppleWebKit/537.36 (KHTML, like Gecko) Chrome/73.0.3683.103 Safari/537.36"
176.123.10.110 - - [16/Feb/2025:22:57:01 +0530] "GET /wp-emoji-release.min.js/computeMetadata/v1/instance/service-accounts/default/token HTTP/1.1" 404 12989 "-" "Mozilla/5.0 (Windows NT 10.0; WOW64) AppleWebKit/537.36 (KHTML, like Gecko) Chrome/53.0.2785.90 Safari/537.36 Vivaldi/1.4.589.11"
176.123.10.110 - - [16/Feb/2025:22:57:58 +0530] "GET //entertainline.guru/wp-content/themes/generatepress/assets/js/classList.min.js HTTP/1.1" 301 0 "-" "Mozilla/5.0 (Linux; Android 5.1.1; A37f Build/LMY47V) AppleWebKit/537.36 (KHTML, like Gecko) Chrome/66.0.3359.126 Mobile Safari/537.36"
176.123.10.110 - - [16/Feb/2025:22:58:32 +0530] "GET //entertainline.guru/wp-content/themes/generatepress/assets/dist/modal.js HTTP/1.1" 301 0 "-" "Mozilla/5.0 (Macintosh; U; PPC Mac OS X; en) AppleWebKit/125.2 (KHTML, like Gecko) Safari/85.8"
176.123.10.110 - - [16/Feb/2025:22:58:49 +0530] "GET //entertainline.guru/wp-content/plugins/contact-form-7/includes/js/index.js HTTP/1.1" 301 0 "-" "Mozilla/5.0 (Linux; Android 9; SAMSUNG SM-G975U1 Build/PPR1.180610.011) AppleWebKit/537.36 (KHTML, like Gecko) SamsungBrowser/9.4 Chrome/67.0.3396.87 Mobile Safari/537.36"
176.123.10.110 - - [16/Feb/2025:22:58:50 +0530] "GET /wp-emoji-release.min.js HTTP/1.1" 404 12996 "-" "Mozilla/5.0 (iPhone; CPU iPhone OS 12_2 like Mac OS X) AppleWebKit/605.1.15 (KHTML, like Gecko) CriOS/76.0.3809.81 Mobile/15E148 Safari/605.1"
176.123.10.110 - - [16/Feb/2025:22:59:05 +0530] "GET //entertainline.guru/wp-includes/js/dist/hooks.min.js HTTP/1.1" 301 0 "-" "Mozilla/5.0 (SymbianOS 9.4; Series60/5.0 NokiaN97-1/10.0.012; Profile/MIDP-2.1 Configuration/CLDC-1.1; en-us) AppleWebKit/525 (KHTML, like Gecko) WicKed/7.1.12344"
176.123.10.110 - - [16/Feb/2025:22:59:38 +0530] "GET //entertainline.guru/wp-includes/js/dist/i18n.min.js HTTP/1.1" 301 0 "-" "Mozilla/5.0 (Windows NT 10.0; Win64; x64) AppleWebKit/537.36 (KHTML, like Gecko) Chrome/76.0.3798.0 Safari/537.36"
2a06:98c0:3600::103 - - [16/Feb/2025:23:46:29 +0530] "GET /wp-admin/setup-config.php HTTP/1.1" 409 1041 "-" "Mozilla/5.0 (Windows NT 10.0; Win64; x64) AppleWebKit/537.36 (KHTML, like Gecko) Chrome/132.0.0.0 Safari/537.36"
54.36.148.152 - - [16/Feb/2025:23:43:14 +0530] "GET /feed/ HTTP/2" 200 40849 "-" "Mozilla/5.0 (compatible; AhrefsBot/7.0; +http://ahrefs.com/robot/)"
2a06:98c0:3600::103 - - [16/Feb/2025:23:46:13 +0530] "GET /wordpress/wp-admin/setup-config.php HTTP/1.1" 404 11731 "-" "Mozilla/5.0 (Windows NT 10.0; Win64; x64) AppleWebKit/537.36 (KHTML, like Gecko) Chrome/132.0.0.0 Safari/537.36"
162.55.100.32 - - [16/Feb/2025:23:43:15 +0530] "POST /wp-cron.php?doing_wp_cron=1739729595.2848210334777832031250 HTTP/1.1" 200 0 "-" "WordPress/6.7.2; https://entertainline.guru"
2a06:98c0:3600::103 - - [17/Feb/2025:00:08:55 +0530] "GET /wp-admin/setup-config.php HTTP/1.1" 409 1041 "-" "Mozilla/5.0 (Windows NT 10.0; Win64; x64) AppleWebKit/537.36 (KHTML, like Gecko) Chrome/132.0.0.0 Safari/537.36"
109.123.236.117 - - [16/Feb/2025:23:58:57 +0530] "POST /wp-login.php HTTP/1.1" 200 2186 "-" "Mozilla/5.0 (X11; Fedora; Linux x86_64; rv:94.0) Gecko/20100101 Firefox/95.0"
43.153.85.46 - - [17/Feb/2025:00:01:43 +0530] "GET /author/admin/ HTTP/1.1" 200 17564 "-" "Mozilla/5.0 (iPhone; CPU iPhone OS 13_2_3 like Mac OS X) AppleWebKit/605.1.15 (KHTML, like Gecko) Version/13.0.3 Mobile/15E148 Safari/604.1"
54.36.148.237 - - [17/Feb/2025:00:02:25 +0530] "GET /kelsea-ballerinis-net-worth/ HTTP/2" 200 23541 "-" "Mozilla/5.0 (compatible; AhrefsBot/7.0; +http://ahrefs.com/robot/)"
170.106.147.63 - - [17/Feb/2025:00:11:11 +0530] "GET /casa-maranello-a-ferrari-inspired-dream-palace-in-florida-just-sold-for-55-million/ HTTP/1.1" 200 27595 "-" "Mozilla/5.0 (iPhone; CPU iPhone OS 13_2_3 like Mac OS X) AppleWebKit/605.1.15 (KHTML, like Gecko) Version/13.0.3 Mobile/15E148 Safari/604.1"
109.123.236.117 - - [16/Feb/2025:23:58:51 +0530] "GET /wp-login.php HTTP/1.1" 200 2086 "http://entertainline.guru/wp-login.php" "Mozilla/5.0 (X11; Fedora; Linux x86_64; rv:94.0) Gecko/20100101 Firefox/95.0"
23.111.114.116 - - [17/Feb/2025:00:03:25 +0530] "GET / HTTP/1.1" 200 17136 "-" "Mozilla/5.0 (Linux; Android 10; Redmi Note 9 Pro) AppleWebKit/537.36 (KHTML, like Gecko) Chrome/91.0.4472.120 Mobile Safari/537.36"
109.123.236.117 - - [16/Feb/2025:23:58:55 +0530] "GET /wp-login.php HTTP/1.1" 200 2086 "-" "Mozilla/5.0 (X11; Fedora; Linux x86_64; rv:94.0) Gecko/20100101 Firefox/95.0"
2a06:98c0:3600::103 - - [17/Feb/2025:00:09:20 +0530] "GET /wordpress/wp-admin/setup-config.php HTTP/1.1" 404 11731 "-" "Mozilla/5.0 (Windows NT 10.0; Win64; x64) AppleWebKit/537.36 (KHTML, like Gecko) Chrome/132.0.0.0 Safari/537.36"
49.51.243.156 - - [17/Feb/2025:00:32:31 +0530] "GET /wp-content/uploads/2025/02/jon2-768x439.webp HTTP/1.1" 200 60148 "-" "Mozilla/5.0 (iPhone; CPU iPhone OS 13_2_3 like Mac OS X) AppleWebKit/605.1.15 (KHTML, like Gecko) Version/13.0.3 Mobile/15E148 Safari/604.1"
2a06:98c0:3600::103 - - [17/Feb/2025:00:33:34 +0530] "GET /wp-admin/setup-config.php HTTP/1.1" 409 1041 "-" "Mozilla/5.0 (Windows NT 10.0; Win64; x64) AppleWebKit/537.36 (KHTML, like Gecko) Chrome/132.0.0.0 Safari/537.36"
54.36.149.61 - - [17/Feb/2025:00:35:36 +0530] "GET /casa-maranello-a-ferrari-inspired-dream-palace-in-florida-just-sold-for-55-million/ HTTP/2" 200 24118 "-" "Mozilla/5.0 (compatible; AhrefsBot/7.0; +http://ahrefs.com/robot/)"
2a06:98c0:3600::103 - - [17/Feb/2025:00:43:08 +0530] "GET /wordpress/wp-admin/setup-config.php HTTP/1.1" 404 11731 "-" "Mozilla/5.0 (Windows NT 10.0; Win64; x64) AppleWebKit/537.36 (KHTML, like Gecko) Chrome/132.0.0.0 Safari/537.36"
54.36.148.104 - - [17/Feb/2025:00:50:41 +0530] "GET /joe-rogan-just-paid-14-4-million-for-an-amazing-austin-mansion/ HTTP/2" 200 24389 "-" "Mozilla/5.0 (compatible; AhrefsBot/7.0; +http://ahrefs.com/robot/)"
162.55.100.32 - - [17/Feb/2025:00:43:08 +0530] "POST /wp-cron.php?doing_wp_cron=1739733188.9443979263305664062500 HTTP/1.1" 200 0 "-" "WordPress/6.7.2; https://entertainline.guru"
43.130.102.223 - - [17/Feb/2025:00:21:32 +0530] "GET /joe-rogan-just-paid-14-4-million-for-an-amazing-austin-mansion/ HTTP/1.1" 200 28126 "-" "Mozilla/5.0 (iPhone; CPU iPhone OS 13_2_3 like Mac OS X) AppleWebKit/605.1.15 (KHTML, like Gecko) Version/13.0.3 Mobile/15E148 Safari/604.1"
52.167.144.145 - - [17/Feb/2025:00:24:17 +0530] "GET /sitemap_index.xml HTTP/2" 200 303 "-" "Mozilla/5.0 AppleWebKit/537.36 (KHTML, like Gecko; compatible; bingbot/2.0; +http://www.bing.com/bingbot.htm) Chrome/116.0.1938.76 Safari/537.36"
52.167.144.145 - - [17/Feb/2025:00:24:18 +0530] "GET /post-sitemap.xml HTTP/2" 200 1038 "-" "Mozilla/5.0 AppleWebKit/537.36 (KHTML, like Gecko; compatible; bingbot/2.0; +http://www.bing.com/bingbot.htm) Chrome/116.0.1938.76 Safari/537.36"
2a06:98c0:3600::103 - - [17/Feb/2025:00:31:37 +0530] "GET /wordpress/wp-admin/setup-config.php HTTP/1.1" 404 11731 "-" "Mozilla/5.0 (Windows NT 10.0; Win64; x64) AppleWebKit/537.36 (KHTML, like Gecko) Chrome/132.0.0.0 Safari/537.36"
54.36.149.100 - - [17/Feb/2025:00:18:11 +0530] "GET /who-is-jeff-bezos-fiancee-all-about-lauren-sanchez/ HTTP/2" 200 21608 "-" "Mozilla/5.0 (compatible; AhrefsBot/7.0; +http://ahrefs.com/robot/)"
2a06:98c0:3600::103 - - [17/Feb/2025:00:42:59 +0530] "GET /wp-admin/setup-config.php HTTP/1.1" 409 1041 "-" "Mozilla/5.0 (Windows NT 10.0; Win64; x64) AppleWebKit/537.36 (KHTML, like Gecko) Chrome/132.0.0.0 Safari/537.36"
172.82.65.38 - - [17/Feb/2025:00:45:08 +0530] "GET / HTTP/1.1" 200 14664 "https://www.google.com/" "Mozilla/5.0 (X11; Linux x86_64) AppleWebKit/537.36 (KHTML, like Gecko) Chrome/122.0.0.0 Safari/537.36"
2a06:98c0:3600::103 - - [17/Feb/2025:01:06:12 +0530] "GET /wordpress/wp-admin/setup-config.php HTTP/1.1" 404 4175 "-" "Mozilla/5.0 (Windows NT 10.0; Win64; x64) AppleWebKit/537.36 (KHTML, like Gecko) Chrome/132.0.0.0 Safari/537.36"
54.36.148.113 - - [17/Feb/2025:01:27:29 +0530] "GET /wp-comments-post.php HTTP/2" 405 0 "-" "Mozilla/5.0 (compatible; AhrefsBot/7.0; +http://ahrefs.com/robot/)"
20.171.207.113 - - [17/Feb/2025:01:46:09 +0530] "GET / HTTP/2" 200 14664 "-" "Mozilla/5.0 AppleWebKit/537.36 (KHTML, like Gecko; compatible; GPTBot/1.2; +https://openai.com/gptbot)"
20.171.207.113 - - [17/Feb/2025:01:46:12 +0530] "GET /kelsea-ballerinis-net-worth/ HTTP/2" 200 23498 "-" "Mozilla/5.0 AppleWebKit/537.36 (KHTML, like Gecko; compatible; GPTBot/1.2; +https://openai.com/gptbot)"
20.171.207.113 - - [17/Feb/2025:01:46:14 +0530] "GET /shaboozey-height-age-girlfriend-family-biography/ HTTP/2" 200 23806 "-" "Mozilla/5.0 AppleWebKit/537.36 (KHTML, like Gecko; compatible; GPTBot/1.2; +https://openai.com/gptbot)"
20.171.207.113 - - [17/Feb/2025:01:46:17 +0530] "GET /wp-content/uploads/2025/02/image.jpeg HTTP/2" 200 53440 "-" "Mozilla/5.0 AppleWebKit/537.36 (KHTML, like Gecko; compatible; GPTBot/1.2; +https://openai.com/gptbot)"
20.171.207.113 - - [17/Feb/2025:01:46:19 +0530] "GET /wp-content/uploads/2025/02/jon2-1024x586.webp HTTP/2" 200 100830 "-" "Mozilla/5.0 AppleWebKit/537.36 (KHTML, like Gecko; compatible; GPTBot/1.2; +https://openai.com/gptbot)"
20.171.207.113 - - [17/Feb/2025:01:46:21 +0530] "GET /joe-rogan-just-paid-14-4-million-for-an-amazing-austin-mansion/ HTTP/2" 200 24399 "-" "Mozilla/5.0 AppleWebKit/537.36 (KHTML, like Gecko; compatible; GPTBot/1.2; +https://openai.com/gptbot)"
20.171.207.113 - - [17/Feb/2025:01:46:23 +0530] "GET /wp-content/uploads/2025/02/jon2.webp HTTP/2" 200 169834 "-" "Mozilla/5.0 AppleWebKit/537.36 (KHTML, like Gecko; compatible; GPTBot/1.2; +https://openai.com/gptbot)"
20.171.207.113 - - [17/Feb/2025:01:46:25 +0530] "GET /casa-maranello-a-ferrari-inspired-dream-palace-in-florida-just-sold-for-55-million/ HTTP/2" 200 24129 "-" "Mozilla/5.0 AppleWebKit/537.36 (KHTML, like Gecko; compatible; GPTBot/1.2; +https://openai.com/gptbot)"
20.171.207.113 - - [17/Feb/2025:01:46:26 +0530] "GET /who-is-jeff-bezos-fiancee-all-about-lauren-sanchez/ HTTP/2" 200 21551 "-" "Mozilla/5.0 AppleWebKit/537.36 (KHTML, like Gecko; compatible; GPTBot/1.2; +https://openai.com/gptbot)"
20.171.207.113 - - [17/Feb/2025:01:46:28 +0530] "GET /wp-content/uploads/2025/02/AA1yAoTb.webp HTTP/2" 200 400816 "-" "Mozilla/5.0 AppleWebKit/537.36 (KHTML, like Gecko; compatible; GPTBot/1.2; +https://openai.com/gptbot)"
20.171.207.113 - - [17/Feb/2025:01:46:29 +0530] "GET /wp-content/uploads/2025/02/AA1yAoTb-1024x536.webp HTTP/2" 200 136128 "-" "Mozilla/5.0 AppleWebKit/537.36 (KHTML, like Gecko; compatible; GPTBot/1.2; +https://openai.com/gptbot)"
20.171.207.113 - - [17/Feb/2025:01:46:30 +0530] "GET /?p=549 HTTP/2" 301 0 "-" "Mozilla/5.0 AppleWebKit/537.36 (KHTML, like Gecko; compatible; GPTBot/1.2; +https://openai.com/gptbot)"
20.171.207.113 - - [17/Feb/2025:01:46:31 +0530] "GET /?p=540 HTTP/2" 301 0 "-" "Mozilla/5.0 AppleWebKit/537.36 (KHTML, like Gecko; compatible; GPTBot/1.2; +https://openai.com/gptbot)"
20.171.207.113 - - [17/Feb/2025:01:46:32 +0530] "GET /shaboozey-height-age-girlfriend-family-biography/feed/ HTTP/2" 200 493 "-" "Mozilla/5.0 AppleWebKit/537.36 (KHTML, like Gecko; compatible; GPTBot/1.2; +https://openai.com/gptbot)"
20.171.207.113 - - [17/Feb/2025:01:46:33 +0530] "GET /xmlrpc.php HTTP/2" 405 46 "-" "Mozilla/5.0 AppleWebKit/537.36 (KHTML, like Gecko; compatible; GPTBot/1.2; +https://openai.com/gptbot)"
20.171.207.113 - - [17/Feb/2025:01:46:35 +0530] "GET /?p=562 HTTP/2" 301 0 "-" "Mozilla/5.0 AppleWebKit/537.36 (KHTML, like Gecko; compatible; GPTBot/1.2; +https://openai.com/gptbot)"
20.171.207.113 - - [17/Feb/2025:01:46:36 +0530] "GET /joe-rogan-just-paid-14-4-million-for-an-amazing-austin-mansion/feed/ HTTP/2" 200 525 "-" "Mozilla/5.0 AppleWebKit/537.36 (KHTML, like Gecko; compatible; GPTBot/1.2; +https://openai.com/gptbot)"
20.171.207.113 - - [17/Feb/2025:01:46:37 +0530] "GET /?p=555 HTTP/2" 301 0 "-" "Mozilla/5.0 AppleWebKit/537.36 (KHTML, like Gecko; compatible; GPTBot/1.2; +https://openai.com/gptbot)"
20.171.207.113 - - [17/Feb/2025:01:46:38 +0530] "GET /?p=534 HTTP/2" 301 0 "-" "Mozilla/5.0 AppleWebKit/537.36 (KHTML, like Gecko; compatible; GPTBot/1.2; +https://openai.com/gptbot)"
20.171.207.113 - - [17/Feb/2025:01:46:39 +0530] "GET /casa-maranello-a-ferrari-inspired-dream-palace-in-florida-just-sold-for-55-million/feed/ HTTP/2" 200 547 "-" "Mozilla/5.0 AppleWebKit/537.36 (KHTML, like Gecko; compatible; GPTBot/1.2; +https://openai.com/gptbot)"
20.171.207.113 - - [17/Feb/2025:01:46:40 +0530] "GET /who-is-jeff-bezos-fiancee-all-about-lauren-sanchez/feed/ HTTP/2" 200 530 "-" "Mozilla/5.0 AppleWebKit/537.36 (KHTML, like Gecko; compatible; GPTBot/1.2; +https://openai.com/gptbot)"
20.171.207.113 - - [17/Feb/2025:01:46:42 +0530] "GET /?s=%7Bsearch_term_string%7D HTTP/2" 200 12005 "-" "Mozilla/5.0 AppleWebKit/537.36 (KHTML, like Gecko; compatible; GPTBot/1.2; +https://openai.com/gptbot)"
20.171.207.113 - - [17/Feb/2025:01:46:43 +0530] "GET /who-is HTTP/2" 301 0 "-" "Mozilla/5.0 AppleWebKit/537.36 (KHTML, like Gecko; compatible; GPTBot/1.2; +https://openai.com/gptbot)"
20.171.207.113 - - [17/Feb/2025:01:46:44 +0530] "GET /wp-content/uploads/2025/02/Capture.pn HTTP/2" 404 11731 "-" "Mozilla/5.0 AppleWebKit/537.36 (KHTML, like Gecko; compatible; GPTBot/1.2; +https://openai.com/gptbot)"
20.171.207.113 - - [17/Feb/2025:01:46:45 +0530] "GET /wp-content/uploads/2025/02/image-3-1024x566.png HTTP/2" 200 857577 "-" "Mozilla/5.0 AppleWebKit/537.36 (KHTML, like Gecko; compatible; GPTBot/1.2; +https://openai.com/gptbot)"
20.171.207.113 - - [17/Feb/2025:01:46:46 +0530] "GET /wp-content/uploads/2025/02/image-2-1024x563.jpeg HTTP/2" 200 63536 "-" "Mozilla/5.0 AppleWebKit/537.36 (KHTML, like Gecko; compatible; GPTBot/1.2; +https://openai.com/gptbot)"
20.171.207.113 - - [17/Feb/2025:01:46:47 +0530] "GET /kelsea-ballerinis-net-worth/feed/ HTTP/2" 200 513 "-" "Mozilla/5.0 AppleWebKit/537.36 (KHTML, like Gecko; compatible; GPTBot/1.2; +https://openai.com/gptbot)"
20.171.207.113 - - [17/Feb/2025:01:46:48 +0530] "GET /wp-content/uploads/2025/02/image-8-1024x563.jpeg HTTP/2" 200 167422 "-" "Mozilla/5.0 AppleWebKit/537.36 (KHTML, like Gecko; compatible; GPTBot/1.2; +https://openai.com/gptbot)"
20.171.207.113 - - [17/Feb/2025:01:46:50 +0530] "GET /wp-content/uploads/2025/02/image-9-1024x563.jpeg HTTP/2" 200 165527 "-" "Mozilla/5.0 AppleWebKit/537.36 (KHTML, like Gecko; compatible; GPTBot/1.2; +https://openai.com/gptbot)"
20.171.207.113 - - [17/Feb/2025:01:46:51 +0530] "GET /wp-content/uploads/2025/02/image-6-1024x563.jpeg HTTP/2" 200 151903 "-" "Mozilla/5.0 AppleWebKit/537.36 (KHTML, like Gecko; compatible; GPTBot/1.2; +https://openai.com/gptbot)"
20.171.207.113 - - [17/Feb/2025:01:46:52 +0530] "GET /wp-content/uploads/2025/02/image-5-1024x563.jpeg HTTP/2" 200 41360 "-" "Mozilla/5.0 AppleWebKit/537.36 (KHTML, like Gecko; compatible; GPTBot/1.2; +https://openai.com/gptbot)"
20.171.207.113 - - [17/Feb/2025:01:46:53 +0530] "GET /wp-content/uploads/2025/02/image-3-1024x563.jpeg HTTP/2" 200 62463 "-" "Mozilla/5.0 AppleWebKit/537.36 (KHTML, like Gecko; compatible; GPTBot/1.2; +https://openai.com/gptbot)"
20.171.207.113 - - [17/Feb/2025:01:46:54 +0530] "GET /wp-content/uploads/2025/02/image-1-1024x563.jpeg HTTP/2" 200 81845 "-" "Mozilla/5.0 AppleWebKit/537.36 (KHTML, like Gecko; compatible; GPTBot/1.2; +https://openai.com/gptbot)"
20.171.207.113 - - [17/Feb/2025:01:46:56 +0530] "GET /wp-content/uploads/2025/02 HTTP/2" 301 795 "-" "Mozilla/5.0 AppleWebKit/537.36 (KHTML, like Gecko; compatible; GPTBot/1.2; +https://openai.com/gptbot)"
20.171.207.113 - - [17/Feb/2025:01:46:57 +0530] "GET /wp-content/uploads/2025/02/did-shaboozey-biography-1024x576.png HTTP/2" 200 834787 "-" "Mozilla/5.0 AppleWebKit/537.36 (KHTML, like Gecko; compatible; GPTBot/1.2; +https://openai.com/gptbot)"
20.171.207.113 - - [17/Feb/2025:01:46:58 +0530] "GET /wp-content/uploads/2025/02/image-1.png HTTP/2" 200 460032 "-" "Mozilla/5.0 AppleWebKit/537.36 (KHTML, like Gecko; compatible; GPTBot/1.2; +https://openai.com/gptbot)"
20.171.207.113 - - [17/Feb/2025:01:46:59 +0530] "GET /wp-content/uploads/2025/02/image-2.png HTTP/2" 200 114132 "-" "Mozilla/5.0 AppleWebKit/537.36 (KHTML, like Gecko; compatible; GPTBot/1.2; +https://openai.com/gptbot)"
20.171.207.113 - - [17/Feb/2025:01:47:00 +0530] "GET /wp-content/uploads/2025/02/image-1024x563.jpeg HTTP/2" 200 42278 "-" "Mozilla/5.0 AppleWebKit/537.36 (KHTML, like Gecko; compatible; GPTBot/1.2; +https://openai.com/gptbot)"
20.171.207.113 - - [17/Feb/2025:01:47:01 +0530] "GET /wp-json/wp/v2/posts/549 HTTP/2" 200 9756 "-" "Mozilla/5.0 AppleWebKit/537.36 (KHTML, like Gecko; compatible; GPTBot/1.2; +https://openai.com/gptbot)"
20.171.207.113 - - [17/Feb/2025:01:47:03 +0530] "GET /wp-json/wp/v2/posts/562 HTTP/2" 200 10654 "-" "Mozilla/5.0 AppleWebKit/537.36 (KHTML, like Gecko; compatible; GPTBot/1.2; +https://openai.com/gptbot)"
20.171.207.113 - - [17/Feb/2025:01:47:04 +0530] "GET /wp-json/wp/v2/posts/534 HTTP/2" 200 7820 "-" "Mozilla/5.0 AppleWebKit/537.36 (KHTML, like Gecko; compatible; GPTBot/1.2; +https://openai.com/gptbot)"
20.171.207.113 - - [17/Feb/2025:01:47:05 +0530] "GET /wp-json/wp/v2/posts/540 HTTP/2" 200 9970 "-" "Mozilla/5.0 AppleWebKit/537.36 (KHTML, like Gecko; compatible; GPTBot/1.2; +https://openai.com/gptbot)"
20.171.207.113 - - [17/Feb/2025:01:47:06 +0530] "GET /wp-json/wp/v2/posts/555 HTTP/2" 200 10241 "-" "Mozilla/5.0 AppleWebKit/537.36 (KHTML, like Gecko; compatible; GPTBot/1.2; +https://openai.com/gptbot)"
20.171.207.113 - - [17/Feb/2025:01:47:07 +0530] "GET /wp-content/uploads/2025/02/Shaboozey-Height-Age-Girlfriend-Family-Biography.png HTTP/2" 200 266323 "-" "Mozilla/5.0 AppleWebKit/537.36 (KHTML, like Gecko; compatible; GPTBot/1.2; +https://openai.com/gptbot)"
20.171.207.113 - - [17/Feb/2025:01:47:08 +0530] "GET /wp-content/uploads/2025/02/Kelsea-Ballerinis-Net-Worth-Uncovering-the-Country-Artists-Wealth.png HTTP/2" 200 428855 "-" "Mozilla/5.0 AppleWebKit/537.36 (KHTML, like Gecko; compatible; GPTBot/1.2; +https://openai.com/gptbot)"
20.171.207.113 - - [17/Feb/2025:01:47:09 +0530] "GET /wp-content/uploads/2025/02/Shaboozey-Height-Age-Girlfriend-Family-Biography-1024x576.png HTTP/2" 200 554097 "-" "Mozilla/5.0 AppleWebKit/537.36 (KHTML, like Gecko; compatible; GPTBot/1.2; +https://openai.com/gptbot)"
20.171.207.113 - - [17/Feb/2025:01:47:11 +0530] "GET /wp-content/uploads/2025/02/Kelsea-Ballerinis-Net-Worth-Uncovering-the-Country-Artists-Wealth-1024x576.jpg HTTP/2" 200 72798 "-" "Mozilla/5.0 AppleWebKit/537.36 (KHTML, like Gecko; compatible; GPTBot/1.2; +https://openai.com/gptbot)"
20.171.207.113 - - [17/Feb/2025:01:47:12 +0530] "GET /wp-content/uploads/2025/02/Kelsea-Ballerinis-Net-Worth-Uncovering-the-Country-Artists-Wealth-1024x576.png HTTP/2" 200 783120 "-" "Mozilla/5.0 AppleWebKit/537.36 (KHTML, like Gecko; compatible; GPTBot/1.2; +https://openai.com/gptbot)"
20.171.207.113 - - [17/Feb/2025:01:47:13 +0530] "GET /category/anime-entertaiment/ HTTP/2" 200 12329 "-" "Mozilla/5.0 AppleWebKit/537.36 (KHTML, like Gecko; compatible; GPTBot/1.2; +https://openai.com/gptbot)"
20.171.207.113 - - [17/Feb/2025:01:47:14 +0530] "GET /category/celebrity/ HTTP/2" 200 13735 "-" "Mozilla/5.0 AppleWebKit/537.36 (KHTML, like Gecko; compatible; GPTBot/1.2; +https://openai.com/gptbot)"
20.171.207.113 - - [17/Feb/2025:01:47:15 +0530] "GET /wp-json/oembed/1.0/embed?url=https%3A%2F%2Fentertainline.guru%2Fcasa-maranello-a-ferrari-inspired-dream-palace-in-florida-just-sold-for-55-million%2F HTTP/2" 200 1215 "-" "Mozilla/5.0 AppleWebKit/537.36 (KHTML, like Gecko; compatible; GPTBot/1.2; +https://openai.com/gptbot)"
20.171.207.113 - - [17/Feb/2025:01:47:16 +0530] "GET /wp-json/oembed/1.0/embed?url=https%3A%2F%2Fentertainline.guru%2Fwho-is-jeff-bezos-fiancee-all-about-lauren-sanchez%2F HTTP/2" 200 1211 "-" "Mozilla/5.0 AppleWebKit/537.36 (KHTML, like Gecko; compatible; GPTBot/1.2; +https://openai.com/gptbot)"
20.171.207.113 - - [17/Feb/2025:01:47:17 +0530] "GET /wp-json/oembed/1.0/embed?url=https%3A%2F%2Fentertainline.guru%2Fshaboozey-height-age-girlfriend-family-biography%2F HTTP/2" 200 1199 "-" "Mozilla/5.0 AppleWebKit/537.36 (KHTML, like Gecko; compatible; GPTBot/1.2; +https://openai.com/gptbot)"
20.171.207.113 - - [17/Feb/2025:01:47:19 +0530] "GET /wp-json/oembed/1.0/embed?url=https%3A%2F%2Fentertainline.guru%2Fjoe-rogan-just-paid-14-4-million-for-an-amazing-austin-mansion%2F HTTP/2" 200 1156 "-" "Mozilla/5.0 AppleWebKit/537.36 (KHTML, like Gecko; compatible; GPTBot/1.2; +https://openai.com/gptbot)"
20.171.207.113 - - [17/Feb/2025:01:47:20 +0530] "GET /wp-json/oembed/1.0/embed?url=https%3A%2F%2Fentertainline.guru%2Fkelsea-ballerinis-net-worth%2F HTTP/2" 200 1219 "-" "Mozilla/5.0 AppleWebKit/537.36 (KHTML, like Gecko; compatible; GPTBot/1.2; +https://openai.com/gptbot)"
20.171.207.113 - - [17/Feb/2025:01:47:21 +0530] "GET /wp-json/oembed/1.0/embed?format=xml&url=https%3A%2F%2Fentertainline.guru%2Fcasa-maranello-a-ferrari-inspired-dream-palace-in-florida-just-sold-for-55-million%2F HTTP/2" 200 1257 "-" "Mozilla/5.0 AppleWebKit/537.36 (KHTML, like Gecko; compatible; GPTBot/1.2; +https://openai.com/gptbot)"
20.171.207.113 - - [17/Feb/2025:01:47:22 +0530] "GET /wp-json/oembed/1.0/embed?format=xml&url=https%3A%2F%2Fentertainline.guru%2Fwho-is-jeff-bezos-fiancee-all-about-lauren-sanchez%2F HTTP/2" 200 1251 "-" "Mozilla/5.0 AppleWebKit/537.36 (KHTML, like Gecko; compatible; GPTBot/1.2; +https://openai.com/gptbot)"
20.171.207.113 - - [17/Feb/2025:01:47:23 +0530] "GET /wp-json/oembed/1.0/embed?format=xml&url=https%3A%2F%2Fentertainline.guru%2Fshaboozey-height-age-girlfriend-family-biography%2F HTTP/2" 200 1238 "-" "Mozilla/5.0 AppleWebKit/537.36 (KHTML, like Gecko; compatible; GPTBot/1.2; +https://openai.com/gptbot)"
20.171.207.113 - - [17/Feb/2025:01:47:24 +0530] "GET /wp-json/wp/v2/categories/11 HTTP/2" 200 1622 "-" "Mozilla/5.0 AppleWebKit/537.36 (KHTML, like Gecko; compatible; GPTBot/1.2; +https://openai.com/gptbot)"
20.171.207.113 - - [17/Feb/2025:01:47:26 +0530] "GET /wp-json/wp/v2/categories/1 HTTP/2" 200 1649 "-" "Mozilla/5.0 AppleWebKit/537.36 (KHTML, like Gecko; compatible; GPTBot/1.2; +https://openai.com/gptbot)"
20.171.207.113 - - [17/Feb/2025:01:47:27 +0530] "GET /category/anime-entertaiment/feed/ HTTP/2" 200 601 "-" "Mozilla/5.0 AppleWebKit/537.36 (KHTML, like Gecko; compatible; GPTBot/1.2; +https://openai.com/gptbot)"
20.171.207.113 - - [17/Feb/2025:01:47:28 +0530] "GET /category/celebrity/feed/ HTTP/2" 200 31543 "-" "Mozilla/5.0 AppleWebKit/537.36 (KHTML, like Gecko; compatible; GPTBot/1.2; +https://openai.com/gptbot)"
20.171.207.113 - - [17/Feb/2025:01:47:29 +0530] "GET /wp-json/oembed/1.0/embed?format=xml&url=https%3A%2F%2Fentertainline.guru%2Fjoe-rogan-just-paid-14-4-million-for-an-amazing-austin-mansion%2F HTTP/2" 200 1192 "-" "Mozilla/5.0 AppleWebKit/537.36 (KHTML, like Gecko; compatible; GPTBot/1.2; +https://openai.com/gptbot)"
20.171.207.113 - - [17/Feb/2025:01:47:30 +0530] "GET /wp-json/oembed/1.0/embed?format=xml&url=https%3A%2F%2Fentertainline.guru%2Fkelsea-ballerinis-net-worth%2F HTTP/2" 200 1247 "-" "Mozilla/5.0 AppleWebKit/537.36 (KHTML, like Gecko; compatible; GPTBot/1.2; +https://openai.com/gptbot)"
20.171.207.113 - - [17/Feb/2025:01:47:31 +0530] "GET /wp-json/oembed/1.0/t.value HTTP/2" 404 105 "-" "Mozilla/5.0 AppleWebKit/537.36 (KHTML, like Gecko; compatible; GPTBot/1.2; +https://openai.com/gptbot)"
20.171.207.113 - - [17/Feb/2025:01:47:32 +0530] "GET /casa-maranello-a-ferrari-inspired-dream-palace-in-florida-just-sold-for-55-million/embed/ HTTP/2" 200 6606 "-" "Mozilla/5.0 AppleWebKit/537.36 (KHTML, like Gecko; compatible; GPTBot/1.2; +https://openai.com/gptbot)"
20.171.207.113 - - [17/Feb/2025:01:47:33 +0530] "GET /who-is-jeff-bezos-fiancee-all-about-lauren-sanchez/embed/ HTTP/2" 200 6580 "-" "Mozilla/5.0 AppleWebKit/537.36 (KHTML, like Gecko; compatible; GPTBot/1.2; +https://openai.com/gptbot)"
20.171.207.113 - - [17/Feb/2025:01:47:35 +0530] "GET /shaboozey-height-age-girlfriend-family-biography/embed/ HTTP/2" 200 6567 "-" "Mozilla/5.0 AppleWebKit/537.36 (KHTML, like Gecko; compatible; GPTBot/1.2; +https://openai.com/gptbot)"
20.171.207.113 - - [17/Feb/2025:01:47:36 +0530] "GET /joe-rogan-just-paid-14-4-million-for-an-amazing-austin-mansion/embed/ HTTP/2" 200 6581 "-" "Mozilla/5.0 AppleWebKit/537.36 (KHTML, like Gecko; compatible; GPTBot/1.2; +https://openai.com/gptbot)"
20.171.207.113 - - [17/Feb/2025:01:47:37 +0530] "GET /kelsea-ballerinis-net-worth/embed/ HTTP/2" 200 6623 "-" "Mozilla/5.0 AppleWebKit/537.36 (KHTML, like Gecko; compatible; GPTBot/1.2; +https://openai.com/gptbot)"
20.171.207.113 - - [17/Feb/2025:01:47:38 +0530] "GET /casa-maranello-a-ferrari-inspired-dream-palace-in-florida-just-sold-for-55-million/embed/t.value HTTP/2" 404 11731 "-" "Mozilla/5.0 AppleWebKit/537.36 (KHTML, like Gecko; compatible; GPTBot/1.2; +https://openai.com/gptbot)"
20.171.207.113 - - [17/Feb/2025:01:47:39 +0530] "GET /wp-content/uploads/2025/02/AA1yAoTb-300x157.webp HTTP/2" 200 16300 "-" "Mozilla/5.0 AppleWebKit/537.36 (KHTML, like Gecko; compatible; GPTBot/1.2; +https://openai.com/gptbot)"
20.171.207.113 - - [17/Feb/2025:01:47:40 +0530] "GET /wp-content/uploads/2025/02/image-768x422.jpeg HTTP/2" 200 26860 "-" "Mozilla/5.0 AppleWebKit/537.36 (KHTML, like Gecko; compatible; GPTBot/1.2; +https://openai.com/gptbot)"
20.171.207.113 - - [17/Feb/2025:01:47:41 +0530] "GET /who-is-jeff-bezos-fiancee-all-about-lauren-sanchez/embed/t.value HTTP/2" 404 11644 "-" "Mozilla/5.0 AppleWebKit/537.36 (KHTML, like Gecko; compatible; GPTBot/1.2; +https://openai.com/gptbot)"
20.171.207.113 - - [17/Feb/2025:01:47:43 +0530] "GET /shaboozey-height-age-girlfriend-family-biography/embed/t.value HTTP/2" 404 11731 "-" "Mozilla/5.0 AppleWebKit/537.36 (KHTML, like Gecko; compatible; GPTBot/1.2; +https://openai.com/gptbot)"
20.171.207.113 - - [17/Feb/2025:01:47:44 +0530] "GET /wp-content/uploads/2025/02/jon2-768x439.webp HTTP/2" 200 60148 "-" "Mozilla/5.0 AppleWebKit/537.36 (KHTML, like Gecko; compatible; GPTBot/1.2; +https://openai.com/gptbot)"
20.171.207.113 - - [17/Feb/2025:01:47:45 +0530] "GET /joe-rogan-just-paid-14-4-million-for-an-amazing-austin-mansion/embed/t.value HTTP/2" 404 11731 "-" "Mozilla/5.0 AppleWebKit/537.36 (KHTML, like Gecko; compatible; GPTBot/1.2; +https://openai.com/gptbot)"
20.171.207.113 - - [17/Feb/2025:01:47:46 +0530] "GET /kelsea-ballerinis-net-worth/embed/t.value HTTP/2" 404 11687 "-" "Mozilla/5.0 AppleWebKit/537.36 (KHTML, like Gecko; compatible; GPTBot/1.2; +https://openai.com/gptbot)"
167.94.145.96 - - [17/Feb/2025:01:59:45 +0530] "GET /wp-content/uploads/2025/02/entertainline.guru-1-150x150.png HTTP/1.1" 200 2478 "-" "Mozilla/5.0 (compatible; CensysInspect/1.1; +https://about.censys.io/)"
167.94.145.96 - - [17/Feb/2025:01:59:45 +0530] "GET /wp-content/uploads/2025/02/entertainline.guru-1-300x300.png HTTP/1.1" 200 9025 "-" "Mozilla/5.0 (compatible; CensysInspect/1.1; +https://about.censys.io/)"
2a06:98c0:3600::103 - - [17/Feb/2025:02:13:37 +0530] "GET /wordpress/wp-admin/setup-config.php HTTP/1.1" 404 11731 "-" "Mozilla/5.0 (Windows NT 10.0; Win64; x64) AppleWebKit/537.36 (KHTML, like Gecko) Chrome/132.0.0.0 Safari/537.36"
35.86.242.1 - - [17/Feb/2025:02:30:36 +0530] "GET //entertainline.guru/wp-content/plugins/contact-form-7/includes/swv/js/index.js HTTP/1.1" 301 0 "-" "Mozilla/5.0 (Windows NT 10.0; WOW64) AppleWebKit/537.36 (KHTML, like Gecko) Chrome/65.0.3325.162 Safari/537.36"
35.86.242.1 - - [17/Feb/2025:02:30:41 +0530] "GET //entertainline.guru/wp-content/themes/generatepress/assets/dist/modal.js HTTP/1.1" 301 0 "-" "Mozilla/5.0 (Windows NT 6.1; WOW64; Trident/7.0; rv:11.0) like Gecko"
93.120.113.39 - - [17/Feb/2025:02:59:08 +0530] "GET /wp-content/uploads/2025/02/image.jpeg HTTP/1.1" 200 53440 "-" "Mozilla/5.0 (Macintosh; Intel Mac OS X 13_0_1) AppleWebKit/537.36 (KHTML, like Gecko) Chrome/108.0.0.0 Safari/537.36"
35.86.242.1 - - [17/Feb/2025:02:30:36 +0530] "GET //entertainline.guru/wp-content/themes/generatepress/assets/js/classList.min.js HTTP/1.1" 301 0 "-" "Mozilla/5.0 (Macintosh; Intel Mac OS X 10_14_6) AppleWebKit/537.36 (KHTML, like Gecko) Chrome/53.0.2785.21 Safari/537.36 MMS/1.0.2531.0"
35.86.242.1 - - [17/Feb/2025:02:30:36 +0530] "GET //entertainline.guru/wp-includes/js/dist/i18n.min.js HTTP/1.1" 301 0 "-" "Googlebot-Image/1.0"
35.86.242.1 - - [17/Feb/2025:02:48:46 +0530] "GET / HTTP/1.1" 200 17147 "-" "Mozilla/5.0 (Macintosh; Intel Mac OS X 10_14_6) AppleWebKit/537.36 (KHTML, like Gecko) Chrome/73.0.3683.75 Safari/537.36"
35.86.242.1 - - [17/Feb/2025:02:49:21 +0530] "GET //entertainline.guru/wp-content/themes/generatepress/assets/dist/modal.js HTTP/1.1" 301 0 "-" "SonyEricssonK750i/R1CA Browser/SEMC-Browser/4.2 Profile/MIDP-2.0 Configuration/CLDC-1.1"
35.86.242.1 - - [17/Feb/2025:02:49:21 +0530] "GET //pagead2.googlesyndication.com/pagead/js/adsbygoogle.js HTTP/1.1" 301 0 "-" "Mozilla/5.0 (Linux; Android 9; SM-A505F) AppleWebKit/537.36 (KHTML, like Gecko) Chrome/76.0.3809.111 Mobile Safari/537.36"
35.86.242.1 - - [17/Feb/2025:02:49:21 +0530] "GET //entertainline.guru/wp-content/plugins/gp-premium/menu-plus/functions/js/offside.min.js HTTP/1.1" 301 0 "-" "Mozilla/5.0 (X11; Linux x86_64) AppleWebKit/537.21 (KHTML, like Gecko) konqueror/4.14.10 Safari/537.21"
38.154.214.84 - - [17/Feb/2025:02:59:16 +0530] "GET /wp-content/uploads/2025/02/Kelsea-Ballerinis-Net-Worth-Uncovering-the-Country-Artists-Wealth-1024x576.png HTTP/1.1" 200 783120 "-" "Mozilla/5.0 (Windows NT 10.0; Win64; x64) AppleWebKit/537.36 (KHTML, like Gecko) Chrome/108.0.0.0 Safari/537.36"
35.86.242.1 - - [17/Feb/2025:02:29:58 +0530] "GET / HTTP/1.1" 200 17147 "-" "Mozilla/5.0 (Linux; Android 9; ASUS_X00QD) AppleWebKit/537.36 (KHTML, like Gecko) Chrome/76.0.3809.111 Mobile Safari/537.36"
35.86.242.1 - - [17/Feb/2025:02:30:37 +0530] "GET //entertainline.guru/wp-content/themes/generatepress/assets/js/menu.min.js HTTP/1.1" 301 0 "-" "Mozilla/5.0 (Linux; Android 9; SM-N950U) AppleWebKit/537.36 (KHTML, like Gecko) Chrome/76.0.3809.89 Mobile Safari/537.36"
35.86.242.1 - - [17/Feb/2025:02:30:41 +0530] "GET //entertainline.guru/wp-content/themes/generatepress/assets/js/menu.min.js HTTP/1.1" 301 0 "-" "Mozilla/5.0 (Linux; Android 9; SM-A505FM) AppleWebKit/537.36 (KHTML, like Gecko) Chrome/76.0.3809.111 Mobile Safari/537.36"
35.86.242.1 - - [17/Feb/2025:02:30:43 +0530] "GET //entertainline.guru/wp-includes/js/dist/i18n.min.js HTTP/1.1" 301 0 "-" "Mozilla/5.0 (Macintosh; Intel Mac OS X 10_13_3) AppleWebKit/537.36 (KHTML, like Gecko) Chrome/75.0.3770.142 Safari/537.36"
2a06:98c0:3600::103 - - [17/Feb/2025:02:34:12 +0530] "GET /wp-admin/setup-config.php HTTP/1.1" 409 1041 "-" "Mozilla/5.0 (Windows NT 10.0; Win64; x64) AppleWebKit/537.36 (KHTML, like Gecko) Chrome/132.0.0.0 Safari/537.36"
35.86.242.1 - - [17/Feb/2025:02:48:41 +0530] "GET / HTTP/1.1" 200 17143 "-" "Mozilla/5.0 (Linux; Android 8.0.0; Pixel XL Build/OPR6.170623.012) AppleWebKit/537.36 (KHTML, like Gecko) Chrome/60.0.3112.107 Mobile Safari/537.36"
35.86.242.1 - - [17/Feb/2025:02:49:21 +0530] "GET //entertainline.guru/wp-content/themes/generatepress/assets/dist/modal.js HTTP/1.1" 301 0 "-" "Mozilla/5.0 (Macintosh; Intel Mac OS X 10.13; rv:55.0) Gecko/20100101 Firefox/55.0"
35.86.242.1 - - [17/Feb/2025:02:49:21 +0530] "GET //entertainline.guru/wp-includes/js/dist/hooks.min.js HTTP/1.1" 301 0 "-" "Mozilla/5.0 (X11; Linux x86_64) AppleWebKit/537.36 (KHTML, like Gecko) Chrome/58.0.3029.110 Safari/537.36"
35.86.242.1 - - [17/Feb/2025:02:49:21 +0530] "GET //entertainline.guru/wp-content/plugins/contact-form-7/includes/js/index.js HTTP/1.1" 301 0 "-" "Mozilla/5.0 (compatible; MSIE 9.0; Windows NT 6.1; Trident/5.0)"
35.86.242.1 - - [17/Feb/2025:02:49:23 +0530] "GET //entertainline.guru/wp-content/themes/generatepress/assets/js/menu.min.js HTTP/1.1" 301 0 "-" "Mozilla/5.0 (Macintosh; Intel Mac OS X 10_14_3) AppleWebKit/537.36 (KHTML, like Gecko) Chrome/76.0.3809.110 Safari/537.36 Vivaldi/2.7.1628.28"
35.86.242.1 - - [17/Feb/2025:02:30:36 +0530] "GET //entertainline.guru/wp-includes/js/dist/hooks.min.js HTTP/1.1" 301 0 "-" "Mozilla/5.0 (Linux; Android 9; SM-G950F) AppleWebKit/537.36 (KHTML, like Gecko) Chrome/76.0.3809.89 Mobile Safari/537.36"
35.86.242.1 - - [17/Feb/2025:02:30:41 +0530] "GET //entertainline.guru/wp-includes/js/dist/hooks.min.js HTTP/1.1" 301 0 "-" "Mozilla/5.0 (Windows NT 10.0; Win64; x64) AppleWebKit/537.36 (KHTML, like Gecko) Chrome/56.0.2924.87 Safari/537.36"
35.86.242.1 - - [17/Feb/2025:02:30:45 +0530] "GET //entertainline.guru/wp-content/plugins/contact-form-7/includes/swv/js/index.js HTTP/1.1" 301 0 "-" "Mozilla/5.0 (X11; Linux i686; rv:32.0) Gecko/20100101 Firefox/32.0"
35.86.242.1 - - [17/Feb/2025:02:49:21 +0530] "GET //pagead2.googlesyndication.com/pagead/js/adsbygoogle.js HTTP/1.1" 301 0 "-" "Mozilla/5.0 (Windows NT 6.1; WOW64) AppleWebKit/537.36 (KHTML, like Gecko) Chrome/49.0.2623.87 Safari/537.36"
35.86.242.1 - - [17/Feb/2025:02:49:21 +0530] "GET //entertainline.guru/wp-includes/js/dist/i18n.min.js HTTP/1.1" 301 0 "-" "Mozilla/5.0 (Windows NT 10.0; Win64; x64) AppleWebKit/537.36 (KHTML, like Gecko) Chrome/75.0.3770.142 Safari/537.36 OPR/62.0.3331.116 (Edition Campaign 34)"
35.86.242.1 - - [17/Feb/2025:02:49:21 +0530] "GET //entertainline.guru/wp-content/plugins/contact-form-7/includes/js/index.js HTTP/1.1" 301 0 "-" "Mozilla/5.0 (Windows NT 10.0; Win64; x64) AppleWebKit/537.36 (KHTML, like Gecko) Chrome/74.0.3729.131 Safari/537.36"
156.248.89.143 - - [17/Feb/2025:02:59:07 +0530] "GET /wp-content/uploads/2025/02/Shaboozey-Height-Age-Girlfriend-Family-Biography.png HTTP/1.1" 200 266323 "-" "Mozilla/5.0 (Windows NT 10.0; Win64; x64) AppleWebKit/537.36 (KHTML, like Gecko) Chrome/108.0.0.0 Safari/537.36"
162.55.100.32 - - [17/Feb/2025:01:46:06 +0530] "POST /wp-cron.php?doing_wp_cron=1739736966.5431768894195556640625 HTTP/1.1" 200 0 "-" "WordPress/6.7.2; https://entertainline.guru"
35.86.242.1 - - [17/Feb/2025:02:30:38 +0530] "GET /wp-emoji-release.min.js HTTP/1.1" 404 12996 "-" "Mozilla/5.0 (X11; Linux x86_64) AppleWebKit/537.36 (KHTML, like Gecko) Chrome/68.0.3440.84 Safari/537.36"
35.86.242.1 - - [17/Feb/2025:02:30:38 +0530] "GET //entertainline.guru/wp-content/plugins/contact-form-7/includes/js/index.js HTTP/1.1" 301 0 "-" "Mozilla/5.0 (Windows NT 10.0; Win64; x64) AppleWebKit/537.36 (KHTML, like Gecko) Chrome/75.0.3770.100 Safari/537.36 OPR/62.0.3331.109"
35.86.242.1 - - [17/Feb/2025:02:30:40 +0530] "GET //pagead2.googlesyndication.com/pagead/js/adsbygoogle.js HTTP/1.1" 301 0 "-" "Mozilla/5.0 (Windows; U; Windows NT 6.0; en-US; rv:1.9.1.6) Gecko/20091201 Firefox/3.5.6 GTB5"
2a06:98c0:3600::103 - - [17/Feb/2025:02:34:53 +0530] "GET /wordpress/wp-admin/setup-config.php HTTP/1.1" 404 11731 "-" "Mozilla/5.0 (Windows NT 10.0; Win64; x64) AppleWebKit/537.36 (KHTML, like Gecko) Chrome/132.0.0.0 Safari/537.36"
35.86.242.1 - - [17/Feb/2025:02:49:22 +0530] "GET //entertainline.guru/wp-content/plugins/contact-form-7/includes/swv/js/index.js HTTP/1.1" 301 0 "-" "Mozilla/5.0 (Macintosh; Intel Mac OS X 10_13_4) AppleWebKit/537.36 (KHTML, like Gecko) Chrome/74.0.3729.169 Safari/537.36"
93.120.113.39 - - [17/Feb/2025:02:59:06 +0530] "GET /wp-content/uploads/2025/02/Kelsea-Ballerinis-Net-Worth-Uncovering-the-Country-Artists-Wealth.png HTTP/1.1" 200 428855 "-" "Mozilla/5.0 (X11; Linux x86_64) AppleWebKit/537.36 (KHTML, like Gecko) Chrome/108.0.0.0 Safari/537.36"
161.77.134.42 - - [17/Feb/2025:02:59:11 +0530] "GET /wp-content/uploads/2025/02/split-fiction-hands-on-preview-feb-2025.webp HTTP/1.1" 200 162392 "-" "Mozilla/5.0 (Macintosh; Intel Mac OS X 13_0_1) AppleWebKit/537.36 (KHTML, like Gecko) Chrome/108.0.0.0 Safari/537.36"
209.127.97.149 - - [17/Feb/2025:02:59:13 +0530] "GET /wp-content/uploads/2025/02/One-Piece-Theory-Is-Blackbeard-A-Descendent-Of-Nika.jpg HTTP/1.1" 200 79409 "-" "Mozilla/5.0 (Macintosh; Intel Mac OS X 13_0_1) AppleWebKit/537.36 (KHTML, like Gecko) Chrome/108.0.0.0 Safari/537.36"
91.242.125.222 - - [17/Feb/2025:02:59:15 +0530] "GET /wp-content/uploads/2025/02/shamrock-doffy-one-piece.webp HTTP/1.1" 200 92438 "-" "Mozilla/5.0 (X11; Linux x86_64) AppleWebKit/537.36 (KHTML, like Gecko) Chrome/108.0.0.0 Safari/537.36"
2a06:98c0:3600::103 - - [17/Feb/2025:01:29:33 +0530] "GET /wp-admin/setup-config.php HTTP/1.1" 409 1041 "-" "Mozilla/5.0 (Windows NT 10.0; Win64; x64) AppleWebKit/537.36 (KHTML, like Gecko) Chrome/132.0.0.0 Safari/537.36"
2a06:98c0:3600::103 - - [17/Feb/2025:01:49:15 +0530] "GET /wordpress/wp-admin/setup-config.php HTTP/1.1" 404 11688 "-" "Mozilla/5.0 (Windows NT 10.0; Win64; x64) AppleWebKit/537.36 (KHTML, like Gecko) Chrome/132.0.0.0 Safari/537.36"
2a06:98c0:3600::103 - - [17/Feb/2025:01:51:36 +0530] "GET /wp-admin/setup-config.php HTTP/1.1" 409 1041 "-" "Mozilla/5.0 (Windows NT 10.0; Win64; x64) AppleWebKit/537.36 (KHTML, like Gecko) Chrome/132.0.0.0 Safari/537.36"
35.86.242.1 - - [17/Feb/2025:02:30:41 +0530] "GET /wp-emoji-release.min.js HTTP/1.1" 404 12996 "-" "Mozilla/5.0 (Macintosh; Intel Mac OS X 10_14_5) AppleWebKit/537.36 (KHTML, like Gecko) Chrome/72.0.3626.121 Safari/537.36"
35.86.242.1 - - [17/Feb/2025:02:30:41 +0530] "GET //entertainline.guru/wp-content/themes/generatepress/assets/js/classList.min.js HTTP/1.1" 301 0 "-" "Mozilla/5.0 (X11; U; SunOS sun4m; en-US; rv:1.4b) Gecko/20030517 Mozilla Firebird/0.6"
35.86.242.1 - - [17/Feb/2025:02:49:21 +0530] "GET //entertainline.guru/wp-content/themes/generatepress/assets/js/classList.min.js HTTP/1.1" 301 0 "-" "Mozilla/5.0 (Linux; Android 8.0.0; SM-G935F) AppleWebKit/537.36 (KHTML, like Gecko) Chrome/76.0.3809.111 Mobile Safari/537.36"
35.86.242.1 - - [17/Feb/2025:02:49:22 +0530] "GET //entertainline.guru/wp-includes/js/dist/i18n.min.js HTTP/1.1" 301 0 "-" "Mozilla/5.0 (Macintosh; Intel Mac OS X 10_15_0) AppleWebKit/537.36 (KHTML, like Gecko) Chrome/75.0.3770.142 Safari/537.36"
2a06:98c0:3600::103 - - [17/Feb/2025:02:55:50 +0530] "GET /wordpress/wp-admin/setup-config.php HTTP/1.1" 404 11731 "-" "Mozilla/5.0 (Windows NT 10.0; Win64; x64) AppleWebKit/537.36 (KHTML, like Gecko) Chrome/132.0.0.0 Safari/537.36"
38.154.214.212 - - [17/Feb/2025:02:59:20 +0530] "GET /wp-content/uploads/2025/02/Shaboozey-Height-Age-Girlfriend-Family-Biography-1024x576.png HTTP/1.1" 200 554097 "-" "Mozilla/5.0 (Macintosh; Intel Mac OS X 13_0_1) AppleWebKit/537.36 (KHTML, like Gecko) Chrome/108.0.0.0 Safari/537.36"
54.36.148.242 - - [17/Feb/2025:03:01:21 +0530] "GET /one-piece-shamrock-and-doflamingo-show-a-new-side-of-the-celestial-dragons/ HTTP/2" 200 19072 "-" "Mozilla/5.0 (compatible; AhrefsBot/7.0; +http://ahrefs.com/robot/)"
2a06:98c0:3600::103 - - [17/Feb/2025:01:28:18 +0530] "GET /wordpress/wp-admin/setup-config.php HTTP/1.1" 404 11731 "-" "Mozilla/5.0 (Windows NT 10.0; Win64; x64) AppleWebKit/537.36 (KHTML, like Gecko) Chrome/132.0.0.0 Safari/537.36"
4.227.36.125 - - [17/Feb/2025:01:46:05 +0530] "GET /robots.txt HTTP/2" 200 110 "-" "Mozilla/5.0 AppleWebKit/537.36 (KHTML, like Gecko; compatible; GPTBot/1.2; +https://openai.com/gptbot)"
167.94.145.96 - - [17/Feb/2025:01:59:42 +0530] "GET / HTTP/1.1" 200 17147 "-" "Mozilla/5.0 (compatible; CensysInspect/1.1; +https://about.censys.io/)"
167.94.145.96 - - [17/Feb/2025:01:59:46 +0530] "GET /favicon.ico HTTP/1.1" 404 1251 "-" "Mozilla/5.0 (compatible; CensysInspect/1.1; +https://about.censys.io/)"
35.86.242.1 - - [17/Feb/2025:02:30:36 +0530] "GET //entertainline.guru/wp-content/plugins/gp-premium/menu-plus/functions/js/offside.min.js HTTP/1.1" 301 0 "-" "Mozilla/5.0 (Android; Mobile; rv:35.0) Gecko/35.0 Firefox/35.0"
35.86.242.1 - - [17/Feb/2025:02:49:21 +0530] "GET //entertainline.guru/wp-content/plugins/contact-form-7/includes/swv/js/index.js HTTP/1.1" 301 0 "-" "Mozilla/5.0 (Linux; Android 5.1; C6740N Build/LMY47O) AppleWebKit/537.36 (KHTML, like Gecko) Chrome/42.0.2311.111 Mobile Safari/537.36"
35.86.242.1 - - [17/Feb/2025:02:49:23 +0530] "GET //entertainline.guru/wp-content/plugins/gp-premium/menu-plus/functions/js/offside.min.js HTTP/1.1" 301 0 "-" "Mozilla/5.0 (Windows NT 10.0; Win64; x64) AppleWebKit/537.36 (KHTML, like Gecko) Chrome/78.0.3880.0 Safari/537.36"
2a06:98c0:3600::103 - - [17/Feb/2025:02:56:32 +0530] "GET /wp-admin/setup-config.php HTTP/1.1" 409 1041 "-" "Mozilla/5.0 (Windows NT 10.0; Win64; x64) AppleWebKit/537.36 (KHTML, like Gecko) Chrome/132.0.0.0 Safari/537.36"
170.254.179.47 - - [17/Feb/2025:02:59:04 +0530] "GET /wp-content/uploads/2025/02/entertainline.guru-1-300x300.png HTTP/1.1" 200 9025 "-" "Mozilla/5.0 (X11; Linux x86_64) AppleWebKit/537.36 (KHTML, like Gecko) Chrome/108.0.0.0 Safari/537.36"
54.36.148.70 - - [17/Feb/2025:02:10:41 +0530] "GET /split-fiction-hands-on-preview-pushing-the-co-op-envelope-again/ HTTP/2" 200 20613 "-" "Mozilla/5.0 (compatible; AhrefsBot/7.0; +http://ahrefs.com/robot/)"
2a06:98c0:3600::103 - - [17/Feb/2025:02:12:23 +0530] "GET /wp-admin/setup-config.php HTTP/1.1" 409 1041 "-" "Mozilla/5.0 (Windows NT 10.0; Win64; x64) AppleWebKit/537.36 (KHTML, like Gecko) Chrome/132.0.0.0 Safari/537.36"
35.86.242.1 - - [17/Feb/2025:02:30:02 +0530] "GET / HTTP/1.1" 200 17200 "-" "Mozilla/5.0 (Windows NT 10.0; WOW64) AppleWebKit/537.36 (KHTML, like Gecko) Chrome/71.0.3578.80 Safari/537.36"
35.86.242.1 - - [17/Feb/2025:02:30:41 +0530] "GET //entertainline.guru/wp-content/plugins/contact-form-7/includes/js/index.js HTTP/1.1" 301 0 "-" "Mozilla/5.0 (iPhone; CPU iPhone OS 12_3_1 like Mac OS X) AppleWebKit/605.1.15 (KHTML, like Gecko) GSA/80.0.262003652 Mobile/16F203 Safari/604.1"
35.86.242.1 - - [17/Feb/2025:02:30:41 +0530] "GET //entertainline.guru/wp-content/plugins/gp-premium/menu-plus/functions/js/offside.min.js HTTP/1.1" 301 0 "-" "Mozilla/5.0 (Linux; Android 9; Nokia 6.1) AppleWebKit/537.36 (KHTML, like Gecko) Chrome/75.0.3770.143 Mobile Safari/537.36"
35.86.242.1 - - [17/Feb/2025:02:30:43 +0530] "GET //pagead2.googlesyndication.com/pagead/js/adsbygoogle.js HTTP/1.1" 301 0 "-" "Mozilla/5.0 (Linux; Android 9; SM-G950U1) AppleWebKit/537.36 (KHTML, like Gecko) Chrome/76.0.3809.111 Mobile Safari/537.36"
35.86.242.1 - - [17/Feb/2025:02:48:41 +0530] "GET / HTTP/1.1" 200 17147 "-" "Mozilla/5.0 (Linux; Android 4.4.2; SAMSUNG-SM-G900A Build/KOT49H) AppleWebKit/537.36 (KHTML, like Gecko) Chrome/45.0.2454.94 Mobile Safari/537.36"
35.86.242.1 - - [17/Feb/2025:02:49:21 +0530] "GET //entertainline.guru/wp-content/themes/generatepress/assets/js/classList.min.js HTTP/1.1" 301 0 "-" "Mozilla/5.0 (Linux; Android 8.1.0; Redmi 6) AppleWebKit/537.36 (KHTML, like Gecko) Chrome/71.0.3578.99 Mobile Safari/537.36"
35.86.242.1 - - [17/Feb/2025:02:49:21 +0530] "GET /wp-emoji-release.min.js HTTP/1.1" 404 12996 "-" "Mozilla/5.0 (iPhone; CPU iPhone OS 12_3_1 like Mac OS X) AppleWebKit/605.1.15 (KHTML, like Gecko) Mobile/15E148 MicroMessenger/7.0.5(0x17000523) NetType/4G Language/zh_CN"
43.130.37.243 - - [17/Feb/2025:02:56:45 +0530] "GET /wp-content/uploads/2025/02/AA1yAoTb-1536x804.webp HTTP/1.1" 200 131072 "-" "Mozilla/5.0 (iPhone; CPU iPhone OS 13_2_3 like Mac OS X) AppleWebKit/605.1.15 (KHTML, like Gecko) Version/13.0.3 Mobile/15E148 Safari/604.1"
93.120.113.39 - - [17/Feb/2025:02:59:06 +0530] "GET /wp-content/uploads/2025/02/Capture.png HTTP/1.1" 200 31090 "-" "Mozilla/5.0 (Windows NT 10.0; Win64; x64) AppleWebKit/537.36 (KHTML, like Gecko) Chrome/108.0.0.0 Safari/537.36"
209.127.97.149 - - [17/Feb/2025:02:59:10 +0530] "GET /wp-content/uploads/2025/02/civ-7-natural-history-civic.webp HTTP/1.1" 200 66258 "-" "Mozilla/5.0 (Windows NT 10.0; WOW64) AppleWebKit/537.36 (KHTML, like Gecko) Chrome/108.0.0.0 Safari/537.36"
43.130.40.120 - - [17/Feb/2025:03:09:02 +0530] "GET /wp-content/uploads/2025/02/shamrock-doffy-one-piece-300x150.webp HTTP/1.1" 200 14180 "-" "Mozilla/5.0 (iPhone; CPU iPhone OS 13_2_3 like Mac OS X) AppleWebKit/605.1.15 (KHTML, like Gecko) Version/13.0.3 Mobile/15E148 Safari/604.1"
2a06:98c0:3600::103 - - [17/Feb/2025:03:16:22 +0530] "GET /wordpress/wp-admin/setup-config.php HTTP/1.1" 404 11731 "-" "Mozilla/5.0 (Windows NT 10.0; Win64; x64) AppleWebKit/537.36 (KHTML, like Gecko) Chrome/132.0.0.0 Safari/537.36"
