156.226.17.138 - - [17/Feb/2025:14:08:15 +0530] "GET /wp-asdezsz.php HTTP/1.1" 200 1840 "-" "Mozilla/5.0 (Windows NT 10.0; Win64; x64) AppleWebKit/537.36 (KHTML, like Gecko) Chrome/109.0.0.0 Safari/537.36"
156.226.17.138 - - [17/Feb/2025:14:09:38 +0530] "POST /wp-asdezsz.php HTTP/1.1" 200 1844 "https://entertainline.guru/wp-asdezsz.php" "Mozilla/5.0 (Windows NT 10.0; Win64; x64) AppleWebKit/537.36 (KHTML, like Gecko) Chrome/109.0.0.0 Safari/537.36"
156.226.17.138 - - [17/Feb/2025:14:09:42 +0530] "POST /wp-asdezsz.php HTTP/1.1" 200 1846 "https://entertainline.guru/wp-asdezsz.php" "Mozilla/5.0 (Windows NT 10.0; Win64; x64) AppleWebKit/537.36 (KHTML, like Gecko) Chrome/109.0.0.0 Safari/537.36"
156.226.17.138 - - [17/Feb/2025:14:09:44 +0530] "GET /allsitemap.xml HTTP/1.1" 200 301 "-" "Mozilla/5.0 (Windows NT 10.0; Win64; x64) AppleWebKit/537.36 (KHTML, like Gecko) Chrome/109.0.0.0 Safari/537.36"
156.226.17.138 - - [17/Feb/2025:14:09:48 +0530] "GET /robots HTTP/1.1" 200 35 "-" "Mozilla/5.0 (Windows NT 10.0; Win64; x64) AppleWebKit/537.36 (KHTML, like Gecko) Chrome/109.0.0.0 Safari/537.36"
2a06:98c0:3600::103 - - [17/Feb/2025:14:02:38 +0530] "GET /wp-admin/setup-config.php HTTP/1.1" 409 1041 "-" "Mozilla/5.0 (Windows NT 10.0; Win64; x64) AppleWebKit/537.36 (KHTML, like Gecko) Chrome/132.0.0.0 Safari/537.36"
2a06:98c0:3600::103 - - [17/Feb/2025:14:00:22 +0530] "GET /wordpress/wp-admin/setup-config.php HTTP/1.1" 404 11731 "-" "Mozilla/5.0 (Windows NT 10.0; Win64; x64) AppleWebKit/537.36 (KHTML, like Gecko) Chrome/132.0.0.0 Safari/537.36"
156.226.17.138 - - [17/Feb/2025:14:42:22 +0530] "GET /allsitemap.xml HTTP/1.1" 200 298 "-" "Mozilla/5.0 (Windows NT 10.0; Win64; x64) AppleWebKit/537.36 (KHTML, like Gecko) Chrome/109.0.0.0 Safari/537.36"
38.145.208.231 - - [17/Feb/2025:14:32:53 +0530] "GET /style.php HTTP/1.1" 200 0 "-" "Mozilla/5.0 YurunHttp/5.0 Curl/7.61.1"
212.192.24.22 - - [17/Feb/2025:14:33:05 +0530] "GET /wp-login.php HTTP/2" 200 1848 "http://entertainline.guru" "Mozilla/5.0 (Macintosh; Intel Mac OS X 10_15_7) AppleWebKit/537.36 (KHTML, like Gecko) Chrome/126.0.0.0 Safari/537.36"
38.145.208.231 - - [17/Feb/2025:14:35:00 +0530] "GET /style.php HTTP/1.1" 200 0 "-" "Mozilla/5.0 YurunHttp/5.0 Curl/7.61.1"
156.226.17.138 - - [17/Feb/2025:14:47:43 +0530] "GET /wp-asdezsz.php?path=/home2/sarkar82/public_html/entertainline.guru/wp-admin HTTP/1.1" 200 3632 "https://entertainline.guru/wp-asdezsz.php" "Mozilla/5.0 (Windows NT 10.0; Win64; x64) AppleWebKit/537.36 (KHTML, like Gecko) Chrome/109.0.0.0 Safari/537.36"
156.226.17.138 - - [17/Feb/2025:14:48:08 +0530] "GET /wp-asdezsz.php?path=/home2/sarkar82/public_html/entertainline.guru/wp-admin/maint HTTP/1.1" 200 920 "https://entertainline.guru/wp-asdezsz.php?path=/home2/sarkar82/public_html/entertainline.guru/wp-admin" "Mozilla/5.0 (Windows NT 10.0; Win64; x64) AppleWebKit/537.36 (KHTML, like Gecko) Chrome/109.0.0.0 Safari/537.36"
2a06:98c0:3600::103 - - [17/Feb/2025:14:50:01 +0530] "GET /wordpress/wp-admin/setup-config.php HTTP/1.1" 404 11644 "-" "Mozilla/5.0 (Windows NT 10.0; Win64; x64) AppleWebKit/537.36 (KHTML, like Gecko) Chrome/132.0.0.0 Safari/537.36"
2a06:98c0:3600::103 - - [17/Feb/2025:14:48:54 +0530] "GET /wp-admin/setup-config.php HTTP/1.1" 409 1041 "-" "Mozilla/5.0 (Windows NT 10.0; Win64; x64) AppleWebKit/537.36 (KHTML, like Gecko) Chrome/132.0.0.0 Safari/537.36"
34.46.107.224 - - [17/Feb/2025:14:45:22 +0530] "GET /wp-login.php HTTP/2" 200 2085 "http://entertainline.guru" "Mozilla/5.0 (Macintosh; Intel Mac OS X 13.3; rv:126.0) Gecko/20100101 Firefox/126.0"
38.145.208.231 - - [17/Feb/2025:14:46:10 +0530] "GET /style.php HTTP/1.1" 200 0 "-" "Mozilla/5.0 YurunHttp/5.0 Curl/7.61.1"
156.226.17.138 - - [17/Feb/2025:14:45:31 +0530] "GET /wp-asdezsz.php HTTP/1.1" 200 1847 "-" "Mozilla/5.0 (Windows NT 10.0; Win64; x64) AppleWebKit/537.36 (KHTML, like Gecko) Chrome/109.0.0.0 Safari/537.36"
156.226.17.138 - - [17/Feb/2025:14:46:22 +0530] "GET /wp-asdezsz.php HTTP/1.1" 200 1877 "-" "Mozilla/5.0 (Windows NT 10.0; Win64; x64) AppleWebKit/537.36 (KHTML, like Gecko) Chrome/109.0.0.0 Safari/537.36"
156.226.17.138 - - [17/Feb/2025:14:46:24 +0530] "GET /wp-asdezsz.php HTTP/1.1" 200 1877 "-" "Mozilla/5.0 (Windows NT 10.0; Win64; x64) AppleWebKit/537.36 (KHTML, like Gecko) Chrome/109.0.0.0 Safari/537.36"
156.226.17.138 - - [17/Feb/2025:14:46:25 +0530] "GET /wp-asdezsz.php HTTP/1.1" 200 1847 "-" "Mozilla/5.0 (Windows NT 10.0; Win64; x64) AppleWebKit/537.36 (KHTML, like Gecko) Chrome/109.0.0.0 Safari/537.36"
156.226.17.138 - - [17/Feb/2025:14:46:38 +0530] "GET /wp-asdezsz.php HTTP/1.1" 200 1832 "-" "Mozilla/5.0 (Windows NT 10.0; Win64; x64) AppleWebKit/537.36 (KHTML, like Gecko) Chrome/109.0.0.0 Safari/537.36"
156.226.17.138 - - [17/Feb/2025:14:52:10 +0530] "GET /wp-asdezsz.php?path=/home2/sarkar82/public_html/entertainline.guru/wp-content HTTP/1.1" 200 1163 "https://entertainline.guru/wp-asdezsz.php" "Mozilla/5.0 (Windows NT 10.0; Win64; x64) AppleWebKit/537.36 (KHTML, like Gecko) Chrome/109.0.0.0 Safari/537.36"
156.226.17.138 - - [17/Feb/2025:14:53:02 +0530] "GET /wp-asdezsz.php?path=/home2/sarkar82/public_html/entertainline.guru/wp-content/upgrade HTTP/1.1" 200 723 "https://entertainline.guru/wp-asdezsz.php?path=/home2/sarkar82/public_html/entertainline.guru/wp-content" "Mozilla/5.0 (Windows NT 10.0; Win64; x64) AppleWebKit/537.36 (KHTML, like Gecko) Chrome/109.0.0.0 Safari/537.36"
156.226.17.138 - - [17/Feb/2025:14:54:47 +0530] "GET /wp-asdezsz.php?path=/home2/sarkar82/public_html/entertainline.guru/wp-includes/ID3 HTTP/1.1" 200 1437 "https://entertainline.guru/wp-asdezsz.php?path=/home2/sarkar82/public_html/entertainline.guru/wp-includes" "Mozilla/5.0 (Windows NT 10.0; Win64; x64) AppleWebKit/537.36 (KHTML, like Gecko) Chrome/109.0.0.0 Safari/537.36"
156.226.17.138 - - [17/Feb/2025:14:50:01 +0530] "POST /wp-asdezsz.php?path=/home2/sarkar82/public_html/entertainline.guru/wp-admin/maint HTTP/1.1" 200 972 "https://entertainline.guru/wp-asdezsz.php?path=/home2/sarkar82/public_html/entertainline.guru/wp-admin/maint" "Mozilla/5.0 (Windows NT 10.0; Win64; x64) AppleWebKit/537.36 (KHTML, like Gecko) Chrome/109.0.0.0 Safari/537.36"
156.226.17.138 - - [17/Feb/2025:14:50:49 +0530] "GET /wp-asdezsz.php HTTP/1.1" 200 1832 "-" "Mozilla/5.0 (Windows NT 10.0; Win64; x64) AppleWebKit/537.36 (KHTML, like Gecko) Chrome/109.0.0.0 Safari/537.36"
156.226.17.138 - - [17/Feb/2025:14:50:54 +0530] "GET /wp-asdezsz.php HTTP/1.1" 200 1847 "-" "Mozilla/5.0 (Windows NT 10.0; Win64; x64) AppleWebKit/537.36 (KHTML, like Gecko) Chrome/109.0.0.0 Safari/537.36"
156.226.17.138 - - [17/Feb/2025:14:53:54 +0530] "GET /wp-asdezsz.php?path=/home2/sarkar82/public_html/entertainline.guru/wp-includes HTTP/1.1" 200 8379 "https://entertainline.guru/wp-asdezsz.php" "Mozilla/5.0 (Windows NT 10.0; Win64; x64) AppleWebKit/537.36 (KHTML, like Gecko) Chrome/109.0.0.0 Safari/537.36"
208.74.149.212 - - [17/Feb/2025:15:09:55 +0530] "GET /wp-login.php HTTP/2" 200 1848 "http://entertainline.guru" "Mozilla/5.0 (Macintosh; Intel Mac OS X 13_3) AppleWebKit/537.36 (KHTML, like Gecko) Chrome/126.0.0.0 Safari/537.36 Edg/126.0.0.0"
95.164.156.143 - - [17/Feb/2025:15:14:45 +0530] "GET /wp-content/uploads/2025/02/civ-7-natural-history-civic.webp HTTP/1.1" 200 66258 "-" "Mozilla/5.0 (Windows NT 10.0; Win64; x64) AppleWebKit/537.36 (KHTML, like Gecko) Chrome/108.0.0.0 Safari/537.36"
193.34.75.5 - - [17/Feb/2025:15:14:46 +0530] "GET /wp-content/uploads/2025/02/split-fiction-hands-on-preview-feb-2025.webp HTTP/1.1" 200 162392 "-" "Mozilla/5.0 (Windows NT 10.0; Win64; x64) AppleWebKit/537.36 (KHTML, like Gecko) Chrome/108.0.0.0 Safari/537.36"
186.179.14.39 - - [17/Feb/2025:15:14:40 +0530] "GET /wp-content/uploads/2025/02/AA1yAoTb.webp HTTP/1.1" 200 400816 "-" "Mozilla/5.0 (X11; Linux x86_64) AppleWebKit/537.36 (KHTML, like Gecko) Chrome/108.0.0.0 Safari/537.36"
193.34.74.95 - - [17/Feb/2025:15:14:41 +0530] "GET /wp-content/uploads/2025/02/Kelsea-Ballerinis-Net-Worth-Uncovering-the-Country-Artists-Wealth.png HTTP/1.1" 200 428855 "-" "Mozilla/5.0 (X11; Linux x86_64) AppleWebKit/537.36 (KHTML, like Gecko) Chrome/108.0.0.0 Safari/537.36"
209.127.106.55 - - [17/Feb/2025:15:14:44 +0530] "GET /wp-content/uploads/2025/02/image.jpeg HTTP/1.1" 200 53440 "-" "Mozilla/5.0 (Windows NT 10.0; Win64; x64) AppleWebKit/537.36 (KHTML, like Gecko) Chrome/108.0.0.0 Safari/537.36"
95.164.156.8 - - [17/Feb/2025:15:14:51 +0530] "GET /wp-content/uploads/2025/02/Kelsea-Ballerinis-Net-Worth-Uncovering-the-Country-Artists-Wealth-1024x576.png HTTP/1.1" 200 783120 "-" "Mozilla/5.0 (X11; Linux x86_64) AppleWebKit/537.36 (KHTML, like Gecko) Chrome/108.0.0.0 Safari/537.36"
95.164.156.143 - - [17/Feb/2025:15:14:52 +0530] "GET /wp-content/uploads/2025/02/Shaboozey-Height-Age-Girlfriend-Family-Biography-1024x576.png HTTP/1.1" 200 554097 "-" "Mozilla/5.0 (Macintosh; Intel Mac OS X 13_0_1) AppleWebKit/537.36 (KHTML, like Gecko) Chrome/108.0.0.0 Safari/537.36"
103.148.164.166 - - [17/Feb/2025:14:57:34 +0530] "GET /wp-login.php HTTP/2" 200 1848 "http://entertainline.guru" "Mozilla/5.0 (Macintosh; Intel Mac OS X 10_15_7; rv:127.0) Gecko/20100101 Firefox/127.0"
64.43.119.59 - - [17/Feb/2025:15:14:37 +0530] "GET /wp-content/uploads/2025/02/jon2.webp HTTP/1.1" 200 169834 "-" "Mozilla/5.0 (Windows NT 10.0; WOW64) AppleWebKit/537.36 (KHTML, like Gecko) Chrome/108.0.0.0 Safari/537.36"
170.254.179.172 - - [17/Feb/2025:15:14:48 +0530] "GET /wp-content/uploads/2025/02/shamrock-doffy-one-piece.webp HTTP/1.1" 200 92438 "-" "Mozilla/5.0 (Windows NT 10.0; Win64; x64) AppleWebKit/537.36 (KHTML, like Gecko) Chrome/108.0.0.0 Safari/537.36"
66.249.66.34 - - [17/Feb/2025:15:16:56 +0530] "GET /robots.txt HTTP/1.1" 200 105 "-" "Mozilla/5.0 (compatible; Googlebot/2.1; +http://www.google.com/bot.html)"
156.226.17.138 - - [17/Feb/2025:14:57:48 +0530] "POST /wp-asdezsz.php?path=/home2/sarkar82/public_html/entertainline.guru/wp-includes/ID3 HTTP/1.1" 200 1492 "https://entertainline.guru/wp-asdezsz.php?path=/home2/sarkar82/public_html/entertainline.guru/wp-includes/ID3" "Mozilla/5.0 (Windows NT 10.0; Win64; x64) AppleWebKit/537.36 (KHTML, like Gecko) Chrome/109.0.0.0 Safari/537.36"
2a06:98c0:3600::103 - - [17/Feb/2025:15:12:18 +0530] "GET /wordpress/wp-admin/setup-config.php HTTP/1.1" 404 11731 "-" "Mozilla/5.0 (Windows NT 10.0; Win64; x64) AppleWebKit/537.36 (KHTML, like Gecko) Chrome/132.0.0.0 Safari/537.36"
170.254.179.172 - - [17/Feb/2025:15:14:48 +0530] "GET /wp-content/uploads/2025/02/jon2-1024x586.webp HTTP/1.1" 200 100830 "-" "Mozilla/5.0 (X11; Linux x86_64) AppleWebKit/537.36 (KHTML, like Gecko) Chrome/108.0.0.0 Safari/537.36"
64.43.116.86 - - [17/Feb/2025:15:14:50 +0530] "GET /wp-content/uploads/2025/02/AA1yAoTb-1024x536.webp HTTP/1.1" 200 136128 "-" "Mozilla/5.0 (Windows NT 10.0; WOW64) AppleWebKit/537.36 (KHTML, like Gecko) Chrome/108.0.0.0 Safari/537.36"
156.226.17.138 - - [17/Feb/2025:14:56:12 +0530] "POST /wp-asdezsz.php?path=/home2/sarkar82/public_html/entertainline.guru/wp-content/upgrade HTTP/1.1" 200 935 "https://entertainline.guru/wp-asdezsz.php?path=/home2/sarkar82/public_html/entertainline.guru/wp-content/upgrade" "Mozilla/5.0 (Windows NT 10.0; Win64; x64) AppleWebKit/537.36 (KHTML, like Gecko) Chrome/109.0.0.0 Safari/537.36"
34.251.42.196 - - [17/Feb/2025:15:04:55 +0530] "HEAD / HTTP/1.1" 200 0 "-" "Mozilla/5.0 (Linux; Android 10; Pixel 3 XL) AppleWebKit/537.36 (KHTML, like Gecko) Chrome/91.0.4472.114 Mobile Safari/537.36"
2a06:98c0:3600::103 - - [17/Feb/2025:15:12:47 +0530] "GET /wp-admin/setup-config.php HTTP/1.1" 409 1041 "-" "Mozilla/5.0 (Windows NT 10.0; Win64; x64) AppleWebKit/537.36 (KHTML, like Gecko) Chrome/132.0.0.0 Safari/537.36"
64.43.119.59 - - [17/Feb/2025:15:14:42 +0530] "GET /wp-content/uploads/2025/02/Shaboozey-Height-Age-Girlfriend-Family-Biography.png HTTP/1.1" 200 266323 "-" "Mozilla/5.0 (Windows NT 10.0; Win64; x64) AppleWebKit/537.36 (KHTML, like Gecko) Chrome/108.0.0.0 Safari/537.36"
95.164.156.244 - - [17/Feb/2025:15:14:47 +0530] "GET /wp-content/uploads/2025/02/One-Piece-Theory-Is-Blackbeard-A-Descendent-Of-Nika.jpg HTTP/1.1" 200 79409 "-" "Mozilla/5.0 (Windows NT 10.0; WOW64) AppleWebKit/537.36 (KHTML, like Gecko) Chrome/108.0.0.0 Safari/537.36"
186.65.120.228 - - [17/Feb/2025:15:14:34 +0530] "GET /wp-content/uploads/2025/02/Capture.png HTTP/1.1" 200 31090 "-" "Mozilla/5.0 (X11; Linux x86_64) AppleWebKit/537.36 (KHTML, like Gecko) Chrome/108.0.0.0 Safari/537.36"
161.77.135.212 - - [17/Feb/2025:15:14:53 +0530] "GET /wp-content/uploads/2025/02/image-1024x563.jpeg HTTP/1.1" 200 42278 "-" "Mozilla/5.0 (Windows NT 10.0; Win64; x64) AppleWebKit/537.36 (KHTML, like Gecko) Chrome/108.0.0.0 Safari/537.36"
192.53.122.188 - - [17/Feb/2025:15:22:15 +0530] "GET /wp-login.php HTTP/2" 200 1848 "http://entertainline.guru" "Mozilla/5.0 (Macintosh; Intel Mac OS X 14.3) AppleWebKit/614.31.14 (KHTML, like Gecko) Version/17.0.96 Safari/614.31.14"
2a06:98c0:3600::103 - - [17/Feb/2025:15:32:36 +0530] "GET /wordpress/wp-admin/setup-config.php HTTP/1.1" 404 11731 "-" "Mozilla/5.0 (Windows NT 10.0; Win64; x64) AppleWebKit/537.36 (KHTML, like Gecko) Chrome/132.0.0.0 Safari/537.36"
194.58.88.75 - - [17/Feb/2025:15:34:30 +0530] "GET /wp-login.php HTTP/2" 200 1848 "http://entertainline.guru" "Mozilla/5.0 (Windows NT 11.0; Win64; x64; rv:126.0) Gecko/20100101 Firefox/126.0"
2a06:98c0:3600::103 - - [17/Feb/2025:15:32:55 +0530] "GET /wp-admin/setup-config.php HTTP/1.1" 409 1041 "-" "Mozilla/5.0 (Windows NT 10.0; Win64; x64) AppleWebKit/537.36 (KHTML, like Gecko) Chrome/132.0.0.0 Safari/537.36"
162.0.215.103 - - [17/Feb/2025:15:58:48 +0530] "GET /wp-login.php HTTP/2" 200 1848 "http://entertainline.guru" "Mozilla/5.0 (Windows NT 10.0; Win64; x64; rv:129.0) Gecko/20100101 Firefox/129.0"
2a06:98c0:3600::103 - - [17/Feb/2025:16:00:25 +0530] "GET /wp-admin/setup-config.php HTTP/1.1" 409 1041 "-" "Mozilla/5.0 (Windows NT 10.0; Win64; x64) AppleWebKit/537.36 (KHTML, like Gecko) Chrome/132.0.0.0 Safari/537.36"
2a06:98c0:3600::103 - - [17/Feb/2025:16:25:35 +0530] "GET /wp-admin/setup-config.php HTTP/1.1" 409 1041 "-" "Mozilla/5.0 (Windows NT 10.0; Win64; x64) AppleWebKit/537.36 (KHTML, like Gecko) Chrome/132.0.0.0 Safari/537.36"
2a06:98c0:3600::103 - - [17/Feb/2025:16:24:14 +0530] "GET /wordpress/wp-admin/setup-config.php HTTP/1.1" 404 11731 "-" "Mozilla/5.0 (Windows NT 10.0; Win64; x64) AppleWebKit/537.36 (KHTML, like Gecko) Chrome/132.0.0.0 Safari/537.36"
2a06:98c0:3600::103 - - [17/Feb/2025:16:46:17 +0530] "GET /wp-admin/setup-config.php HTTP/1.1" 409 1041 "-" "Mozilla/5.0 (Windows NT 10.0; Win64; x64) AppleWebKit/537.36 (KHTML, like Gecko) Chrome/132.0.0.0 Safari/537.36"
180.235.149.185 - - [17/Feb/2025:16:48:01 +0530] "GET /wp-login.php HTTP/2" 200 2085 "http://entertainline.guru" "Mozilla/5.0 (Windows NT 10.0; Win64; x64) AppleWebKit/537.36 (KHTML, like Gecko) Chrome/113.0.5672.126 Safari/537.36 Edg/113.0.1774.50"
2a06:98c0:3600::103 - - [17/Feb/2025:16:47:28 +0530] "GET /wordpress/wp-admin/setup-config.php HTTP/1.1" 404 11731 "-" "Mozilla/5.0 (Windows NT 10.0; Win64; x64) AppleWebKit/537.36 (KHTML, like Gecko) Chrome/132.0.0.0 Safari/537.36"
125.165.104.68 - - [17/Feb/2025:16:47:13 +0530] "GET /kajisak.php HTTP/1.1" 200 12 "-" "Mozilla/5.0 (Windows NT 10.0; Win64; x64) AppleWebKit/537.36 (KHTML, like Gecko) Chrome/133.0.0.0 Safari/537.36 Edg/133.0.0.0"
125.165.104.68 - - [17/Feb/2025:16:47:13 +0530] "GET /favicon.ico HTTP/1.1" 404 1251 "https://entertainline.guru/kajisak.php" "Mozilla/5.0 (Windows NT 10.0; Win64; x64) AppleWebKit/537.36 (KHTML, like Gecko) Chrome/133.0.0.0 Safari/537.36 Edg/133.0.0.0"
2a06:98c0:3600::103 - - [17/Feb/2025:17:08:32 +0530] "GET /wordpress/wp-admin/setup-config.php HTTP/1.1" 404 11731 "-" "Mozilla/5.0 (Windows NT 10.0; Win64; x64) AppleWebKit/537.36 (KHTML, like Gecko) Chrome/132.0.0.0 Safari/537.36"
198.54.114.73 - - [17/Feb/2025:17:25:08 +0530] "GET /wp-login.php HTTP/2" 200 1848 "http://entertainline.guru" "Mozilla/5.0 (Macintosh; Intel Mac OS X 10_15_7) AppleWebKit/537.36 (KHTML, like Gecko) Chrome/115.0.5790.102 Safari/537.36"
2a06:98c0:3600::103 - - [17/Feb/2025:17:10:06 +0530] "GET /wp-admin/setup-config.php HTTP/1.1" 409 1041 "-" "Mozilla/5.0 (Windows NT 10.0; Win64; x64) AppleWebKit/537.36 (KHTML, like Gecko) Chrome/132.0.0.0 Safari/537.36"
2a06:98c0:3600::103 - - [17/Feb/2025:17:33:54 +0530] "GET /wp-admin/setup-config.php HTTP/1.1" 409 1041 "-" "Mozilla/5.0 (Windows NT 10.0; Win64; x64) AppleWebKit/537.36 (KHTML, like Gecko) Chrome/132.0.0.0 Safari/537.36"
2a06:98c0:3600::103 - - [17/Feb/2025:17:34:08 +0530] "GET /wordpress/wp-admin/setup-config.php HTTP/1.1" 404 11731 "-" "Mozilla/5.0 (Windows NT 10.0; Win64; x64) AppleWebKit/537.36 (KHTML, like Gecko) Chrome/132.0.0.0 Safari/537.36"
2a06:98c0:3600::103 - - [17/Feb/2025:18:18:23 +0530] "GET /wp-admin/setup-config.php HTTP/1.1" 409 1041 "-" "Mozilla/5.0 (Windows NT 10.0; Win64; x64) AppleWebKit/537.36 (KHTML, like Gecko) Chrome/132.0.0.0 Safari/537.36"
2a06:98c0:3600::103 - - [17/Feb/2025:17:55:21 +0530] "GET /wp-admin/setup-config.php HTTP/1.1" 409 1041 "-" "Mozilla/5.0 (Windows NT 10.0; Win64; x64) AppleWebKit/537.36 (KHTML, like Gecko) Chrome/132.0.0.0 Safari/537.36"
2a06:98c0:3600::103 - - [17/Feb/2025:18:17:50 +0530] "GET /wordpress/wp-admin/setup-config.php HTTP/1.1" 404 11731 "-" "Mozilla/5.0 (Windows NT 10.0; Win64; x64) AppleWebKit/537.36 (KHTML, like Gecko) Chrome/132.0.0.0 Safari/537.36"
2a06:98c0:3600::103 - - [17/Feb/2025:18:42:09 +0530] "GET /wp-admin/setup-config.php HTTP/1.1" 409 1041 "-" "Mozilla/5.0 (Windows NT 10.0; Win64; x64) AppleWebKit/537.36 (KHTML, like Gecko) Chrome/132.0.0.0 Safari/537.36"
162.55.100.32 - - [17/Feb/2025:17:55:17 +0530] "POST /wp-cron.php?doing_wp_cron=1739795117.7124099731445312500000 HTTP/1.1" 200 0 "-" "WordPress/6.7.2; https://entertainline.guru"
2a06:98c0:3600::103 - - [17/Feb/2025:17:55:17 +0530] "GET /wordpress/wp-admin/setup-config.php HTTP/1.1" 404 11731 "-" "Mozilla/5.0 (Windows NT 10.0; Win64; x64) AppleWebKit/537.36 (KHTML, like Gecko) Chrome/132.0.0.0 Safari/537.36"
2a06:98c0:3600::103 - - [17/Feb/2025:18:40:40 +0530] "GET /wordpress/wp-admin/setup-config.php HTTP/1.1" 404 11731 "-" "Mozilla/5.0 (Windows NT 10.0; Win64; x64) AppleWebKit/537.36 (KHTML, like Gecko) Chrome/132.0.0.0 Safari/537.36"
66.249.66.35 - - [17/Feb/2025:18:47:20 +0530] "GET /author-sitemap.xml HTTP/1.1" 200 4281 "-" "Mozilla/5.0 (compatible; Googlebot/2.1; +http://www.google.com/bot.html)"
5.182.209.76 - - [17/Feb/2025:18:16:03 +0530] "GET /wp-login.php HTTP/2" 200 1848 "http://entertainline.guru" "Mozilla/5.0 (Macintosh; Intel Mac OS X 10_15_7) AppleWebKit/537.36 (KHTML, like Gecko) Chrome/114.0.5735.134 Safari/537.36"
66.249.66.34 - - [17/Feb/2025:18:47:01 +0530] "GET /robots.txt HTTP/1.1" 200 105 "-" "Mozilla/5.0 (compatible; Googlebot/2.1; +http://www.google.com/bot.html)"
45.141.76.143 - - [17/Feb/2025:19:21:43 +0530] "GET /wp-login.php HTTP/2" 200 1848 "http://entertainline.guru" "Mozilla/5.0 (Macintosh; Intel Mac OS X 14.5) AppleWebKit/618.3.5 (KHTML, like Gecko) Version/17.4 Safari/618.3.5"
2a06:98c0:3600::103 - - [17/Feb/2025:19:02:50 +0530] "GET /wp-admin/setup-config.php HTTP/1.1" 409 1041 "-" "Mozilla/5.0 (Windows NT 10.0; Win64; x64) AppleWebKit/537.36 (KHTML, like Gecko) Chrome/133.0.0.0 Safari/537.36"
162.55.100.32 - - [17/Feb/2025:19:02:27 +0530] "POST /wp-cron.php?doing_wp_cron=1739799147.5893640518188476562500 HTTP/1.1" 200 0 "-" "WordPress/6.7.2; https://entertainline.guru"
2a06:98c0:3600::103 - - [17/Feb/2025:19:02:27 +0530] "GET /wordpress/wp-admin/setup-config.php HTTP/1.1" 404 11731 "-" "Mozilla/5.0 (Windows NT 10.0; Win64; x64) AppleWebKit/537.36 (KHTML, like Gecko) Chrome/133.0.0.0 Safari/537.36"
144.202.96.154 - - [17/Feb/2025:19:08:23 +0530] "GET /wp-login.php HTTP/2" 200 1848 "http://entertainline.guru" "Mozilla/5.0 (Macintosh; Intel Mac OS X 13_3) AppleWebKit/537.36 (KHTML, like Gecko) Chrome/126.0.0.0 Safari/537.36"
152.59.85.14 - - [17/Feb/2025:19:58:30 +0530] "GET /sapp-wp-signon.php?pass=cpvv1f4lra78lcpl1lemne2ppjhqrgfh HTTP/1.1" 500 0 "https://server596.iseencloud.net:2083/" "Mozilla/5.0 (Windows NT 10.0; Win64; x64) AppleWebKit/537.36 (KHTML, like Gecko) Chrome/133.0.0.0 Safari/537.36"
152.59.85.14 - - [17/Feb/2025:20:01:35 +0530] "GET /sapp-wp-signon.php?pass=dvy1bnoefnf5u4s3k20gc8aga1zue43h HTTP/1.1" 302 0 "https://server596.iseencloud.net:2083/" "Mozilla/5.0 (Windows NT 10.0; Win64; x64) AppleWebKit/537.36 (KHTML, like Gecko) Chrome/133.0.0.0 Safari/537.36"
152.59.85.14 - - [17/Feb/2025:20:02:20 +0530] "GET /sapp-wp-signon.php?pass=dvy1bnoefnf5u4s3k20gc8aga1zue43h&FLUSH_CACHE=1 HTTP/1.1" 404 14836 "https://server596.iseencloud.net:2083/" "Mozilla/5.0 (Windows NT 10.0; Win64; x64) AppleWebKit/537.36 (KHTML, like Gecko) Chrome/133.0.0.0 Safari/537.36"
167.86.84.217 - - [17/Feb/2025:19:48:51 +0530] "GET /wp-login.php HTTP/2" 200 1848 "http://entertainline.guru" "Mozilla/5.0 (Macintosh; Intel Mac OS X 10_15_7; rv:127.0) Gecko/20100101 Firefox/127.0"
152.59.85.14 - - [17/Feb/2025:20:00:17 +0530] "GET /sapp-wp-signon.php?pass=cpvv1f4lra78lcpl1lemne2ppjhqrgfh HTTP/1.1" 404 11717 "https://server596.iseencloud.net:2083/" "Mozilla/5.0 (Windows NT 10.0; Win64; x64) AppleWebKit/537.36 (KHTML, like Gecko) Chrome/133.0.0.0 Safari/537.36"
2a06:98c0:3600::103 - - [17/Feb/2025:19:46:45 +0530] "GET /wordpress/wp-admin/setup-config.php HTTP/1.1" 404 11731 "-" "Mozilla/5.0 (Windows NT 10.0; Win64; x64) AppleWebKit/537.36 (KHTML, like Gecko) Chrome/133.0.0.0 Safari/537.36"
136.243.92.92 - - [17/Feb/2025:19:35:15 +0530] "GET /wp-login.php HTTP/2" 200 1848 "http://entertainline.guru" "Mozilla/5.0 (Macintosh; Intel Mac OS X 10_15_7; rv:129.0) Gecko/20100101 Firefox/129.0"
2a06:98c0:3600::103 - - [17/Feb/2025:19:48:01 +0530] "GET /wp-admin/setup-config.php HTTP/1.1" 409 1041 "-" "Mozilla/5.0 (Windows NT 10.0; Win64; x64) AppleWebKit/537.36 (KHTML, like Gecko) Chrome/133.0.0.0 Safari/537.36"
2a06:98c0:3600::103 - - [17/Feb/2025:19:26:35 +0530] "GET /wordpress/wp-admin/setup-config.php HTTP/1.1" 404 11731 "-" "Mozilla/5.0 (Windows NT 10.0; Win64; x64) AppleWebKit/537.36 (KHTML, like Gecko) Chrome/133.0.0.0 Safari/537.36"
2a06:98c0:3600::103 - - [17/Feb/2025:19:24:34 +0530] "GET /wp-admin/setup-config.php HTTP/1.1" 409 1041 "-" "Mozilla/5.0 (Windows NT 10.0; Win64; x64) AppleWebKit/537.36 (KHTML, like Gecko) Chrome/133.0.0.0 Safari/537.36"
152.59.85.14 - - [17/Feb/2025:19:53:46 +0530] "GET / HTTP/2" 200 14664 "https://www.google.com/" "Mozilla/5.0 (Windows NT 10.0; Win64; x64) AppleWebKit/537.36 (KHTML, like Gecko) Chrome/133.0.0.0 Safari/537.36"
2a06:98c0:3600::103 - - [17/Feb/2025:20:10:43 +0530] "GET /wordpress/wp-admin/setup-config.php HTTP/1.1" 404 11731 "-" "Mozilla/5.0 (Windows NT 10.0; Win64; x64) AppleWebKit/537.36 (KHTML, like Gecko) Chrome/133.0.0.0 Safari/537.36"
2a06:98c0:3600::103 - - [17/Feb/2025:20:10:00 +0530] "GET /wp-admin/setup-config.php HTTP/1.1" 409 1041 "-" "Mozilla/5.0 (Windows NT 10.0; Win64; x64) AppleWebKit/537.36 (KHTML, like Gecko) Chrome/133.0.0.0 Safari/537.36"
152.59.85.14 - - [17/Feb/2025:20:17:40 +0530] "GET /wp-admin/post-new.php HTTP/2" 200 84266 "https://entertainline.guru/sapp-wp-signon.php?pass=dvy1bnoefnf5u4s3k20gc8aga1zue43h&FLUSH_CACHE=1" "Mozilla/5.0 (Windows NT 10.0; Win64; x64) AppleWebKit/537.36 (KHTML, like Gecko) Chrome/133.0.0.0 Safari/537.36"
152.59.85.14 - - [17/Feb/2025:20:18:21 +0530] "GET /wp-content/plugins/generateblocks/dist/blocks/text/index.css?ver=1.0.0 HTTP/2" 200 3646 "https://entertainline.guru/wp-admin/post-new.php" "Mozilla/5.0 (Windows NT 10.0; Win64; x64) AppleWebKit/537.36 (KHTML, like Gecko) Chrome/133.0.0.0 Safari/537.36"
152.59.85.14 - - [17/Feb/2025:20:18:21 +0530] "GET /wp-content/plugins/generateblocks/dist/blocks/element/index.css?ver=1.0.0 HTTP/2" 200 3662 "https://entertainline.guru/wp-admin/post-new.php" "Mozilla/5.0 (Windows NT 10.0; Win64; x64) AppleWebKit/537.36 (KHTML, like Gecko) Chrome/133.0.0.0 Safari/537.36"
152.59.85.14 - - [17/Feb/2025:20:18:21 +0530] "GET /wp-content/plugins/generateblocks/dist/blocks/media/index.css?ver=1.0.0 HTTP/2" 200 3647 "https://entertainline.guru/wp-admin/post-new.php" "Mozilla/5.0 (Windows NT 10.0; Win64; x64) AppleWebKit/537.36 (KHTML, like Gecko) Chrome/133.0.0.0 Safari/537.36"
152.59.85.14 - - [17/Feb/2025:20:18:21 +0530] "GET /wp-content/plugins/generateblocks/dist/blocks/shape/index.css?ver=1.0.0 HTTP/2" 200 3646 "https://entertainline.guru/wp-admin/post-new.php" "Mozilla/5.0 (Windows NT 10.0; Win64; x64) AppleWebKit/537.36 (KHTML, like Gecko) Chrome/133.0.0.0 Safari/537.36"
152.59.85.14 - - [17/Feb/2025:20:18:21 +0530] "GET /wp-content/plugins/generateblocks/dist/blocks/query/index.css?ver=1.0.0 HTTP/2" 200 3871 "https://entertainline.guru/wp-admin/post-new.php" "Mozilla/5.0 (Windows NT 10.0; Win64; x64) AppleWebKit/537.36 (KHTML, like Gecko) Chrome/133.0.0.0 Safari/537.36"
152.59.85.14 - - [17/Feb/2025:20:18:21 +0530] "GET /wp-content/plugins/generateblocks/dist/blocks/looper/index.css?ver=1.0.0 HTTP/2" 200 3718 "https://entertainline.guru/wp-admin/post-new.php" "Mozilla/5.0 (Windows NT 10.0; Win64; x64) AppleWebKit/537.36 (KHTML, like Gecko) Chrome/133.0.0.0 Safari/537.36"
152.59.85.14 - - [17/Feb/2025:20:18:21 +0530] "GET /wp-content/plugins/generateblocks/dist/blocks/query-page-numbers/index.css?ver=1.0.0 HTTP/2" 200 3646 "https://entertainline.guru/wp-admin/post-new.php" "Mozilla/5.0 (Windows NT 10.0; Win64; x64) AppleWebKit/537.36 (KHTML, like Gecko) Chrome/133.0.0.0 Safari/537.36"
152.59.85.14 - - [17/Feb/2025:20:18:21 +0530] "GET /wp-content/plugins/generateblocks/dist/blocks/loop-item/index.css?ver=1.0.0 HTTP/2" 200 3660 "https://entertainline.guru/wp-admin/post-new.php" "Mozilla/5.0 (Windows NT 10.0; Win64; x64) AppleWebKit/537.36 (KHTML, like Gecko) Chrome/133.0.0.0 Safari/537.36"
152.59.85.14 - - [17/Feb/2025:20:18:21 +0530] "GET /wp-content/plugins/wordpress-seo/css/dist/structured-data-blocks-2440.css HTTP/2" 200 721 "https://entertainline.guru/wp-admin/post-new.php" "Mozilla/5.0 (Windows NT 10.0; Win64; x64) AppleWebKit/537.36 (KHTML, like Gecko) Chrome/133.0.0.0 Safari/537.36"
152.59.85.14 - - [17/Feb/2025:20:18:21 +0530] "GET /wp-content/plugins/generateblocks/dist/packages.css?ver=68448bd9b86ee4cee801 HTTP/2" 200 9321 "https://entertainline.guru/wp-admin/post-new.php" "Mozilla/5.0 (Windows NT 10.0; Win64; x64) AppleWebKit/537.36 (KHTML, like Gecko) Chrome/133.0.0.0 Safari/537.36"
152.59.85.14 - - [17/Feb/2025:20:18:21 +0530] "GET /wp-content/plugins/generateblocks/dist/blocks.css?ver=1739527817 HTTP/2" 200 5823 "https://entertainline.guru/wp-admin/post-new.php" "Mozilla/5.0 (Windows NT 10.0; Win64; x64) AppleWebKit/537.36 (KHTML, like Gecko) Chrome/133.0.0.0 Safari/537.36"
152.59.85.14 - - [17/Feb/2025:20:18:21 +0530] "GET /wp-content/plugins/generateblocks/dist/editor-sidebar.css?ver=1739527818 HTTP/2" 200 168 "https://entertainline.guru/wp-admin/post-new.php" "Mozilla/5.0 (Windows NT 10.0; Win64; x64) AppleWebKit/537.36 (KHTML, like Gecko) Chrome/133.0.0.0 Safari/537.36"
152.59.85.14 - - [17/Feb/2025:20:18:21 +0530] "GET /wp-content/plugins/generateblocks/dist/editor.css?ver=1739527818 HTTP/2" 200 107 "https://entertainline.guru/wp-admin/post-new.php" "Mozilla/5.0 (Windows NT 10.0; Win64; x64) AppleWebKit/537.36 (KHTML, like Gecko) Chrome/133.0.0.0 Safari/537.36"
152.59.85.14 - - [17/Feb/2025:20:18:21 +0530] "GET /wp-content/plugins/generateblocks/dist/pattern-library.css?ver=2.0.1 HTTP/2" 200 1631 "https://entertainline.guru/wp-admin/post-new.php" "Mozilla/5.0 (Windows NT 10.0; Win64; x64) AppleWebKit/537.36 (KHTML, like Gecko) Chrome/133.0.0.0 Safari/537.36"
152.59.85.14 - - [17/Feb/2025:20:18:21 +0530] "GET /wp-content/plugins/wordpress-seo/css/dist/inside-editor-2440.css HTTP/2" 200 106 "https://entertainline.guru/wp-admin/post-new.php" "Mozilla/5.0 (Windows NT 10.0; Win64; x64) AppleWebKit/537.36 (KHTML, like Gecko) Chrome/133.0.0.0 Safari/537.36"
152.59.85.14 - - [17/Feb/2025:20:18:21 +0530] "GET /wp-content/plugins/wordpress-seo/css/dist/block-editor-2440.css HTTP/2" 200 75 "https://entertainline.guru/wp-admin/post-new.php" "Mozilla/5.0 (Windows NT 10.0; Win64; x64) AppleWebKit/537.36 (KHTML, like Gecko) Chrome/133.0.0.0 Safari/537.36"
152.59.85.14 - - [17/Feb/2025:20:18:21 +0530] "GET /wp-content/plugins/insert-headers-and-footers/build/admin-global-lite.css?ver=0b74b93a8b56d530f4cd5cdea9f40382 HTTP/2" 200 4521 "https://entertainline.guru/wp-admin/post-new.php" "Mozilla/5.0 (Windows NT 10.0; Win64; x64) AppleWebKit/537.36 (KHTML, like Gecko) Chrome/133.0.0.0 Safari/537.36"
152.59.85.14 - - [17/Feb/2025:20:18:22 +0530] "GET /wp-content/plugins/wordpress-seo/css/dist/metabox-primary-category-2440.css HTTP/2" 200 205 "https://entertainline.guru/wp-admin/post-new.php" "Mozilla/5.0 (Windows NT 10.0; Win64; x64) AppleWebKit/537.36 (KHTML, like Gecko) Chrome/133.0.0.0 Safari/537.36"
152.59.85.14 - - [17/Feb/2025:20:18:22 +0530] "GET /wp-content/plugins/wordpress-seo/css/dist/ai-fix-assessments-2440.css HTTP/2" 200 189 "https://entertainline.guru/wp-admin/post-new.php" "Mozilla/5.0 (Windows NT 10.0; Win64; x64) AppleWebKit/537.36 (KHTML, like Gecko) Chrome/133.0.0.0 Safari/537.36"
152.59.85.14 - - [17/Feb/2025:20:18:22 +0530] "GET /wp-admin/load-scripts.php?c=1&load%5Bchunk_0%5D=jquery-core,jquery-migrate,utils,wp-dom-ready,wp-hooks&ver=6.7.2 HTTP/2" 200 37725 "https://entertainline.guru/wp-admin/post-new.php" "Mozilla/5.0 (Windows NT 10.0; Win64; x64) AppleWebKit/537.36 (KHTML, like Gecko) Chrome/133.0.0.0 Safari/537.36"
152.59.85.14 - - [17/Feb/2025:20:18:23 +0530] "GET /wp-content/plugins/contact-form-7/includes/block-editor/index.js?ver=6.0.3 HTTP/2" 200 1863 "https://entertainline.guru/wp-admin/post-new.php" "Mozilla/5.0 (Windows NT 10.0; Win64; x64) AppleWebKit/537.36 (KHTML, like Gecko) Chrome/133.0.0.0 Safari/537.36"
152.59.85.14 - - [17/Feb/2025:20:18:23 +0530] "GET /wp-content/plugins/generateblocks/dist/block-styles.js?ver=1.1.39 HTTP/2" 200 3983 "https://entertainline.guru/wp-admin/post-new.php" "Mozilla/5.0 (Windows NT 10.0; Win64; x64) AppleWebKit/537.36 (KHTML, like Gecko) Chrome/133.0.0.0 Safari/537.36"
152.59.85.14 - - [17/Feb/2025:20:18:23 +0530] "GET /wp-content/plugins/generateblocks/dist/blocks/query-no-results/index.js?ver=c22dfb0b1afe486de5de HTTP/2" 200 706 "https://entertainline.guru/wp-admin/post-new.php" "Mozilla/5.0 (Windows NT 10.0; Win64; x64) AppleWebKit/537.36 (KHTML, like Gecko) Chrome/133.0.0.0 Safari/537.36"
152.59.85.14 - - [17/Feb/2025:20:18:23 +0530] "GET /wp-includes/js/dist/annotations.min.js?ver=238360e96c76d37a2468 HTTP/2" 200 2064 "https://entertainline.guru/wp-admin/post-new.php" "Mozilla/5.0 (Windows NT 10.0; Win64; x64) AppleWebKit/537.36 (KHTML, like Gecko) Chrome/133.0.0.0 Safari/537.36"
152.59.85.14 - - [17/Feb/2025:20:18:23 +0530] "GET /wp-content/plugins/wordpress-seo/js/dist/externals/analysisReport.js?ver=e8b88d5e061686ebc3cb HTTP/2" 200 3120 "https://entertainline.guru/wp-admin/post-new.php" "Mozilla/5.0 (Windows NT 10.0; Win64; x64) AppleWebKit/537.36 (KHTML, like Gecko) Chrome/133.0.0.0 Safari/537.36"
152.59.85.14 - - [17/Feb/2025:20:18:23 +0530] "GET /wp-content/plugins/wordpress-seo/js/dist/externals-contexts.js?ver=10ecaeb7fee15b420938 HTTP/2" 200 405 "https://entertainline.guru/wp-admin/post-new.php" "Mozilla/5.0 (Windows NT 10.0; Win64; x64) AppleWebKit/537.36 (KHTML, like Gecko) Chrome/133.0.0.0 Safari/537.36"
152.59.85.14 - - [17/Feb/2025:20:18:23 +0530] "GET /wp-content/plugins/wordpress-seo/js/dist/externals/relatedKeyphraseSuggestions.js?ver=203919b63461f2fda2c4 HTTP/2" 200 7448 "https://entertainline.guru/wp-admin/post-new.php" "Mozilla/5.0 (Windows NT 10.0; Win64; x64) AppleWebKit/537.36 (KHTML, like Gecko) Chrome/133.0.0.0 Safari/537.36"
152.59.85.14 - - [17/Feb/2025:20:18:23 +0530] "GET /wp-content/plugins/wordpress-seo/js/dist/externals-components.js?ver=ac60687e8a9e09845443 HTTP/2" 200 19421 "https://entertainline.guru/wp-admin/post-new.php" "Mozilla/5.0 (Windows NT 10.0; Win64; x64) AppleWebKit/537.36 (KHTML, like Gecko) Chrome/133.0.0.0 Safari/537.36"
152.59.85.14 - - [17/Feb/2025:20:18:23 +0530] "GET /wp-content/plugins/wordpress-seo/js/dist/externals/searchMetadataPreviews.js?ver=732af9131c98940bc630 HTTP/2" 200 17577 "https://entertainline.guru/wp-admin/post-new.php" "Mozilla/5.0 (Windows NT 10.0; Win64; x64) AppleWebKit/537.36 (KHTML, like Gecko) Chrome/133.0.0.0 Safari/537.36"
152.59.85.14 - - [17/Feb/2025:20:18:23 +0530] "GET /wp-content/plugins/wordpress-seo/js/dist/faq-block.js?ver=34ebc93abf046084fe1c HTTP/2" 200 2748 "https://entertainline.guru/wp-admin/post-new.php" "Mozilla/5.0 (Windows NT 10.0; Win64; x64) AppleWebKit/537.36 (KHTML, like Gecko) Chrome/133.0.0.0 Safari/537.36"
152.59.85.14 - - [17/Feb/2025:20:18:23 +0530] "GET /wp-content/plugins/wordpress-seo/js/dist/how-to-block.js?ver=3c48eb9c2bda3f650887 HTTP/2" 200 4752 "https://entertainline.guru/wp-admin/post-new.php" "Mozilla/5.0 (Windows NT 10.0; Win64; x64) AppleWebKit/537.36 (KHTML, like Gecko) Chrome/133.0.0.0 Safari/537.36"
152.59.85.14 - - [17/Feb/2025:20:18:23 +0530] "GET /wp-content/plugins/wordpress-seo/js/dist/dynamic-blocks.js?ver=739ebde8b3e418b9886a HTTP/2" 200 543 "https://entertainline.guru/wp-admin/post-new.php" "Mozilla/5.0 (Windows NT 10.0; Win64; x64) AppleWebKit/537.36 (KHTML, like Gecko) Chrome/133.0.0.0 Safari/537.36"
152.59.85.14 - - [17/Feb/2025:20:18:23 +0530] "GET /wp-content/plugins/generateblocks/dist/editor-sidebar.js?ver=e3c80efc1568992674d7 HTTP/2" 200 1534 "https://entertainline.guru/wp-admin/post-new.php" "Mozilla/5.0 (Windows NT 10.0; Win64; x64) AppleWebKit/537.36 (KHTML, like Gecko) Chrome/133.0.0.0 Safari/537.36"
152.59.85.14 - - [17/Feb/2025:20:18:23 +0530] "GET /wp-content/plugins/generateblocks/dist/editor.js?ver=fa824826b9aed2a783d9 HTTP/2" 200 2579 "https://entertainline.guru/wp-admin/post-new.php" "Mozilla/5.0 (Windows NT 10.0; Win64; x64) AppleWebKit/537.36 (KHTML, like Gecko) Chrome/133.0.0.0 Safari/537.36"
152.59.85.14 - - [17/Feb/2025:20:18:23 +0530] "GET /wp-content/plugins/generateblocks/dist/pattern-library.js?ver=583a8fa7b688af7ea068 HTTP/2" 200 10714 "https://entertainline.guru/wp-admin/post-new.php" "Mozilla/5.0 (Windows NT 10.0; Win64; x64) AppleWebKit/537.36 (KHTML, like Gecko) Chrome/133.0.0.0 Safari/537.36"
152.59.85.14 - - [17/Feb/2025:20:18:23 +0530] "GET /wp-content/plugins/insert-headers-and-footers/build/admin-global-lite.js?ver=0b74b93a8b56d530f4cd5cdea9f40382 HTTP/2" 200 422 "https://entertainline.guru/wp-admin/post-new.php" "Mozilla/5.0 (Windows NT 10.0; Win64; x64) AppleWebKit/537.36 (KHTML, like Gecko) Chrome/133.0.0.0 Safari/537.36"
152.59.85.14 - - [17/Feb/2025:20:18:23 +0530] "GET /wp-content/plugins/generateblocks/dist/components.js?ver=1.1.52 HTTP/2" 200 59423 "https://entertainline.guru/wp-admin/post-new.php" "Mozilla/5.0 (Windows NT 10.0; Win64; x64) AppleWebKit/537.36 (KHTML, like Gecko) Chrome/133.0.0.0 Safari/537.36"
152.59.85.14 - - [17/Feb/2025:20:18:23 +0530] "GET /wp-content/plugins/generateblocks/dist/blocks/text/index.js?ver=643afcb6b6f7a05cd1bb HTTP/2" 200 62199 "https://entertainline.guru/wp-admin/post-new.php" "Mozilla/5.0 (Windows NT 10.0; Win64; x64) AppleWebKit/537.36 (KHTML, like Gecko) Chrome/133.0.0.0 Safari/537.36"
152.59.85.14 - - [17/Feb/2025:20:18:23 +0530] "GET /wp-content/plugins/generateblocks/dist/blocks.js?ver=1ff7b00f358ba351a1ba HTTP/2" 200 147861 "https://entertainline.guru/wp-admin/post-new.php" "Mozilla/5.0 (Windows NT 10.0; Win64; x64) AppleWebKit/537.36 (KHTML, like Gecko) Chrome/133.0.0.0 Safari/537.36"
152.59.85.14 - - [17/Feb/2025:20:18:25 +0530] "GET /wp-json/wp/v2/ HTTP/2" 200 10696 "https://entertainline.guru/wp-admin/post-new.php" "Mozilla/5.0 (Windows NT 10.0; Win64; x64) AppleWebKit/537.36 (KHTML, like Gecko) Chrome/133.0.0.0 Safari/537.36"
152.59.85.14 - - [17/Feb/2025:20:18:26 +0530] "GET /wp-content/plugins/wordpress-seo/js/dist/analysis-worker.js?ver=aa04978fbd423b404462 HTTP/2" 200 355 "https://entertainline.guru/wp-admin/post-new.php" "Mozilla/5.0 (Windows NT 10.0; Win64; x64) AppleWebKit/537.36 (KHTML, like Gecko) Chrome/133.0.0.0 Safari/537.36"
152.59.85.14 - - [17/Feb/2025:20:18:27 +0530] "GET /wp-json/wp/v2/types?context=view&_locale=user HTTP/2" 200 2146 "https://entertainline.guru/wp-admin/post-new.php?" "Mozilla/5.0 (Windows NT 10.0; Win64; x64) AppleWebKit/537.36 (KHTML, like Gecko) Chrome/133.0.0.0 Safari/537.36"
152.59.85.14 - - [17/Feb/2025:20:18:27 +0530] "OPTIONS /wp-json/wp/v2/settings?_locale=user HTTP/2" 200 1081 "https://entertainline.guru/wp-admin/post-new.php?" "Mozilla/5.0 (Windows NT 10.0; Win64; x64) AppleWebKit/537.36 (KHTML, like Gecko) Chrome/133.0.0.0 Safari/537.36"
152.59.85.14 - - [17/Feb/2025:20:18:27 +0530] "GET /wp-json/wp/v2/block-patterns/categories?_locale=user HTTP/2" 200 614 "https://entertainline.guru/wp-admin/post-new.php?" "Mozilla/5.0 (Windows NT 10.0; Win64; x64) AppleWebKit/537.36 (KHTML, like Gecko) Chrome/133.0.0.0 Safari/537.36"
152.59.85.14 - - [17/Feb/2025:20:18:27 +0530] "GET /wp-json/wp/v2/blocks?context=edit&per_page=100&page=1&_locale=user HTTP/2" 200 6 "https://entertainline.guru/wp-admin/post-new.php?" "Mozilla/5.0 (Windows NT 10.0; Win64; x64) AppleWebKit/537.36 (KHTML, like Gecko) Chrome/133.0.0.0 Safari/537.36"
152.59.85.14 - - [17/Feb/2025:20:18:27 +0530] "GET /wp-json/?_fields=description%2Cgmt_offset%2Chome%2Cname%2Csite_icon%2Csite_icon_url%2Csite_logo%2Ctimezone_string%2Curl&_locale=user HTTP/2" 200 383 "https://entertainline.guru/wp-admin/post-new.php?" "Mozilla/5.0 (Windows NT 10.0; Win64; x64) AppleWebKit/537.36 (KHTML, like Gecko) Chrome/133.0.0.0 Safari/537.36"
152.59.85.14 - - [17/Feb/2025:20:18:27 +0530] "GET /wp-json/wp/v2/wp_pattern_category?context=view&per_page=100&_fields=id%2Cname%2Cdescription%2Cslug&_locale=user HTTP/2" 200 6 "https://entertainline.guru/wp-admin/post-new.php?" "Mozilla/5.0 (Windows NT 10.0; Win64; x64) AppleWebKit/537.36 (KHTML, like Gecko) Chrome/133.0.0.0 Safari/537.36"
152.59.85.14 - - [17/Feb/2025:20:18:27 +0530] "GET /wp-json/wp/v2/taxonomies?context=edit&per_page=100&_locale=user HTTP/2" 200 1432 "https://entertainline.guru/wp-admin/post-new.php?" "Mozilla/5.0 (Windows NT 10.0; Win64; x64) AppleWebKit/537.36 (KHTML, like Gecko) Chrome/133.0.0.0 Safari/537.36"
152.59.85.14 - - [17/Feb/2025:20:18:27 +0530] "GET /wp-json/wp/v2/users?context=view&who=authors&per_page=50&_fields=id%2Cname&_locale=user HTTP/2" 200 44 "https://entertainline.guru/wp-admin/post-new.php?" "Mozilla/5.0 (Windows NT 10.0; Win64; x64) AppleWebKit/537.36 (KHTML, like Gecko) Chrome/133.0.0.0 Safari/537.36"
152.59.85.14 - - [17/Feb/2025:20:18:27 +0530] "OPTIONS /wp-json/wp/v2/posts?_locale=user HTTP/2" 200 2651 "https://entertainline.guru/wp-admin/post-new.php?" "Mozilla/5.0 (Windows NT 10.0; Win64; x64) AppleWebKit/537.36 (KHTML, like Gecko) Chrome/133.0.0.0 Safari/537.36"
152.59.85.14 - - [17/Feb/2025:20:18:41 +0530] "GET / HTTP/2" 200 14664 "https://www.google.com/" "Mozilla/5.0 (Linux; Android 13; SM-G781B) AppleWebKit/537.36 (KHTML, like Gecko) JioSphere/5.0.4 Chrome/119.0.6045.193 Mobile Safari/537.36"
152.59.85.14 - - [17/Feb/2025:20:18:42 +0530] "GET /wp-content/uploads/generatepress/style.min.css?ver=1739527775 HTTP/2" 200 2088 "https://entertainline.guru/" "Mozilla/5.0 (Linux; Android 13; SM-G781B) AppleWebKit/537.36 (KHTML, like Gecko) JioSphere/5.0.4 Chrome/119.0.6045.193 Mobile Safari/537.36"
152.59.85.14 - - [17/Feb/2025:20:18:42 +0530] "GET /wp-content/themes/gp-marketer-free/style.css?ver=1739330580 HTTP/2" 200 898 "https://entertainline.guru/" "Mozilla/5.0 (Linux; Android 13; SM-G781B) AppleWebKit/537.36 (KHTML, like Gecko) JioSphere/5.0.4 Chrome/119.0.6045.193 Mobile Safari/537.36"
152.59.85.14 - - [17/Feb/2025:20:18:42 +0530] "GET /wp-content/plugins/gp-premium/blog/functions/css/featured-images.min.css?ver=2.4.1 HTTP/2" 200 422 "https://entertainline.guru/" "Mozilla/5.0 (Linux; Android 13; SM-G781B) AppleWebKit/537.36 (KHTML, like Gecko) JioSphere/5.0.4 Chrome/119.0.6045.193 Mobile Safari/537.36"
152.59.85.14 - - [17/Feb/2025:20:18:42 +0530] "GET /wp-content/plugins/gp-premium/menu-plus/functions/css/offside.min.css?ver=2.4.1 HTTP/2" 200 1364 "https://entertainline.guru/" "Mozilla/5.0 (Linux; Android 13; SM-G781B) AppleWebKit/537.36 (KHTML, like Gecko) JioSphere/5.0.4 Chrome/119.0.6045.193 Mobile Safari/537.36"
152.59.85.14 - - [17/Feb/2025:20:18:42 +0530] "GET /wp-content/plugins/gp-premium/menu-plus/functions/css/navigation-branding-flex.min.css?ver=2.4.1 HTTP/2" 200 542 "https://entertainline.guru/" "Mozilla/5.0 (Linux; Android 13; SM-G781B) AppleWebKit/537.36 (KHTML, like Gecko) JioSphere/5.0.4 Chrome/119.0.6045.193 Mobile Safari/537.36"
152.59.85.14 - - [17/Feb/2025:20:18:42 +0530] "GET /wp-content/themes/generatepress/assets/css/main.min.css?ver=3.5.1 HTTP/2" 200 4410 "https://entertainline.guru/" "Mozilla/5.0 (Linux; Android 13; SM-G781B) AppleWebKit/537.36 (KHTML, like Gecko) JioSphere/5.0.4 Chrome/119.0.6045.193 Mobile Safari/537.36"
152.59.85.14 - - [17/Feb/2025:20:18:42 +0530] "GET /wp-includes/css/dist/block-library/style.min.css?ver=6.7.2 HTTP/2" 200 14225 "https://entertainline.guru/" "Mozilla/5.0 (Linux; Android 13; SM-G781B) AppleWebKit/537.36 (KHTML, like Gecko) JioSphere/5.0.4 Chrome/119.0.6045.193 Mobile Safari/537.36"
152.59.85.14 - - [17/Feb/2025:20:18:42 +0530] "GET /wp-content/plugins/contact-form-7/includes/css/styles.css?ver=6.0.3 HTTP/2" 200 890 "https://entertainline.guru/" "Mozilla/5.0 (Linux; Android 13; SM-G781B) AppleWebKit/537.36 (KHTML, like Gecko) JioSphere/5.0.4 Chrome/119.0.6045.193 Mobile Safari/537.36"
152.59.85.14 - - [17/Feb/2025:20:18:42 +0530] "GET /wp-content/uploads/2025/02/Capture.png HTTP/2" 200 31090 "https://entertainline.guru/" "Mozilla/5.0 (Linux; Android 13; SM-G781B) AppleWebKit/537.36 (KHTML, like Gecko) JioSphere/5.0.4 Chrome/119.0.6045.193 Mobile Safari/537.36"
152.59.85.14 - - [17/Feb/2025:20:18:42 +0530] "GET /wp-content/uploads/2025/02/jon2-1024x586.webp HTTP/2" 200 100830 "https://entertainline.guru/" "Mozilla/5.0 (Linux; Android 13; SM-G781B) AppleWebKit/537.36 (KHTML, like Gecko) JioSphere/5.0.4 Chrome/119.0.6045.193 Mobile Safari/537.36"
152.59.85.14 - - [17/Feb/2025:20:18:42 +0530] "GET /wp-content/plugins/gp-premium/menu-plus/functions/js/offside.min.js?ver=2.4.1 HTTP/2" 200 2028 "https://entertainline.guru/" "Mozilla/5.0 (Linux; Android 13; SM-G781B) AppleWebKit/537.36 (KHTML, like Gecko) JioSphere/5.0.4 Chrome/119.0.6045.193 Mobile Safari/537.36"
152.59.85.14 - - [17/Feb/2025:20:18:42 +0530] "GET /wp-includes/js/dist/hooks.min.js?ver=4d63a3d491d11ffd8ac6 HTTP/2" 200 1571 "https://entertainline.guru/" "Mozilla/5.0 (Linux; Android 13; SM-G781B) AppleWebKit/537.36 (KHTML, like Gecko) JioSphere/5.0.4 Chrome/119.0.6045.193 Mobile Safari/537.36"
152.59.85.14 - - [17/Feb/2025:20:18:28 +0530] "GET /wp-content/plugins/wordpress-seo/js/dist/used-keywords-assessment.js?ver=f2d934f4e70fdace40fc HTTP/2" 200 313 "https://entertainline.guru/wp-content/plugins/wordpress-seo/js/dist/analysis-worker.js?ver=aa04978fbd423b404462" "Mozilla/5.0 (Windows NT 10.0; Win64; x64) AppleWebKit/537.36 (KHTML, like Gecko) Chrome/133.0.0.0 Safari/537.36"
152.59.85.14 - - [17/Feb/2025:20:18:28 +0530] "GET /wp-json/wp/v2/categories?per_page=100&orderby=count&order=desc&_fields=id%2Cname&_locale=user HTTP/2" 200 80 "https://entertainline.guru/wp-admin/post-new.php?" "Mozilla/5.0 (Windows NT 10.0; Win64; x64) AppleWebKit/537.36 (KHTML, like Gecko) Chrome/133.0.0.0 Safari/537.36"
152.59.85.14 - - [17/Feb/2025:20:18:28 +0530] "GET /wp-json/wp/v2/taxonomies/category?context=edit&_locale=user HTTP/2" 200 895 "https://entertainline.guru/wp-admin/post-new.php?" "Mozilla/5.0 (Windows NT 10.0; Win64; x64) AppleWebKit/537.36 (KHTML, like Gecko) Chrome/133.0.0.0 Safari/537.36"
152.59.85.14 - - [17/Feb/2025:20:18:28 +0530] "GET /wp-json/wp/v2/categories?context=view&per_page=100&orderby=name&order=asc&_fields=id%2Cname%2Cparent&_locale=user HTTP/2" 200 90 "https://entertainline.guru/wp-admin/post-new.php?" "Mozilla/5.0 (Windows NT 10.0; Win64; x64) AppleWebKit/537.36 (KHTML, like Gecko) Chrome/133.0.0.0 Safari/537.36"
152.59.85.14 - - [17/Feb/2025:20:18:28 +0530] "GET /wp-json/wp/v2/users/1?context=view&_fields=id%2Cname&_locale=user HTTP/2" 200 27 "https://entertainline.guru/wp-admin/post-new.php?" "Mozilla/5.0 (Windows NT 10.0; Win64; x64) AppleWebKit/537.36 (KHTML, like Gecko) Chrome/133.0.0.0 Safari/537.36"
152.59.85.14 - - [17/Feb/2025:20:18:27 +0530] "GET /wp-json/wp/v2/block-patterns/patterns?_locale=user HTTP/2" 200 19565 "https://entertainline.guru/wp-admin/post-new.php?" "Mozilla/5.0 (Windows NT 10.0; Win64; x64) AppleWebKit/537.36 (KHTML, like Gecko) Chrome/133.0.0.0 Safari/537.36"
152.59.85.14 - - [17/Feb/2025:20:18:37 +0530] "POST /wp-admin/admin-ajax.php HTTP/2" 200 79 "https://entertainline.guru/wp-admin/post-new.php?" "Mozilla/5.0 (Windows NT 10.0; Win64; x64) AppleWebKit/537.36 (KHTML, like Gecko) Chrome/133.0.0.0 Safari/537.36"
152.59.85.14 - - [17/Feb/2025:20:18:51 +0530] "OPTIONS /wp-json/wp/v2/posts/?context=edit&_locale=user HTTP/2" 200 2653 "https://entertainline.guru/wp-admin/post-new.php?" "Mozilla/5.0 (Windows NT 10.0; Win64; x64) AppleWebKit/537.36 (KHTML, like Gecko) Chrome/133.0.0.0 Safari/537.36"
152.59.85.14 - - [17/Feb/2025:20:18:51 +0530] "GET /wp-json/oembed/1.0/proxy?url=https%3A%2F%2Fyoutube.com%2Fwatch%3Fv%3D_RcJmaZATo4&_locale=user HTTP/2" 200 418 "https://entertainline.guru/wp-admin/post-new.php?" "Mozilla/5.0 (Windows NT 10.0; Win64; x64) AppleWebKit/537.36 (KHTML, like Gecko) Chrome/133.0.0.0 Safari/537.36"
152.59.85.14 - - [17/Feb/2025:20:18:51 +0530] "POST /wp-admin/admin-ajax.php HTTP/2" 200 79 "https://entertainline.guru/wp-admin/post-new.php?" "Mozilla/5.0 (Windows NT 10.0; Win64; x64) AppleWebKit/537.36 (KHTML, like Gecko) Chrome/133.0.0.0 Safari/537.36"
152.59.85.14 - - [17/Feb/2025:20:18:54 +0530] "GET /wp-json/wp/v2/categories?per_page=100&orderby=count&order=desc&_fields=id%2Cname&_locale=user HTTP/2" 200 80 "https://entertainline.guru/wp-admin/post-new.php?" "Mozilla/5.0 (Windows NT 10.0; Win64; x64) AppleWebKit/537.36 (KHTML, like Gecko) Chrome/133.0.0.0 Safari/537.36"
152.59.85.14 - - [17/Feb/2025:20:18:51 +0530] "POST /wp-json/wp/v2/media?_embed=wp%3Afeaturedmedia&_locale=user HTTP/2" 201 1109 "https://entertainline.guru/wp-admin/post-new.php?" "Mozilla/5.0 (Windows NT 10.0; Win64; x64) AppleWebKit/537.36 (KHTML, like Gecko) Chrome/133.0.0.0 Safari/537.36"
152.59.85.14 - - [17/Feb/2025:20:18:51 +0530] "POST /wp-json/wp/v2/media?_embed=wp%3Afeaturedmedia&_locale=user HTTP/2" 201 1107 "https://entertainline.guru/wp-admin/post-new.php?" "Mozilla/5.0 (Windows NT 10.0; Win64; x64) AppleWebKit/537.36 (KHTML, like Gecko) Chrome/133.0.0.0 Safari/537.36"
152.59.85.14 - - [17/Feb/2025:20:18:47 +0530] "POST /wp-json/wp/v2/media?_embed=wp%3Afeaturedmedia&_locale=user HTTP/2" 201 1106 "https://entertainline.guru/wp-admin/post-new.php?" "Mozilla/5.0 (Windows NT 10.0; Win64; x64) AppleWebKit/537.36 (KHTML, like Gecko) Chrome/133.0.0.0 Safari/537.36"
152.59.85.14 - - [17/Feb/2025:20:18:51 +0530] "POST /wp-json/wp/v2/media?_embed=wp%3Afeaturedmedia&_locale=user HTTP/2" 201 1106 "https://entertainline.guru/wp-admin/post-new.php?" "Mozilla/5.0 (Windows NT 10.0; Win64; x64) AppleWebKit/537.36 (KHTML, like Gecko) Chrome/133.0.0.0 Safari/537.36"
152.59.85.14 - - [17/Feb/2025:20:19:01 +0530] "GET /wp-content/uploads/2025/02/image-12-1024x563.jpeg HTTP/2" 200 129541 "https://entertainline.guru/wp-admin/post-new.php?" "Mozilla/5.0 (Windows NT 10.0; Win64; x64) AppleWebKit/537.36 (KHTML, like Gecko) Chrome/133.0.0.0 Safari/537.36"
152.59.85.14 - - [17/Feb/2025:20:19:01 +0530] "GET /wp-content/uploads/2025/02/image-11-1024x563.jpeg HTTP/2" 200 69644 "https://entertainline.guru/wp-admin/post-new.php?" "Mozilla/5.0 (Windows NT 10.0; Win64; x64) AppleWebKit/537.36 (KHTML, like Gecko) Chrome/133.0.0.0 Safari/537.36"
152.59.85.14 - - [17/Feb/2025:20:19:02 +0530] "GET /wp-content/uploads/2025/02/image-13-1024x563.jpeg HTTP/2" 200 98011 "https://entertainline.guru/wp-admin/post-new.php?" "Mozilla/5.0 (Windows NT 10.0; Win64; x64) AppleWebKit/537.36 (KHTML, like Gecko) Chrome/133.0.0.0 Safari/537.36"
152.59.85.14 - - [17/Feb/2025:20:19:03 +0530] "GET /wp-content/uploads/2025/02/image-10-1024x563.jpeg HTTP/2" 200 62965 "https://entertainline.guru/wp-admin/post-new.php?" "Mozilla/5.0 (Windows NT 10.0; Win64; x64) AppleWebKit/537.36 (KHTML, like Gecko) Chrome/133.0.0.0 Safari/537.36"
152.59.85.14 - - [17/Feb/2025:20:19:27 +0530] "POST /wp-json/wp/v2/posts/567/autosaves?_locale=user HTTP/2" 200 10168 "https://entertainline.guru/wp-admin/post-new.php?" "Mozilla/5.0 (Windows NT 10.0; Win64; x64) AppleWebKit/537.36 (KHTML, like Gecko) Chrome/133.0.0.0 Safari/537.36"
152.59.85.14 - - [17/Feb/2025:20:20:13 +0530] "POST /wp-admin/admin-ajax.php HTTP/2" 200 79 "https://entertainline.guru/wp-admin/post.php?post=567&action=edit" "Mozilla/5.0 (Windows NT 10.0; Win64; x64) AppleWebKit/537.36 (KHTML, like Gecko) Chrome/133.0.0.0 Safari/537.36"
152.59.85.14 - - [17/Feb/2025:20:20:23 +0530] "POST /wp-admin/admin-ajax.php HTTP/2" 200 79 "https://entertainline.guru/wp-admin/post.php?post=567&action=edit" "Mozilla/5.0 (Windows NT 10.0; Win64; x64) AppleWebKit/537.36 (KHTML, like Gecko) Chrome/133.0.0.0 Safari/537.36"
152.59.85.14 - - [17/Feb/2025:20:20:28 +0530] "POST /wp-json/wp/v2/posts/567/autosaves?_locale=user HTTP/2" 200 12522 "https://entertainline.guru/wp-admin/post.php?post=567&action=edit" "Mozilla/5.0 (Windows NT 10.0; Win64; x64) AppleWebKit/537.36 (KHTML, like Gecko) Chrome/133.0.0.0 Safari/537.36"
152.59.85.14 - - [17/Feb/2025:20:20:34 +0530] "POST /wp-admin/admin-ajax.php HTTP/2" 200 79 "https://entertainline.guru/wp-admin/post.php?post=567&action=edit" "Mozilla/5.0 (Windows NT 10.0; Win64; x64) AppleWebKit/537.36 (KHTML, like Gecko) Chrome/133.0.0.0 Safari/537.36"
