152.59.85.14 - - [18/Feb/2025:16:39:24 +0530] "GET /wp-json/wp/v2/categories/1?context=edit&_locale=user HTTP/2" 200 1661 "https://entertainline.guru/wp-admin/post.php?post=577&action=edit" "Mozilla/5.0 (Windows NT 10.0; Win64; x64) AppleWebKit/537.36 (KHTML, like Gecko) Chrome/133.0.0.0 Safari/537.36"
162.55.100.32 - - [18/Feb/2025:16:39:27 +0530] "POST /wp-cron.php?doing_wp_cron=1739876967.0470919609069824218750 HTTP/1.1" 200 0 "-" "WordPress/6.7.2; https://entertainline.guru"
2a06:98c0:3600::103 - - [18/Feb/2025:16:28:38 +0530] "GET /wp-admin/setup-config.php HTTP/1.1" 409 1041 "-" "Mozilla/5.0 (Windows NT 10.0; Win64; x64) AppleWebKit/537.36 (KHTML, like Gecko) Chrome/133.0.0.0 Safari/537.36"
152.59.85.14 - - [18/Feb/2025:16:39:24 +0530] "POST /wp-admin/admin-ajax.php HTTP/2" 200 79 "https://entertainline.guru/wp-admin/post.php?post=577&action=edit" "Mozilla/5.0 (Windows NT 10.0; Win64; x64) AppleWebKit/537.36 (KHTML, like Gecko) Chrome/133.0.0.0 Safari/537.36"
152.59.85.14 - - [18/Feb/2025:16:39:25 +0530] "POST /wp-json/wp/v2/posts/577?_locale=user HTTP/2" 200 11368 "https://entertainline.guru/wp-admin/post.php?post=577&action=edit" "Mozilla/5.0 (Windows NT 10.0; Win64; x64) AppleWebKit/537.36 (KHTML, like Gecko) Chrome/133.0.0.0 Safari/537.36"
152.59.85.14 - - [18/Feb/2025:16:39:26 +0530] "POST /wp-admin/post.php?post=577&action=edit&meta-box-loader=1&meta-box-loader-nonce=f16fdfa4b1&_locale=user HTTP/2" 302 0 "https://entertainline.guru/wp-admin/post.php?post=577&action=edit" "Mozilla/5.0 (Windows NT 10.0; Win64; x64) AppleWebKit/537.36 (KHTML, like Gecko) Chrome/133.0.0.0 Safari/537.36"
152.59.85.14 - - [18/Feb/2025:16:39:27 +0530] "GET /wp-admin/post.php?post=577&action=edit&message=4 HTTP/2" 200 100073 "https://entertainline.guru/wp-admin/post.php?post=577&action=edit" "Mozilla/5.0 (Windows NT 10.0; Win64; x64) AppleWebKit/537.36 (KHTML, like Gecko) Chrome/133.0.0.0 Safari/537.36"
152.59.85.14 - - [18/Feb/2025:16:39:29 +0530] "POST /wp-admin/admin-ajax.php HTTP/2" 200 5 "https://entertainline.guru/wp-admin/post.php?post=577&action=edit" "Mozilla/5.0 (Windows NT 10.0; Win64; x64) AppleWebKit/537.36 (KHTML, like Gecko) Chrome/133.0.0.0 Safari/537.36"
152.59.85.14 - - [18/Feb/2025:16:39:29 +0530] "GET /darva-conger-net-worth-how-much-is-the-reality-star-worth/ HTTP/2" 200 24437 "https://entertainline.guru/wp-admin/post.php?post=577&action=edit" "Mozilla/5.0 (Windows NT 10.0; Win64; x64) AppleWebKit/537.36 (KHTML, like Gecko) Chrome/133.0.0.0 Safari/537.36"
152.59.85.14 - - [18/Feb/2025:16:39:51 +0530] "GET / HTTP/2" 200 18433 "https://entertainline.guru/darva-conger-net-worth-how-much-is-the-reality-star-worth/" "Mozilla/5.0 (Windows NT 10.0; Win64; x64) AppleWebKit/537.36 (KHTML, like Gecko) Chrome/133.0.0.0 Safari/537.36"
2a06:98c0:3600::103 - - [18/Feb/2025:16:52:45 +0530] "GET /wp-admin/setup-config.php HTTP/1.1" 409 1041 "-" "Mozilla/5.0 (Windows NT 10.0; Win64; x64) AppleWebKit/537.36 (KHTML, like Gecko) Chrome/133.0.0.0 Safari/537.36"
66.249.72.195 - - [18/Feb/2025:16:53:01 +0530] "GET /robots.txt HTTP/1.1" 200 105 "-" "Mozilla/5.0 (compatible; Googlebot/2.1; +http://www.google.com/bot.html)"
66.249.72.195 - - [18/Feb/2025:16:53:02 +0530] "GET /author-sitemap.xml HTTP/1.1" 200 4262 "-" "Mozilla/5.0 (compatible; Googlebot/2.1; +http://www.google.com/bot.html)"
2a06:98c0:3600::103 - - [18/Feb/2025:16:50:16 +0530] "GET /wordpress/wp-admin/setup-config.php HTTP/1.1" 404 11819 "-" "Mozilla/5.0 (Windows NT 10.0; Win64; x64) AppleWebKit/537.36 (KHTML, like Gecko) Chrome/133.0.0.0 Safari/537.36"
162.55.100.32 - - [18/Feb/2025:16:50:17 +0530] "POST /wp-cron.php?doing_wp_cron=1739877617.4428410530090332031250 HTTP/1.1" 200 0 "-" "WordPress/6.7.2; https://entertainline.guru"
23.236.179.219 - - [18/Feb/2025:17:22:52 +0530] "GET /wp-content/uploads/2025/02/civ-7-natural-history-civic.webp HTTP/1.1" 200 66258 "-" "Mozilla/5.0 (Macintosh; Intel Mac OS X 13_0_1) AppleWebKit/537.36 (KHTML, like Gecko) Chrome/108.0.0.0 Safari/537.36"
193.34.72.200 - - [18/Feb/2025:17:22:57 +0530] "GET /wp-content/uploads/2025/02/Kelsea-Ballerinis-Net-Worth-Uncovering-the-Country-Artists-Wealth-1024x576.png HTTP/1.1" 200 783120 "-" "Mozilla/5.0 (Macintosh; Intel Mac OS X 13_0_1) AppleWebKit/537.36 (KHTML, like Gecko) Chrome/108.0.0.0 Safari/537.36"
66.249.66.36 - - [18/Feb/2025:17:22:40 +0530] "GET /shopdetail/385836164 HTTP/1.1" 200 19642 "-" "Mozilla/5.0 (Linux; Android 6.0.1; Nexus 5X Build/MMB29P) AppleWebKit/537.36 (KHTML, like Gecko) Chrome/133.0.6943.53 Mobile Safari/537.36 (compatible; GoogleOther)"
170.246.53.142 - - [18/Feb/2025:17:22:53 +0530] "GET /wp-content/uploads/2025/02/One-Piece-Theory-Is-Blackbeard-A-Descendent-Of-Nika.jpg HTTP/1.1" 200 79409 "-" "Mozilla/5.0 (Windows NT 10.0; Win64; x64) AppleWebKit/537.36 (KHTML, like Gecko) Chrome/108.0.0.0 Safari/537.36"
176.103.242.147 - - [18/Feb/2025:17:22:54 +0530] "GET /wp-content/uploads/2025/02/tales-of-graces-f-remastered-2-15-2025-3-1024x576.webp HTTP/1.1" 200 23004 "-" "Mozilla/5.0 (Windows NT 10.0; Win64; x64) AppleWebKit/537.36 (KHTML, like Gecko) Chrome/108.0.0.0 Safari/537.36"
176.103.242.147 - - [18/Feb/2025:17:22:56 +0530] "GET /wp-content/uploads/2025/02/AA1yAoTb-1024x536.webp HTTP/1.1" 200 136128 "-" "Mozilla/5.0 (Windows NT 10.0; Win64; x64) AppleWebKit/537.36 (KHTML, like Gecko) Chrome/108.0.0.0 Safari/537.36"
132.255.133.3 - - [18/Feb/2025:17:22:36 +0530] "GET /wp-content/uploads/2025/02/AA1yAoTb.webp HTTP/1.1" 200 400816 "-" "Mozilla/5.0 (Windows NT 10.0; Win64; x64) AppleWebKit/537.36 (KHTML, like Gecko) Chrome/108.0.0.0 Safari/537.36"
95.164.157.108 - - [18/Feb/2025:17:22:54 +0530] "GET /wp-content/uploads/2025/02/shamrock-doffy-one-piece.webp HTTP/1.1" 200 92438 "-" "Mozilla/5.0 (Windows NT 10.0; WOW64) AppleWebKit/537.36 (KHTML, like Gecko) Chrome/108.0.0.0 Safari/537.36"
2a06:98c0:3600::103 - - [18/Feb/2025:17:15:33 +0530] "GET /wp-admin/setup-config.php HTTP/1.1" 409 1041 "-" "Mozilla/5.0 (Windows NT 10.0; Win64; x64) AppleWebKit/537.36 (KHTML, like Gecko) Chrome/133.0.0.0 Safari/537.36"
191.102.170.237 - - [18/Feb/2025:17:22:33 +0530] "GET /wp-content/uploads/2025/02/Capture.png HTTP/1.1" 200 31090 "-" "Mozilla/5.0 (Macintosh; Intel Mac OS X 13_0_1) AppleWebKit/537.36 (KHTML, like Gecko) Chrome/108.0.0.0 Safari/537.36"
192.67.163.159 - - [18/Feb/2025:17:22:35 +0530] "GET /wp-content/uploads/2025/02/jon2.webp HTTP/1.1" 200 169834 "-" "Mozilla/5.0 (Windows NT 10.0; Win64; x64) AppleWebKit/537.36 (KHTML, like Gecko) Chrome/108.0.0.0 Safari/537.36"
186.179.47.64 - - [18/Feb/2025:17:22:37 +0530] "GET /wp-content/uploads/2025/02/Kelsea-Ballerinis-Net-Worth-Uncovering-the-Country-Artists-Wealth.png HTTP/1.1" 200 428855 "-" "Mozilla/5.0 (Windows NT 10.0; Win64; x64) AppleWebKit/537.36 (KHTML, like Gecko) Chrome/108.0.0.0 Safari/537.36"
132.255.135.192 - - [18/Feb/2025:17:22:53 +0530] "GET /wp-content/uploads/2025/02/split-fiction-hands-on-preview-feb-2025.webp HTTP/1.1" 200 162392 "-" "Mozilla/5.0 (X11; Linux x86_64) AppleWebKit/537.36 (KHTML, like Gecko) Chrome/108.0.0.0 Safari/537.36"
176.102.120.213 - - [18/Feb/2025:17:22:58 +0530] "GET /wp-content/uploads/2025/02/Shaboozey-Height-Age-Girlfriend-Family-Biography-1024x576.png HTTP/1.1" 200 554097 "-" "Mozilla/5.0 (X11; Linux x86_64) AppleWebKit/537.36 (KHTML, like Gecko) Chrome/108.0.0.0 Safari/537.36"
186.179.14.199 - - [18/Feb/2025:17:22:55 +0530] "GET /wp-content/uploads/2025/02/jon2-1024x586.webp HTTP/1.1" 200 100830 "-" "Mozilla/5.0 (X11; Linux x86_64) AppleWebKit/537.36 (KHTML, like Gecko) Chrome/108.0.0.0 Safari/537.36"
2a06:98c0:3600::103 - - [18/Feb/2025:17:15:28 +0530] "GET /wordpress/wp-admin/setup-config.php HTTP/1.1" 404 11819 "-" "Mozilla/5.0 (Windows NT 10.0; Win64; x64) AppleWebKit/537.36 (KHTML, like Gecko) Chrome/133.0.0.0 Safari/537.36"
132.255.133.52 - - [18/Feb/2025:17:22:34 +0530] "GET /wp-content/uploads/2025/02/tales-of-graces-f-remastered-2-15-2025-3.webp HTTP/1.1" 200 51578 "-" "Mozilla/5.0 (X11; Linux x86_64) AppleWebKit/537.36 (KHTML, like Gecko) Chrome/108.0.0.0 Safari/537.36"
209.127.252.76 - - [18/Feb/2025:17:22:41 +0530] "GET /wp-content/uploads/2025/02/Shaboozey-Height-Age-Girlfriend-Family-Biography.png HTTP/1.1" 200 266323 "-" "Mozilla/5.0 (Windows NT 10.0; WOW64) AppleWebKit/537.36 (KHTML, like Gecko) Chrome/108.0.0.0 Safari/537.36"
38.154.214.236 - - [18/Feb/2025:17:22:51 +0530] "GET /wp-content/uploads/2025/02/image.jpeg HTTP/1.1" 200 53440 "-" "Mozilla/5.0 (Macintosh; Intel Mac OS X 13_0_1) AppleWebKit/537.36 (KHTML, like Gecko) Chrome/108.0.0.0 Safari/537.36"
2a06:98c0:3600::103 - - [18/Feb/2025:17:39:13 +0530] "GET /wp-admin/setup-config.php HTTP/1.1" 409 1041 "-" "Mozilla/5.0 (Windows NT 10.0; Win64; x64) AppleWebKit/537.36 (KHTML, like Gecko) Chrome/133.0.0.0 Safari/537.36"
2a06:98c0:3600::103 - - [18/Feb/2025:17:39:18 +0530] "GET /wordpress/wp-admin/setup-config.php HTTP/1.1" 404 11819 "-" "Mozilla/5.0 (Windows NT 10.0; Win64; x64) AppleWebKit/537.36 (KHTML, like Gecko) Chrome/133.0.0.0 Safari/537.36"
66.249.66.34 - - [18/Feb/2025:17:40:32 +0530] "GET /shopdetail/377833164 HTTP/1.1" 200 19536 "-" "Mozilla/5.0 (Linux; Android 6.0.1; Nexus 5X Build/MMB29P) AppleWebKit/537.36 (KHTML, like Gecko) Chrome/133.0.6943.53 Mobile Safari/537.36 (compatible; GoogleOther)"
2a06:98c0:3600::103 - - [18/Feb/2025:18:02:27 +0530] "GET /wp-admin/setup-config.php HTTP/1.1" 409 1041 "-" "Mozilla/5.0 (Windows NT 10.0; Win64; x64) AppleWebKit/537.36 (KHTML, like Gecko) Chrome/133.0.0.0 Safari/537.36"
2a06:98c0:3600::103 - - [18/Feb/2025:18:02:05 +0530] "GET /wordpress/wp-admin/setup-config.php HTTP/1.1" 404 11819 "-" "Mozilla/5.0 (Windows NT 10.0; Win64; x64) AppleWebKit/537.36 (KHTML, like Gecko) Chrome/133.0.0.0 Safari/537.36"
101.33.55.204 - - [18/Feb/2025:18:09:56 +0530] "GET /page/2/ HTTP/1.1" 200 14848 "-" "Mozilla/5.0 (iPhone; CPU iPhone OS 13_2_3 like Mac OS X) AppleWebKit/605.1.15 (KHTML, like Gecko) Version/13.0.3 Mobile/15E148 Safari/604.1"
2a06:98c0:3600::103 - - [18/Feb/2025:18:49:17 +0530] "GET /wp-admin/setup-config.php HTTP/1.1" 409 1041 "-" "Mozilla/5.0 (Windows NT 10.0; Win64; x64) AppleWebKit/537.36 (KHTML, like Gecko) Chrome/133.0.0.0 Safari/537.36"
66.249.66.35 - - [18/Feb/2025:18:45:22 +0530] "GET /robots.txt HTTP/1.1" 200 105 "-" "Mozilla/5.0 (compatible; Googlebot/2.1; +http://www.google.com/bot.html)"
2a06:98c0:3600::103 - - [18/Feb/2025:18:50:40 +0530] "GET /wordpress/wp-admin/setup-config.php HTTP/1.1" 404 11819 "-" "Mozilla/5.0 (Windows NT 10.0; Win64; x64) AppleWebKit/537.36 (KHTML, like Gecko) Chrome/133.0.0.0 Safari/537.36"
119.28.177.175 - - [18/Feb/2025:18:38:46 +0530] "GET /darva-conger-net-worth-how-much-is-the-reality-star-worth/ HTTP/1.1" 200 23817 "-" "Mozilla/5.0 (iPhone; CPU iPhone OS 13_2_3 like Mac OS X) AppleWebKit/605.1.15 (KHTML, like Gecko) Version/13.0.3 Mobile/15E148 Safari/604.1"
191.101.61.40 - - [18/Feb/2025:18:43:25 +0530] "GET /wp-content/uploads/2025/02/Capture.png HTTP/2" 200 31090 "http://entertainline.guru/" "Mozilla/5.0 (X11; Linux x86_64) AppleWebKit/537.36 (KHTML, like Gecko) HeadlessChrome/89.0.4389.90 Safari/537.36"
191.101.61.40 - - [18/Feb/2025:18:43:25 +0530] "GET /wp-content/uploads/2025/02/Darva-Conger-1.webp HTTP/2" 200 32750 "http://entertainline.guru/" "Mozilla/5.0 (X11; Linux x86_64) AppleWebKit/537.36 (KHTML, like Gecko) HeadlessChrome/89.0.4389.90 Safari/537.36"
2a06:98c0:3600::103 - - [18/Feb/2025:18:26:39 +0530] "GET /wp-admin/setup-config.php HTTP/1.1" 409 1041 "-" "Mozilla/5.0 (Windows NT 10.0; Win64; x64) AppleWebKit/537.36 (KHTML, like Gecko) Chrome/133.0.0.0 Safari/537.36"
43.157.38.131 - - [18/Feb/2025:18:19:37 +0530] "GET /wp-content/uploads/2025/02/Darva-Conger-1.webp HTTP/1.1" 200 81390 "-" "Mozilla/5.0 (iPhone; CPU iPhone OS 13_2_3 like Mac OS X) AppleWebKit/605.1.15 (KHTML, like Gecko) Version/13.0.3 Mobile/15E148 Safari/604.1"
2a06:98c0:3600::103 - - [18/Feb/2025:18:26:24 +0530] "GET /wordpress/wp-admin/setup-config.php HTTP/1.1" 404 11819 "-" "Mozilla/5.0 (Windows NT 10.0; Win64; x64) AppleWebKit/537.36 (KHTML, like Gecko) Chrome/133.0.0.0 Safari/537.36"
66.249.66.35 - - [18/Feb/2025:18:45:23 +0530] "GET /shopdetail/164040064 HTTP/1.1" 200 19626 "-" "Mozilla/5.0 (Linux; Android 6.0.1; Nexus 5X Build/MMB29P) AppleWebKit/537.36 (KHTML, like Gecko) Chrome/133.0.6943.53 Mobile Safari/537.36 (compatible; GoogleOther)"
170.106.147.63 - - [18/Feb/2025:19:17:48 +0530] "GET /wp-content/uploads/2025/02/Darva-Conger-1-300x197.webp HTTP/1.1" 200 17754 "-" "Mozilla/5.0 (iPhone; CPU iPhone OS 13_2_3 like Mac OS X) AppleWebKit/605.1.15 (KHTML, like Gecko) Version/13.0.3 Mobile/15E148 Safari/604.1"
2a06:98c0:3600::103 - - [18/Feb/2025:19:14:43 +0530] "GET /wp-admin/setup-config.php HTTP/1.1" 409 1041 "-" "Mozilla/5.0 (Windows NT 10.0; Win64; x64) AppleWebKit/537.36 (KHTML, like Gecko) Chrome/133.0.0.0 Safari/537.36"
43.157.95.131 - - [18/Feb/2025:19:09:07 +0530] "GET /darva-conger-net-worth-how-much-is-the-reality-star-worth/ HTTP/1.1" 200 23817 "-" "Mozilla/5.0 (iPhone; CPU iPhone OS 13_2_3 like Mac OS X) AppleWebKit/605.1.15 (KHTML, like Gecko) Version/13.0.3 Mobile/15E148 Safari/604.1"
43.157.202.235 - - [18/Feb/2025:19:29:04 +0530] "GET /wp-content/uploads/2025/02/Darva-Conger-1-768x504.webp HTTP/1.1" 200 69646 "-" "Mozilla/5.0 (iPhone; CPU iPhone OS 13_2_3 like Mac OS X) AppleWebKit/605.1.15 (KHTML, like Gecko) Version/13.0.3 Mobile/15E148 Safari/604.1"
40.77.167.93 - - [18/Feb/2025:19:06:57 +0530] "GET /robots.txt HTTP/2" 200 105 "-" "Mozilla/5.0 AppleWebKit/537.36 (KHTML, like Gecko; compatible; bingbot/2.0; +http://www.bing.com/bingbot.htm) Chrome/116.0.1938.76 Safari/537.36"
52.167.144.237 - - [18/Feb/2025:19:07:00 +0530] "GET /post-sitemap.xml HTTP/2" 200 4262 "-" "Mozilla/5.0 AppleWebKit/537.36 (KHTML, like Gecko; compatible; bingbot/2.0; +http://www.bing.com/bingbot.htm) Chrome/116.0.1938.76 Safari/537.36"
52.167.144.237 - - [18/Feb/2025:19:07:02 +0530] "GET /sitemap_index.xml HTTP/2" 200 4271 "-" "Mozilla/5.0 AppleWebKit/537.36 (KHTML, like Gecko; compatible; bingbot/2.0; +http://www.bing.com/bingbot.htm) Chrome/116.0.1938.76 Safari/537.36"
40.77.167.51 - - [18/Feb/2025:19:07:05 +0530] "GET /category-sitemap.xml HTTP/2" 200 4284 "-" "Mozilla/5.0 AppleWebKit/537.36 (KHTML, like Gecko; compatible; bingbot/2.0; +http://www.bing.com/bingbot.htm) Chrome/116.0.1938.76 Safari/537.36"
2a06:98c0:3600::103 - - [18/Feb/2025:19:14:57 +0530] "GET /wordpress/wp-admin/setup-config.php HTTP/1.1" 404 11819 "-" "Mozilla/5.0 (Windows NT 10.0; Win64; x64) AppleWebKit/537.36 (KHTML, like Gecko) Chrome/133.0.0.0 Safari/537.36"
49.51.50.147 - - [18/Feb/2025:19:00:13 +0530] "GET /darva-conger-net-worth-how-much-is-the-reality-star-worth/ HTTP/1.1" 200 23820 "-" "Mozilla/5.0 (iPhone; CPU iPhone OS 13_2_3 like Mac OS X) AppleWebKit/605.1.15 (KHTML, like Gecko) Version/13.0.3 Mobile/15E148 Safari/604.1"
2a06:98c0:3600::103 - - [18/Feb/2025:19:41:35 +0530] "GET /wordpress/wp-admin/setup-config.php HTTP/1.1" 404 11819 "-" "Mozilla/5.0 (Windows NT 10.0; Win64; x64) AppleWebKit/537.36 (KHTML, like Gecko) Chrome/133.0.0.0 Safari/537.36"
2a06:98c0:3600::103 - - [18/Feb/2025:19:40:20 +0530] "GET /wp-admin/setup-config.php HTTP/1.1" 409 1041 "-" "Mozilla/5.0 (Windows NT 10.0; Win64; x64) AppleWebKit/537.36 (KHTML, like Gecko) Chrome/133.0.0.0 Safari/537.36"
2a06:98c0:3600::103 - - [18/Feb/2025:20:18:20 +0530] "GET /wp-admin/setup-config.php HTTP/1.1" 409 1041 "-" "Mozilla/5.0 (Windows NT 10.0; Win64; x64) AppleWebKit/537.36 (KHTML, like Gecko) Chrome/133.0.0.0 Safari/537.36"
2a06:98c0:3600::103 - - [18/Feb/2025:20:03:53 +0530] "GET /wordpress/wp-admin/setup-config.php HTTP/1.1" 404 11819 "-" "Mozilla/5.0 (Windows NT 10.0; Win64; x64) AppleWebKit/537.36 (KHTML, like Gecko) Chrome/133.0.0.0 Safari/537.36"
2a06:98c0:3600::103 - - [18/Feb/2025:20:05:05 +0530] "GET /wp-admin/setup-config.php HTTP/1.1" 409 1041 "-" "Mozilla/5.0 (Windows NT 10.0; Win64; x64) AppleWebKit/537.36 (KHTML, like Gecko) Chrome/133.0.0.0 Safari/537.36"
2a06:98c0:3600::103 - - [18/Feb/2025:20:16:35 +0530] "GET /wordpress/wp-admin/setup-config.php HTTP/1.1" 404 11819 "-" "Mozilla/5.0 (Windows NT 10.0; Win64; x64) AppleWebKit/537.36 (KHTML, like Gecko) Chrome/133.0.0.0 Safari/537.36"
152.59.85.14 - - [18/Feb/2025:20:59:18 +0530] "GET /wp-admin/post-new.php?post_type=page HTTP/2" 200 83912 "https://entertainline.guru/darva-conger-net-worth-how-much-is-the-reality-star-worth/" "Mozilla/5.0 (Windows NT 10.0; Win64; x64) AppleWebKit/537.36 (KHTML, like Gecko) Chrome/133.0.0.0 Safari/537.36"
152.59.85.14 - - [18/Feb/2025:20:59:19 +0530] "GET /wp-content/plugins/generateblocks/dist/blocks/text/index.css?ver=1.0.0 HTTP/2" 200 3646 "https://entertainline.guru/wp-admin/post-new.php?post_type=page" "Mozilla/5.0 (Windows NT 10.0; Win64; x64) AppleWebKit/537.36 (KHTML, like Gecko) Chrome/133.0.0.0 Safari/537.36"
152.59.85.14 - - [18/Feb/2025:20:59:19 +0530] "GET /wp-content/plugins/generateblocks/dist/blocks/element/index.css?ver=1.0.0 HTTP/2" 200 3662 "https://entertainline.guru/wp-admin/post-new.php?post_type=page" "Mozilla/5.0 (Windows NT 10.0; Win64; x64) AppleWebKit/537.36 (KHTML, like Gecko) Chrome/133.0.0.0 Safari/537.36"
152.59.85.14 - - [18/Feb/2025:20:59:19 +0530] "GET /wp-content/plugins/generateblocks/dist/blocks/media/index.css?ver=1.0.0 HTTP/2" 200 3647 "https://entertainline.guru/wp-admin/post-new.php?post_type=page" "Mozilla/5.0 (Windows NT 10.0; Win64; x64) AppleWebKit/537.36 (KHTML, like Gecko) Chrome/133.0.0.0 Safari/537.36"
152.59.85.14 - - [18/Feb/2025:20:59:19 +0530] "GET /wp-content/plugins/generateblocks/dist/blocks/shape/index.css?ver=1.0.0 HTTP/2" 200 3646 "https://entertainline.guru/wp-admin/post-new.php?post_type=page" "Mozilla/5.0 (Windows NT 10.0; Win64; x64) AppleWebKit/537.36 (KHTML, like Gecko) Chrome/133.0.0.0 Safari/537.36"
152.59.85.14 - - [18/Feb/2025:20:59:19 +0530] "GET /wp-content/plugins/generateblocks/dist/blocks/query/index.css?ver=1.0.0 HTTP/2" 200 3871 "https://entertainline.guru/wp-admin/post-new.php?post_type=page" "Mozilla/5.0 (Windows NT 10.0; Win64; x64) AppleWebKit/537.36 (KHTML, like Gecko) Chrome/133.0.0.0 Safari/537.36"
152.59.85.14 - - [18/Feb/2025:20:59:19 +0530] "GET /wp-content/plugins/generateblocks/dist/blocks/looper/index.css?ver=1.0.0 HTTP/2" 200 3718 "https://entertainline.guru/wp-admin/post-new.php?post_type=page" "Mozilla/5.0 (Windows NT 10.0; Win64; x64) AppleWebKit/537.36 (KHTML, like Gecko) Chrome/133.0.0.0 Safari/537.36"
152.59.85.14 - - [18/Feb/2025:20:59:19 +0530] "GET /wp-content/plugins/generateblocks/dist/blocks/query-page-numbers/index.css?ver=1.0.0 HTTP/2" 200 3646 "https://entertainline.guru/wp-admin/post-new.php?post_type=page" "Mozilla/5.0 (Windows NT 10.0; Win64; x64) AppleWebKit/537.36 (KHTML, like Gecko) Chrome/133.0.0.0 Safari/537.36"
152.59.85.14 - - [18/Feb/2025:20:59:19 +0530] "GET /wp-content/plugins/generateblocks/dist/blocks/loop-item/index.css?ver=1.0.0 HTTP/2" 200 3660 "https://entertainline.guru/wp-admin/post-new.php?post_type=page" "Mozilla/5.0 (Windows NT 10.0; Win64; x64) AppleWebKit/537.36 (KHTML, like Gecko) Chrome/133.0.0.0 Safari/537.36"
152.59.85.14 - - [18/Feb/2025:20:59:19 +0530] "GET /wp-content/plugins/wordpress-seo/css/dist/structured-data-blocks-2440.css HTTP/2" 200 721 "https://entertainline.guru/wp-admin/post-new.php?post_type=page" "Mozilla/5.0 (Windows NT 10.0; Win64; x64) AppleWebKit/537.36 (KHTML, like Gecko) Chrome/133.0.0.0 Safari/537.36"
152.59.85.14 - - [18/Feb/2025:20:59:19 +0530] "GET /wp-content/plugins/generateblocks/dist/packages.css?ver=68448bd9b86ee4cee801 HTTP/2" 200 9321 "https://entertainline.guru/wp-admin/post-new.php?post_type=page" "Mozilla/5.0 (Windows NT 10.0; Win64; x64) AppleWebKit/537.36 (KHTML, like Gecko) Chrome/133.0.0.0 Safari/537.36"
152.59.85.14 - - [18/Feb/2025:20:59:19 +0530] "GET /wp-content/plugins/generateblocks/dist/blocks.css?ver=1739527817 HTTP/2" 200 5823 "https://entertainline.guru/wp-admin/post-new.php?post_type=page" "Mozilla/5.0 (Windows NT 10.0; Win64; x64) AppleWebKit/537.36 (KHTML, like Gecko) Chrome/133.0.0.0 Safari/537.36"
152.59.85.14 - - [18/Feb/2025:20:59:19 +0530] "GET /wp-content/plugins/generateblocks/dist/editor-sidebar.css?ver=1739527818 HTTP/2" 200 168 "https://entertainline.guru/wp-admin/post-new.php?post_type=page" "Mozilla/5.0 (Windows NT 10.0; Win64; x64) AppleWebKit/537.36 (KHTML, like Gecko) Chrome/133.0.0.0 Safari/537.36"
152.59.85.14 - - [18/Feb/2025:20:59:19 +0530] "GET /wp-content/plugins/generateblocks/dist/editor.css?ver=1739527818 HTTP/2" 200 107 "https://entertainline.guru/wp-admin/post-new.php?post_type=page" "Mozilla/5.0 (Windows NT 10.0; Win64; x64) AppleWebKit/537.36 (KHTML, like Gecko) Chrome/133.0.0.0 Safari/537.36"
152.59.85.14 - - [18/Feb/2025:20:59:19 +0530] "GET /wp-content/plugins/generateblocks/dist/pattern-library.css?ver=2.0.1 HTTP/2" 200 1631 "https://entertainline.guru/wp-admin/post-new.php?post_type=page" "Mozilla/5.0 (Windows NT 10.0; Win64; x64) AppleWebKit/537.36 (KHTML, like Gecko) Chrome/133.0.0.0 Safari/537.36"
152.59.85.14 - - [18/Feb/2025:20:59:19 +0530] "GET /wp-content/plugins/wordpress-seo/css/dist/inside-editor-2440.css HTTP/2" 200 106 "https://entertainline.guru/wp-admin/post-new.php?post_type=page" "Mozilla/5.0 (Windows NT 10.0; Win64; x64) AppleWebKit/537.36 (KHTML, like Gecko) Chrome/133.0.0.0 Safari/537.36"
152.59.85.14 - - [18/Feb/2025:20:59:19 +0530] "GET /wp-content/plugins/wordpress-seo/css/dist/block-editor-2440.css HTTP/2" 200 75 "https://entertainline.guru/wp-admin/post-new.php?post_type=page" "Mozilla/5.0 (Windows NT 10.0; Win64; x64) AppleWebKit/537.36 (KHTML, like Gecko) Chrome/133.0.0.0 Safari/537.36"
152.59.85.14 - - [18/Feb/2025:20:59:19 +0530] "GET /wp-content/plugins/insert-headers-and-footers/build/admin-global-lite.css?ver=0b74b93a8b56d530f4cd5cdea9f40382 HTTP/2" 200 4521 "https://entertainline.guru/wp-admin/post-new.php?post_type=page" "Mozilla/5.0 (Windows NT 10.0; Win64; x64) AppleWebKit/537.36 (KHTML, like Gecko) Chrome/133.0.0.0 Safari/537.36"
152.59.85.14 - - [18/Feb/2025:20:59:19 +0530] "GET /wp-content/plugins/wordpress-seo/css/dist/ai-fix-assessments-2440.css HTTP/2" 200 189 "https://entertainline.guru/wp-admin/post-new.php?post_type=page" "Mozilla/5.0 (Windows NT 10.0; Win64; x64) AppleWebKit/537.36 (KHTML, like Gecko) Chrome/133.0.0.0 Safari/537.36"
152.59.85.14 - - [18/Feb/2025:20:59:20 +0530] "GET /wp-content/plugins/contact-form-7/includes/block-editor/index.js?ver=6.0.3 HTTP/2" 200 1863 "https://entertainline.guru/wp-admin/post-new.php?post_type=page" "Mozilla/5.0 (Windows NT 10.0; Win64; x64) AppleWebKit/537.36 (KHTML, like Gecko) Chrome/133.0.0.0 Safari/537.36"
152.59.85.14 - - [18/Feb/2025:20:59:20 +0530] "GET /wp-content/plugins/generateblocks/dist/block-styles.js?ver=1.1.39 HTTP/2" 200 3983 "https://entertainline.guru/wp-admin/post-new.php?post_type=page" "Mozilla/5.0 (Windows NT 10.0; Win64; x64) AppleWebKit/537.36 (KHTML, like Gecko) Chrome/133.0.0.0 Safari/537.36"
152.59.85.14 - - [18/Feb/2025:20:59:21 +0530] "GET /wp-admin/load-styles.php?c=1&dir=ltr&load%5Bchunk_0%5D=code-editor&ver=6.7.2 HTTP/2" 200 462 "https://entertainline.guru/wp-admin/post-new.php?post_type=page" "Mozilla/5.0 (Windows NT 10.0; Win64; x64) AppleWebKit/537.36 (KHTML, like Gecko) Chrome/133.0.0.0 Safari/537.36"
152.59.85.14 - - [18/Feb/2025:20:59:23 +0530] "GET /wp-content/plugins/wordpress-seo/js/dist/faq-block.js?ver=34ebc93abf046084fe1c HTTP/2" 200 2748 "https://entertainline.guru/wp-admin/post-new.php?post_type=page" "Mozilla/5.0 (Windows NT 10.0; Win64; x64) AppleWebKit/537.36 (KHTML, like Gecko) Chrome/133.0.0.0 Safari/537.36"
152.59.85.14 - - [18/Feb/2025:20:59:23 +0530] "GET /wp-content/plugins/wordpress-seo/js/dist/how-to-block.js?ver=3c48eb9c2bda3f650887 HTTP/2" 200 4752 "https://entertainline.guru/wp-admin/post-new.php?post_type=page" "Mozilla/5.0 (Windows NT 10.0; Win64; x64) AppleWebKit/537.36 (KHTML, like Gecko) Chrome/133.0.0.0 Safari/537.36"
152.59.85.14 - - [18/Feb/2025:20:59:23 +0530] "GET /wp-content/plugins/wordpress-seo/js/dist/dynamic-blocks.js?ver=739ebde8b3e418b9886a HTTP/2" 200 543 "https://entertainline.guru/wp-admin/post-new.php?post_type=page" "Mozilla/5.0 (Windows NT 10.0; Win64; x64) AppleWebKit/537.36 (KHTML, like Gecko) Chrome/133.0.0.0 Safari/537.36"
152.59.85.14 - - [18/Feb/2025:20:59:23 +0530] "GET /wp-content/plugins/generateblocks/dist/editor-sidebar.js?ver=e3c80efc1568992674d7 HTTP/2" 200 1534 "https://entertainline.guru/wp-admin/post-new.php?post_type=page" "Mozilla/5.0 (Windows NT 10.0; Win64; x64) AppleWebKit/537.36 (KHTML, like Gecko) Chrome/133.0.0.0 Safari/537.36"
152.59.85.14 - - [18/Feb/2025:20:59:23 +0530] "GET /wp-content/plugins/generateblocks/dist/editor.js?ver=fa824826b9aed2a783d9 HTTP/2" 200 2579 "https://entertainline.guru/wp-admin/post-new.php?post_type=page" "Mozilla/5.0 (Windows NT 10.0; Win64; x64) AppleWebKit/537.36 (KHTML, like Gecko) Chrome/133.0.0.0 Safari/537.36"
152.59.85.14 - - [18/Feb/2025:20:59:23 +0530] "GET /wp-content/plugins/generateblocks/dist/pattern-library.js?ver=583a8fa7b688af7ea068 HTTP/2" 200 10714 "https://entertainline.guru/wp-admin/post-new.php?post_type=page" "Mozilla/5.0 (Windows NT 10.0; Win64; x64) AppleWebKit/537.36 (KHTML, like Gecko) Chrome/133.0.0.0 Safari/537.36"
152.59.85.14 - - [18/Feb/2025:20:59:23 +0530] "GET /wp-content/plugins/insert-headers-and-footers/build/admin-global-lite.js?ver=0b74b93a8b56d530f4cd5cdea9f40382 HTTP/2" 200 422 "https://entertainline.guru/wp-admin/post-new.php?post_type=page" "Mozilla/5.0 (Windows NT 10.0; Win64; x64) AppleWebKit/537.36 (KHTML, like Gecko) Chrome/133.0.0.0 Safari/537.36"
152.59.85.14 - - [18/Feb/2025:20:59:20 +0530] "GET /wp-content/plugins/generateblocks/dist/blocks/shape/index.js?ver=303ec64bd6bc5b26cb6f HTTP/2" 200 39257 "https://entertainline.guru/wp-admin/post-new.php?post_type=page" "Mozilla/5.0 (Windows NT 10.0; Win64; x64) AppleWebKit/537.36 (KHTML, like Gecko) Chrome/133.0.0.0 Safari/537.36"
152.59.85.14 - - [18/Feb/2025:20:59:20 +0530] "GET /wp-content/plugins/generateblocks/dist/blocks/query-no-results/index.js?ver=c22dfb0b1afe486de5de HTTP/2" 200 706 "https://entertainline.guru/wp-admin/post-new.php?post_type=page" "Mozilla/5.0 (Windows NT 10.0; Win64; x64) AppleWebKit/537.36 (KHTML, like Gecko) Chrome/133.0.0.0 Safari/537.36"
152.59.85.14 - - [18/Feb/2025:20:59:20 +0530] "GET /wp-content/plugins/generateblocks/dist/blocks/query-page-numbers/index.js?ver=a570e2a2f70dbde95685 HTTP/2" 200 35386 "https://entertainline.guru/wp-admin/post-new.php?post_type=page" "Mozilla/5.0 (Windows NT 10.0; Win64; x64) AppleWebKit/537.36 (KHTML, like Gecko) Chrome/133.0.0.0 Safari/537.36"
152.59.85.14 - - [18/Feb/2025:20:59:20 +0530] "GET /wp-content/plugins/generateblocks/dist/components.js?ver=1.1.52 HTTP/2" 200 59423 "https://entertainline.guru/wp-admin/post-new.php?post_type=page" "Mozilla/5.0 (Windows NT 10.0; Win64; x64) AppleWebKit/537.36 (KHTML, like Gecko) Chrome/133.0.0.0 Safari/537.36"
152.59.85.14 - - [18/Feb/2025:20:59:20 +0530] "GET /wp-content/plugins/generateblocks/dist/blocks/text/index.js?ver=643afcb6b6f7a05cd1bb HTTP/2" 200 62199 "https://entertainline.guru/wp-admin/post-new.php?post_type=page" "Mozilla/5.0 (Windows NT 10.0; Win64; x64) AppleWebKit/537.36 (KHTML, like Gecko) Chrome/133.0.0.0 Safari/537.36"
152.59.85.14 - - [18/Feb/2025:20:59:23 +0530] "GET /wp-content/plugins/wordpress-seo/js/dist/post-edit.js?ver=b9374fef3a3ec7b19fff HTTP/2" 200 37108 "https://entertainline.guru/wp-admin/post-new.php?post_type=page" "Mozilla/5.0 (Windows NT 10.0; Win64; x64) AppleWebKit/537.36 (KHTML, like Gecko) Chrome/133.0.0.0 Safari/537.36"
152.59.85.14 - - [18/Feb/2025:20:59:20 +0530] "GET /wp-content/plugins/generateblocks/dist/blocks/element/index.js?ver=2a90139a54fe111eacdd HTTP/2" 200 58973 "https://entertainline.guru/wp-admin/post-new.php?post_type=page" "Mozilla/5.0 (Windows NT 10.0; Win64; x64) AppleWebKit/537.36 (KHTML, like Gecko) Chrome/133.0.0.0 Safari/537.36"
152.59.85.14 - - [18/Feb/2025:20:59:20 +0530] "GET /wp-content/plugins/generateblocks/dist/blocks/media/index.js?ver=dd3666806df6bc50cb70 HTTP/2" 200 59300 "https://entertainline.guru/wp-admin/post-new.php?post_type=page" "Mozilla/5.0 (Windows NT 10.0; Win64; x64) AppleWebKit/537.36 (KHTML, like Gecko) Chrome/133.0.0.0 Safari/537.36"
152.59.85.14 - - [18/Feb/2025:20:59:20 +0530] "GET /wp-content/plugins/generateblocks/dist/blocks/query/index.js?ver=14f98c7b69a105dcc73e HTTP/2" 200 86806 "https://entertainline.guru/wp-admin/post-new.php?post_type=page" "Mozilla/5.0 (Windows NT 10.0; Win64; x64) AppleWebKit/537.36 (KHTML, like Gecko) Chrome/133.0.0.0 Safari/537.36"
152.59.85.14 - - [18/Feb/2025:20:59:20 +0530] "GET /wp-content/plugins/generateblocks/dist/blocks/looper/index.js?ver=d8b8e7e0e35eeba30ca4 HTTP/2" 200 37794 "https://entertainline.guru/wp-admin/post-new.php?post_type=page" "Mozilla/5.0 (Windows NT 10.0; Win64; x64) AppleWebKit/537.36 (KHTML, like Gecko) Chrome/133.0.0.0 Safari/537.36"
152.59.85.14 - - [18/Feb/2025:20:59:20 +0530] "GET /wp-content/plugins/generateblocks/dist/blocks/loop-item/index.js?ver=f56d1b3a25020fe09d2d HTTP/2" 200 57473 "https://entertainline.guru/wp-admin/post-new.php?post_type=page" "Mozilla/5.0 (Windows NT 10.0; Win64; x64) AppleWebKit/537.36 (KHTML, like Gecko) Chrome/133.0.0.0 Safari/537.36"
152.59.85.14 - - [18/Feb/2025:20:59:23 +0530] "GET /wp-content/plugins/wordpress-seo/js/dist/block-editor.js?ver=184f10d9ae1393800fb6 HTTP/2" 200 60452 "https://entertainline.guru/wp-admin/post-new.php?post_type=page" "Mozilla/5.0 (Windows NT 10.0; Win64; x64) AppleWebKit/537.36 (KHTML, like Gecko) Chrome/133.0.0.0 Safari/537.36"
152.59.85.14 - - [18/Feb/2025:20:59:20 +0530] "GET /wp-content/plugins/generateblocks/dist/styles-builder.js?ver=1.2.68 HTTP/2" 200 94951 "https://entertainline.guru/wp-admin/post-new.php?post_type=page" "Mozilla/5.0 (Windows NT 10.0; Win64; x64) AppleWebKit/537.36 (KHTML, like Gecko) Chrome/133.0.0.0 Safari/537.36"
152.59.85.14 - - [18/Feb/2025:20:59:23 +0530] "GET /wp-content/plugins/generateblocks/dist/blocks.js?ver=1ff7b00f358ba351a1ba HTTP/2" 200 147861 "https://entertainline.guru/wp-admin/post-new.php?post_type=page" "Mozilla/5.0 (Windows NT 10.0; Win64; x64) AppleWebKit/537.36 (KHTML, like Gecko) Chrome/133.0.0.0 Safari/537.36"
152.59.85.14 - - [18/Feb/2025:20:59:26 +0530] "GET /wp-content/plugins/wordpress-seo/js/dist/analysis-worker.js?ver=aa04978fbd423b404462 HTTP/2" 200 355 "https://entertainline.guru/wp-admin/post-new.php?post_type=page" "Mozilla/5.0 (Windows NT 10.0; Win64; x64) AppleWebKit/537.36 (KHTML, like Gecko) Chrome/133.0.0.0 Safari/537.36"
152.59.85.14 - - [18/Feb/2025:20:59:26 +0530] "GET /wp-json/wp/v2/types?context=view&_locale=user HTTP/2" 200 2148 "https://entertainline.guru/wp-admin/post-new.php?post_type=page" "Mozilla/5.0 (Windows NT 10.0; Win64; x64) AppleWebKit/537.36 (KHTML, like Gecko) Chrome/133.0.0.0 Safari/537.36"
152.59.85.14 - - [18/Feb/2025:20:59:27 +0530] "OPTIONS /wp-json/wp/v2/settings?_locale=user HTTP/2" 200 1081 "https://entertainline.guru/wp-admin/post-new.php?post_type=page" "Mozilla/5.0 (Windows NT 10.0; Win64; x64) AppleWebKit/537.36 (KHTML, like Gecko) Chrome/133.0.0.0 Safari/537.36"
152.59.85.14 - - [18/Feb/2025:20:59:27 +0530] "GET /wp-json/wp/v2/block-patterns/categories?_locale=user HTTP/2" 200 614 "https://entertainline.guru/wp-admin/post-new.php?post_type=page" "Mozilla/5.0 (Windows NT 10.0; Win64; x64) AppleWebKit/537.36 (KHTML, like Gecko) Chrome/133.0.0.0 Safari/537.36"
152.59.85.14 - - [18/Feb/2025:20:59:27 +0530] "GET /wp-json/wp/v2/blocks?context=edit&per_page=100&page=1&_locale=user HTTP/2" 200 6 "https://entertainline.guru/wp-admin/post-new.php?post_type=page" "Mozilla/5.0 (Windows NT 10.0; Win64; x64) AppleWebKit/537.36 (KHTML, like Gecko) Chrome/133.0.0.0 Safari/537.36"
152.59.85.14 - - [18/Feb/2025:20:59:57 +0530] "POST /wp-admin/admin-ajax.php HTTP/2" 200 79 "https://entertainline.guru/wp-admin/post-new.php?post_type=page" "Mozilla/5.0 (Windows NT 10.0; Win64; x64) AppleWebKit/537.36 (KHTML, like Gecko) Chrome/133.0.0.0 Safari/537.36"
152.59.85.14 - - [18/Feb/2025:21:00:05 +0530] "GET /wp-json/wp/v2/taxonomies/category?context=edit&_locale=user HTTP/2" 200 895 "https://entertainline.guru/wp-admin/post-new.php?post_type=page" "Mozilla/5.0 (Windows NT 10.0; Win64; x64) AppleWebKit/537.36 (KHTML, like Gecko) Chrome/133.0.0.0 Safari/537.36"
152.59.85.14 - - [18/Feb/2025:21:00:05 +0530] "GET /wp-json/wp/v2/categories/1?context=edit&_locale=user HTTP/2" 200 1661 "https://entertainline.guru/wp-admin/post-new.php?post_type=page" "Mozilla/5.0 (Windows NT 10.0; Win64; x64) AppleWebKit/537.36 (KHTML, like Gecko) Chrome/133.0.0.0 Safari/537.36"
152.59.85.14 - - [18/Feb/2025:21:00:05 +0530] "GET /wp-json/wp/v2/taxonomies/post_tag?context=edit&_locale=user HTTP/2" 200 857 "https://entertainline.guru/wp-admin/post-new.php?post_type=page" "Mozilla/5.0 (Windows NT 10.0; Win64; x64) AppleWebKit/537.36 (KHTML, like Gecko) Chrome/133.0.0.0 Safari/537.36"
152.59.85.14 - - [18/Feb/2025:21:00:06 +0530] "POST /wp-admin/admin-ajax.php HTTP/2" 200 79 "https://entertainline.guru/wp-admin/post-new.php?post_type=page" "Mozilla/5.0 (Windows NT 10.0; Win64; x64) AppleWebKit/537.36 (KHTML, like Gecko) Chrome/133.0.0.0 Safari/537.36"
152.59.85.14 - - [18/Feb/2025:21:00:06 +0530] "POST /wp-json/wp/v2/pages/580?_locale=user HTTP/2" 200 2901 "https://entertainline.guru/wp-admin/post-new.php?post_type=page" "Mozilla/5.0 (Windows NT 10.0; Win64; x64) AppleWebKit/537.36 (KHTML, like Gecko) Chrome/133.0.0.0 Safari/537.36"
152.59.85.14 - - [18/Feb/2025:21:00:07 +0530] "POST /wp-admin/post.php?post=580&action=edit&meta-box-loader=1&meta-box-loader-nonce=7d5731cabe&_locale=user HTTP/2" 302 0 "https://entertainline.guru/wp-admin/post.php?post=580&action=edit" "Mozilla/5.0 (Windows NT 10.0; Win64; x64) AppleWebKit/537.36 (KHTML, like Gecko) Chrome/133.0.0.0 Safari/537.36"
152.59.85.14 - - [18/Feb/2025:21:00:07 +0530] "GET /wp-admin/post.php?post=580&action=edit&message=4 HTTP/2" 200 84090 "https://entertainline.guru/wp-admin/post.php?post=580&action=edit" "Mozilla/5.0 (Windows NT 10.0; Win64; x64) AppleWebKit/537.36 (KHTML, like Gecko) Chrome/133.0.0.0 Safari/537.36"
152.59.85.14 - - [18/Feb/2025:21:00:11 +0530] "POST /wp-admin/admin-ajax.php HTTP/2" 200 5 "https://entertainline.guru/wp-admin/post.php?post=580&action=edit" "Mozilla/5.0 (Windows NT 10.0; Win64; x64) AppleWebKit/537.36 (KHTML, like Gecko) Chrome/133.0.0.0 Safari/537.36"
152.59.85.14 - - [18/Feb/2025:21:00:11 +0530] "GET /wp-admin/post-new.php?post_type=page HTTP/2" 200 83992 "https://entertainline.guru/wp-admin/post.php?post=580&action=edit" "Mozilla/5.0 (Windows NT 10.0; Win64; x64) AppleWebKit/537.36 (KHTML, like Gecko) Chrome/133.0.0.0 Safari/537.36"
152.59.85.14 - - [18/Feb/2025:21:00:13 +0530] "GET /wp-json/wp/v2/types?context=view&_locale=user HTTP/2" 200 2148 "https://entertainline.guru/wp-admin/post-new.php?post_type=page" "Mozilla/5.0 (Windows NT 10.0; Win64; x64) AppleWebKit/537.36 (KHTML, like Gecko) Chrome/133.0.0.0 Safari/537.36"
152.59.85.14 - - [18/Feb/2025:21:00:14 +0530] "OPTIONS /wp-json/wp/v2/settings?_locale=user HTTP/2" 200 1081 "https://entertainline.guru/wp-admin/post-new.php?post_type=page" "Mozilla/5.0 (Windows NT 10.0; Win64; x64) AppleWebKit/537.36 (KHTML, like Gecko) Chrome/133.0.0.0 Safari/537.36"
152.59.85.14 - - [18/Feb/2025:21:00:14 +0530] "GET /wp-json/wp/v2/block-patterns/categories?_locale=user HTTP/2" 200 614 "https://entertainline.guru/wp-admin/post-new.php?post_type=page" "Mozilla/5.0 (Windows NT 10.0; Win64; x64) AppleWebKit/537.36 (KHTML, like Gecko) Chrome/133.0.0.0 Safari/537.36"
152.59.85.14 - - [18/Feb/2025:20:59:27 +0530] "GET /wp-json/?_fields=description%2Cgmt_offset%2Chome%2Cname%2Csite_icon%2Csite_icon_url%2Csite_logo%2Ctimezone_string%2Curl&_locale=user HTTP/2" 200 383 "https://entertainline.guru/wp-admin/post-new.php?post_type=page" "Mozilla/5.0 (Windows NT 10.0; Win64; x64) AppleWebKit/537.36 (KHTML, like Gecko) Chrome/133.0.0.0 Safari/537.36"
152.59.85.14 - - [18/Feb/2025:20:59:27 +0530] "GET /wp-json/wp/v2/users?context=view&who=authors&per_page=50&_fields=id%2Cname&_locale=user HTTP/2" 200 44 "https://entertainline.guru/wp-admin/post-new.php?post_type=page" "Mozilla/5.0 (Windows NT 10.0; Win64; x64) AppleWebKit/537.36 (KHTML, like Gecko) Chrome/133.0.0.0 Safari/537.36"
152.59.85.14 - - [18/Feb/2025:20:59:27 +0530] "GET /wp-json/wp/v2/wp_pattern_category?context=view&per_page=100&_fields=id%2Cname%2Cdescription%2Cslug&_locale=user HTTP/2" 200 6 "https://entertainline.guru/wp-admin/post-new.php?post_type=page" "Mozilla/5.0 (Windows NT 10.0; Win64; x64) AppleWebKit/537.36 (KHTML, like Gecko) Chrome/133.0.0.0 Safari/537.36"
152.59.85.14 - - [18/Feb/2025:20:59:27 +0530] "GET /wp-json/wp/v2/taxonomies?context=edit&per_page=100&_locale=user HTTP/2" 200 1434 "https://entertainline.guru/wp-admin/post-new.php?post_type=page" "Mozilla/5.0 (Windows NT 10.0; Win64; x64) AppleWebKit/537.36 (KHTML, like Gecko) Chrome/133.0.0.0 Safari/537.36"
152.59.85.14 - - [18/Feb/2025:20:59:27 +0530] "GET /wp-content/plugins/wordpress-seo/js/dist/used-keywords-assessment.js?ver=f2d934f4e70fdace40fc HTTP/2" 200 313 "https://entertainline.guru/wp-content/plugins/wordpress-seo/js/dist/analysis-worker.js?ver=aa04978fbd423b404462" "Mozilla/5.0 (Windows NT 10.0; Win64; x64) AppleWebKit/537.36 (KHTML, like Gecko) Chrome/133.0.0.0 Safari/537.36"
152.59.85.14 - - [18/Feb/2025:20:59:28 +0530] "GET /wp-json/wp/v2/users/1?context=view&_fields=id%2Cname&_locale=user HTTP/2" 200 27 "https://entertainline.guru/wp-admin/post-new.php?post_type=page" "Mozilla/5.0 (Windows NT 10.0; Win64; x64) AppleWebKit/537.36 (KHTML, like Gecko) Chrome/133.0.0.0 Safari/537.36"
152.59.85.14 - - [18/Feb/2025:20:59:27 +0530] "GET /wp-json/wp/v2/block-patterns/patterns?_locale=user HTTP/2" 200 19669 "https://entertainline.guru/wp-admin/post-new.php?post_type=page" "Mozilla/5.0 (Windows NT 10.0; Win64; x64) AppleWebKit/537.36 (KHTML, like Gecko) Chrome/133.0.0.0 Safari/537.36"
152.59.85.14 - - [18/Feb/2025:20:59:29 +0530] "OPTIONS /wp-json/wp/v2/pages/?context=edit&_locale=user HTTP/2" 200 2160 "https://entertainline.guru/wp-admin/post-new.php?post_type=page" "Mozilla/5.0 (Windows NT 10.0; Win64; x64) AppleWebKit/537.36 (KHTML, like Gecko) Chrome/133.0.0.0 Safari/537.36"
152.59.85.14 - - [18/Feb/2025:20:50:47 +0530] "GET /darva-conger-net-worth-how-much-is-the-reality-star-worth/ HTTP/2" 200 24433 "https://entertainline.guru/" "Mozilla/5.0 (Windows NT 10.0; Win64; x64) AppleWebKit/537.36 (KHTML, like Gecko) Chrome/133.0.0.0 Safari/537.36"
152.59.85.14 - - [18/Feb/2025:20:50:49 +0530] "GET /wp-content/uploads/2025/02/Darva-Conger-1.webp HTTP/2" 200 100488 "https://entertainline.guru/darva-conger-net-worth-how-much-is-the-reality-star-worth/" "Mozilla/5.0 (Windows NT 10.0; Win64; x64) AppleWebKit/537.36 (KHTML, like Gecko) Chrome/133.0.0.0 Safari/537.36"
152.59.85.14 - - [18/Feb/2025:20:50:52 +0530] "GET /wp-content/uploads/2025/02/Darva-Conger-1-300x197.webp HTTP/2" 200 17754 "https://entertainline.guru/darva-conger-net-worth-how-much-is-the-reality-star-worth/" "Mozilla/5.0 (Windows NT 10.0; Win64; x64) AppleWebKit/537.36 (KHTML, like Gecko) Chrome/133.0.0.0 Safari/537.36"
152.59.85.14 - - [18/Feb/2025:20:50:52 +0530] "GET /wp-content/uploads/2025/02/tales-of-graces-f-remastered-2-15-2025-3-300x169.webp HTTP/2" 200 5088 "https://entertainline.guru/darva-conger-net-worth-how-much-is-the-reality-star-worth/" "Mozilla/5.0 (Windows NT 10.0; Win64; x64) AppleWebKit/537.36 (KHTML, like Gecko) Chrome/133.0.0.0 Safari/537.36"
152.59.85.14 - - [18/Feb/2025:20:50:52 +0530] "GET /wp-content/uploads/2025/02/jon2-300x172.webp HTTP/2" 200 11992 "https://entertainline.guru/darva-conger-net-worth-how-much-is-the-reality-star-worth/" "Mozilla/5.0 (Windows NT 10.0; Win64; x64) AppleWebKit/537.36 (KHTML, like Gecko) Chrome/133.0.0.0 Safari/537.36"
152.59.85.14 - - [18/Feb/2025:20:50:52 +0530] "GET /wp-content/uploads/2025/02/AA1yAoTb-300x157.webp HTTP/2" 200 16300 "https://entertainline.guru/darva-conger-net-worth-how-much-is-the-reality-star-worth/" "Mozilla/5.0 (Windows NT 10.0; Win64; x64) AppleWebKit/537.36 (KHTML, like Gecko) Chrome/133.0.0.0 Safari/537.36"
152.59.85.14 - - [18/Feb/2025:20:50:53 +0530] "GET /wp-content/uploads/2025/02/Kelsea-Ballerinis-Net-Worth-Uncovering-the-Country-Artists-Wealth-300x169.png HTTP/2" 200 87209 "https://entertainline.guru/darva-conger-net-worth-how-much-is-the-reality-star-worth/" "Mozilla/5.0 (Windows NT 10.0; Win64; x64) AppleWebKit/537.36 (KHTML, like Gecko) Chrome/133.0.0.0 Safari/537.36"
66.249.66.34 - - [18/Feb/2025:20:52:38 +0530] "GET /darva-conger-net-worth-how-much-is-the-reality-star-worth/ HTTP/1.1" 200 19385 "-" "Mozilla/5.0 (Linux; Android 6.0.1; Nexus 5X Build/MMB29P) AppleWebKit/537.36 (KHTML, like Gecko) Chrome/133.0.6943.98 Mobile Safari/537.36 (compatible; Google-InspectionTool/1.0;)"
66.249.66.34 - - [18/Feb/2025:20:52:41 +0530] "POST /get-message-notify HTTP/1.1" 200 19362 "https://entertainline.guru/darva-conger-net-worth-how-much-is-the-reality-star-worth/" "Mozilla/5.0 (Linux; Android 6.0.1; Nexus 5X Build/MMB29P) AppleWebKit/537.36 (KHTML, like Gecko) Chrome/133.0.6943.53 Mobile Safari/537.36 (compatible; Google-InspectionTool/1.0)"
162.55.100.32 - - [18/Feb/2025:20:50:48 +0530] "POST /wp-cron.php?doing_wp_cron=1739892048.5291728973388671875000 HTTP/1.1" 200 0 "-" "WordPress/6.7.2; https://entertainline.guru"
66.249.66.34 - - [18/Feb/2025:20:51:16 +0530] "GET /darva-conger-net-worth-how-much-is-the-reality-star-worth/ HTTP/1.1" 200 19385 "-" "Mozilla/5.0 (Linux; Android 6.0.1; Nexus 5X Build/MMB29P) AppleWebKit/537.36 (KHTML, like Gecko) Chrome/133.0.6943.98 Mobile Safari/537.36 (compatible; Google-InspectionTool/1.0;)"
66.249.66.34 - - [18/Feb/2025:20:51:19 +0530] "POST /get-message-notify HTTP/1.1" 200 19362 "https://entertainline.guru/darva-conger-net-worth-how-much-is-the-reality-star-worth/" "Mozilla/5.0 (X11; Linux x86_64) AppleWebKit/537.36 (KHTML, like Gecko) Chrome/133.0.6943.53 Safari/537.36 (compatible; Google-InspectionTool/1.0)"
66.249.66.34 - - [18/Feb/2025:20:52:39 +0530] "GET /darva-conger-net-worth-how-much-is-the-reality-star-worth/ HTTP/1.1" 200 19385 "-" "Mozilla/5.0 (compatible; Google-InspectionTool/1.0;)"
66.249.66.34 - - [18/Feb/2025:20:52:41 +0530] "POST /get-message-notify HTTP/1.1" 200 19362 "https://entertainline.guru/darva-conger-net-worth-how-much-is-the-reality-star-worth/" "Mozilla/5.0 (X11; Linux x86_64) AppleWebKit/537.36 (KHTML, like Gecko) Chrome/133.0.6943.53 Safari/537.36 (compatible; Google-InspectionTool/1.0)"
2a06:98c0:3600::103 - - [18/Feb/2025:20:39:53 +0530] "GET /wordpress/wp-admin/setup-config.php HTTP/1.1" 404 11819 "-" "Mozilla/5.0 (Windows NT 10.0; Win64; x64) AppleWebKit/537.36 (KHTML, like Gecko) Chrome/133.0.0.0 Safari/537.36"
66.249.66.34 - - [18/Feb/2025:20:51:59 +0530] "GET /darva-conger-net-worth-how-much-is-the-reality-star-worth/ HTTP/1.1" 200 19385 "-" "Mozilla/5.0 (Linux; Android 6.0.1; Nexus 5X Build/MMB29P) AppleWebKit/537.36 (KHTML, like Gecko) Chrome/133.0.6943.53 Mobile Safari/537.36 (compatible; Googlebot/2.1; +http://www.google.com/bot.html)"
66.249.66.35 - - [18/Feb/2025:20:51:15 +0530] "GET /robots.txt HTTP/1.1" 200 105 "-" "Mozilla/5.0 (compatible; Googlebot/2.1; +http://www.google.com/bot.html)"
66.249.66.34 - - [18/Feb/2025:20:51:15 +0530] "GET /darva-conger-net-worth-how-much-is-the-reality-star-worth/ HTTP/1.1" 200 19385 "-" "Mozilla/5.0 (compatible; Google-InspectionTool/1.0;)"
66.249.66.34 - - [18/Feb/2025:20:52:41 +0530] "GET /robots.txt HTTP/1.1" 200 105 "-" "Mozilla/5.0 (compatible; Googlebot/2.1; +http://www.google.com/bot.html)"
2a06:98c0:3600::103 - - [18/Feb/2025:20:40:57 +0530] "GET /wp-admin/setup-config.php HTTP/1.1" 409 1041 "-" "Mozilla/5.0 (Windows NT 10.0; Win64; x64) AppleWebKit/537.36 (KHTML, like Gecko) Chrome/133.0.0.0 Safari/537.36"
66.249.66.36 - - [18/Feb/2025:20:51:19 +0530] "POST /get-message-notify HTTP/1.1" 200 19362 "https://entertainline.guru/darva-conger-net-worth-how-much-is-the-reality-star-worth/" "Mozilla/5.0 (Linux; Android 6.0.1; Nexus 5X Build/MMB29P) AppleWebKit/537.36 (KHTML, like Gecko) Chrome/133.0.6943.53 Mobile Safari/537.36 (compatible; Google-InspectionTool/1.0)"
152.59.85.14 - - [18/Feb/2025:20:57:02 +0530] "GET /about-us HTTP/2" 404 14844 "-" "Mozilla/5.0 (Windows NT 10.0; Win64; x64) AppleWebKit/537.36 (KHTML, like Gecko) Chrome/133.0.0.0 Safari/537.36"
152.59.85.14 - - [18/Feb/2025:20:57:04 +0530] "GET /wp-content/uploads/2025/02/tales-of-graces-f-remastered-2-15-2025-3-1536x864.webp HTTP/2" 200 37178 "https://entertainline.guru/about-us" "Mozilla/5.0 (Windows NT 10.0; Win64; x64) AppleWebKit/537.36 (KHTML, like Gecko) Chrome/133.0.0.0 Safari/537.36"
152.59.85.14 - - [18/Feb/2025:20:57:05 +0530] "GET /wp-content/uploads/2025/02/AA1yAoTb-1536x804.webp HTTP/2" 200 65500 "https://entertainline.guru/about-us" "Mozilla/5.0 (Windows NT 10.0; Win64; x64) AppleWebKit/537.36 (KHTML, like Gecko) Chrome/133.0.0.0 Safari/537.36"
152.59.85.14 - - [18/Feb/2025:20:57:04 +0530] "GET /wp-content/uploads/2025/02/jon2.webp HTTP/2" 200 114625 "https://entertainline.guru/about-us" "Mozilla/5.0 (Windows NT 10.0; Win64; x64) AppleWebKit/537.36 (KHTML, like Gecko) Chrome/133.0.0.0 Safari/537.36"
49.51.183.15 - - [18/Feb/2025:20:58:02 +0530] "GET /comments/feed/ HTTP/1.1" 200 518 "-" "Mozilla/5.0 (iPhone; CPU iPhone OS 13_2_3 like Mac OS X) AppleWebKit/605.1.15 (KHTML, like Gecko) Version/13.0.3 Mobile/15E148 Safari/604.1"
152.59.85.14 - - [18/Feb/2025:21:00:24 +0530] "POST /wp-admin/admin-ajax.php HTTP/2" 200 79 "https://entertainline.guru/wp-admin/post-new.php?post_type=page" "Mozilla/5.0 (Windows NT 10.0; Win64; x64) AppleWebKit/537.36 (KHTML, like Gecko) Chrome/133.0.0.0 Safari/537.36"
152.59.85.14 - - [18/Feb/2025:21:00:33 +0530] "OPTIONS /wp-json/wp/v2/pages/?context=edit&_locale=user HTTP/2" 200 2160 "https://entertainline.guru/wp-admin/post-new.php?post_type=page" "Mozilla/5.0 (Windows NT 10.0; Win64; x64) AppleWebKit/537.36 (KHTML, like Gecko) Chrome/133.0.0.0 Safari/537.36"
152.59.85.14 - - [18/Feb/2025:21:00:34 +0530] "POST /wp-admin/admin-ajax.php HTTP/2" 200 79 "https://entertainline.guru/wp-admin/post-new.php?post_type=page" "Mozilla/5.0 (Windows NT 10.0; Win64; x64) AppleWebKit/537.36 (KHTML, like Gecko) Chrome/133.0.0.0 Safari/537.36"
152.59.85.14 - - [18/Feb/2025:21:00:44 +0530] "POST /wp-admin/admin-ajax.php HTTP/2" 200 79 "https://entertainline.guru/wp-admin/post-new.php?post_type=page" "Mozilla/5.0 (Windows NT 10.0; Win64; x64) AppleWebKit/537.36 (KHTML, like Gecko) Chrome/133.0.0.0 Safari/537.36"
152.59.85.14 - - [18/Feb/2025:21:00:46 +0530] "GET /wp-json/wp/v2/taxonomies/post_tag?context=edit&_locale=user HTTP/2" 200 857 "https://entertainline.guru/wp-admin/post-new.php?post_type=page" "Mozilla/5.0 (Windows NT 10.0; Win64; x64) AppleWebKit/537.36 (KHTML, like Gecko) Chrome/133.0.0.0 Safari/537.36"
152.59.85.14 - - [18/Feb/2025:21:00:46 +0530] "GET /wp-json/wp/v2/taxonomies/category?context=edit&_locale=user HTTP/2" 200 895 "https://entertainline.guru/wp-admin/post-new.php?post_type=page" "Mozilla/5.0 (Windows NT 10.0; Win64; x64) AppleWebKit/537.36 (KHTML, like Gecko) Chrome/133.0.0.0 Safari/537.36"
152.59.85.14 - - [18/Feb/2025:21:00:46 +0530] "GET /wp-json/wp/v2/categories/1?context=edit&_locale=user HTTP/2" 200 1661 "https://entertainline.guru/wp-admin/post-new.php?post_type=page" "Mozilla/5.0 (Windows NT 10.0; Win64; x64) AppleWebKit/537.36 (KHTML, like Gecko) Chrome/133.0.0.0 Safari/537.36"
152.59.85.14 - - [18/Feb/2025:21:00:47 +0530] "POST /wp-json/wp/v2/pages/582?_locale=user HTTP/2" 200 2763 "https://entertainline.guru/wp-admin/post-new.php?post_type=page" "Mozilla/5.0 (Windows NT 10.0; Win64; x64) AppleWebKit/537.36 (KHTML, like Gecko) Chrome/133.0.0.0 Safari/537.36"
152.59.85.14 - - [18/Feb/2025:21:00:48 +0530] "POST /wp-admin/post.php?post=582&action=edit&meta-box-loader=1&meta-box-loader-nonce=7d5731cabe&_locale=user HTTP/2" 302 0 "https://entertainline.guru/wp-admin/post.php?post=582&action=edit" "Mozilla/5.0 (Windows NT 10.0; Win64; x64) AppleWebKit/537.36 (KHTML, like Gecko) Chrome/133.0.0.0 Safari/537.36"
152.59.85.14 - - [18/Feb/2025:21:00:49 +0530] "GET /wp-admin/post.php?post=582&action=edit&message=4 HTTP/2" 200 84049 "https://entertainline.guru/wp-admin/post.php?post=582&action=edit" "Mozilla/5.0 (Windows NT 10.0; Win64; x64) AppleWebKit/537.36 (KHTML, like Gecko) Chrome/133.0.0.0 Safari/537.36"
152.59.85.14 - - [18/Feb/2025:21:00:55 +0530] "POST /wp-admin/admin-ajax.php HTTP/2" 200 79 "https://entertainline.guru/wp-admin/post.php?post=582&action=edit" "Mozilla/5.0 (Windows NT 10.0; Win64; x64) AppleWebKit/537.36 (KHTML, like Gecko) Chrome/133.0.0.0 Safari/537.36"
152.59.85.14 - - [18/Feb/2025:21:00:58 +0530] "POST /wp-admin/admin-ajax.php HTTP/2" 200 5 "https://entertainline.guru/wp-admin/post.php?post=582&action=edit" "Mozilla/5.0 (Windows NT 10.0; Win64; x64) AppleWebKit/537.36 (KHTML, like Gecko) Chrome/133.0.0.0 Safari/537.36"
152.59.85.14 - - [18/Feb/2025:21:00:58 +0530] "GET /wp-admin/post-new.php?post_type=page HTTP/2" 200 84082 "https://entertainline.guru/wp-admin/post.php?post=582&action=edit" "Mozilla/5.0 (Windows NT 10.0; Win64; x64) AppleWebKit/537.36 (KHTML, like Gecko) Chrome/133.0.0.0 Safari/537.36"
152.59.85.14 - - [18/Feb/2025:21:01:00 +0530] "GET /wp-json/wp/v2/types?context=view&_locale=user HTTP/2" 200 2148 "https://entertainline.guru/wp-admin/post-new.php?post_type=page" "Mozilla/5.0 (Windows NT 10.0; Win64; x64) AppleWebKit/537.36 (KHTML, like Gecko) Chrome/133.0.0.0 Safari/537.36"
