2a06:98c0:3600::103 - - [19/Feb/2025:11:07:28 +0530] "GET /wordpress/wp-admin/setup-config.php HTTP/1.1" 404 4175 "-" "Mozilla/5.0 (Windows NT 10.0; Win64; x64) AppleWebKit/537.36 (KHTML, like Gecko) Chrome/133.0.0.0 Safari/537.36"
139.59.248.197 - - [19/Feb/2025:09:33:32 +0530] "POST /wp-login.php HTTP/1.1" 200 6364 "-" "Mozilla/5.0"
139.59.248.197 - - [19/Feb/2025:09:49:26 +0530] "POST /wp-login.php HTTP/1.1" 200 6364 "-" "Mozilla/5.0"
139.59.248.197 - - [19/Feb/2025:10:11:27 +0530] "POST /wp-login.php HTTP/1.1" 200 6364 "-" "Mozilla/5.0"
139.59.248.197 - - [19/Feb/2025:10:13:02 +0530] "POST /wp-login.php HTTP/1.1" 200 6364 "-" "Mozilla/5.0"
139.59.248.197 - - [19/Feb/2025:10:36:51 +0530] "POST /wp-login.php HTTP/1.1" 200 6364 "-" "Mozilla/5.0"
139.59.248.197 - - [19/Feb/2025:10:38:30 +0530] "POST /wp-login.php HTTP/1.1" 200 6364 "-" "Mozilla/5.0"
139.59.248.197 - - [19/Feb/2025:10:48:14 +0530] "POST /wp-login.php HTTP/1.1" 200 6364 "-" "Mozilla/5.0"
139.59.248.197 - - [19/Feb/2025:11:03:13 +0530] "POST /wp-login.php HTTP/1.1" 200 6364 "-" "Mozilla/5.0"
139.59.248.197 - - [19/Feb/2025:11:06:40 +0530] "POST /wp-login.php HTTP/1.1" 200 6364 "-" "Mozilla/5.0"
2a06:98c0:3600::103 - - [19/Feb/2025:09:32:58 +0530] "GET /wp-admin/setup-config.php HTTP/1.1" 409 1041 "-" "Mozilla/5.0 (Windows NT 10.0; Win64; x64) AppleWebKit/537.36 (KHTML, like Gecko) Chrome/133.0.0.0 Safari/537.36"
139.59.248.197 - - [19/Feb/2025:09:54:06 +0530] "POST /wp-login.php HTTP/1.1" 200 6364 "-" "Mozilla/5.0"
139.59.248.197 - - [19/Feb/2025:09:57:11 +0530] "POST /wp-login.php HTTP/1.1" 200 6364 "-" "Mozilla/5.0"
139.59.248.197 - - [19/Feb/2025:10:25:45 +0530] "POST /wp-login.php HTTP/1.1" 200 6364 "-" "Mozilla/5.0"
139.59.248.197 - - [19/Feb/2025:10:28:58 +0530] "POST /wp-login.php HTTP/1.1" 200 6364 "-" "Mozilla/5.0"
139.59.248.197 - - [19/Feb/2025:10:46:38 +0530] "POST /wp-login.php HTTP/1.1" 200 6364 "-" "Mozilla/5.0"
139.59.248.197 - - [19/Feb/2025:09:30:28 +0530] "POST /wp-login.php HTTP/1.1" 200 6364 "-" "Mozilla/5.0"
139.59.248.197 - - [19/Feb/2025:09:36:42 +0530] "POST /wp-login.php HTTP/1.1" 200 6364 "-" "Mozilla/5.0"
139.59.248.197 - - [19/Feb/2025:09:41:31 +0530] "POST /wp-login.php HTTP/1.1" 200 6364 "-" "Mozilla/5.0"
139.59.248.197 - - [19/Feb/2025:09:43:07 +0530] "POST /wp-login.php HTTP/1.1" 200 6364 "-" "Mozilla/5.0"
139.59.248.197 - - [19/Feb/2025:09:47:52 +0530] "POST /wp-login.php HTTP/1.1" 200 6364 "-" "Mozilla/5.0"
139.59.248.197 - - [19/Feb/2025:09:55:40 +0530] "POST /wp-login.php HTTP/1.1" 200 6364 "-" "Mozilla/5.0"
139.59.248.197 - - [19/Feb/2025:10:09:51 +0530] "POST /wp-login.php HTTP/1.1" 200 6364 "-" "Mozilla/5.0"
139.59.248.197 - - [19/Feb/2025:10:17:47 +0530] "POST /wp-login.php HTTP/1.1" 200 6364 "-" "Mozilla/5.0"
2a06:98c0:3600::103 - - [19/Feb/2025:10:18:50 +0530] "GET /wordpress/wp-admin/setup-config.php HTTP/1.1" 404 11855 "-" "Mozilla/5.0 (Windows NT 10.0; Win64; x64) AppleWebKit/537.36 (KHTML, like Gecko) Chrome/133.0.0.0 Safari/537.36"
139.59.248.197 - - [19/Feb/2025:10:31:54 +0530] "POST /wp-login.php HTTP/1.1" 200 6364 "-" "Mozilla/5.0"
139.59.248.197 - - [19/Feb/2025:10:33:33 +0530] "POST /wp-login.php HTTP/1.1" 200 6364 "-" "Mozilla/5.0"
139.59.248.197 - - [19/Feb/2025:10:58:10 +0530] "POST /wp-login.php HTTP/1.1" 200 6364 "-" "Mozilla/5.0"
2a06:98c0:3600::103 - - [19/Feb/2025:11:06:31 +0530] "GET /wp-admin/setup-config.php HTTP/1.1" 409 1041 "-" "Mozilla/5.0 (Windows NT 10.0; Win64; x64) AppleWebKit/537.36 (KHTML, like Gecko) Chrome/133.0.0.0 Safari/537.36"
139.59.248.197 - - [19/Feb/2025:11:08:22 +0530] "POST /wp-login.php HTTP/1.1" 200 6364 "-" "Mozilla/5.0"
139.59.248.197 - - [19/Feb/2025:09:46:19 +0530] "POST /wp-login.php HTTP/1.1" 200 6364 "-" "Mozilla/5.0"
139.59.248.197 - - [19/Feb/2025:10:16:10 +0530] "POST /wp-login.php HTTP/1.1" 200 6364 "-" "Mozilla/5.0"
139.59.248.197 - - [19/Feb/2025:10:20:57 +0530] "POST /wp-login.php HTTP/1.1" 200 6364 "-" "Mozilla/5.0"
162.55.100.32 - - [19/Feb/2025:10:43:26 +0530] "POST /wp-cron.php?doing_wp_cron=1739942005.4321539402008056640625 HTTP/1.1" 200 0 "-" "WordPress/6.7.2; https://entertainline.guru"
139.59.248.197 - - [19/Feb/2025:10:45:00 +0530] "POST /wp-login.php HTTP/1.1" 200 6364 "-" "Mozilla/5.0"
139.59.248.197 - - [19/Feb/2025:10:56:33 +0530] "POST /wp-login.php HTTP/1.1" 200 6364 "-" "Mozilla/5.0"
139.59.248.197 - - [19/Feb/2025:11:01:28 +0530] "POST /wp-login.php HTTP/1.1" 200 6364 "-" "Mozilla/5.0"
139.59.248.197 - - [19/Feb/2025:11:04:57 +0530] "POST /wp-login.php HTTP/1.1" 200 6364 "-" "Mozilla/5.0"
2a06:98c0:3600::103 - - [19/Feb/2025:09:56:04 +0530] "GET /wordpress/wp-admin/setup-config.php HTTP/1.1" 404 11855 "-" "Mozilla/5.0 (Windows NT 10.0; Win64; x64) AppleWebKit/537.36 (KHTML, like Gecko) Chrome/133.0.0.0 Safari/537.36"
139.59.248.197 - - [19/Feb/2025:09:58:44 +0530] "POST /wp-login.php HTTP/1.1" 200 6364 "-" "Mozilla/5.0"
139.59.248.197 - - [19/Feb/2025:10:00:20 +0530] "POST /wp-login.php HTTP/1.1" 200 6364 "-" "Mozilla/5.0"
139.59.248.197 - - [19/Feb/2025:10:03:29 +0530] "POST /wp-login.php HTTP/1.1" 200 6364 "-" "Mozilla/5.0"
139.59.248.197 - - [19/Feb/2025:10:05:05 +0530] "POST /wp-login.php HTTP/1.1" 200 6364 "-" "Mozilla/5.0"
139.59.248.197 - - [19/Feb/2025:10:06:40 +0530] "POST /wp-login.php HTTP/1.1" 200 6364 "-" "Mozilla/5.0"
139.59.248.197 - - [19/Feb/2025:10:22:32 +0530] "POST /wp-login.php HTTP/1.1" 200 6364 "-" "Mozilla/5.0"
139.59.248.197 - - [19/Feb/2025:10:40:08 +0530] "POST /wp-login.php HTTP/1.1" 200 6364 "-" "Mozilla/5.0"
2a06:98c0:3600::103 - - [19/Feb/2025:10:42:05 +0530] "GET /wordpress/wp-admin/setup-config.php HTTP/1.1" 404 4175 "-" "Mozilla/5.0 (Windows NT 10.0; Win64; x64) AppleWebKit/537.36 (KHTML, like Gecko) Chrome/133.0.0.0 Safari/537.36"
139.59.248.197 - - [19/Feb/2025:10:43:23 +0530] "POST /wp-login.php HTTP/1.1" 200 6364 "-" "Mozilla/5.0"
139.59.248.197 - - [19/Feb/2025:11:10:05 +0530] "POST /wp-login.php HTTP/1.1" 200 6364 "-" "Mozilla/5.0"
139.59.248.197 - - [19/Feb/2025:11:20:32 +0530] "POST /wp-login.php HTTP/1.1" 200 6364 "-" "Mozilla/5.0"
139.59.248.197 - - [19/Feb/2025:11:18:48 +0530] "POST /wp-login.php HTTP/1.1" 200 6364 "-" "Mozilla/5.0"
139.59.248.197 - - [19/Feb/2025:11:17:04 +0530] "POST /wp-login.php HTTP/1.1" 200 6364 "-" "Mozilla/5.0"
2a06:98c0:3600::103 - - [19/Feb/2025:11:53:13 +0530] "GET /wordpress/wp-admin/setup-config.php HTTP/1.1" 404 11855 "-" "Mozilla/5.0 (Windows NT 10.0; Win64; x64) AppleWebKit/537.36 (KHTML, like Gecko) Chrome/133.0.0.0 Safari/537.36"
23.27.145.18 - - [19/Feb/2025:11:56:28 +0530] "GET / HTTP/1.1" 200 18093 "-" "Mozilla/5.0 (X11; Linux i686; rv:109.0) Gecko/20100101 Firefox/120.0"
152.56.68.162 - - [19/Feb/2025:12:07:15 +0530] "POST /wp-admin/admin-ajax.php HTTP/2" 200 51 "https://entertainline.guru/wp-admin/" "Mozilla/5.0 (Windows NT 10.0; Win64; x64) AppleWebKit/537.36 (KHTML, like Gecko) Chrome/133.0.0.0 Safari/537.36"
40.77.167.151 - - [19/Feb/2025:11:36:18 +0530] "GET /category-sitemap.xml HTTP/2" 200 4262 "-" "Mozilla/5.0 AppleWebKit/537.36 (KHTML, like Gecko; compatible; bingbot/2.0; +http://www.bing.com/bingbot.htm) Chrome/116.0.1938.76 Safari/537.36"
40.77.167.34 - - [19/Feb/2025:11:36:23 +0530] "GET /sitemap_index.xml HTTP/2" 200 4281 "-" "Mozilla/5.0 AppleWebKit/537.36 (KHTML, like Gecko; compatible; bingbot/2.0; +http://www.bing.com/bingbot.htm) Chrome/116.0.1938.76 Safari/537.36"
45.43.71.151 - - [19/Feb/2025:11:44:10 +0530] "GET /allsitemap.xml/sxallsitemap.xml HTTP/2" 200 12 "-" "Mozilla/5.0(compatible;Googlebot/2.1;+http://www.google.com/bot.html)"
40.77.167.93 - - [19/Feb/2025:11:36:10 +0530] "GET /robots.txt HTTP/2" 200 105 "-" "Mozilla/5.0 AppleWebKit/537.36 (KHTML, like Gecko; compatible; bingbot/2.0; +http://www.bing.com/bingbot.htm) Chrome/116.0.1938.76 Safari/537.36"
104.239.44.175 - - [19/Feb/2025:11:44:27 +0530] "GET /allsitemap.xml/1111/1111.html HTTP/2" 200 117264 "-" "Mozilla/5.0(compatible;Googlebot/2.1;+http://www.google.com/bot.html)"
152.56.68.162 - - [19/Feb/2025:12:05:15 +0530] "POST /wp-admin/admin-ajax.php HTTP/2" 200 51 "https://entertainline.guru/wp-admin/" "Mozilla/5.0 (Windows NT 10.0; Win64; x64) AppleWebKit/537.36 (KHTML, like Gecko) Chrome/133.0.0.0 Safari/537.36"
2a06:98c0:3600::103 - - [19/Feb/2025:11:28:51 +0530] "GET /wordpress/wp-admin/setup-config.php HTTP/1.1" 404 4175 "-" "Mozilla/5.0 (Windows NT 10.0; Win64; x64) AppleWebKit/537.36 (KHTML, like Gecko) Chrome/133.0.0.0 Safari/537.36"
2a06:98c0:3600::103 - - [19/Feb/2025:11:52:38 +0530] "GET /wp-admin/setup-config.php HTTP/1.1" 409 1041 "-" "Mozilla/5.0 (Windows NT 10.0; Win64; x64) AppleWebKit/537.36 (KHTML, like Gecko) Chrome/133.0.0.0 Safari/537.36"
152.56.68.162 - - [19/Feb/2025:12:09:16 +0530] "POST /wp-admin/admin-ajax.php HTTP/2" 200 51 "https://entertainline.guru/wp-admin/" "Mozilla/5.0 (Windows NT 10.0; Win64; x64) AppleWebKit/537.36 (KHTML, like Gecko) Chrome/133.0.0.0 Safari/537.36"
152.56.68.162 - - [19/Feb/2025:12:11:17 +0530] "POST /wp-admin/admin-ajax.php HTTP/2" 200 51 "https://entertainline.guru/wp-admin/" "Mozilla/5.0 (Windows NT 10.0; Win64; x64) AppleWebKit/537.36 (KHTML, like Gecko) Chrome/133.0.0.0 Safari/537.36"
152.56.68.162 - - [19/Feb/2025:12:13:18 +0530] "POST /wp-admin/admin-ajax.php HTTP/2" 200 51 "https://entertainline.guru/wp-admin/" "Mozilla/5.0 (Windows NT 10.0; Win64; x64) AppleWebKit/537.36 (KHTML, like Gecko) Chrome/133.0.0.0 Safari/537.36"
152.56.68.162 - - [19/Feb/2025:12:15:19 +0530] "POST /wp-admin/admin-ajax.php HTTP/2" 200 51 "https://entertainline.guru/wp-admin/" "Mozilla/5.0 (Windows NT 10.0; Win64; x64) AppleWebKit/537.36 (KHTML, like Gecko) Chrome/133.0.0.0 Safari/537.36"
2a06:98c0:3600::103 - - [19/Feb/2025:12:18:57 +0530] "GET /wordpress/wp-admin/setup-config.php HTTP/1.1" 404 11863 "-" "Mozilla/5.0 (Windows NT 10.0; Win64; x64) AppleWebKit/537.36 (KHTML, like Gecko) Chrome/133.0.0.0 Safari/537.36"
2a06:98c0:3600::103 - - [19/Feb/2025:12:43:25 +0530] "GET /wordpress/wp-admin/setup-config.php HTTP/1.1" 404 4175 "-" "Mozilla/5.0 (Windows NT 10.0; Win64; x64) AppleWebKit/537.36 (KHTML, like Gecko) Chrome/133.0.0.0 Safari/537.36"
162.55.100.32 - - [19/Feb/2025:12:43:31 +0530] "POST /wp-cron.php?doing_wp_cron=1739949210.6426229476928710937500 HTTP/1.1" 200 0 "-" "WordPress/6.7.2; https://entertainline.guru"
2a06:98c0:3600::103 - - [19/Feb/2025:12:21:24 +0530] "GET /wp-admin/setup-config.php HTTP/1.1" 409 1041 "-" "Mozilla/5.0 (Windows NT 10.0; Win64; x64) AppleWebKit/537.36 (KHTML, like Gecko) Chrome/133.0.0.0 Safari/537.36"
152.56.68.162 - - [19/Feb/2025:12:33:54 +0530] "POST /wp-admin/admin-ajax.php HTTP/2" 200 0 "https://entertainline.guru/wp-admin/" "Mozilla/5.0 (Windows NT 10.0; Win64; x64) AppleWebKit/537.36 (KHTML, like Gecko) Chrome/133.0.0.0 Safari/537.36"
2a06:98c0:3600::103 - - [19/Feb/2025:12:42:35 +0530] "GET /wp-admin/setup-config.php HTTP/1.1" 409 1041 "-" "Mozilla/5.0 (Windows NT 10.0; Win64; x64) AppleWebKit/537.36 (KHTML, like Gecko) Chrome/133.0.0.0 Safari/537.36"
66.249.66.36 - - [19/Feb/2025:13:01:12 +0530] "GET /robots.txt HTTP/1.1" 200 105 "-" "Mozilla/5.0 (compatible; Googlebot/2.1; +http://www.google.com/bot.html)"
66.249.66.34 - - [19/Feb/2025:13:01:13 +0530] "GET /post-sitemap.xml HTTP/1.1" 200 4278 "-" "Mozilla/5.0 (compatible; Googlebot/2.1; +http://www.google.com/bot.html)"
2a06:98c0:3600::103 - - [19/Feb/2025:13:07:08 +0530] "GET /wordpress/wp-admin/setup-config.php HTTP/1.1" 404 4175 "-" "Mozilla/5.0 (Windows NT 10.0; Win64; x64) AppleWebKit/537.36 (KHTML, like Gecko) Chrome/133.0.0.0 Safari/537.36"
2a06:98c0:3600::103 - - [19/Feb/2025:13:31:09 +0530] "GET /wordpress/wp-admin/setup-config.php HTTP/1.1" 404 4175 "-" "Mozilla/5.0 (Windows NT 10.0; Win64; x64) AppleWebKit/537.36 (KHTML, like Gecko) Chrome/133.0.0.0 Safari/537.36"
2a06:98c0:3600::103 - - [19/Feb/2025:13:58:04 +0530] "GET /wordpress/wp-admin/setup-config.php HTTP/1.1" 404 4175 "-" "Mozilla/5.0 (Windows NT 10.0; Win64; x64) AppleWebKit/537.36 (KHTML, like Gecko) Chrome/133.0.0.0 Safari/537.36"
162.55.100.32 - - [19/Feb/2025:14:09:47 +0530] "POST /wp-cron.php?doing_wp_cron=1739954387.3406360149383544921875 HTTP/1.1" 200 0 "-" "WordPress/6.7.2; https://entertainline.guru"
43.153.47.201 - - [19/Feb/2025:14:09:42 +0530] "GET / HTTP/1.1" 200 18100 "-" "Mozilla/5.0 (iPhone; CPU iPhone OS 13_2_3 like Mac OS X) AppleWebKit/605.1.15 (KHTML, like Gecko) Version/13.0.3 Mobile/15E148 Safari/604.1"
2a06:98c0:3600::103 - - [19/Feb/2025:14:21:14 +0530] "GET /wordpress/wp-admin/setup-config.php HTTP/1.1" 404 11855 "-" "Mozilla/5.0 (Windows NT 10.0; Win64; x64) AppleWebKit/537.36 (KHTML, like Gecko) Chrome/133.0.0.0 Safari/537.36"
2a06:98c0:3600::103 - - [19/Feb/2025:14:21:45 +0530] "GET /wp-admin/setup-config.php HTTP/1.1" 409 1041 "-" "Mozilla/5.0 (Windows NT 10.0; Win64; x64) AppleWebKit/537.36 (KHTML, like Gecko) Chrome/133.0.0.0 Safari/537.36"
3.82.48.116 - - [19/Feb/2025:14:34:03 +0530] "GET / HTTP/1.1" 200 18104 "-" "Mozilla/5.0 (X11; Ubuntu; Linux i686; rv:24.0) Gecko/20100101 Firefox/24.0"
162.55.100.32 - - [19/Feb/2025:14:44:15 +0530] "POST /wp-cron.php?doing_wp_cron=1739956455.1742799282073974609375 HTTP/1.1" 200 0 "-" "WordPress/6.7.2; https://entertainline.guru"
2a06:98c0:3600::103 - - [19/Feb/2025:14:43:58 +0530] "GET /wordpress/wp-admin/setup-config.php HTTP/1.1" 404 4175 "-" "Mozilla/5.0 (Windows NT 10.0; Win64; x64) AppleWebKit/537.36 (KHTML, like Gecko) Chrome/133.0.0.0 Safari/537.36"
43.153.19.83 - - [19/Feb/2025:15:15:10 +0530] "GET /darva-conger-net-worth/ HTTP/1.1" 200 23743 "-" "Mozilla/5.0 (iPhone; CPU iPhone OS 13_2_3 like Mac OS X) AppleWebKit/605.1.15 (KHTML, like Gecko) Version/13.0.3 Mobile/15E148 Safari/604.1"
43.133.69.37 - - [19/Feb/2025:15:13:44 +0530] "GET / HTTP/1.1" 200 18093 "-" "Mozilla/5.0 (iPhone; CPU iPhone OS 13_2_3 like Mac OS X) AppleWebKit/605.1.15 (KHTML, like Gecko) Version/13.0.3 Mobile/15E148 Safari/604.1"
2a06:98c0:3600::103 - - [19/Feb/2025:15:35:06 +0530] "GET /wordpress/wp-admin/setup-config.php HTTP/1.1" 404 6500 "-" "Mozilla/5.0 (Windows NT 10.0; Win64; x64) AppleWebKit/537.36 (KHTML, like Gecko) Chrome/133.0.0.0 Safari/537.36"
2a06:98c0:3600::103 - - [19/Feb/2025:15:33:12 +0530] "GET /wp-admin/setup-config.php HTTP/1.1" 409 1041 "-" "Mozilla/5.0 (Windows NT 10.0; Win64; x64) AppleWebKit/537.36 (KHTML, like Gecko) Chrome/133.0.0.0 Safari/537.36"
2a06:98c0:3600::103 - - [19/Feb/2025:15:09:04 +0530] "GET /wordpress/wp-admin/setup-config.php HTTP/1.1" 404 11855 "-" "Mozilla/5.0 (Windows NT 10.0; Win64; x64) AppleWebKit/537.36 (KHTML, like Gecko) Chrome/133.0.0.0 Safari/537.36"
2a06:98c0:3600::103 - - [19/Feb/2025:15:35:39 +0530] "GET /wordpress/wp-admin/setup-config.php HTTP/1.1" 404 11728 "-" "Mozilla/5.0 (Windows NT 10.0; Win64; x64) AppleWebKit/537.36 (KHTML, like Gecko) Chrome/133.0.0.0 Safari/537.36"
2a06:98c0:3600::103 - - [19/Feb/2025:15:09:27 +0530] "GET /wp-admin/setup-config.php HTTP/1.1" 409 1041 "-" "Mozilla/5.0 (Windows NT 10.0; Win64; x64) AppleWebKit/537.36 (KHTML, like Gecko) Chrome/133.0.0.0 Safari/537.36"
162.55.100.32 - - [19/Feb/2025:15:57:25 +0530] "POST /wp-cron.php?doing_wp_cron=1739960845.0617480278015136718750 HTTP/1.1" 200 0 "-" "WordPress/6.7.2; https://entertainline.guru"
3.82.48.116 - - [19/Feb/2025:15:57:23 +0530] "GET / HTTP/1.1" 200 18104 "-" "Mozilla/5.0 (X11; Ubuntu; Linux i686; rv:24.0) Gecko/20100101 Firefox/24.0"
2a06:98c0:3600::103 - - [19/Feb/2025:15:58:25 +0530] "GET /wp-admin/setup-config.php HTTP/1.1" 409 1041 "-" "Mozilla/5.0 (Windows NT 10.0; Win64; x64) AppleWebKit/537.36 (KHTML, like Gecko) Chrome/133.0.0.0 Safari/537.36"
2a06:98c0:3600::103 - - [19/Feb/2025:16:00:27 +0530] "GET /wordpress/wp-admin/setup-config.php HTTP/1.1" 404 11728 "-" "Mozilla/5.0 (Windows NT 10.0; Win64; x64) AppleWebKit/537.36 (KHTML, like Gecko) Chrome/133.0.0.0 Safari/537.36"
2a06:98c0:3600::103 - - [19/Feb/2025:16:23:30 +0530] "GET /wordpress/wp-admin/setup-config.php HTTP/1.1" 404 6541 "-" "Mozilla/5.0 (Windows NT 10.0; Win64; x64) AppleWebKit/537.36 (KHTML, like Gecko) Chrome/133.0.0.0 Safari/537.36"
85.208.96.206 - - [19/Feb/2025:17:19:17 +0530] "GET /shopdetail/492099264 HTTP/1.1" 404 13159 "-" "Mozilla/5.0 (compatible; SemrushBot/7~bl; +http://www.semrush.com/bot.html)"
2a06:98c0:3600::103 - - [19/Feb/2025:17:14:04 +0530] "GET /wordpress/wp-admin/setup-config.php HTTP/1.1" 404 6500 "-" "Mozilla/5.0 (Windows NT 10.0; Win64; x64) AppleWebKit/537.36 (KHTML, like Gecko) Chrome/133.0.0.0 Safari/537.36"
85.208.96.202 - - [19/Feb/2025:17:18:52 +0530] "GET /robots.txt HTTP/1.1" 200 143 "-" "Mozilla/5.0 (compatible; SemrushBot/7~bl; +http://www.semrush.com/bot.html)"
43.159.149.216 - - [19/Feb/2025:17:06:36 +0530] "GET / HTTP/1.1" 200 18067 "-" "Mozilla/5.0 (iPhone; CPU iPhone OS 13_2_3 like Mac OS X) AppleWebKit/605.1.15 (KHTML, like Gecko) Version/13.0.3 Mobile/15E148 Safari/604.1"
2a06:98c0:3600::103 - - [19/Feb/2025:16:51:37 +0530] "GET /wordpress/wp-admin/setup-config.php HTTP/1.1" 404 11855 "-" "Mozilla/5.0 (Windows NT 10.0; Win64; x64) AppleWebKit/537.36 (KHTML, like Gecko) Chrome/133.0.0.0 Safari/537.36"
85.208.96.206 - - [19/Feb/2025:17:18:53 +0530] "GET /shopdetail/477416564 HTTP/1.1" 404 13159 "-" "Mozilla/5.0 (compatible; SemrushBot/7~bl; +http://www.semrush.com/bot.html)"
2a06:98c0:3600::103 - - [19/Feb/2025:16:50:26 +0530] "GET /wordpress/wp-admin/setup-config.php HTTP/1.1" 404 11814 "-" "Mozilla/5.0 (Windows NT 10.0; Win64; x64) AppleWebKit/537.36 (KHTML, like Gecko) Chrome/133.0.0.0 Safari/537.36"
2a06:98c0:3600::103 - - [19/Feb/2025:16:50:59 +0530] "GET /wp-admin/setup-config.php HTTP/1.1" 409 1041 "-" "Mozilla/5.0 (Windows NT 10.0; Win64; x64) AppleWebKit/537.36 (KHTML, like Gecko) Chrome/133.0.0.0 Safari/537.36"
2a06:98c0:3600::103 - - [19/Feb/2025:17:37:46 +0530] "GET /wordpress/wp-admin/setup-config.php HTTP/1.1" 404 6500 "-" "Mozilla/5.0 (Windows NT 10.0; Win64; x64) AppleWebKit/537.36 (KHTML, like Gecko) Chrome/133.0.0.0 Safari/537.36"
85.208.96.194 - - [19/Feb/2025:17:32:36 +0530] "GET /shopdetail/116049964 HTTP/1.1" 404 13159 "-" "Mozilla/5.0 (compatible; SemrushBot/7~bl; +http://www.semrush.com/bot.html)"
185.191.171.14 - - [19/Feb/2025:17:34:32 +0530] "GET /shopdetail/617885964 HTTP/1.1" 404 13159 "-" "Mozilla/5.0 (compatible; SemrushBot/7~bl; +http://www.semrush.com/bot.html)"
85.208.96.209 - - [19/Feb/2025:17:35:06 +0530] "GET /shopdetail/379837864 HTTP/1.1" 404 13159 "-" "Mozilla/5.0 (compatible; SemrushBot/7~bl; +http://www.semrush.com/bot.html)"
2a06:98c0:3600::103 - - [19/Feb/2025:17:37:41 +0530] "GET /wp-admin/setup-config.php HTTP/1.1" 409 1041 "-" "Mozilla/5.0 (Windows NT 10.0; Win64; x64) AppleWebKit/537.36 (KHTML, like Gecko) Chrome/133.0.0.0 Safari/537.36"
185.191.171.7 - - [19/Feb/2025:17:25:03 +0530] "GET /shopdetail/19609364 HTTP/1.1" 404 13159 "-" "Mozilla/5.0 (compatible; SemrushBot/7~bl; +http://www.semrush.com/bot.html)"
85.208.96.206 - - [19/Feb/2025:17:30:49 +0530] "GET /shopdetail/561581764 HTTP/1.1" 404 13159 "-" "Mozilla/5.0 (compatible; SemrushBot/7~bl; +http://www.semrush.com/bot.html)"
185.191.171.12 - - [19/Feb/2025:17:32:16 +0530] "GET /shopdetail/618704964 HTTP/1.1" 404 13146 "-" "Mozilla/5.0 (compatible; SemrushBot/7~bl; +http://www.semrush.com/bot.html)"
185.191.171.16 - - [19/Feb/2025:17:22:24 +0530] "GET /shopdetail/259057364 HTTP/1.1" 404 13159 "-" "Mozilla/5.0 (compatible; SemrushBot/7~bl; +http://www.semrush.com/bot.html)"
85.208.96.210 - - [19/Feb/2025:17:23:26 +0530] "GET /shopdetail/187342464 HTTP/1.1" 404 13159 "-" "Mozilla/5.0 (compatible; SemrushBot/7~bl; +http://www.semrush.com/bot.html)"
185.191.171.19 - - [19/Feb/2025:17:29:19 +0530] "GET /shopdetail/535794864 HTTP/1.1" 404 13159 "-" "Mozilla/5.0 (compatible; SemrushBot/7~bl; +http://www.semrush.com/bot.html)"
185.191.171.1 - - [19/Feb/2025:17:34:04 +0530] "GET /shopdetail/619986964 HTTP/1.1" 404 13159 "-" "Mozilla/5.0 (compatible; SemrushBot/7~bl; +http://www.semrush.com/bot.html)"
85.208.96.206 - - [19/Feb/2025:17:35:54 +0530] "GET /shopdetail/25789464 HTTP/1.1" 404 13172 "-" "Mozilla/5.0 (compatible; SemrushBot/7~bl; +http://www.semrush.com/bot.html)"
85.208.96.210 - - [19/Feb/2025:17:22:00 +0530] "GET /shopdetail/628730764 HTTP/1.1" 404 13146 "-" "Mozilla/5.0 (compatible; SemrushBot/7~bl; +http://www.semrush.com/bot.html)"
185.191.171.7 - - [19/Feb/2025:17:26:31 +0530] "GET /shopdetail/34802264 HTTP/1.1" 404 13159 "-" "Mozilla/5.0 (compatible; SemrushBot/7~bl; +http://www.semrush.com/bot.html)"
185.191.171.13 - - [19/Feb/2025:17:30:30 +0530] "GET /shopdetail/232528964 HTTP/1.1" 404 13159 "-" "Mozilla/5.0 (compatible; SemrushBot/7~bl; +http://www.semrush.com/bot.html)"
185.191.171.6 - - [19/Feb/2025:17:21:05 +0530] "GET /shopdetail/262552964 HTTP/1.1" 404 13146 "-" "Mozilla/5.0 (compatible; SemrushBot/7~bl; +http://www.semrush.com/bot.html)"
85.208.96.202 - - [19/Feb/2025:17:27:58 +0530] "GET /shopdetail/556873364 HTTP/1.1" 404 13159 "-" "Mozilla/5.0 (compatible; SemrushBot/7~bl; +http://www.semrush.com/bot.html)"
2a06:98c0:3600::103 - - [19/Feb/2025:17:39:06 +0530] "GET /wordpress/wp-admin/setup-config.php HTTP/1.1" 404 6500 "-" "Mozilla/5.0 (Windows NT 10.0; Win64; x64) AppleWebKit/537.36 (KHTML, like Gecko) Chrome/133.0.0.0 Safari/537.36"
85.208.96.210 - - [19/Feb/2025:17:39:56 +0530] "GET /shopdetail/529765164 HTTP/1.1" 404 13159 "-" "Mozilla/5.0 (compatible; SemrushBot/7~bl; +http://www.semrush.com/bot.html)"
185.191.171.13 - - [19/Feb/2025:17:41:32 +0530] "GET /shopdetail/203463564 HTTP/1.1" 404 13146 "-" "Mozilla/5.0 (compatible; SemrushBot/7~bl; +http://www.semrush.com/bot.html)"
85.208.96.198 - - [19/Feb/2025:17:42:24 +0530] "GET /shopdetail/186588464 HTTP/1.1" 404 13172 "-" "Mozilla/5.0 (compatible; SemrushBot/7~bl; +http://www.semrush.com/bot.html)"
185.191.171.16 - - [19/Feb/2025:17:43:38 +0530] "GET /shopdetail/391549764 HTTP/1.1" 404 13172 "-" "Mozilla/5.0 (compatible; SemrushBot/7~bl; +http://www.semrush.com/bot.html)"
185.191.171.6 - - [19/Feb/2025:17:42:49 +0530] "GET /shopdetail/604408964 HTTP/1.1" 404 13172 "-" "Mozilla/5.0 (compatible; SemrushBot/7~bl; +http://www.semrush.com/bot.html)"
85.208.96.195 - - [19/Feb/2025:17:40:58 +0530] "GET /shopdetail/440679064 HTTP/1.1" 404 13159 "-" "Mozilla/5.0 (compatible; SemrushBot/7~bl; +http://www.semrush.com/bot.html)"
162.55.100.32 - - [19/Feb/2025:17:42:52 +0530] "POST /wp-cron.php?doing_wp_cron=1739967172.1662330627441406250000 HTTP/1.1" 200 0 "-" "WordPress/6.7.2; https://entertainline.guru"
49.51.178.45 - - [19/Feb/2025:17:42:48 +0530] "GET /darva-conger-net-worth/ HTTP/1.1" 200 23743 "-" "Mozilla/5.0 (iPhone; CPU iPhone OS 13_2_3 like Mac OS X) AppleWebKit/605.1.15 (KHTML, like Gecko) Version/13.0.3 Mobile/15E148 Safari/604.1"
85.208.96.206 - - [19/Feb/2025:17:38:33 +0530] "GET /shopdetail/583911864 HTTP/1.1" 404 13218 "-" "Mozilla/5.0 (compatible; SemrushBot/7~bl; +http://www.semrush.com/bot.html)"
85.208.96.201 - - [19/Feb/2025:17:53:39 +0530] "GET /shopdetail/258462764 HTTP/1.1" 404 13159 "-" "Mozilla/5.0 (compatible; SemrushBot/7~bl; +http://www.semrush.com/bot.html)"
185.191.171.10 - - [19/Feb/2025:17:52:07 +0530] "GET /shopdetail/512703164 HTTP/1.1" 404 13172 "-" "Mozilla/5.0 (compatible; SemrushBot/7~bl; +http://www.semrush.com/bot.html)"
185.191.171.6 - - [19/Feb/2025:17:52:58 +0530] "GET /shopdetail/236520264 HTTP/1.1" 404 13172 "-" "Mozilla/5.0 (compatible; SemrushBot/7~bl; +http://www.semrush.com/bot.html)"
185.191.171.1 - - [19/Feb/2025:17:47:57 +0530] "GET /shopdetail/373089264 HTTP/1.1" 404 13172 "-" "Mozilla/5.0 (compatible; SemrushBot/7~bl; +http://www.semrush.com/bot.html)"
85.208.96.204 - - [19/Feb/2025:17:48:19 +0530] "GET /shopdetail/289563564 HTTP/1.1" 404 13172 "-" "Mozilla/5.0 (compatible; SemrushBot/7~bl; +http://www.semrush.com/bot.html)"
185.191.171.12 - - [19/Feb/2025:17:46:48 +0530] "GET /shopdetail/414994764 HTTP/1.1" 404 13159 "-" "Mozilla/5.0 (compatible; SemrushBot/7~bl; +http://www.semrush.com/bot.html)"
185.191.171.7 - - [19/Feb/2025:17:48:32 +0530] "GET /shopdetail/535678064 HTTP/1.1" 404 13159 "-" "Mozilla/5.0 (compatible; SemrushBot/7~bl; +http://www.semrush.com/bot.html)"
185.191.171.13 - - [19/Feb/2025:17:50:33 +0530] "GET /shopdetail/175100064 HTTP/1.1" 404 13172 "-" "Mozilla/5.0 (compatible; SemrushBot/7~bl; +http://www.semrush.com/bot.html)"
185.191.171.16 - - [19/Feb/2025:17:55:27 +0530] "GET /shopdetail/530483964 HTTP/1.1" 404 13172 "-" "Mozilla/5.0 (compatible; SemrushBot/7~bl; +http://www.semrush.com/bot.html)"
185.191.171.3 - - [19/Feb/2025:17:54:14 +0530] "GET /shopdetail/234298064 HTTP/1.1" 404 13172 "-" "Mozilla/5.0 (compatible; SemrushBot/7~bl; +http://www.semrush.com/bot.html)"
85.208.96.204 - - [19/Feb/2025:17:47:13 +0530] "GET /shopdetail/496006364 HTTP/1.1" 404 13159 "-" "Mozilla/5.0 (compatible; SemrushBot/7~bl; +http://www.semrush.com/bot.html)"
85.208.96.198 - - [19/Feb/2025:17:47:23 +0530] "GET /shopdetail/10342064 HTTP/1.1" 404 13159 "-" "Mozilla/5.0 (compatible; SemrushBot/7~bl; +http://www.semrush.com/bot.html)"
85.208.96.206 - - [19/Feb/2025:17:52:27 +0530] "GET /shopdetail/86675764 HTTP/1.1" 404 13159 "-" "Mozilla/5.0 (compatible; SemrushBot/7~bl; +http://www.semrush.com/bot.html)"
2a06:98c0:3600::103 - - [19/Feb/2025:17:55:40 +0530] "GET /wp-admin/setup-config.php HTTP/1.1" 409 1041 "-" "Mozilla/5.0 (Windows NT 10.0; Win64; x64) AppleWebKit/537.36 (KHTML, like Gecko) Chrome/133.0.0.0 Safari/537.36"
185.191.171.11 - - [19/Feb/2025:17:58:36 +0530] "GET /shopdetail/553386364 HTTP/1.1" 404 13146 "-" "Mozilla/5.0 (compatible; SemrushBot/7~bl; +http://www.semrush.com/bot.html)"
185.191.171.8 - - [19/Feb/2025:17:59:04 +0530] "GET /shopdetail/456245164 HTTP/1.1" 404 13172 "-" "Mozilla/5.0 (compatible; SemrushBot/7~bl; +http://www.semrush.com/bot.html)"
85.208.96.198 - - [19/Feb/2025:18:02:47 +0530] "GET /shopdetail/426139764 HTTP/1.1" 404 13159 "-" "Mozilla/5.0 (compatible; SemrushBot/7~bl; +http://www.semrush.com/bot.html)"
185.191.171.12 - - [19/Feb/2025:17:56:19 +0530] "GET /shopdetail/562540164 HTTP/1.1" 404 13172 "-" "Mozilla/5.0 (compatible; SemrushBot/7~bl; +http://www.semrush.com/bot.html)"
185.191.171.16 - - [19/Feb/2025:17:59:44 +0530] "GET /shopdetail/650429864 HTTP/1.1" 404 13172 "-" "Mozilla/5.0 (compatible; SemrushBot/7~bl; +http://www.semrush.com/bot.html)"
185.191.171.3 - - [19/Feb/2025:18:01:51 +0530] "GET /shopdetail/217574364 HTTP/1.1" 404 13159 "-" "Mozilla/5.0 (compatible; SemrushBot/7~bl; +http://www.semrush.com/bot.html)"
185.191.171.18 - - [19/Feb/2025:18:03:17 +0530] "GET /shopdetail/343298764 HTTP/1.1" 404 13172 "-" "Mozilla/5.0 (compatible; SemrushBot/7~bl; +http://www.semrush.com/bot.html)"
185.191.171.8 - - [19/Feb/2025:17:58:42 +0530] "GET /shopdetail/443867864 HTTP/1.1" 404 13159 "-" "Mozilla/5.0 (compatible; SemrushBot/7~bl; +http://www.semrush.com/bot.html)"
85.208.96.209 - - [19/Feb/2025:18:02:04 +0530] "GET /shopdetail/333023064 HTTP/1.1" 404 13159 "-" "Mozilla/5.0 (compatible; SemrushBot/7~bl; +http://www.semrush.com/bot.html)"
185.191.171.5 - - [19/Feb/2025:17:57:42 +0530] "GET /shopdetail/428223264 HTTP/1.1" 404 13146 "-" "Mozilla/5.0 (compatible; SemrushBot/7~bl; +http://www.semrush.com/bot.html)"
185.191.171.7 - - [19/Feb/2025:18:02:22 +0530] "GET /shopdetail/622082464 HTTP/1.1" 404 13159 "-" "Mozilla/5.0 (compatible; SemrushBot/7~bl; +http://www.semrush.com/bot.html)"
185.191.171.2 - - [19/Feb/2025:18:03:55 +0530] "GET /shopdetail/611265164 HTTP/1.1" 404 13159 "-" "Mozilla/5.0 (compatible; SemrushBot/7~bl; +http://www.semrush.com/bot.html)"
2a06:98c0:3600::103 - - [19/Feb/2025:17:56:04 +0530] "GET /wordpress/wp-admin/setup-config.php HTTP/1.1" 404 11814 "-" "Mozilla/5.0 (Windows NT 10.0; Win64; x64) AppleWebKit/537.36 (KHTML, like Gecko) Chrome/133.0.0.0 Safari/537.36"
185.191.171.8 - - [19/Feb/2025:17:58:02 +0530] "GET /shopdetail/360798564 HTTP/1.1" 404 13159 "-" "Mozilla/5.0 (compatible; SemrushBot/7~bl; +http://www.semrush.com/bot.html)"
185.191.171.2 - - [19/Feb/2025:18:00:55 +0530] "GET /shopdetail/335575064 HTTP/1.1" 404 13159 "-" "Mozilla/5.0 (compatible; SemrushBot/7~bl; +http://www.semrush.com/bot.html)"
85.208.96.204 - - [19/Feb/2025:17:57:33 +0530] "GET /shopdetail/187239764 HTTP/1.1" 404 13172 "-" "Mozilla/5.0 (compatible; SemrushBot/7~bl; +http://www.semrush.com/bot.html)"
185.191.171.15 - - [19/Feb/2025:17:57:55 +0530] "GET /shopdetail/655616264 HTTP/1.1" 404 13172 "-" "Mozilla/5.0 (compatible; SemrushBot/7~bl; +http://www.semrush.com/bot.html)"
185.191.171.13 - - [19/Feb/2025:17:59:26 +0530] "GET /shopdetail/395731864 HTTP/1.1" 404 13159 "-" "Mozilla/5.0 (compatible; SemrushBot/7~bl; +http://www.semrush.com/bot.html)"
85.208.96.207 - - [19/Feb/2025:18:00:20 +0530] "GET /shopdetail/18053264 HTTP/1.1" 404 13159 "-" "Mozilla/5.0 (compatible; SemrushBot/7~bl; +http://www.semrush.com/bot.html)"
85.208.96.195 - - [19/Feb/2025:18:04:41 +0530] "GET /shopdetail/258334464 HTTP/1.1" 404 13159 "-" "Mozilla/5.0 (compatible; SemrushBot/7~bl; +http://www.semrush.com/bot.html)"
185.191.171.11 - - [19/Feb/2025:17:58:13 +0530] "GET /shopdetail/429036764 HTTP/1.1" 404 13159 "-" "Mozilla/5.0 (compatible; SemrushBot/7~bl; +http://www.semrush.com/bot.html)"
185.191.171.1 - - [19/Feb/2025:17:58:22 +0530] "GET /shopdetail/505395464 HTTP/1.1" 404 13146 "-" "Mozilla/5.0 (compatible; SemrushBot/7~bl; +http://www.semrush.com/bot.html)"
185.191.171.12 - - [19/Feb/2025:18:04:23 +0530] "GET /shopdetail/383689164 HTTP/1.1" 404 13159 "-" "Mozilla/5.0 (compatible; SemrushBot/7~bl; +http://www.semrush.com/bot.html)"
85.208.96.208 - - [19/Feb/2025:18:10:56 +0530] "GET /shopdetail/637749864 HTTP/1.1" 404 13159 "-" "Mozilla/5.0 (compatible; SemrushBot/7~bl; +http://www.semrush.com/bot.html)"
85.208.96.202 - - [19/Feb/2025:18:09:27 +0530] "GET /shopdetail/592203864 HTTP/1.1" 404 13172 "-" "Mozilla/5.0 (compatible; SemrushBot/7~bl; +http://www.semrush.com/bot.html)"
85.208.96.208 - - [19/Feb/2025:18:11:23 +0530] "GET /shopdetail/163753164 HTTP/1.1" 404 13172 "-" "Mozilla/5.0 (compatible; SemrushBot/7~bl; +http://www.semrush.com/bot.html)"
185.191.171.6 - - [19/Feb/2025:18:07:12 +0530] "GET /shopdetail/102508364 HTTP/1.1" 404 13159 "-" "Mozilla/5.0 (compatible; SemrushBot/7~bl; +http://www.semrush.com/bot.html)"
185.191.171.14 - - [19/Feb/2025:18:08:26 +0530] "GET /shopdetail/508828164 HTTP/1.1" 404 13172 "-" "Mozilla/5.0 (compatible; SemrushBot/7~bl; +http://www.semrush.com/bot.html)"
185.191.171.13 - - [19/Feb/2025:18:08:39 +0530] "GET /shopdetail/70576264 HTTP/1.1" 404 13159 "-" "Mozilla/5.0 (compatible; SemrushBot/7~bl; +http://www.semrush.com/bot.html)"
85.208.96.206 - - [19/Feb/2025:18:07:45 +0530] "GET /shopdetail/22334864 HTTP/1.1" 404 13172 "-" "Mozilla/5.0 (compatible; SemrushBot/7~bl; +http://www.semrush.com/bot.html)"
85.208.96.212 - - [19/Feb/2025:18:09:39 +0530] "GET /shopdetail/586918764 HTTP/1.1" 404 13172 "-" "Mozilla/5.0 (compatible; SemrushBot/7~bl; +http://www.semrush.com/bot.html)"
185.191.171.2 - - [19/Feb/2025:18:05:53 +0530] "GET /shopdetail/261663664 HTTP/1.1" 404 13146 "-" "Mozilla/5.0 (compatible; SemrushBot/7~bl; +http://www.semrush.com/bot.html)"
85.208.96.212 - - [19/Feb/2025:18:05:00 +0530] "GET /shopdetail/234945764 HTTP/1.1" 404 13159 "-" "Mozilla/5.0 (compatible; SemrushBot/7~bl; +http://www.semrush.com/bot.html)"
185.191.171.5 - - [19/Feb/2025:18:06:12 +0530] "GET /shopdetail/291306164 HTTP/1.1" 404 13159 "-" "Mozilla/5.0 (compatible; SemrushBot/7~bl; +http://www.semrush.com/bot.html)"
85.208.96.203 - - [19/Feb/2025:18:06:53 +0530] "GET /shopdetail/369927064 HTTP/1.1" 404 13159 "-" "Mozilla/5.0 (compatible; SemrushBot/7~bl; +http://www.semrush.com/bot.html)"
185.191.171.10 - - [19/Feb/2025:18:11:11 +0530] "GET /shopdetail/204414564 HTTP/1.1" 404 13218 "-" "Mozilla/5.0 (compatible; SemrushBot/7~bl; +http://www.semrush.com/bot.html)"
185.191.171.11 - - [19/Feb/2025:18:11:18 +0530] "GET /shopdetail/615421764 HTTP/1.1" 404 13172 "-" "Mozilla/5.0 (compatible; SemrushBot/7~bl; +http://www.semrush.com/bot.html)"
85.208.96.200 - - [19/Feb/2025:18:13:53 +0530] "GET /shopdetail/484888164 HTTP/1.1" 404 13159 "-" "Mozilla/5.0 (compatible; SemrushBot/7~bl; +http://www.semrush.com/bot.html)"
85.208.96.193 - - [19/Feb/2025:18:14:06 +0530] "GET /shopdetail/649034064 HTTP/1.1" 404 13159 "-" "Mozilla/5.0 (compatible; SemrushBot/7~bl; +http://www.semrush.com/bot.html)"
185.191.171.19 - - [19/Feb/2025:18:15:21 +0530] "GET /shopdetail/630813164 HTTP/1.1" 404 13159 "-" "Mozilla/5.0 (compatible; SemrushBot/7~bl; +http://www.semrush.com/bot.html)"
85.208.96.194 - - [19/Feb/2025:18:24:14 +0530] "GET /shopdetail/562158964 HTTP/1.1" 404 13172 "-" "Mozilla/5.0 (compatible; SemrushBot/7~bl; +http://www.semrush.com/bot.html)"
185.191.171.15 - - [19/Feb/2025:18:27:45 +0530] "GET /shopdetail/108892664 HTTP/1.1" 404 13172 "-" "Mozilla/5.0 (compatible; SemrushBot/7~bl; +http://www.semrush.com/bot.html)"
185.191.171.17 - - [19/Feb/2025:18:31:05 +0530] "GET /shopdetail/459739164 HTTP/1.1" 404 13159 "-" "Mozilla/5.0 (compatible; SemrushBot/7~bl; +http://www.semrush.com/bot.html)"
170.106.197.109 - - [19/Feb/2025:18:33:36 +0530] "GET /wp-json/wp/v2/posts/601 HTTP/1.1" 200 10705 "-" "Mozilla/5.0 (iPhone; CPU iPhone OS 13_2_3 like Mac OS X) AppleWebKit/605.1.15 (KHTML, like Gecko) Version/13.0.3 Mobile/15E148 Safari/604.1"
85.208.96.201 - - [19/Feb/2025:18:34:59 +0530] "GET /shopdetail/155536464 HTTP/1.1" 404 13159 "-" "Mozilla/5.0 (compatible; SemrushBot/7~bl; +http://www.semrush.com/bot.html)"
85.208.96.211 - - [19/Feb/2025:18:38:32 +0530] "GET /shopdetail/624147564 HTTP/1.1" 404 13159 "-" "Mozilla/5.0 (compatible; SemrushBot/7~bl; +http://www.semrush.com/bot.html)"
185.191.171.3 - - [19/Feb/2025:18:38:44 +0530] "GET /shopdetail/243002764 HTTP/1.1" 404 13218 "-" "Mozilla/5.0 (compatible; SemrushBot/7~bl; +http://www.semrush.com/bot.html)"
185.191.171.6 - - [19/Feb/2025:18:38:50 +0530] "GET /shopdetail/383468464 HTTP/1.1" 404 13159 "-" "Mozilla/5.0 (compatible; SemrushBot/7~bl; +http://www.semrush.com/bot.html)"
185.191.171.11 - - [19/Feb/2025:18:41:13 +0530] "GET /shopdetail/326588564 HTTP/1.1" 404 13146 "-" "Mozilla/5.0 (compatible; SemrushBot/7~bl; +http://www.semrush.com/bot.html)"
185.191.171.11 - - [19/Feb/2025:18:41:46 +0530] "GET /shopdetail/432337464 HTTP/1.1" 404 13146 "-" "Mozilla/5.0 (compatible; SemrushBot/7~bl; +http://www.semrush.com/bot.html)"
85.208.96.200 - - [19/Feb/2025:18:43:25 +0530] "GET /shopdetail/375030064 HTTP/1.1" 404 13159 "-" "Mozilla/5.0 (compatible; SemrushBot/7~bl; +http://www.semrush.com/bot.html)"
85.208.96.201 - - [19/Feb/2025:18:16:42 +0530] "GET /shopdetail/634335264 HTTP/1.1" 404 13159 "-" "Mozilla/5.0 (compatible; SemrushBot/7~bl; +http://www.semrush.com/bot.html)"
185.191.171.10 - - [19/Feb/2025:18:17:39 +0530] "GET /shopdetail/252820964 HTTP/1.1" 404 13159 "-" "Mozilla/5.0 (compatible; SemrushBot/7~bl; +http://www.semrush.com/bot.html)"
85.208.96.200 - - [19/Feb/2025:18:19:02 +0530] "GET /robots.txt HTTP/1.1" 200 143 "-" "Mozilla/5.0 (compatible; SemrushBot/7~bl; +http://www.semrush.com/bot.html)"
2a06:98c0:3600::103 - - [19/Feb/2025:18:20:38 +0530] "GET /wordpress/wp-admin/setup-config.php HTTP/1.1" 404 4175 "-" "Mozilla/5.0 (Windows NT 10.0; Win64; x64) AppleWebKit/537.36 (KHTML, like Gecko) Chrome/133.0.0.0 Safari/537.36"
185.191.171.6 - - [19/Feb/2025:18:21:39 +0530] "GET /shopdetail/244990064 HTTP/1.1" 404 13172 "-" "Mozilla/5.0 (compatible; SemrushBot/7~bl; +http://www.semrush.com/bot.html)"
85.208.96.193 - - [19/Feb/2025:18:23:20 +0530] "GET /shopdetail/74052564 HTTP/1.1" 404 13159 "-" "Mozilla/5.0 (compatible; SemrushBot/7~bl; +http://www.semrush.com/bot.html)"
85.208.96.211 - - [19/Feb/2025:18:32:33 +0530] "GET /shopdetail/154619964 HTTP/1.1" 404 13159 "-" "Mozilla/5.0 (compatible; SemrushBot/7~bl; +http://www.semrush.com/bot.html)"
85.208.96.204 - - [19/Feb/2025:18:40:16 +0530] "GET /shopdetail/111080964 HTTP/1.1" 404 13159 "-" "Mozilla/5.0 (compatible; SemrushBot/7~bl; +http://www.semrush.com/bot.html)"
185.191.171.2 - - [19/Feb/2025:18:42:51 +0530] "GET /shopdetail/129657164 HTTP/1.1" 404 13159 "-" "Mozilla/5.0 (compatible; SemrushBot/7~bl; +http://www.semrush.com/bot.html)"
185.191.171.10 - - [19/Feb/2025:18:14:01 +0530] "GET /shopdetail/285126664 HTTP/1.1" 404 13159 "-" "Mozilla/5.0 (compatible; SemrushBot/7~bl; +http://www.semrush.com/bot.html)"
185.191.171.14 - - [19/Feb/2025:18:17:18 +0530] "GET /shopdetail/208331064 HTTP/1.1" 404 13159 "-" "Mozilla/5.0 (compatible; SemrushBot/7~bl; +http://www.semrush.com/bot.html)"
185.191.171.19 - - [19/Feb/2025:18:26:09 +0530] "GET /shopdetail/302213764 HTTP/1.1" 404 13159 "-" "Mozilla/5.0 (compatible; SemrushBot/7~bl; +http://www.semrush.com/bot.html)"
85.208.96.194 - - [19/Feb/2025:18:28:22 +0530] "GET /shopdetail/650259064 HTTP/1.1" 404 13172 "-" "Mozilla/5.0 (compatible; SemrushBot/7~bl; +http://www.semrush.com/bot.html)"
85.208.96.203 - - [19/Feb/2025:18:29:37 +0530] "GET /shopdetail/289663264 HTTP/1.1" 404 13159 "-" "Mozilla/5.0 (compatible; SemrushBot/7~bl; +http://www.semrush.com/bot.html)"
85.208.96.207 - - [19/Feb/2025:18:31:56 +0530] "GET /shopdetail/346234964 HTTP/1.1" 404 13146 "-" "Mozilla/5.0 (compatible; SemrushBot/7~bl; +http://www.semrush.com/bot.html)"
85.208.96.202 - - [19/Feb/2025:18:33:09 +0530] "GET /shopdetail/502014664 HTTP/1.1" 404 13159 "-" "Mozilla/5.0 (compatible; SemrushBot/7~bl; +http://www.semrush.com/bot.html)"
85.208.96.206 - - [19/Feb/2025:18:36:22 +0530] "GET /shopdetail/399005964 HTTP/1.1" 404 13159 "-" "Mozilla/5.0 (compatible; SemrushBot/7~bl; +http://www.semrush.com/bot.html)"
85.208.96.212 - - [19/Feb/2025:18:36:49 +0530] "GET /shopdetail/323248564 HTTP/1.1" 404 13159 "-" "Mozilla/5.0 (compatible; SemrushBot/7~bl; +http://www.semrush.com/bot.html)"
185.191.171.4 - - [19/Feb/2025:18:42:03 +0530] "GET /shopdetail/215698564 HTTP/1.1" 404 13149 "-" "Mozilla/5.0 (compatible; SemrushBot/7~bl; +http://www.semrush.com/bot.html)"
185.191.171.14 - - [19/Feb/2025:18:12:36 +0530] "GET /shopdetail/268454964 HTTP/1.1" 404 13172 "-" "Mozilla/5.0 (compatible; SemrushBot/7~bl; +http://www.semrush.com/bot.html)"
185.191.171.17 - - [19/Feb/2025:18:15:14 +0530] "GET /shopdetail/45330964 HTTP/1.1" 404 13159 "-" "Mozilla/5.0 (compatible; SemrushBot/7~bl; +http://www.semrush.com/bot.html)"
85.208.96.212 - - [19/Feb/2025:18:29:01 +0530] "GET /shopdetail/415703164 HTTP/1.1" 404 13146 "-" "Mozilla/5.0 (compatible; SemrushBot/7~bl; +http://www.semrush.com/bot.html)"
185.191.171.15 - - [19/Feb/2025:18:37:10 +0530] "GET /shopdetail/56405264 HTTP/1.1" 404 13159 "-" "Mozilla/5.0 (compatible; SemrushBot/7~bl; +http://www.semrush.com/bot.html)"
85.208.96.193 - - [19/Feb/2025:18:39:33 +0530] "GET /shopdetail/78002964 HTTP/1.1" 404 13159 "-" "Mozilla/5.0 (compatible; SemrushBot/7~bl; +http://www.semrush.com/bot.html)"
185.191.171.14 - - [19/Feb/2025:18:39:46 +0530] "GET /shopdetail/64418064 HTTP/1.1" 404 13159 "-" "Mozilla/5.0 (compatible; SemrushBot/7~bl; +http://www.semrush.com/bot.html)"
185.191.171.8 - - [19/Feb/2025:18:42:10 +0530] "GET /shopdetail/478425864 HTTP/1.1" 404 13159 "-" "Mozilla/5.0 (compatible; SemrushBot/7~bl; +http://www.semrush.com/bot.html)"
85.208.96.203 - - [19/Feb/2025:18:12:03 +0530] "GET /shopdetail/375441164 HTTP/1.1" 404 13172 "-" "Mozilla/5.0 (compatible; SemrushBot/7~bl; +http://www.semrush.com/bot.html)"
185.191.171.13 - - [19/Feb/2025:18:13:23 +0530] "GET /shopdetail/627454364 HTTP/1.1" 404 13159 "-" "Mozilla/5.0 (compatible; SemrushBot/7~bl; +http://www.semrush.com/bot.html)"
185.191.171.3 - - [19/Feb/2025:18:21:47 +0530] "GET /shopdetail/413286164 HTTP/1.1" 404 13146 "-" "Mozilla/5.0 (compatible; SemrushBot/7~bl; +http://www.semrush.com/bot.html)"
85.208.96.210 - - [19/Feb/2025:18:24:50 +0530] "GET /shopdetail/159497064 HTTP/1.1" 404 13159 "-" "Mozilla/5.0 (compatible; SemrushBot/7~bl; +http://www.semrush.com/bot.html)"
85.208.96.211 - - [19/Feb/2025:18:26:36 +0530] "GET /shopdetail/609392464 HTTP/1.1" 404 13159 "-" "Mozilla/5.0 (compatible; SemrushBot/7~bl; +http://www.semrush.com/bot.html)"
85.208.96.195 - - [19/Feb/2025:18:27:23 +0530] "GET /shopdetail/651095764 HTTP/1.1" 404 13159 "-" "Mozilla/5.0 (compatible; SemrushBot/7~bl; +http://www.semrush.com/bot.html)"
85.208.96.201 - - [19/Feb/2025:18:34:44 +0530] "GET /shopdetail/369122464 HTTP/1.1" 404 13159 "-" "Mozilla/5.0 (compatible; SemrushBot/7~bl; +http://www.semrush.com/bot.html)"
185.191.171.12 - - [19/Feb/2025:18:42:59 +0530] "GET /shopdetail/199916264 HTTP/1.1" 404 13159 "-" "Mozilla/5.0 (compatible; SemrushBot/7~bl; +http://www.semrush.com/bot.html)"
185.191.171.18 - - [19/Feb/2025:18:12:30 +0530] "GET /shopdetail/195155664 HTTP/1.1" 404 13159 "-" "Mozilla/5.0 (compatible; SemrushBot/7~bl; +http://www.semrush.com/bot.html)"
85.208.96.207 - - [19/Feb/2025:18:12:50 +0530] "GET /shopdetail/102977364 HTTP/1.1" 404 13172 "-" "Mozilla/5.0 (compatible; SemrushBot/7~bl; +http://www.semrush.com/bot.html)"
85.208.96.197 - - [19/Feb/2025:18:16:06 +0530] "GET /shopdetail/228993964 HTTP/1.1" 404 13159 "-" "Mozilla/5.0 (compatible; SemrushBot/7~bl; +http://www.semrush.com/bot.html)"
85.208.96.205 - - [19/Feb/2025:18:18:09 +0530] "GET /shopdetail/113552864 HTTP/1.1" 404 13159 "-" "Mozilla/5.0 (compatible; SemrushBot/7~bl; +http://www.semrush.com/bot.html)"
85.208.96.205 - - [19/Feb/2025:18:19:02 +0530] "GET /shopdetail/493635764 HTTP/1.1" 404 13159 "-" "Mozilla/5.0 (compatible; SemrushBot/7~bl; +http://www.semrush.com/bot.html)"
85.208.96.212 - - [19/Feb/2025:18:19:13 +0530] "GET /shopdetail/376941264 HTTP/1.1" 404 13172 "-" "Mozilla/5.0 (compatible; SemrushBot/7~bl; +http://www.semrush.com/bot.html)"
85.208.96.194 - - [19/Feb/2025:18:19:24 +0530] "GET /shopdetail/8305564 HTTP/1.1" 404 13159 "-" "Mozilla/5.0 (compatible; SemrushBot/7~bl; +http://www.semrush.com/bot.html)"
185.191.171.9 - - [19/Feb/2025:18:20:55 +0530] "GET /shopdetail/313687764 HTTP/1.1" 404 13159 "-" "Mozilla/5.0 (compatible; SemrushBot/7~bl; +http://www.semrush.com/bot.html)"
85.208.96.211 - - [19/Feb/2025:18:26:26 +0530] "GET /shopdetail/434565164 HTTP/1.1" 404 13159 "-" "Mozilla/5.0 (compatible; SemrushBot/7~bl; +http://www.semrush.com/bot.html)"
185.191.171.14 - - [19/Feb/2025:18:30:19 +0530] "GET /shopdetail/16547064 HTTP/1.1" 404 13146 "-" "Mozilla/5.0 (compatible; SemrushBot/7~bl; +http://www.semrush.com/bot.html)"
185.191.171.11 - - [19/Feb/2025:18:33:56 +0530] "GET /shopdetail/63430364 HTTP/1.1" 404 13159 "-" "Mozilla/5.0 (compatible; SemrushBot/7~bl; +http://www.semrush.com/bot.html)"
85.208.96.206 - - [19/Feb/2025:18:36:36 +0530] "GET /shopdetail/486593764 HTTP/1.1" 404 13159 "-" "Mozilla/5.0 (compatible; SemrushBot/7~bl; +http://www.semrush.com/bot.html)"
185.191.171.11 - - [19/Feb/2025:18:13:02 +0530] "GET /shopdetail/237500564 HTTP/1.1" 404 13146 "-" "Mozilla/5.0 (compatible; SemrushBot/7~bl; +http://www.semrush.com/bot.html)"
185.191.171.16 - - [19/Feb/2025:18:14:40 +0530] "GET /shopdetail/464928664 HTTP/1.1" 404 13146 "-" "Mozilla/5.0 (compatible; SemrushBot/7~bl; +http://www.semrush.com/bot.html)"
85.208.96.204 - - [19/Feb/2025:18:23:34 +0530] "GET /shopdetail/492184964 HTTP/1.1" 404 13159 "-" "Mozilla/5.0 (compatible; SemrushBot/7~bl; +http://www.semrush.com/bot.html)"
85.208.96.194 - - [19/Feb/2025:18:24:05 +0530] "GET /shopdetail/565704464 HTTP/1.1" 404 13159 "-" "Mozilla/5.0 (compatible; SemrushBot/7~bl; +http://www.semrush.com/bot.html)"
185.191.171.14 - - [19/Feb/2025:18:26:00 +0530] "GET /shopdetail/153791364 HTTP/1.1" 404 13159 "-" "Mozilla/5.0 (compatible; SemrushBot/7~bl; +http://www.semrush.com/bot.html)"
185.191.171.16 - - [19/Feb/2025:18:38:16 +0530] "GET /shopdetail/119588864 HTTP/1.1" 404 13159 "-" "Mozilla/5.0 (compatible; SemrushBot/7~bl; +http://www.semrush.com/bot.html)"
85.208.96.206 - - [19/Feb/2025:18:42:28 +0530] "GET /shopdetail/474671064 HTTP/1.1" 404 13159 "-" "Mozilla/5.0 (compatible; SemrushBot/7~bl; +http://www.semrush.com/bot.html)"
162.62.213.165 - - [19/Feb/2025:18:42:56 +0530] "GET /?p=601 HTTP/1.1" 200 24189 "-" "Mozilla/5.0 (iPhone; CPU iPhone OS 13_2_3 like Mac OS X) AppleWebKit/605.1.15 (KHTML, like Gecko) Version/13.0.3 Mobile/15E148 Safari/604.1"
185.191.171.10 - - [19/Feb/2025:18:12:45 +0530] "GET /shopdetail/32703764 HTTP/1.1" 404 13159 "-" "Mozilla/5.0 (compatible; SemrushBot/7~bl; +http://www.semrush.com/bot.html)"
185.191.171.6 - - [19/Feb/2025:18:18:34 +0530] "GET /shopdetail/597935864 HTTP/1.1" 404 13159 "-" "Mozilla/5.0 (compatible; SemrushBot/7~bl; +http://www.semrush.com/bot.html)"
185.191.171.15 - - [19/Feb/2025:18:18:50 +0530] "GET /shopdetail/450692064 HTTP/1.1" 404 13159 "-" "Mozilla/5.0 (compatible; SemrushBot/7~bl; +http://www.semrush.com/bot.html)"
185.191.171.14 - - [19/Feb/2025:18:21:09 +0530] "GET /shopdetail/500996564 HTTP/1.1" 404 13172 "-" "Mozilla/5.0 (compatible; SemrushBot/7~bl; +http://www.semrush.com/bot.html)"
185.191.171.17 - - [19/Feb/2025:18:23:58 +0530] "GET /shopdetail/281200864 HTTP/1.1" 404 13159 "-" "Mozilla/5.0 (compatible; SemrushBot/7~bl; +http://www.semrush.com/bot.html)"
85.208.96.207 - - [19/Feb/2025:18:40:02 +0530] "GET /shopdetail/255328764 HTTP/1.1" 404 13172 "-" "Mozilla/5.0 (compatible; SemrushBot/7~bl; +http://www.semrush.com/bot.html)"
85.208.96.200 - - [19/Feb/2025:18:42:37 +0530] "GET /shopdetail/615777364 HTTP/1.1" 404 13172 "-" "Mozilla/5.0 (compatible; SemrushBot/7~bl; +http://www.semrush.com/bot.html)"
185.191.171.13 - - [19/Feb/2025:18:43:10 +0530] "GET /shopdetail/45706664 HTTP/1.1" 404 13159 "-" "Mozilla/5.0 (compatible; SemrushBot/7~bl; +http://www.semrush.com/bot.html)"
185.191.171.3 - - [19/Feb/2025:18:44:28 +0530] "GET /shopdetail/323622264 HTTP/1.1" 404 13146 "-" "Mozilla/5.0 (compatible; SemrushBot/7~bl; +http://www.semrush.com/bot.html)"
185.191.171.10 - - [19/Feb/2025:18:44:45 +0530] "GET /shopdetail/354216564 HTTP/1.1" 404 13159 "-" "Mozilla/5.0 (compatible; SemrushBot/7~bl; +http://www.semrush.com/bot.html)"
2a06:98c0:3600::103 - - [19/Feb/2025:18:47:37 +0530] "GET /wp-admin/setup-config.php HTTP/1.1" 409 1041 "-" "Mozilla/5.0 (Windows NT 10.0; Win64; x64) AppleWebKit/537.36 (KHTML, like Gecko) Chrome/133.0.0.0 Safari/537.36"
185.191.171.16 - - [19/Feb/2025:18:51:04 +0530] "GET /shopdetail/126959964 HTTP/1.1" 404 13159 "-" "Mozilla/5.0 (compatible; SemrushBot/7~bl; +http://www.semrush.com/bot.html)"
185.191.171.19 - - [19/Feb/2025:18:45:01 +0530] "GET /shopdetail/598951364 HTTP/1.1" 404 13159 "-" "Mozilla/5.0 (compatible; SemrushBot/7~bl; +http://www.semrush.com/bot.html)"
185.191.171.8 - - [19/Feb/2025:18:45:47 +0530] "GET /shopdetail/461953364 HTTP/1.1" 404 13159 "-" "Mozilla/5.0 (compatible; SemrushBot/7~bl; +http://www.semrush.com/bot.html)"
2a06:98c0:3600::103 - - [19/Feb/2025:18:48:19 +0530] "GET /wordpress/wp-admin/setup-config.php HTTP/1.1" 404 6500 "-" "Mozilla/5.0 (Windows NT 10.0; Win64; x64) AppleWebKit/537.36 (KHTML, like Gecko) Chrome/133.0.0.0 Safari/537.36"
85.208.96.202 - - [19/Feb/2025:18:49:37 +0530] "GET /shopdetail/256520764 HTTP/1.1" 404 13172 "-" "Mozilla/5.0 (compatible; SemrushBot/7~bl; +http://www.semrush.com/bot.html)"
185.191.171.3 - - [19/Feb/2025:18:44:39 +0530] "GET /shopdetail/492779364 HTTP/1.1" 404 13172 "-" "Mozilla/5.0 (compatible; SemrushBot/7~bl; +http://www.semrush.com/bot.html)"
85.208.96.200 - - [19/Feb/2025:18:46:13 +0530] "GET /shopdetail/223156664 HTTP/1.1" 404 13146 "-" "Mozilla/5.0 (compatible; SemrushBot/7~bl; +http://www.semrush.com/bot.html)"
85.208.96.194 - - [19/Feb/2025:18:47:03 +0530] "GET /shopdetail/531314764 HTTP/1.1" 404 13159 "-" "Mozilla/5.0 (compatible; SemrushBot/7~bl; +http://www.semrush.com/bot.html)"
185.191.171.14 - - [19/Feb/2025:18:48:59 +0530] "GET /shopdetail/608215264 HTTP/1.1" 404 13159 "-" "Mozilla/5.0 (compatible; SemrushBot/7~bl; +http://www.semrush.com/bot.html)"
185.191.171.7 - - [19/Feb/2025:18:50:12 +0530] "GET /shopdetail/352206464 HTTP/1.1" 404 13172 "-" "Mozilla/5.0 (compatible; SemrushBot/7~bl; +http://www.semrush.com/bot.html)"
185.191.171.19 - - [19/Feb/2025:18:46:44 +0530] "GET /shopdetail/473719664 HTTP/1.1" 404 13172 "-" "Mozilla/5.0 (compatible; SemrushBot/7~bl; +http://www.semrush.com/bot.html)"
185.191.171.19 - - [19/Feb/2025:18:47:29 +0530] "GET /shopdetail/353946664 HTTP/1.1" 404 13172 "-" "Mozilla/5.0 (compatible; SemrushBot/7~bl; +http://www.semrush.com/bot.html)"
185.191.171.12 - - [19/Feb/2025:18:48:07 +0530] "GET /shopdetail/573711564 HTTP/1.1" 404 13159 "-" "Mozilla/5.0 (compatible; SemrushBot/7~bl; +http://www.semrush.com/bot.html)"
85.208.96.201 - - [19/Feb/2025:18:48:38 +0530] "GET /shopdetail/313545264 HTTP/1.1" 404 13172 "-" "Mozilla/5.0 (compatible; SemrushBot/7~bl; +http://www.semrush.com/bot.html)"
85.208.96.206 - - [19/Feb/2025:18:44:09 +0530] "GET /shopdetail/563444764 HTTP/1.1" 404 13159 "-" "Mozilla/5.0 (compatible; SemrushBot/7~bl; +http://www.semrush.com/bot.html)"
185.191.171.10 - - [19/Feb/2025:18:47:20 +0530] "GET /shopdetail/406608564 HTTP/1.1" 404 13146 "-" "Mozilla/5.0 (compatible; SemrushBot/7~bl; +http://www.semrush.com/bot.html)"
85.208.96.212 - - [19/Feb/2025:18:47:46 +0530] "GET /shopdetail/167750264 HTTP/1.1" 404 13159 "-" "Mozilla/5.0 (compatible; SemrushBot/7~bl; +http://www.semrush.com/bot.html)"
85.208.96.198 - - [19/Feb/2025:18:48:46 +0530] "GET /shopdetail/525406964 HTTP/1.1" 404 13159 "-" "Mozilla/5.0 (compatible; SemrushBot/7~bl; +http://www.semrush.com/bot.html)"
185.191.171.2 - - [19/Feb/2025:18:49:48 +0530] "GET /shopdetail/194604064 HTTP/1.1" 404 13159 "-" "Mozilla/5.0 (compatible; SemrushBot/7~bl; +http://www.semrush.com/bot.html)"
162.55.100.32 - - [19/Feb/2025:18:44:00 +0530] "POST /wp-cron.php?doing_wp_cron=1739970839.3214681148529052734375 HTTP/1.1" 200 0 "-" "WordPress/6.7.2; https://entertainline.guru"
85.208.96.194 - - [19/Feb/2025:18:45:23 +0530] "GET /shopdetail/321188264 HTTP/1.1" 404 13172 "-" "Mozilla/5.0 (compatible; SemrushBot/7~bl; +http://www.semrush.com/bot.html)"
