2a06:98c0:3600::103 - - [17/Feb/2025:23:43:59 +0530] "GET /wordpress/wp-admin/setup-config.php HTTP/1.1" 404 11728 "-" "Mozilla/5.0 (Windows NT 10.0; Win64; x64) AppleWebKit/537.36 (KHTML, like Gecko) Chrome/133.0.0.0 Safari/537.36"
66.249.76.166 - - [17/Feb/2025:23:43:40 +0530] "GET /robots.txt HTTP/1.1" 200 105 "-" "Mozilla/5.0 (compatible; Googlebot/2.1; +http://www.google.com/bot.html)"
2a06:98c0:3600::103 - - [18/Feb/2025:00:06:19 +0530] "GET /wordpress/wp-admin/setup-config.php HTTP/1.1" 404 11728 "-" "Mozilla/5.0 (Windows NT 10.0; Win64; x64) AppleWebKit/537.36 (KHTML, like Gecko) Chrome/133.0.0.0 Safari/537.36"
2a06:98c0:3600::103 - - [18/Feb/2025:00:06:38 +0530] "GET /wp-admin/setup-config.php HTTP/1.1" 409 1041 "-" "Mozilla/5.0 (Windows NT 10.0; Win64; x64) AppleWebKit/537.36 (KHTML, like Gecko) Chrome/133.0.0.0 Safari/537.36"
43.153.67.21 - - [18/Feb/2025:00:12:10 +0530] "GET /tales-of-graces-f-remastered-review/ HTTP/1.1" 200 30623 "-" "Mozilla/5.0 (iPhone; CPU iPhone OS 13_2_3 like Mac OS X) AppleWebKit/605.1.15 (KHTML, like Gecko) Version/13.0.3 Mobile/15E148 Safari/604.1"
2a06:98c0:3600::103 - - [18/Feb/2025:01:18:40 +0530] "GET /wp-admin/setup-config.php HTTP/1.1" 409 1041 "-" "Mozilla/5.0 (Windows NT 10.0; Win64; x64) AppleWebKit/537.36 (KHTML, like Gecko) Chrome/133.0.0.0 Safari/537.36"
52.66.201.35 - - [18/Feb/2025:01:07:12 +0530] "GET /wp-admin/ HTTP/2" 302 0 "http://entertainline.guru/admin/" "Go-http-client/2.0"
52.66.201.35 - - [18/Feb/2025:01:07:12 +0530] "GET /wp-login.php?redirect_to=https%3A%2F%2Fentertainline.guru%2Fwp-admin%2F&reauth=1 HTTP/2" 200 2086 "https://entertainline.guru/wp-admin/" "Go-http-client/2.0"
52.66.201.35 - - [18/Feb/2025:01:07:23 +0530] "GET /wp-content/uploads/2025/02/image.png HTTP/2" 200 1481085 "http://entertainline.guru/upload/image/" "Go-http-client/2.0"
192.104.34.34 - - [18/Feb/2025:00:58:03 +0530] "GET / HTTP/1.1" 200 88702 "-" "Mozilla/5.0 (Windows NT 10.0; Win64; x64) AppleWebKit/537.36 (KHTML, like Gecko) Chrome/129.0.0.0 Safari/537.36"
52.66.201.35 - - [18/Feb/2025:01:09:43 +0530] "GET /wp-admin/network/ HTTP/2" 302 0 "http://entertainline.guru/wp-admin/network/" "Go-http-client/2.0"
52.66.201.35 - - [18/Feb/2025:01:09:43 +0530] "GET /wp-login.php?redirect_to=https%3A%2F%2Fentertainline.guru%2Fwp-admin%2Fnetwork%2F&reauth=1 HTTP/2" 200 2091 "https://entertainline.guru/wp-admin/network/" "Go-http-client/2.0"
52.66.201.35 - - [18/Feb/2025:01:09:45 +0530] "GET /wp-admin/user/ HTTP/2" 302 0 "http://entertainline.guru/wp-admin/user/" "Go-http-client/2.0"
52.66.201.35 - - [18/Feb/2025:01:09:45 +0530] "GET /wp-login.php?redirect_to=https%3A%2F%2Fentertainline.guru%2Fwp-admin%2Fuser%2F&reauth=1 HTTP/2" 200 2089 "https://entertainline.guru/wp-admin/user/" "Go-http-client/2.0"
52.66.201.35 - - [18/Feb/2025:01:09:53 +0530] "GET /wp-admin/ HTTP/2" 302 0 "http://entertainline.guru/wp-admin/" "Go-http-client/2.0"
52.66.201.35 - - [18/Feb/2025:01:09:53 +0530] "GET /wp-login.php?redirect_to=https%3A%2F%2Fentertainline.guru%2Fwp-admin%2F&reauth=1 HTTP/2" 200 2086 "https://entertainline.guru/wp-admin/" "Go-http-client/2.0"
2a06:98c0:3600::103 - - [18/Feb/2025:00:54:26 +0530] "GET /wordpress/wp-admin/setup-config.php HTTP/1.1" 404 11728 "-" "Mozilla/5.0 (Windows NT 10.0; Win64; x64) AppleWebKit/537.36 (KHTML, like Gecko) Chrome/133.0.0.0 Safari/537.36"
192.104.34.34 - - [18/Feb/2025:00:58:02 +0530] "GET / HTTP/1.1" 301 0 "-" "Mozilla/5.0 (Windows NT 10.0; Win64; x64) AppleWebKit/537.36 (KHTML, like Gecko) Chrome/129.0.0.0 Safari/537.36"
43.155.136.16 - - [18/Feb/2025:00:32:31 +0530] "GET /wp-content/uploads/2025/02/tales-of-graces-f-remastered-2-15-2025-3.webp HTTP/1.1" 200 51578 "-" "Mozilla/5.0 (iPhone; CPU iPhone OS 13_2_3 like Mac OS X) AppleWebKit/605.1.15 (KHTML, like Gecko) Version/13.0.3 Mobile/15E148 Safari/604.1"
2a06:98c0:3600::103 - - [18/Feb/2025:00:30:54 +0530] "GET /wordpress/wp-admin/setup-config.php HTTP/1.1" 404 11728 "-" "Mozilla/5.0 (Windows NT 10.0; Win64; x64) AppleWebKit/537.36 (KHTML, like Gecko) Chrome/133.0.0.0 Safari/537.36"
43.159.152.187 - - [18/Feb/2025:00:42:11 +0530] "GET /wp-content/uploads/2025/02/tales-of-graces-f-remastered-2-15-2025-3-300x169.webp HTTP/1.1" 200 5088 "-" "Mozilla/5.0 (iPhone; CPU iPhone OS 13_2_3 like Mac OS X) AppleWebKit/605.1.15 (KHTML, like Gecko) Version/13.0.3 Mobile/15E148 Safari/604.1"
2a06:98c0:3600::103 - - [18/Feb/2025:00:56:02 +0530] "GET /wp-admin/setup-config.php HTTP/1.1" 409 1041 "-" "Mozilla/5.0 (Windows NT 10.0; Win64; x64) AppleWebKit/537.36 (KHTML, like Gecko) Chrome/133.0.0.0 Safari/537.36"
2a06:98c0:3600::103 - - [18/Feb/2025:01:17:50 +0530] "GET /wordpress/wp-admin/setup-config.php HTTP/1.1" 404 11728 "-" "Mozilla/5.0 (Windows NT 10.0; Win64; x64) AppleWebKit/537.36 (KHTML, like Gecko) Chrome/133.0.0.0 Safari/537.36"
43.130.16.140 - - [18/Feb/2025:00:21:03 +0530] "GET /wp-content/uploads/2025/02/tales-of-graces-f-remastered-2-15-2025-3-1536x864.webp HTTP/1.1" 200 37178 "-" "Mozilla/5.0 (iPhone; CPU iPhone OS 13_2_3 like Mac OS X) AppleWebKit/605.1.15 (KHTML, like Gecko) Version/13.0.3 Mobile/15E148 Safari/604.1"
2a06:98c0:3600::103 - - [18/Feb/2025:00:31:33 +0530] "GET /wp-admin/setup-config.php HTTP/1.1" 409 1041 "-" "Mozilla/5.0 (Windows NT 10.0; Win64; x64) AppleWebKit/537.36 (KHTML, like Gecko) Chrome/133.0.0.0 Safari/537.36"
2a06:98c0:3600::103 - - [18/Feb/2025:01:42:59 +0530] "GET /wp-admin/setup-config.php HTTP/1.1" 409 1041 "-" "Mozilla/5.0 (Windows NT 10.0; Win64; x64) AppleWebKit/537.36 (KHTML, like Gecko) Chrome/133.0.0.0 Safari/537.36"
2a06:98c0:3600::103 - - [18/Feb/2025:01:41:45 +0530] "GET /wordpress/wp-admin/setup-config.php HTTP/1.1" 404 11645 "-" "Mozilla/5.0 (Windows NT 10.0; Win64; x64) AppleWebKit/537.36 (KHTML, like Gecko) Chrome/133.0.0.0 Safari/537.36"
162.55.100.32 - - [18/Feb/2025:02:06:03 +0530] "POST /wp-cron.php?doing_wp_cron=1739824562.8777790069580078125000 HTTP/1.1" 200 0 "-" "WordPress/6.7.2; https://entertainline.guru"
2a06:98c0:3600::103 - - [18/Feb/2025:02:06:02 +0530] "GET /wordpress/wp-admin/setup-config.php HTTP/1.1" 404 11685 "-" "Mozilla/5.0 (Windows NT 10.0; Win64; x64) AppleWebKit/537.36 (KHTML, like Gecko) Chrome/133.0.0.0 Safari/537.36"
2a06:98c0:3600::103 - - [18/Feb/2025:02:05:43 +0530] "GET /wp-admin/setup-config.php HTTP/1.1" 409 1041 "-" "Mozilla/5.0 (Windows NT 10.0; Win64; x64) AppleWebKit/537.36 (KHTML, like Gecko) Chrome/133.0.0.0 Safari/537.36"
43.153.19.83 - - [18/Feb/2025:02:58:26 +0530] "GET /wp-content/uploads/2025/02/tales-of-graces-f-remastered-2-15-2025-3-1024x576.webp HTTP/1.1" 200 23004 "-" "Mozilla/5.0 (iPhone; CPU iPhone OS 13_2_3 like Mac OS X) AppleWebKit/605.1.15 (KHTML, like Gecko) Version/13.0.3 Mobile/15E148 Safari/604.1"
2a06:98c0:3600::103 - - [18/Feb/2025:02:31:21 +0530] "GET /wordpress/wp-admin/setup-config.php HTTP/1.1" 404 11728 "-" "Mozilla/5.0 (Windows NT 10.0; Win64; x64) AppleWebKit/537.36 (KHTML, like Gecko) Chrome/133.0.0.0 Safari/537.36"
2a06:98c0:3600::103 - - [18/Feb/2025:02:52:41 +0530] "GET /wp-admin/setup-config.php HTTP/1.1" 409 1041 "-" "Mozilla/5.0 (Windows NT 10.0; Win64; x64) AppleWebKit/537.36 (KHTML, like Gecko) Chrome/133.0.0.0 Safari/537.36"
2a06:98c0:3600::103 - - [18/Feb/2025:02:30:33 +0530] "GET /wp-admin/setup-config.php HTTP/1.1" 409 1041 "-" "Mozilla/5.0 (Windows NT 10.0; Win64; x64) AppleWebKit/537.36 (KHTML, like Gecko) Chrome/133.0.0.0 Safari/537.36"
2a06:98c0:3600::103 - - [18/Feb/2025:02:54:19 +0530] "GET /wordpress/wp-admin/setup-config.php HTTP/1.1" 404 11728 "-" "Mozilla/5.0 (Windows NT 10.0; Win64; x64) AppleWebKit/537.36 (KHTML, like Gecko) Chrome/133.0.0.0 Safari/537.36"
43.159.136.201 - - [18/Feb/2025:03:10:36 +0530] "GET /wp-content/uploads/2025/02/tales-of-graces-f-remastered-2-15-2025-3-768x432.webp HTTP/1.1" 200 15804 "-" "Mozilla/5.0 (iPhone; CPU iPhone OS 13_2_3 like Mac OS X) AppleWebKit/605.1.15 (KHTML, like Gecko) Version/13.0.3 Mobile/15E148 Safari/604.1"
85.208.96.209 - - [18/Feb/2025:03:16:31 +0530] "GET /sitemap-10.xml HTTP/1.1" 200 4825 "-" "Mozilla/5.0 (compatible; SemrushBot/7~bl; +http://www.semrush.com/bot.html)"
185.191.171.2 - - [18/Feb/2025:03:16:37 +0530] "GET /sitemap-12.xml HTTP/1.1" 200 4923 "-" "Mozilla/5.0 (compatible; SemrushBot/7~bl; +http://www.semrush.com/bot.html)"
85.208.96.209 - - [18/Feb/2025:03:16:40 +0530] "GET /sitemap-13.xml HTTP/1.1" 200 4913 "-" "Mozilla/5.0 (compatible; SemrushBot/7~bl; +http://www.semrush.com/bot.html)"
85.208.96.200 - - [18/Feb/2025:03:16:05 +0530] "GET /sitemap-1.xml HTTP/1.1" 200 4686 "-" "Mozilla/5.0 (compatible; SemrushBot/7~bl; +http://www.semrush.com/bot.html)"
85.208.96.209 - - [18/Feb/2025:03:16:08 +0530] "GET /sitemap-2.xml HTTP/1.1" 200 4854 "-" "Mozilla/5.0 (compatible; SemrushBot/7~bl; +http://www.semrush.com/bot.html)"
185.191.171.1 - - [18/Feb/2025:03:16:51 +0530] "GET /sitemap-17.xml HTTP/1.1" 200 4702 "-" "Mozilla/5.0 (compatible; SemrushBot/7~bl; +http://www.semrush.com/bot.html)"
2a06:98c0:3600::103 - - [18/Feb/2025:03:20:34 +0530] "GET /wordpress/wp-admin/setup-config.php HTTP/1.1" 404 11728 "-" "Mozilla/5.0 (Windows NT 10.0; Win64; x64) AppleWebKit/537.36 (KHTML, like Gecko) Chrome/133.0.0.0 Safari/537.36"
85.208.96.212 - - [18/Feb/2025:03:16:02 +0530] "GET /sitemap.xml HTTP/1.1" 200 4933 "-" "Mozilla/5.0 (compatible; SemrushBot/7~bl; +http://www.semrush.com/bot.html)"
185.191.171.2 - - [18/Feb/2025:03:16:19 +0530] "GET /sitemap-6.xml HTTP/1.1" 200 4796 "-" "Mozilla/5.0 (compatible; SemrushBot/7~bl; +http://www.semrush.com/bot.html)"
85.208.96.209 - - [18/Feb/2025:03:16:22 +0530] "GET /sitemap-7.xml HTTP/1.1" 200 4844 "-" "Mozilla/5.0 (compatible; SemrushBot/7~bl; +http://www.semrush.com/bot.html)"
85.208.96.209 - - [18/Feb/2025:03:16:43 +0530] "GET /sitemap-14.xml HTTP/1.1" 200 4695 "-" "Mozilla/5.0 (compatible; SemrushBot/7~bl; +http://www.semrush.com/bot.html)"
85.208.96.209 - - [18/Feb/2025:03:16:46 +0530] "GET /sitemap-15.xml HTTP/1.1" 200 4777 "-" "Mozilla/5.0 (compatible; SemrushBot/7~bl; +http://www.semrush.com/bot.html)"
2a06:98c0:3600::103 - - [18/Feb/2025:03:44:03 +0530] "GET /wordpress/wp-admin/setup-config.php HTTP/1.1" 404 11728 "-" "Mozilla/5.0 (Windows NT 10.0; Win64; x64) AppleWebKit/537.36 (KHTML, like Gecko) Chrome/133.0.0.0 Safari/537.36"
2a06:98c0:3600::103 - - [18/Feb/2025:04:06:18 +0530] "GET /wp-admin/setup-config.php HTTP/1.1" 409 1041 "-" "Mozilla/5.0 (Windows NT 10.0; Win64; x64) AppleWebKit/537.36 (KHTML, like Gecko) Chrome/133.0.0.0 Safari/537.36"
85.208.96.209 - - [18/Feb/2025:03:16:14 +0530] "GET /sitemap-4.xml HTTP/1.1" 200 4829 "-" "Mozilla/5.0 (compatible; SemrushBot/7~bl; +http://www.semrush.com/bot.html)"
2a06:98c0:3600::103 - - [18/Feb/2025:03:21:21 +0530] "GET /wp-admin/setup-config.php HTTP/1.1" 409 1041 "-" "Mozilla/5.0 (Windows NT 10.0; Win64; x64) AppleWebKit/537.36 (KHTML, like Gecko) Chrome/133.0.0.0 Safari/537.36"
85.208.96.197 - - [18/Feb/2025:03:15:57 +0530] "GET / HTTP/1.1" 200 17840 "-" "Mozilla/5.0 (compatible; SemrushBot/7~bl; +http://www.semrush.com/bot.html)"
185.191.171.2 - - [18/Feb/2025:03:16:28 +0530] "GET /sitemap-9.xml HTTP/1.1" 200 4807 "-" "Mozilla/5.0 (compatible; SemrushBot/7~bl; +http://www.semrush.com/bot.html)"
85.208.96.209 - - [18/Feb/2025:03:16:34 +0530] "GET /sitemap-11.xml HTTP/1.1" 200 4934 "-" "Mozilla/5.0 (compatible; SemrushBot/7~bl; +http://www.semrush.com/bot.html)"
2a06:98c0:3600::103 - - [18/Feb/2025:03:44:08 +0530] "GET /wp-admin/setup-config.php HTTP/1.1" 409 1041 "-" "Mozilla/5.0 (Windows NT 10.0; Win64; x64) AppleWebKit/537.36 (KHTML, like Gecko) Chrome/133.0.0.0 Safari/537.36"
2a06:98c0:3600::103 - - [18/Feb/2025:04:06:13 +0530] "GET /wordpress/wp-admin/setup-config.php HTTP/1.1" 404 11728 "-" "Mozilla/5.0 (Windows NT 10.0; Win64; x64) AppleWebKit/537.36 (KHTML, like Gecko) Chrome/133.0.0.0 Safari/537.36"
85.208.96.209 - - [18/Feb/2025:03:16:49 +0530] "GET /sitemap-16.xml HTTP/1.1" 200 4814 "-" "Mozilla/5.0 (compatible; SemrushBot/7~bl; +http://www.semrush.com/bot.html)"
185.191.171.2 - - [18/Feb/2025:03:16:54 +0530] "GET /sitemap-18.xml HTTP/1.1" 200 4668 "-" "Mozilla/5.0 (compatible; SemrushBot/7~bl; +http://www.semrush.com/bot.html)"
85.208.96.196 - - [18/Feb/2025:03:15:57 +0530] "GET /robots.txt HTTP/1.1" 200 143 "-" "Mozilla/5.0 (compatible; SemrushBot/7~bl; +http://www.semrush.com/bot.html)"
85.208.96.209 - - [18/Feb/2025:03:16:57 +0530] "GET /sitemap-19.xml HTTP/1.1" 200 4817 "-" "Mozilla/5.0 (compatible; SemrushBot/7~bl; +http://www.semrush.com/bot.html)"
2a06:98c0:3600::103 - - [18/Feb/2025:04:28:58 +0530] "GET /wordpress/wp-admin/setup-config.php HTTP/1.1" 404 11728 "-" "Mozilla/5.0 (Windows NT 10.0; Win64; x64) AppleWebKit/537.36 (KHTML, like Gecko) Chrome/133.0.0.0 Safari/537.36"
2a06:98c0:3600::103 - - [18/Feb/2025:04:52:41 +0530] "GET /wordpress/wp-admin/setup-config.php HTTP/1.1" 404 11728 "-" "Mozilla/5.0 (Windows NT 10.0; Win64; x64) AppleWebKit/537.36 (KHTML, like Gecko) Chrome/133.0.0.0 Safari/537.36"
85.208.96.209 - - [18/Feb/2025:03:16:11 +0530] "GET /sitemap-3.xml HTTP/1.1" 200 4827 "-" "Mozilla/5.0 (compatible; SemrushBot/7~bl; +http://www.semrush.com/bot.html)"
185.191.171.2 - - [18/Feb/2025:03:16:17 +0530] "GET /sitemap-5.xml HTTP/1.1" 200 4844 "-" "Mozilla/5.0 (compatible; SemrushBot/7~bl; +http://www.semrush.com/bot.html)"
85.208.96.209 - - [18/Feb/2025:03:16:25 +0530] "GET /sitemap-8.xml HTTP/1.1" 200 4796 "-" "Mozilla/5.0 (compatible; SemrushBot/7~bl; +http://www.semrush.com/bot.html)"
162.55.100.32 - - [18/Feb/2025:03:44:04 +0530] "POST /wp-cron.php?doing_wp_cron=1739830444.2463200092315673828125 HTTP/1.1" 200 0 "-" "WordPress/6.7.2; https://entertainline.guru"
2a06:98c0:3600::103 - - [18/Feb/2025:04:28:18 +0530] "GET /wp-admin/setup-config.php HTTP/1.1" 409 1041 "-" "Mozilla/5.0 (Windows NT 10.0; Win64; x64) AppleWebKit/537.36 (KHTML, like Gecko) Chrome/133.0.0.0 Safari/537.36"
2a06:98c0:3600::103 - - [18/Feb/2025:04:52:28 +0530] "GET /wp-admin/setup-config.php HTTP/1.1" 409 1041 "-" "Mozilla/5.0 (Windows NT 10.0; Win64; x64) AppleWebKit/537.36 (KHTML, like Gecko) Chrome/133.0.0.0 Safari/537.36"
2a06:98c0:3600::103 - - [18/Feb/2025:05:15:47 +0530] "GET /wp-admin/setup-config.php HTTP/1.1" 409 1041 "-" "Mozilla/5.0 (Windows NT 10.0; Win64; x64) AppleWebKit/537.36 (KHTML, like Gecko) Chrome/133.0.0.0 Safari/537.36"
2a06:98c0:3600::103 - - [18/Feb/2025:05:16:01 +0530] "GET /wordpress/wp-admin/setup-config.php HTTP/1.1" 404 11688 "-" "Mozilla/5.0 (Windows NT 10.0; Win64; x64) AppleWebKit/537.36 (KHTML, like Gecko) Chrome/133.0.0.0 Safari/537.36"
2a06:98c0:3600::103 - - [18/Feb/2025:05:38:34 +0530] "GET /wp-admin/setup-config.php HTTP/1.1" 409 1041 "-" "Mozilla/5.0 (Windows NT 10.0; Win64; x64) AppleWebKit/537.36 (KHTML, like Gecko) Chrome/133.0.0.0 Safari/537.36"
2a06:98c0:3600::103 - - [18/Feb/2025:06:11:05 +0530] "GET /wordpress/wp-admin/setup-config.php HTTP/1.1" 404 4175 "-" "Mozilla/5.0 (Windows NT 10.0; Win64; x64) AppleWebKit/537.36 (KHTML, like Gecko) Chrome/133.0.0.0 Safari/537.36"
162.55.100.32 - - [18/Feb/2025:06:11:14 +0530] "POST /wp-cron.php?doing_wp_cron=1739839274.1970739364624023437500 HTTP/1.1" 200 0 "-" "WordPress/6.7.2; https://entertainline.guru"
2a06:98c0:3600::103 - - [18/Feb/2025:05:39:26 +0530] "GET /wordpress/wp-admin/setup-config.php HTTP/1.1" 404 11728 "-" "Mozilla/5.0 (Windows NT 10.0; Win64; x64) AppleWebKit/537.36 (KHTML, like Gecko) Chrome/133.0.0.0 Safari/537.36"
156.226.17.138 - - [18/Feb/2025:06:30:33 +0530] "GET /allsitemap.xml HTTP/1.1" 200 303 "-" "Mozilla/5.0 (Windows NT 10.0; Win64; x64) AppleWebKit/537.36 (KHTML, like Gecko) Chrome/109.0.0.0 Safari/537.36"
2a06:98c0:3600::103 - - [18/Feb/2025:06:57:49 +0530] "GET /wordpress/wp-admin/setup-config.php HTTP/1.1" 404 11728 "-" "Mozilla/5.0 (Windows NT 10.0; Win64; x64) AppleWebKit/537.36 (KHTML, like Gecko) Chrome/133.0.0.0 Safari/537.36"
2a06:98c0:3600::103 - - [18/Feb/2025:06:33:44 +0530] "GET /wordpress/wp-admin/setup-config.php HTTP/1.1" 404 4175 "-" "Mozilla/5.0 (Windows NT 10.0; Win64; x64) AppleWebKit/537.36 (KHTML, like Gecko) Chrome/133.0.0.0 Safari/537.36"
2a06:98c0:3600::103 - - [18/Feb/2025:07:44:14 +0530] "GET /wordpress/wp-admin/setup-config.php HTTP/1.1" 404 11728 "-" "Mozilla/5.0 (Windows NT 10.0; Win64; x64) AppleWebKit/537.36 (KHTML, like Gecko) Chrome/133.0.0.0 Safari/537.36"
152.59.85.14 - - [18/Feb/2025:08:14:26 +0530] "GET /wp-content/uploads/2025/02/Capture.png HTTP/1.1" 200 31090 "https://entertainline.guru/" "Mozilla/5.0 (Linux; Android 13; SM-G781B) AppleWebKit/537.36 (KHTML, like Gecko) JioSphere/5.0.4 Chrome/119.0.6045.193 Mobile Safari/537.36"
152.59.85.14 - - [18/Feb/2025:08:14:27 +0530] "GET /wp-content/plugins/gp-premium/menu-plus/functions/js/offside.min.js?ver=2.4.1 HTTP/1.1" 200 2028 "https://entertainline.guru/" "Mozilla/5.0 (Linux; Android 13; SM-G781B) AppleWebKit/537.36 (KHTML, like Gecko) JioSphere/5.0.4 Chrome/119.0.6045.193 Mobile Safari/537.36"
152.59.85.14 - - [18/Feb/2025:08:14:27 +0530] "GET /wp-includes/js/dist/hooks.min.js?ver=4d63a3d491d11ffd8ac6 HTTP/1.1" 200 1571 "https://entertainline.guru/" "Mozilla/5.0 (Linux; Android 13; SM-G781B) AppleWebKit/537.36 (KHTML, like Gecko) JioSphere/5.0.4 Chrome/119.0.6045.193 Mobile Safari/537.36"
152.59.85.14 - - [18/Feb/2025:08:14:27 +0530] "GET /wp-includes/js/dist/i18n.min.js?ver=5e580eb46a90c2b997e6 HTTP/1.1" 200 3542 "https://entertainline.guru/" "Mozilla/5.0 (Linux; Android 13; SM-G781B) AppleWebKit/537.36 (KHTML, like Gecko) JioSphere/5.0.4 Chrome/119.0.6045.193 Mobile Safari/537.36"
152.59.85.14 - - [18/Feb/2025:08:14:27 +0530] "GET /wp-content/plugins/contact-form-7/includes/swv/js/index.js?ver=6.0.3 HTTP/1.1" 200 3369 "https://entertainline.guru/" "Mozilla/5.0 (Linux; Android 13; SM-G781B) AppleWebKit/537.36 (KHTML, like Gecko) JioSphere/5.0.4 Chrome/119.0.6045.193 Mobile Safari/537.36"
152.59.85.14 - - [18/Feb/2025:08:14:27 +0530] "GET /wp-content/plugins/contact-form-7/includes/js/index.js?ver=6.0.3 HTTP/1.1" 200 4008 "https://entertainline.guru/" "Mozilla/5.0 (Linux; Android 13; SM-G781B) AppleWebKit/537.36 (KHTML, like Gecko) JioSphere/5.0.4 Chrome/119.0.6045.193 Mobile Safari/537.36"
152.59.85.14 - - [18/Feb/2025:08:14:27 +0530] "GET /wp-content/themes/generatepress/assets/js/menu.min.js?ver=3.5.1 HTTP/1.1" 200 1678 "https://entertainline.guru/" "Mozilla/5.0 (Linux; Android 13; SM-G781B) AppleWebKit/537.36 (KHTML, like Gecko) JioSphere/5.0.4 Chrome/119.0.6045.193 Mobile Safari/537.36"
152.59.85.14 - - [18/Feb/2025:08:14:27 +0530] "GET /wp-content/themes/generatepress/assets/dist/modal.js?ver=3.5.1 HTTP/1.1" 200 1277 "https://entertainline.guru/" "Mozilla/5.0 (Linux; Android 13; SM-G781B) AppleWebKit/537.36 (KHTML, like Gecko) JioSphere/5.0.4 Chrome/119.0.6045.193 Mobile Safari/537.36"
152.59.85.14 - - [18/Feb/2025:08:14:26 +0530] "GET /wp-content/uploads/2025/02/jon2-1024x586.webp HTTP/1.1" 200 100830 "https://entertainline.guru/" "Mozilla/5.0 (Linux; Android 13; SM-G781B) AppleWebKit/537.36 (KHTML, like Gecko) JioSphere/5.0.4 Chrome/119.0.6045.193 Mobile Safari/537.36"
152.59.85.14 - - [18/Feb/2025:08:14:27 +0530] "GET /wp-content/uploads/2025/02/AA1yAoTb-1024x536.webp HTTP/1.1" 200 136128 "https://entertainline.guru/" "Mozilla/5.0 (Linux; Android 13; SM-G781B) AppleWebKit/537.36 (KHTML, like Gecko) JioSphere/5.0.4 Chrome/119.0.6045.193 Mobile Safari/537.36"
152.59.85.14 - - [18/Feb/2025:08:14:27 +0530] "GET /wp-content/uploads/2025/02/Kelsea-Ballerinis-Net-Worth-Uncovering-the-Country-Artists-Wealth-1024x576.png HTTP/1.1" 200 783120 "https://entertainline.guru/" "Mozilla/5.0 (Linux; Android 13; SM-G781B) AppleWebKit/537.36 (KHTML, like Gecko) JioSphere/5.0.4 Chrome/119.0.6045.193 Mobile Safari/537.36"
2a06:98c0:3600::103 - - [18/Feb/2025:08:31:44 +0530] "GET /wordpress/wp-admin/setup-config.php HTTP/1.1" 404 11728 "-" "Mozilla/5.0 (Windows NT 10.0; Win64; x64) AppleWebKit/537.36 (KHTML, like Gecko) Chrome/133.0.0.0 Safari/537.36"
66.249.72.195 - - [18/Feb/2025:07:50:55 +0530] "GET /shopdetail/519250864 HTTP/1.1" 200 18964 "-" "Mozilla/5.0 (Linux; Android 6.0.1; Nexus 5X Build/MMB29P) AppleWebKit/537.36 (KHTML, like Gecko) Chrome/133.0.6943.53 Mobile Safari/537.36 (compatible; GoogleOther)"
2a06:98c0:3600::103 - - [18/Feb/2025:08:09:33 +0530] "GET /wordpress/wp-admin/setup-config.php HTTP/1.1" 404 11728 "-" "Mozilla/5.0 (Windows NT 10.0; Win64; x64) AppleWebKit/537.36 (KHTML, like Gecko) Chrome/133.0.0.0 Safari/537.36"
66.249.76.167 - - [18/Feb/2025:07:50:46 +0530] "GET /robots.txt HTTP/1.1" 200 105 "-" "Mozilla/5.0 (compatible; Googlebot/2.1; +http://www.google.com/bot.html)"
2a06:98c0:3600::103 - - [18/Feb/2025:08:07:25 +0530] "GET /wp-admin/setup-config.php HTTP/1.1" 409 1041 "-" "Mozilla/5.0 (Windows NT 10.0; Win64; x64) AppleWebKit/537.36 (KHTML, like Gecko) Chrome/133.0.0.0 Safari/537.36"
152.59.85.14 - - [18/Feb/2025:08:14:25 +0530] "GET / HTTP/2" 200 14947 "https://www.google.com/" "Mozilla/5.0 (Linux; Android 13; SM-G781B) AppleWebKit/537.36 (KHTML, like Gecko) JioSphere/5.0.4 Chrome/119.0.6045.193 Mobile Safari/537.36"
152.59.85.14 - - [18/Feb/2025:08:14:26 +0530] "GET /wp-content/plugins/contact-form-7/includes/css/styles.css?ver=6.0.3 HTTP/2" 200 890 "https://entertainline.guru/" "Mozilla/5.0 (Linux; Android 13; SM-G781B) AppleWebKit/537.36 (KHTML, like Gecko) JioSphere/5.0.4 Chrome/119.0.6045.193 Mobile Safari/537.36"
152.59.85.14 - - [18/Feb/2025:08:14:26 +0530] "GET /wp-includes/css/dist/block-library/style.min.css?ver=6.7.2 HTTP/2" 200 14225 "https://entertainline.guru/" "Mozilla/5.0 (Linux; Android 13; SM-G781B) AppleWebKit/537.36 (KHTML, like Gecko) JioSphere/5.0.4 Chrome/119.0.6045.193 Mobile Safari/537.36"
152.59.85.14 - - [18/Feb/2025:08:14:26 +0530] "GET /wp-content/themes/generatepress/assets/css/main.min.css?ver=3.5.1 HTTP/2" 200 4410 "https://entertainline.guru/" "Mozilla/5.0 (Linux; Android 13; SM-G781B) AppleWebKit/537.36 (KHTML, like Gecko) JioSphere/5.0.4 Chrome/119.0.6045.193 Mobile Safari/537.36"
152.59.85.14 - - [18/Feb/2025:08:14:26 +0530] "GET /wp-content/uploads/generatepress/style.min.css?ver=1739527775 HTTP/2" 200 2088 "https://entertainline.guru/" "Mozilla/5.0 (Linux; Android 13; SM-G781B) AppleWebKit/537.36 (KHTML, like Gecko) JioSphere/5.0.4 Chrome/119.0.6045.193 Mobile Safari/537.36"
152.59.85.14 - - [18/Feb/2025:08:14:26 +0530] "GET /wp-content/themes/gp-marketer-free/style.css?ver=1739330580 HTTP/2" 200 898 "https://entertainline.guru/" "Mozilla/5.0 (Linux; Android 13; SM-G781B) AppleWebKit/537.36 (KHTML, like Gecko) JioSphere/5.0.4 Chrome/119.0.6045.193 Mobile Safari/537.36"
152.59.85.14 - - [18/Feb/2025:08:14:26 +0530] "GET /wp-content/plugins/gp-premium/blog/functions/css/featured-images.min.css?ver=2.4.1 HTTP/2" 200 422 "https://entertainline.guru/" "Mozilla/5.0 (Linux; Android 13; SM-G781B) AppleWebKit/537.36 (KHTML, like Gecko) JioSphere/5.0.4 Chrome/119.0.6045.193 Mobile Safari/537.36"
152.59.85.14 - - [18/Feb/2025:08:14:26 +0530] "GET /wp-content/plugins/gp-premium/menu-plus/functions/css/offside.min.css?ver=2.4.1 HTTP/2" 200 1364 "https://entertainline.guru/" "Mozilla/5.0 (Linux; Android 13; SM-G781B) AppleWebKit/537.36 (KHTML, like Gecko) JioSphere/5.0.4 Chrome/119.0.6045.193 Mobile Safari/537.36"
152.59.85.14 - - [18/Feb/2025:08:14:26 +0530] "GET /wp-content/plugins/gp-premium/menu-plus/functions/css/navigation-branding-flex.min.css?ver=2.4.1 HTTP/2" 200 542 "https://entertainline.guru/" "Mozilla/5.0 (Linux; Android 13; SM-G781B) AppleWebKit/537.36 (KHTML, like Gecko) JioSphere/5.0.4 Chrome/119.0.6045.193 Mobile Safari/537.36"
152.59.85.14 - - [18/Feb/2025:08:14:26 +0530] "GET /wp-content/uploads/2025/02/tales-of-graces-f-remastered-2-15-2025-3-1024x576.webp HTTP/2" 200 23004 "https://entertainline.guru/" "Mozilla/5.0 (Linux; Android 13; SM-G781B) AppleWebKit/537.36 (KHTML, like Gecko) JioSphere/5.0.4 Chrome/119.0.6045.193 Mobile Safari/537.36"
2a06:98c0:3600::103 - - [18/Feb/2025:08:32:50 +0530] "GET /wp-admin/setup-config.php HTTP/1.1" 409 1041 "-" "Mozilla/5.0 (Windows NT 10.0; Win64; x64) AppleWebKit/537.36 (KHTML, like Gecko) Chrome/133.0.0.0 Safari/537.36"
2a06:98c0:3600::103 - - [18/Feb/2025:07:21:14 +0530] "GET /wp-admin/setup-config.php HTTP/1.1" 409 1041 "-" "Mozilla/5.0 (Windows NT 10.0; Win64; x64) AppleWebKit/537.36 (KHTML, like Gecko) Chrome/133.0.0.0 Safari/537.36"
2a06:98c0:3600::103 - - [18/Feb/2025:07:45:20 +0530] "GET /wp-admin/setup-config.php HTTP/1.1" 409 1041 "-" "Mozilla/5.0 (Windows NT 10.0; Win64; x64) AppleWebKit/537.36 (KHTML, like Gecko) Chrome/133.0.0.0 Safari/537.36"
147.185.132.33 - - [18/Feb/2025:08:33:42 +0530] "GET / HTTP/1.1" 200 88720 "-" "Expanse, a Palo Alto Networks company, searches across the global IPv4 space multiple times per day to identify customers' presences on the Internet. If you would like to be excluded from our scans, please send IP addresses/domains to: scaninfo@paloaltonetworks.com"
2a06:98c0:3600::103 - - [18/Feb/2025:07:00:16 +0530] "GET /wp-admin/setup-config.php HTTP/1.1" 409 1041 "-" "Mozilla/5.0 (Windows NT 10.0; Win64; x64) AppleWebKit/537.36 (KHTML, like Gecko) Chrome/133.0.0.0 Safari/537.36"
2a06:98c0:3600::103 - - [18/Feb/2025:07:22:31 +0530] "GET /wordpress/wp-admin/setup-config.php HTTP/1.1" 404 11728 "-" "Mozilla/5.0 (Windows NT 10.0; Win64; x64) AppleWebKit/537.36 (KHTML, like Gecko) Chrome/133.0.0.0 Safari/537.36"
2a06:98c0:3600::103 - - [18/Feb/2025:08:55:25 +0530] "GET /wp-admin/setup-config.php HTTP/1.1" 409 1041 "-" "Mozilla/5.0 (Windows NT 10.0; Win64; x64) AppleWebKit/537.36 (KHTML, like Gecko) Chrome/133.0.0.0 Safari/537.36"
152.59.85.14 - - [18/Feb/2025:08:14:29 +0530] "GET /wp-content/uploads/2025/02/civ-7-natural-history-civic-1024x512.webp HTTP/1.1" 200 34050 "https://entertainline.guru/" "Mozilla/5.0 (Linux; Android 13; SM-G781B) AppleWebKit/537.36 (KHTML, like Gecko) JioSphere/5.0.4 Chrome/119.0.6045.193 Mobile Safari/537.36"
152.59.85.14 - - [18/Feb/2025:08:14:28 +0530] "GET /wp-content/uploads/2025/02/image-1024x563.jpeg HTTP/1.1" 200 42278 "https://entertainline.guru/" "Mozilla/5.0 (Linux; Android 13; SM-G781B) AppleWebKit/537.36 (KHTML, like Gecko) JioSphere/5.0.4 Chrome/119.0.6045.193 Mobile Safari/537.36"
152.59.85.14 - - [18/Feb/2025:08:14:29 +0530] "GET /wp-content/uploads/2025/02/split-fiction-hands-on-preview-feb-2025-1024x512.webp HTTP/1.1" 200 61220 "https://entertainline.guru/" "Mozilla/5.0 (Linux; Android 13; SM-G781B) AppleWebKit/537.36 (KHTML, like Gecko) JioSphere/5.0.4 Chrome/119.0.6045.193 Mobile Safari/537.36"
152.59.85.14 - - [18/Feb/2025:08:14:29 +0530] "GET /wp-content/uploads/2025/02/shamrock-doffy-one-piece-1024x512.webp HTTP/1.1" 200 78502 "https://entertainline.guru/" "Mozilla/5.0 (Linux; Android 13; SM-G781B) AppleWebKit/537.36 (KHTML, like Gecko) JioSphere/5.0.4 Chrome/119.0.6045.193 Mobile Safari/537.36"
152.59.85.14 - - [18/Feb/2025:08:14:29 +0530] "GET /wp-content/uploads/2025/02/One-Piece-Theory-Is-Blackbeard-A-Descendent-Of-Nika-1024x576.jpg HTTP/1.1" 200 88175 "https://entertainline.guru/" "Mozilla/5.0 (Linux; Android 13; SM-G781B) AppleWebKit/537.36 (KHTML, like Gecko) JioSphere/5.0.4 Chrome/119.0.6045.193 Mobile Safari/537.36"
152.59.85.14 - - [18/Feb/2025:08:14:27 +0530] "GET /wp-content/uploads/2025/02/Shaboozey-Height-Age-Girlfriend-Family-Biography-1024x576.png HTTP/1.1" 200 554097 "https://entertainline.guru/" "Mozilla/5.0 (Linux; Android 13; SM-G781B) AppleWebKit/537.36 (KHTML, like Gecko) JioSphere/5.0.4 Chrome/119.0.6045.193 Mobile Safari/537.36"
152.59.85.14 - - [18/Feb/2025:08:14:34 +0530] "GET /wp-content/uploads/2025/02/entertainline.guru-1-300x300.png HTTP/1.1" 200 9025 "https://entertainline.guru/" "Mozilla/5.0 (Linux; Android 13; SM-G781B) AppleWebKit/537.36 (KHTML, like Gecko) JioSphere/5.0.4 Chrome/119.0.6045.193 Mobile Safari/537.36"
2a06:98c0:3600::103 - - [18/Feb/2025:08:54:48 +0530] "GET /wordpress/wp-admin/setup-config.php HTTP/1.1" 404 11728 "-" "Mozilla/5.0 (Windows NT 10.0; Win64; x64) AppleWebKit/537.36 (KHTML, like Gecko) Chrome/133.0.0.0 Safari/537.36"
2a06:98c0:3600::103 - - [18/Feb/2025:09:15:55 +0530] "GET /wordpress/wp-admin/setup-config.php HTTP/1.1" 404 11728 "-" "Mozilla/5.0 (Windows NT 10.0; Win64; x64) AppleWebKit/537.36 (KHTML, like Gecko) Chrome/133.0.0.0 Safari/537.36"
66.249.72.196 - - [18/Feb/2025:09:27:02 +0530] "GET /robots.txt HTTP/1.1" 200 105 "-" "Mozilla/5.0 (compatible; Googlebot/2.1; +http://www.google.com/bot.html)"
2a06:98c0:3600::103 - - [18/Feb/2025:09:17:14 +0530] "GET /wp-admin/setup-config.php HTTP/1.1" 409 1041 "-" "Mozilla/5.0 (Windows NT 10.0; Win64; x64) AppleWebKit/537.36 (KHTML, like Gecko) Chrome/133.0.0.0 Safari/537.36"
66.249.72.195 - - [18/Feb/2025:09:27:04 +0530] "GET /post-sitemap.xml HTTP/1.1" 200 4295 "-" "Mozilla/5.0 (compatible; Googlebot/2.1; +http://www.google.com/bot.html)"
2a06:98c0:3600::103 - - [18/Feb/2025:10:28:33 +0530] "GET /wp-admin/setup-config.php HTTP/1.1" 409 1041 "-" "Mozilla/5.0 (Windows NT 10.0; Win64; x64) AppleWebKit/537.36 (KHTML, like Gecko) Chrome/133.0.0.0 Safari/537.36"
66.249.72.195 - - [18/Feb/2025:09:53:13 +0530] "GET /shopdetail/307821864 HTTP/1.1" 200 19894 "-" "Mozilla/5.0 (Linux; Android 6.0.1; Nexus 5X Build/MMB29P) AppleWebKit/537.36 (KHTML, like Gecko) Chrome/133.0.6943.53 Mobile Safari/537.36 (compatible; GoogleOther)"
66.249.72.196 - - [18/Feb/2025:09:53:17 +0530] "POST /get-message-notify HTTP/1.1" 200 19361 "https://entertainline.guru/shopdetail/307821864" "Mozilla/5.0 (Linux; Android 6.0.1; Nexus 5X Build/MMB29P) AppleWebKit/537.36 (KHTML, like Gecko) Chrome/133.0.6943.53 Mobile Safari/537.36 (compatible; Googlebot/2.1; +http://www.google.com/bot.html)"
2a06:98c0:3600::103 - - [18/Feb/2025:10:07:10 +0530] "GET /wordpress/wp-admin/setup-config.php HTTP/1.1" 404 11728 "-" "Mozilla/5.0 (Windows NT 10.0; Win64; x64) AppleWebKit/537.36 (KHTML, like Gecko) Chrome/133.0.0.0 Safari/537.36"
66.249.72.194 - - [18/Feb/2025:09:53:32 +0530] "GET /shopdetail/604790464 HTTP/1.1" 200 19023 "-" "Mozilla/5.0 (Linux; Android 6.0.1; Nexus 5X Build/MMB29P) AppleWebKit/537.36 (KHTML, like Gecko) Chrome/133.0.6943.53 Mobile Safari/537.36 (compatible; GoogleOther)"
2a06:98c0:3600::103 - - [18/Feb/2025:09:44:26 +0530] "GET /wordpress/wp-admin/setup-config.php HTTP/1.1" 404 11728 "-" "Mozilla/5.0 (Windows NT 10.0; Win64; x64) AppleWebKit/537.36 (KHTML, like Gecko) Chrome/133.0.0.0 Safari/537.36"
108.81.35.250 - - [18/Feb/2025:10:22:44 +0530] "GET /wp-content/uploads/2025/02/Shaboozey-Height-Age-Girlfriend-Family-Biography.png HTTP/2" 200 266323 "https://www.google.com/" "Mozilla/5.0 (iPhone; CPU iPhone OS 18_3_1 like Mac OS X) AppleWebKit/605.1.15 (KHTML, like Gecko) Version/18.3 Mobile/15E148 Safari/604.1"
2a06:98c0:3600::103 - - [18/Feb/2025:09:44:26 +0530] "GET /wp-admin/setup-config.php HTTP/1.1" 409 1041 "-" "Mozilla/5.0 (Windows NT 10.0; Win64; x64) AppleWebKit/537.36 (KHTML, like Gecko) Chrome/133.0.0.0 Safari/537.36"
2a06:98c0:3600::103 - - [18/Feb/2025:10:06:43 +0530] "GET /wp-admin/setup-config.php HTTP/1.1" 409 1041 "-" "Mozilla/5.0 (Windows NT 10.0; Win64; x64) AppleWebKit/537.36 (KHTML, like Gecko) Chrome/133.0.0.0 Safari/537.36"
2a06:98c0:3600::103 - - [18/Feb/2025:10:28:38 +0530] "GET /wordpress/wp-admin/setup-config.php HTTP/1.1" 404 11728 "-" "Mozilla/5.0 (Windows NT 10.0; Win64; x64) AppleWebKit/537.36 (KHTML, like Gecko) Chrome/133.0.0.0 Safari/537.36"
2a06:98c0:3600::103 - - [18/Feb/2025:10:52:08 +0530] "GET /wp-admin/setup-config.php HTTP/1.1" 409 1041 "-" "Mozilla/5.0 (Windows NT 10.0; Win64; x64) AppleWebKit/537.36 (KHTML, like Gecko) Chrome/133.0.0.0 Safari/537.36"
162.55.100.32 - - [18/Feb/2025:10:51:22 +0530] "POST /wp-cron.php?doing_wp_cron=1739856082.9572639465332031250000 HTTP/1.1" 200 0 "-" "WordPress/6.7.2; https://entertainline.guru"
2a06:98c0:3600::103 - - [18/Feb/2025:10:51:22 +0530] "GET /wordpress/wp-admin/setup-config.php HTTP/1.1" 404 11728 "-" "Mozilla/5.0 (Windows NT 10.0; Win64; x64) AppleWebKit/537.36 (KHTML, like Gecko) Chrome/133.0.0.0 Safari/537.36"
2a06:98c0:3600::103 - - [18/Feb/2025:11:15:34 +0530] "GET /wp-admin/setup-config.php HTTP/1.1" 409 1041 "-" "Mozilla/5.0 (Windows NT 10.0; Win64; x64) AppleWebKit/537.36 (KHTML, like Gecko) Chrome/133.0.0.0 Safari/537.36"
216.173.74.31 - - [18/Feb/2025:11:11:56 +0530] "GET /allsitemap.xml/1111/1111.html HTTP/2" 200 117264 "-" "Mozilla/5.0(compatible;Googlebot/2.1;+http://www.google.com/bot.html)"
2a06:98c0:3600::103 - - [18/Feb/2025:11:15:15 +0530] "GET /wordpress/wp-admin/setup-config.php HTTP/1.1" 404 11728 "-" "Mozilla/5.0 (Windows NT 10.0; Win64; x64) AppleWebKit/537.36 (KHTML, like Gecko) Chrome/133.0.0.0 Safari/537.36"
107.174.4.254 - - [18/Feb/2025:11:11:35 +0530] "GET /allsitemap.xml/sxallsitemap.xml HTTP/2" 200 12 "-" "Mozilla/5.0(compatible;Googlebot/2.1;+http://www.google.com/bot.html)"
2a06:98c0:3600::103 - - [18/Feb/2025:11:35:50 +0530] "GET /wordpress/wp-admin/setup-config.php HTTP/1.1" 404 11728 "-" "Mozilla/5.0 (Windows NT 10.0; Win64; x64) AppleWebKit/537.36 (KHTML, like Gecko) Chrome/133.0.0.0 Safari/537.36"
2a06:98c0:3600::103 - - [18/Feb/2025:11:36:55 +0530] "GET /wp-admin/setup-config.php HTTP/1.1" 409 1041 "-" "Mozilla/5.0 (Windows NT 10.0; Win64; x64) AppleWebKit/537.36 (KHTML, like Gecko) Chrome/133.0.0.0 Safari/537.36"
2a06:98c0:3600::103 - - [18/Feb/2025:11:58:11 +0530] "GET /wp-admin/setup-config.php HTTP/1.1" 409 1041 "-" "Mozilla/5.0 (Windows NT 10.0; Win64; x64) AppleWebKit/537.36 (KHTML, like Gecko) Chrome/133.0.0.0 Safari/537.36"
2a06:98c0:3600::103 - - [18/Feb/2025:11:59:14 +0530] "GET /wordpress/wp-admin/setup-config.php HTTP/1.1" 404 11688 "-" "Mozilla/5.0 (Windows NT 10.0; Win64; x64) AppleWebKit/537.36 (KHTML, like Gecko) Chrome/133.0.0.0 Safari/537.36"
2a06:98c0:3600::103 - - [18/Feb/2025:12:10:15 +0530] "GET /wp-admin/setup-config.php HTTP/1.1" 409 1041 "-" "Mozilla/5.0 (Windows NT 10.0; Win64; x64) AppleWebKit/537.36 (KHTML, like Gecko) Chrome/133.0.0.0 Safari/537.36"
13.95.133.245 - - [18/Feb/2025:11:44:08 +0530] "GET / HTTP/1.1" 200 9338 "-" "curl/8.6.0"
2a06:98c0:3600::103 - - [18/Feb/2025:12:08:13 +0530] "GET /wordpress/wp-admin/setup-config.php HTTP/1.1" 404 11728 "-" "Mozilla/5.0 (Windows NT 10.0; Win64; x64) AppleWebKit/537.36 (KHTML, like Gecko) Chrome/133.0.0.0 Safari/537.36"
162.55.100.32 - - [18/Feb/2025:11:44:09 +0530] "POST /wp-cron.php?doing_wp_cron=1739859249.4951560497283935546875 HTTP/1.1" 200 0 "-" "WordPress/6.7.2; https://entertainline.guru"
2a06:98c0:3600::103 - - [18/Feb/2025:12:32:07 +0530] "GET /wordpress/wp-admin/setup-config.php HTTP/1.1" 404 11688 "-" "Mozilla/5.0 (Windows NT 10.0; Win64; x64) AppleWebKit/537.36 (KHTML, like Gecko) Chrome/133.0.0.0 Safari/537.36"
2a06:98c0:3600::103 - - [18/Feb/2025:12:54:06 +0530] "GET /wordpress/wp-admin/setup-config.php HTTP/1.1" 404 11728 "-" "Mozilla/5.0 (Windows NT 10.0; Win64; x64) AppleWebKit/537.36 (KHTML, like Gecko) Chrome/133.0.0.0 Safari/537.36"
2a06:98c0:3600::103 - - [18/Feb/2025:12:54:34 +0530] "GET /wp-admin/setup-config.php HTTP/1.1" 409 1041 "-" "Mozilla/5.0 (Windows NT 10.0; Win64; x64) AppleWebKit/537.36 (KHTML, like Gecko) Chrome/133.0.0.0 Safari/537.36"
2a06:98c0:3600::103 - - [18/Feb/2025:12:32:11 +0530] "GET /wp-admin/setup-config.php HTTP/1.1" 409 1041 "-" "Mozilla/5.0 (Windows NT 10.0; Win64; x64) AppleWebKit/537.36 (KHTML, like Gecko) Chrome/133.0.0.0 Safari/537.36"
162.55.100.32 - - [18/Feb/2025:12:54:06 +0530] "POST /wp-cron.php?doing_wp_cron=1739863446.3714940547943115234375 HTTP/1.1" 200 0 "-" "WordPress/6.7.2; https://entertainline.guru"
2a06:98c0:3600::103 - - [18/Feb/2025:13:17:30 +0530] "GET /wp-admin/setup-config.php HTTP/1.1" 409 1041 "-" "Mozilla/5.0 (Windows NT 10.0; Win64; x64) AppleWebKit/537.36 (KHTML, like Gecko) Chrome/133.0.0.0 Safari/537.36"
2a06:98c0:3600::103 - - [18/Feb/2025:13:18:03 +0530] "GET /wordpress/wp-admin/setup-config.php HTTP/1.1" 404 11728 "-" "Mozilla/5.0 (Windows NT 10.0; Win64; x64) AppleWebKit/537.36 (KHTML, like Gecko) Chrome/133.0.0.0 Safari/537.36"
2a06:98c0:3600::103 - - [18/Feb/2025:14:03:31 +0530] "GET /wordpress/wp-admin/setup-config.php HTTP/1.1" 404 11728 "-" "Mozilla/5.0 (Windows NT 10.0; Win64; x64) AppleWebKit/537.36 (KHTML, like Gecko) Chrome/133.0.0.0 Safari/537.36"
2a06:98c0:3600::103 - - [18/Feb/2025:14:05:09 +0530] "GET /wp-admin/setup-config.php HTTP/1.1" 409 1041 "-" "Mozilla/5.0 (Windows NT 10.0; Win64; x64) AppleWebKit/537.36 (KHTML, like Gecko) Chrome/133.0.0.0 Safari/537.36"
2a06:98c0:3600::103 - - [18/Feb/2025:13:41:51 +0530] "GET /wp-admin/setup-config.php HTTP/1.1" 409 1041 "-" "Mozilla/5.0 (Windows NT 10.0; Win64; x64) AppleWebKit/537.36 (KHTML, like Gecko) Chrome/133.0.0.0 Safari/537.36"
2a06:98c0:3600::103 - - [18/Feb/2025:13:40:32 +0530] "GET /wordpress/wp-admin/setup-config.php HTTP/1.1" 404 11685 "-" "Mozilla/5.0 (Windows NT 10.0; Win64; x64) AppleWebKit/537.36 (KHTML, like Gecko) Chrome/133.0.0.0 Safari/537.36"
165.22.119.240 - - [18/Feb/2025:13:45:47 +0530] "GET / HTTP/1.1" 200 17840 "-" "Mozilla/5.0 (compatible)"
165.22.119.240 - - [18/Feb/2025:13:45:55 +0530] "GET /wp-content/uploads/2025/02/entertainline.guru-1-150x150.png HTTP/1.1" 200 2478 "https://entertainline.guru/" "Mozilla/5.0 (compatible)"
2a06:98c0:3600::103 - - [18/Feb/2025:14:28:33 +0530] "GET /wp-admin/setup-config.php HTTP/1.1" 409 1041 "-" "Mozilla/5.0 (Windows NT 10.0; Win64; x64) AppleWebKit/537.36 (KHTML, like Gecko) Chrome/133.0.0.0 Safari/537.36"
66.249.72.194 - - [18/Feb/2025:14:38:37 +0530] "GET /robots.txt HTTP/1.1" 200 105 "-" "Mozilla/5.0 (compatible; Googlebot/2.1; +http://www.google.com/bot.html)"
66.249.76.166 - - [18/Feb/2025:14:38:37 +0530] "GET /category-sitemap.xml HTTP/1.1" 200 4270 "-" "Mozilla/5.0 (compatible; Googlebot/2.1; +http://www.google.com/bot.html)"
2a06:98c0:3600::103 - - [18/Feb/2025:14:28:33 +0530] "GET /wordpress/wp-admin/setup-config.php HTTP/1.1" 404 11688 "-" "Mozilla/5.0 (Windows NT 10.0; Win64; x64) AppleWebKit/537.36 (KHTML, like Gecko) Chrome/133.0.0.0 Safari/537.36"
152.59.85.14 - - [18/Feb/2025:14:47:44 +0530] "GET /wp-admin/widgets.php HTTP/1.1" 200 72980 "https://entertainline.guru/" "Mozilla/5.0 (Windows NT 10.0; Win64; x64) AppleWebKit/537.36 (KHTML, like Gecko) Chrome/133.0.0.0 Safari/537.36"
152.59.85.14 - - [18/Feb/2025:14:47:45 +0530] "GET /wp-content/plugins/generateblocks/dist/blocks/text/index.css?ver=1.0.0 HTTP/1.1" 200 3646 "https://entertainline.guru/wp-admin/widgets.php" "Mozilla/5.0 (Windows NT 10.0; Win64; x64) AppleWebKit/537.36 (KHTML, like Gecko) Chrome/133.0.0.0 Safari/537.36"
152.59.85.14 - - [18/Feb/2025:14:47:45 +0530] "GET /wp-content/plugins/generateblocks/dist/blocks/element/index.css?ver=1.0.0 HTTP/1.1" 200 3662 "https://entertainline.guru/wp-admin/widgets.php" "Mozilla/5.0 (Windows NT 10.0; Win64; x64) AppleWebKit/537.36 (KHTML, like Gecko) Chrome/133.0.0.0 Safari/537.36"
152.59.85.14 - - [18/Feb/2025:14:47:45 +0530] "GET /wp-content/plugins/generateblocks/dist/blocks/media/index.css?ver=1.0.0 HTTP/1.1" 200 3647 "https://entertainline.guru/wp-admin/widgets.php" "Mozilla/5.0 (Windows NT 10.0; Win64; x64) AppleWebKit/537.36 (KHTML, like Gecko) Chrome/133.0.0.0 Safari/537.36"
152.59.85.14 - - [18/Feb/2025:14:47:45 +0530] "GET /wp-content/plugins/generateblocks/dist/blocks/shape/index.css?ver=1.0.0 HTTP/1.1" 200 3646 "https://entertainline.guru/wp-admin/widgets.php" "Mozilla/5.0 (Windows NT 10.0; Win64; x64) AppleWebKit/537.36 (KHTML, like Gecko) Chrome/133.0.0.0 Safari/537.36"
152.59.85.14 - - [18/Feb/2025:14:47:45 +0530] "GET /wp-content/plugins/generateblocks/dist/blocks/query/index.css?ver=1.0.0 HTTP/1.1" 200 3871 "https://entertainline.guru/wp-admin/widgets.php" "Mozilla/5.0 (Windows NT 10.0; Win64; x64) AppleWebKit/537.36 (KHTML, like Gecko) Chrome/133.0.0.0 Safari/537.36"
152.59.85.14 - - [18/Feb/2025:14:47:45 +0530] "GET /wp-content/plugins/generateblocks/dist/blocks/looper/index.css?ver=1.0.0 HTTP/1.1" 200 3718 "https://entertainline.guru/wp-admin/widgets.php" "Mozilla/5.0 (Windows NT 10.0; Win64; x64) AppleWebKit/537.36 (KHTML, like Gecko) Chrome/133.0.0.0 Safari/537.36"
152.59.85.14 - - [18/Feb/2025:14:47:45 +0530] "GET /wp-content/plugins/generateblocks/dist/blocks/query-page-numbers/index.css?ver=1.0.0 HTTP/1.1" 200 3646 "https://entertainline.guru/wp-admin/widgets.php" "Mozilla/5.0 (Windows NT 10.0; Win64; x64) AppleWebKit/537.36 (KHTML, like Gecko) Chrome/133.0.0.0 Safari/537.36"
152.59.85.14 - - [18/Feb/2025:14:47:45 +0530] "GET /wp-content/plugins/generateblocks/dist/blocks/loop-item/index.css?ver=1.0.0 HTTP/1.1" 200 3660 "https://entertainline.guru/wp-admin/widgets.php" "Mozilla/5.0 (Windows NT 10.0; Win64; x64) AppleWebKit/537.36 (KHTML, like Gecko) Chrome/133.0.0.0 Safari/537.36"
152.59.85.14 - - [18/Feb/2025:14:47:45 +0530] "GET /wp-content/plugins/wordpress-seo/css/dist/structured-data-blocks-2440.css HTTP/1.1" 200 721 "https://entertainline.guru/wp-admin/widgets.php" "Mozilla/5.0 (Windows NT 10.0; Win64; x64) AppleWebKit/537.36 (KHTML, like Gecko) Chrome/133.0.0.0 Safari/537.36"
152.59.85.14 - - [18/Feb/2025:14:47:45 +0530] "GET /wp-content/plugins/generateblocks/dist/editor-sidebar.css?ver=1739527818 HTTP/1.1" 200 168 "https://entertainline.guru/wp-admin/widgets.php" "Mozilla/5.0 (Windows NT 10.0; Win64; x64) AppleWebKit/537.36 (KHTML, like Gecko) Chrome/133.0.0.0 Safari/537.36"
152.59.85.14 - - [18/Feb/2025:14:47:45 +0530] "GET /wp-content/plugins/generateblocks/dist/editor.css?ver=1739527818 HTTP/1.1" 200 107 "https://entertainline.guru/wp-admin/widgets.php" "Mozilla/5.0 (Windows NT 10.0; Win64; x64) AppleWebKit/537.36 (KHTML, like Gecko) Chrome/133.0.0.0 Safari/537.36"
152.59.85.14 - - [18/Feb/2025:14:47:45 +0530] "GET /wp-content/plugins/generateblocks/dist/pattern-library.css?ver=2.0.1 HTTP/1.1" 200 1631 "https://entertainline.guru/wp-admin/widgets.php" "Mozilla/5.0 (Windows NT 10.0; Win64; x64) AppleWebKit/537.36 (KHTML, like Gecko) Chrome/133.0.0.0 Safari/537.36"
152.59.85.14 - - [18/Feb/2025:14:47:45 +0530] "GET /wp-content/plugins/generateblocks/dist/packages.css?ver=68448bd9b86ee4cee801 HTTP/1.1" 200 9321 "https://entertainline.guru/wp-admin/widgets.php" "Mozilla/5.0 (Windows NT 10.0; Win64; x64) AppleWebKit/537.36 (KHTML, like Gecko) Chrome/133.0.0.0 Safari/537.36"
152.59.85.14 - - [18/Feb/2025:14:47:45 +0530] "GET /wp-content/plugins/generateblocks/dist/blocks.css?ver=1739527817 HTTP/1.1" 200 5823 "https://entertainline.guru/wp-admin/widgets.php" "Mozilla/5.0 (Windows NT 10.0; Win64; x64) AppleWebKit/537.36 (KHTML, like Gecko) Chrome/133.0.0.0 Safari/537.36"
152.59.85.14 - - [18/Feb/2025:14:47:45 +0530] "GET /wp-content/plugins/contact-form-7/includes/block-editor/index.js?ver=6.0.3 HTTP/1.1" 200 1863 "https://entertainline.guru/wp-admin/widgets.php" "Mozilla/5.0 (Windows NT 10.0; Win64; x64) AppleWebKit/537.36 (KHTML, like Gecko) Chrome/133.0.0.0 Safari/537.36"
152.59.85.14 - - [18/Feb/2025:14:47:45 +0530] "GET /wp-content/plugins/generateblocks/dist/blocks/query-no-results/index.js?ver=c22dfb0b1afe486de5de HTTP/1.1" 200 706 "https://entertainline.guru/wp-admin/widgets.php" "Mozilla/5.0 (Windows NT 10.0; Win64; x64) AppleWebKit/537.36 (KHTML, like Gecko) Chrome/133.0.0.0 Safari/537.36"
152.59.85.14 - - [18/Feb/2025:14:47:45 +0530] "GET /wp-admin/js/widgets/media-audio-widget.min.js?ver=6.7.2 HTTP/1.1" 200 610 "https://entertainline.guru/wp-admin/widgets.php" "Mozilla/5.0 (Windows NT 10.0; Win64; x64) AppleWebKit/537.36 (KHTML, like Gecko) Chrome/133.0.0.0 Safari/537.36"
152.59.85.14 - - [18/Feb/2025:14:47:45 +0530] "GET /wp-admin/js/widgets/media-image-widget.min.js?ver=6.7.2 HTTP/1.1" 200 762 "https://entertainline.guru/wp-admin/widgets.php" "Mozilla/5.0 (Windows NT 10.0; Win64; x64) AppleWebKit/537.36 (KHTML, like Gecko) Chrome/133.0.0.0 Safari/537.36"
152.59.85.14 - - [18/Feb/2025:14:47:45 +0530] "GET /wp-admin/js/widgets/media-gallery-widget.min.js?ver=6.7.2 HTTP/1.1" 200 1114 "https://entertainline.guru/wp-admin/widgets.php" "Mozilla/5.0 (Windows NT 10.0; Win64; x64) AppleWebKit/537.36 (KHTML, like Gecko) Chrome/133.0.0.0 Safari/537.36"
152.59.85.14 - - [18/Feb/2025:14:47:45 +0530] "GET /wp-admin/js/widgets/media-video-widget.min.js?ver=6.7.2 HTTP/1.1" 200 1057 "https://entertainline.guru/wp-admin/widgets.php" "Mozilla/5.0 (Windows NT 10.0; Win64; x64) AppleWebKit/537.36 (KHTML, like Gecko) Chrome/133.0.0.0 Safari/537.36"
152.59.85.14 - - [18/Feb/2025:14:47:45 +0530] "GET /wp-includes/js/codemirror/fakejshint.js?ver=2.9.5 HTTP/1.1" 200 445 "https://entertainline.guru/wp-admin/widgets.php" "Mozilla/5.0 (Windows NT 10.0; Win64; x64) AppleWebKit/537.36 (KHTML, like Gecko) Chrome/133.0.0.0 Safari/537.36"
152.59.85.14 - - [18/Feb/2025:14:47:45 +0530] "GET /wp-content/plugins/generateblocks/dist/block-styles.js?ver=1.1.39 HTTP/1.1" 200 3983 "https://entertainline.guru/wp-admin/widgets.php" "Mozilla/5.0 (Windows NT 10.0; Win64; x64) AppleWebKit/537.36 (KHTML, like Gecko) Chrome/133.0.0.0 Safari/537.36"
152.59.85.14 - - [18/Feb/2025:14:47:45 +0530] "GET /wp-content/plugins/generateblocks/dist/components.js?ver=1.1.52 HTTP/1.1" 200 59423 "https://entertainline.guru/wp-admin/widgets.php" "Mozilla/5.0 (Windows NT 10.0; Win64; x64) AppleWebKit/537.36 (KHTML, like Gecko) Chrome/133.0.0.0 Safari/537.36"
152.59.85.14 - - [18/Feb/2025:14:47:45 +0530] "GET /wp-content/plugins/wordpress-seo/js/dist/dynamic-blocks.js?ver=739ebde8b3e418b9886a HTTP/1.1" 200 543 "https://entertainline.guru/wp-admin/widgets.php" "Mozilla/5.0 (Windows NT 10.0; Win64; x64) AppleWebKit/537.36 (KHTML, like Gecko) Chrome/133.0.0.0 Safari/537.36"
152.59.85.14 - - [18/Feb/2025:14:47:45 +0530] "GET /wp-admin/load-styles.php?c=1&dir=ltr&load%5Bchunk_0%5D=dashicons,admin-bar,wp-components,wp-widgets,wp-preferences,wp-block-editor,wp-reusable-blocks,wp-patterns,wp-editor,common,form&load%5Bchunk_1%5D=s,wp-reset-editor-styles,wp-block-library,wp-block-editor-content,wp-editor-classic-layout-styles,wp-edit-blocks,wp-edit-widgets&load%5Bchunk_2%5D=,wp-format-library,admin-menu,dashboard,list-tables,edit,revisions,media,themes,about,nav-menus,wp-pointer,widgets,site-icon,l10&load%5Bchunk_3%5D=n,buttons,wp-auth-check&ver=6.7.2 HTTP/1.1" 200 179437 "https://entertainline.guru/wp-admin/widgets.php" "Mozilla/5.0 (Windows NT 10.0; Win64; x64) AppleWebKit/537.36 (KHTML, like Gecko) Chrome/133.0.0.0 Safari/537.36"
152.59.85.14 - - [18/Feb/2025:14:47:45 +0530] "GET /wp-admin/load-styles.php?c=1&dir=ltr&load%5Bchunk_0%5D=media-views,editor-buttons,code-editor&ver=6.7.2 HTTP/1.1" 200 14979 "https://entertainline.guru/wp-admin/widgets.php" "Mozilla/5.0 (Windows NT 10.0; Win64; x64) AppleWebKit/537.36 (KHTML, like Gecko) Chrome/133.0.0.0 Safari/537.36"
152.59.85.14 - - [18/Feb/2025:14:47:45 +0530] "GET /wp-content/plugins/generateblocks/dist/styles-builder.js?ver=1.2.68 HTTP/1.1" 200 94951 "https://entertainline.guru/wp-admin/widgets.php" "Mozilla/5.0 (Windows NT 10.0; Win64; x64) AppleWebKit/537.36 (KHTML, like Gecko) Chrome/133.0.0.0 Safari/537.36"
152.59.85.14 - - [18/Feb/2025:14:47:45 +0530] "GET /wp-content/plugins/generateblocks/dist/blocks/text/index.js?ver=643afcb6b6f7a05cd1bb HTTP/1.1" 200 62199 "https://entertainline.guru/wp-admin/widgets.php" "Mozilla/5.0 (Windows NT 10.0; Win64; x64) AppleWebKit/537.36 (KHTML, like Gecko) Chrome/133.0.0.0 Safari/537.36"
152.59.85.14 - - [18/Feb/2025:14:47:45 +0530] "GET /wp-content/plugins/generateblocks/dist/blocks/element/index.js?ver=2a90139a54fe111eacdd HTTP/1.1" 200 58973 "https://entertainline.guru/wp-admin/widgets.php" "Mozilla/5.0 (Windows NT 10.0; Win64; x64) AppleWebKit/537.36 (KHTML, like Gecko) Chrome/133.0.0.0 Safari/537.36"
152.59.85.14 - - [18/Feb/2025:14:47:45 +0530] "GET /wp-content/plugins/generateblocks/dist/blocks/media/index.js?ver=dd3666806df6bc50cb70 HTTP/1.1" 200 59300 "https://entertainline.guru/wp-admin/widgets.php" "Mozilla/5.0 (Windows NT 10.0; Win64; x64) AppleWebKit/537.36 (KHTML, like Gecko) Chrome/133.0.0.0 Safari/537.36"
152.59.85.14 - - [18/Feb/2025:14:47:45 +0530] "GET /wp-content/plugins/generateblocks/dist/blocks/shape/index.js?ver=303ec64bd6bc5b26cb6f HTTP/1.1" 200 39257 "https://entertainline.guru/wp-admin/widgets.php" "Mozilla/5.0 (Windows NT 10.0; Win64; x64) AppleWebKit/537.36 (KHTML, like Gecko) Chrome/133.0.0.0 Safari/537.36"
152.59.85.14 - - [18/Feb/2025:14:47:45 +0530] "GET /wp-content/plugins/generateblocks/dist/blocks/query/index.js?ver=14f98c7b69a105dcc73e HTTP/1.1" 200 86806 "https://entertainline.guru/wp-admin/widgets.php" "Mozilla/5.0 (Windows NT 10.0; Win64; x64) AppleWebKit/537.36 (KHTML, like Gecko) Chrome/133.0.0.0 Safari/537.36"
152.59.85.14 - - [18/Feb/2025:14:47:45 +0530] "GET /wp-content/plugins/generateblocks/dist/blocks/looper/index.js?ver=d8b8e7e0e35eeba30ca4 HTTP/1.1" 200 37794 "https://entertainline.guru/wp-admin/widgets.php" "Mozilla/5.0 (Windows NT 10.0; Win64; x64) AppleWebKit/537.36 (KHTML, like Gecko) Chrome/133.0.0.0 Safari/537.36"
152.59.85.14 - - [18/Feb/2025:14:47:45 +0530] "GET /wp-content/plugins/generateblocks/dist/blocks/query-page-numbers/index.js?ver=a570e2a2f70dbde95685 HTTP/1.1" 200 35386 "https://entertainline.guru/wp-admin/widgets.php" "Mozilla/5.0 (Windows NT 10.0; Win64; x64) AppleWebKit/537.36 (KHTML, like Gecko) Chrome/133.0.0.0 Safari/537.36"
152.59.85.14 - - [18/Feb/2025:14:47:45 +0530] "GET /wp-content/plugins/generateblocks/dist/blocks/loop-item/index.js?ver=f56d1b3a25020fe09d2d HTTP/1.1" 200 57473 "https://entertainline.guru/wp-admin/widgets.php" "Mozilla/5.0 (Windows NT 10.0; Win64; x64) AppleWebKit/537.36 (KHTML, like Gecko) Chrome/133.0.0.0 Safari/537.36"
152.59.85.14 - - [18/Feb/2025:14:47:45 +0530] "GET /wp-admin/js/widgets/media-widgets.min.js?ver=6.7.2 HTTP/1.1" 200 4373 "https://entertainline.guru/wp-admin/widgets.php" "Mozilla/5.0 (Windows NT 10.0; Win64; x64) AppleWebKit/537.36 (KHTML, like Gecko) Chrome/133.0.0.0 Safari/537.36"
