152.56.69.141 - - [16/Feb/2025:21:39:12 +0530] "GET /wp-content/uploads/2025/02/jon2-300x172.webp HTTP/1.1" 200 11992 "https://entertainline.guru/wp-admin/post.php?post=562&action=edit" "Mozilla/5.0 (Windows NT 10.0; Win64; x64) AppleWebKit/537.36 (KHTML, like Gecko) Chrome/133.0.0.0 Safari/537.36"
152.56.69.141 - - [16/Feb/2025:21:39:16 +0530] "POST /wp-admin/admin-ajax.php HTTP/1.1" 200 20 "https://entertainline.guru/wp-admin/post.php?post=562&action=edit" "Mozilla/5.0 (Windows NT 10.0; Win64; x64) AppleWebKit/537.36 (KHTML, like Gecko) Chrome/133.0.0.0 Safari/537.36"
152.56.69.141 - - [16/Feb/2025:21:39:17 +0530] "POST /wp-admin/admin-ajax.php HTTP/1.1" 200 20 "https://entertainline.guru/wp-admin/post.php?post=562&action=edit" "Mozilla/5.0 (Windows NT 10.0; Win64; x64) AppleWebKit/537.36 (KHTML, like Gecko) Chrome/133.0.0.0 Safari/537.36"
152.56.69.141 - - [16/Feb/2025:21:39:17 +0530] "POST /wp-admin/admin-ajax.php HTTP/1.1" 200 20 "https://entertainline.guru/wp-admin/post.php?post=562&action=edit" "Mozilla/5.0 (Windows NT 10.0; Win64; x64) AppleWebKit/537.36 (KHTML, like Gecko) Chrome/133.0.0.0 Safari/537.36"
152.56.69.141 - - [16/Feb/2025:21:39:18 +0530] "POST /wp-admin/admin-ajax.php HTTP/1.1" 200 79 "https://entertainline.guru/wp-admin/post.php?post=562&action=edit" "Mozilla/5.0 (Windows NT 10.0; Win64; x64) AppleWebKit/537.36 (KHTML, like Gecko) Chrome/133.0.0.0 Safari/537.36"
152.56.69.141 - - [16/Feb/2025:21:39:18 +0530] "POST /wp-admin/admin-ajax.php HTTP/1.1" 200 20 "https://entertainline.guru/wp-admin/post.php?post=562&action=edit" "Mozilla/5.0 (Windows NT 10.0; Win64; x64) AppleWebKit/537.36 (KHTML, like Gecko) Chrome/133.0.0.0 Safari/537.36"
152.56.69.141 - - [16/Feb/2025:21:39:19 +0530] "GET /wp-json/wp/v2/media/564?context=view&_locale=user HTTP/1.1" 200 1053 "https://entertainline.guru/wp-admin/post.php?post=562&action=edit" "Mozilla/5.0 (Windows NT 10.0; Win64; x64) AppleWebKit/537.36 (KHTML, like Gecko) Chrome/133.0.0.0 Safari/537.36"
66.249.66.34 - - [16/Feb/2025:21:32:45 +0530] "GET /wp-content/uploads/2025/02/civ-7-natural-history-civic-768x384.webp HTTP/1.1" 200 22768 "https://entertainline.guru/shaboozey-height-age-girlfriend-family-biography/" "Mozilla/5.0 (Linux; Android 6.0.1; Nexus 5X Build/MMB29P) AppleWebKit/537.36 (KHTML, like Gecko) Chrome/133.0.6943.53 Mobile Safari/537.36 (compatible; Google-InspectionTool/1.0)"
66.249.66.36 - - [16/Feb/2025:21:33:17 +0530] "GET /wp-content/plugins/contact-form-7/includes/swv/js/index.js?ver=6.0.3 HTTP/1.1" 200 3369 "https://entertainline.guru/shaboozey-height-age-girlfriend-family-biography/" "Mozilla/5.0 (X11; Linux x86_64) AppleWebKit/537.36 (KHTML, like Gecko) Chrome/133.0.6943.53 Safari/537.36 (compatible; Google-InspectionTool/1.0)"
66.249.66.36 - - [16/Feb/2025:21:33:18 +0530] "GET /wp-includes/js/comment-reply.min.js?ver=6.7.2 HTTP/1.1" 200 1247 "https://entertainline.guru/shaboozey-height-age-girlfriend-family-biography/" "Mozilla/5.0 (X11; Linux x86_64) AppleWebKit/537.36 (KHTML, like Gecko) Chrome/133.0.6943.53 Safari/537.36 (compatible; Google-InspectionTool/1.0)"
66.249.66.35 - - [16/Feb/2025:21:33:18 +0530] "GET /wp-content/plugins/gp-premium/menu-plus/functions/css/navigation-branding-flex.min.css?ver=2.4.1 HTTP/1.1" 200 542 "https://entertainline.guru/shaboozey-height-age-girlfriend-family-biography/" "Mozilla/5.0 (X11; Linux x86_64) AppleWebKit/537.36 (KHTML, like Gecko) Chrome/133.0.6943.53 Safari/537.36 (compatible; Google-InspectionTool/1.0)"
66.249.66.36 - - [16/Feb/2025:21:33:18 +0530] "GET /wp-content/themes/generatepress/assets/css/components/comments.min.css?ver=3.5.1 HTTP/1.1" 200 488 "https://entertainline.guru/shaboozey-height-age-girlfriend-family-biography/" "Mozilla/5.0 (Linux; Android 6.0.1; Nexus 5X Build/MMB29P) AppleWebKit/537.36 (KHTML, like Gecko) Chrome/133.0.6943.53 Mobile Safari/537.36 (compatible; Google-InspectionTool/1.0)"
66.249.66.35 - - [16/Feb/2025:21:33:18 +0530] "GET /wp-content/uploads/2025/02/did-shaboozey-biography.png HTTP/1.1" 200 459681 "https://entertainline.guru/shaboozey-height-age-girlfriend-family-biography/" "Mozilla/5.0 (Linux; Android 6.0.1; Nexus 5X Build/MMB29P) AppleWebKit/537.36 (KHTML, like Gecko) Chrome/133.0.6943.53 Mobile Safari/537.36 (compatible; Google-InspectionTool/1.0)"
66.249.66.35 - - [16/Feb/2025:21:33:21 +0530] "GET /wp-content/uploads/2025/02/civ-7-natural-history-civic-300x150.webp HTTP/1.1" 200 6060 "https://entertainline.guru/shaboozey-height-age-girlfriend-family-biography/" "Mozilla/5.0 (X11; Linux x86_64) AppleWebKit/537.36 (KHTML, like Gecko) Chrome/133.0.6943.53 Safari/537.36 (compatible; Google-InspectionTool/1.0)"
66.249.66.35 - - [16/Feb/2025:21:33:23 +0530] "GET /wp-content/uploads/2025/02/civ-7-natural-history-civic-768x384.webp HTTP/1.1" 200 22768 "https://entertainline.guru/shaboozey-height-age-girlfriend-family-biography/" "Mozilla/5.0 (Linux; Android 6.0.1; Nexus 5X Build/MMB29P) AppleWebKit/537.36 (KHTML, like Gecko) Chrome/133.0.6943.53 Mobile Safari/537.36 (compatible; Google-InspectionTool/1.0)"
66.249.66.34 - - [16/Feb/2025:21:33:23 +0530] "GET /wp-content/uploads/2025/02/Kelsea-Ballerinis-Net-Worth-Uncovering-the-Country-Artists-Wealth-768x432.png HTTP/1.1" 200 465179 "https://entertainline.guru/shaboozey-height-age-girlfriend-family-biography/" "Mozilla/5.0 (Linux; Android 6.0.1; Nexus 5X Build/MMB29P) AppleWebKit/537.36 (KHTML, like Gecko) Chrome/133.0.6943.53 Mobile Safari/537.36 (compatible; Google-InspectionTool/1.0)"
66.249.66.34 - - [16/Feb/2025:21:33:24 +0530] "GET /wp-content/uploads/2025/02/image-6-768x422.jpeg HTTP/1.1" 200 91278 "https://entertainline.guru/shaboozey-height-age-girlfriend-family-biography/" "Mozilla/5.0 (X11; Linux x86_64) AppleWebKit/537.36 (KHTML, like Gecko) Chrome/133.0.6943.53 Safari/537.36 (compatible; Google-InspectionTool/1.0)"
66.249.66.34 - - [16/Feb/2025:21:34:41 +0530] "GET /shaboozey-height-age-girlfriend-family-biography/ HTTP/1.1" 200 23795 "-" "Googlebot-Image/1.0"
152.56.69.141 - - [16/Feb/2025:21:39:19 +0530] "GET /wp-json/wp/v2/media/564?context=edit&_locale=user HTTP/1.1" 200 1211 "https://entertainline.guru/wp-admin/post.php?post=562&action=edit" "Mozilla/5.0 (Windows NT 10.0; Win64; x64) AppleWebKit/537.36 (KHTML, like Gecko) Chrome/133.0.0.0 Safari/537.36"
152.56.69.141 - - [16/Feb/2025:21:39:19 +0530] "GET /wp-content/uploads/2025/02/jon2-1024x586.webp HTTP/1.1" 200 100830 "https://entertainline.guru/wp-admin/post.php?post=562&action=edit" "Mozilla/5.0 (Windows NT 10.0; Win64; x64) AppleWebKit/537.36 (KHTML, like Gecko) Chrome/133.0.0.0 Safari/537.36"
152.56.69.141 - - [16/Feb/2025:21:39:20 +0530] "GET /wp-content/uploads/2025/02/jon2.webp HTTP/1.1" 200 169834 "https://entertainline.guru/wp-admin/post.php?post=562&action=edit" "Mozilla/5.0 (Windows NT 10.0; Win64; x64) AppleWebKit/537.36 (KHTML, like Gecko) Chrome/133.0.0.0 Safari/537.36"
152.56.69.141 - - [16/Feb/2025:21:39:29 +0530] "POST /wp-admin/admin-ajax.php HTTP/1.1" 200 79 "https://entertainline.guru/wp-admin/post.php?post=562&action=edit" "Mozilla/5.0 (Windows NT 10.0; Win64; x64) AppleWebKit/537.36 (KHTML, like Gecko) Chrome/133.0.0.0 Safari/537.36"
152.56.69.141 - - [16/Feb/2025:21:39:45 +0530] "POST /wp-admin/admin-ajax.php HTTP/1.1" 200 79 "https://entertainline.guru/wp-admin/post.php?post=562&action=edit" "Mozilla/5.0 (Windows NT 10.0; Win64; x64) AppleWebKit/537.36 (KHTML, like Gecko) Chrome/133.0.0.0 Safari/537.36"
152.56.69.141 - - [16/Feb/2025:21:39:54 +0530] "GET /wp-json/wp/v2/taxonomies/post_tag?context=edit&_locale=user HTTP/1.1" 200 857 "https://entertainline.guru/wp-admin/post.php?post=562&action=edit" "Mozilla/5.0 (Windows NT 10.0; Win64; x64) AppleWebKit/537.36 (KHTML, like Gecko) Chrome/133.0.0.0 Safari/537.36"
152.56.69.141 - - [16/Feb/2025:21:39:54 +0530] "GET /wp-json/wp/v2/categories/1?context=edit&_locale=user HTTP/1.1" 200 1661 "https://entertainline.guru/wp-admin/post.php?post=562&action=edit" "Mozilla/5.0 (Windows NT 10.0; Win64; x64) AppleWebKit/537.36 (KHTML, like Gecko) Chrome/133.0.0.0 Safari/537.36"
152.56.69.141 - - [16/Feb/2025:21:39:54 +0530] "POST /wp-json/wp/v2/posts/562?_locale=user HTTP/1.1" 200 13043 "https://entertainline.guru/wp-admin/post.php?post=562&action=edit" "Mozilla/5.0 (Windows NT 10.0; Win64; x64) AppleWebKit/537.36 (KHTML, like Gecko) Chrome/133.0.0.0 Safari/537.36"
162.55.100.32 - - [16/Feb/2025:21:39:55 +0530] "POST /wp-cron.php?doing_wp_cron=1739722195.4712800979614257812500 HTTP/1.1" 200 0 "-" "WordPress/6.7.2; https://entertainline.guru"
152.56.69.141 - - [16/Feb/2025:21:39:55 +0530] "POST /wp-admin/post.php?post=562&action=edit&meta-box-loader=1&meta-box-loader-nonce=744c97806a&_locale=user HTTP/1.1" 302 0 "https://entertainline.guru/wp-admin/post.php?post=562&action=edit" "Mozilla/5.0 (Windows NT 10.0; Win64; x64) AppleWebKit/537.36 (KHTML, like Gecko) Chrome/133.0.0.0 Safari/537.36"
152.56.69.141 - - [16/Feb/2025:21:39:55 +0530] "POST /wp-admin/admin-ajax.php HTTP/1.1" 200 79 "https://entertainline.guru/wp-admin/post.php?post=562&action=edit" "Mozilla/5.0 (Windows NT 10.0; Win64; x64) AppleWebKit/537.36 (KHTML, like Gecko) Chrome/133.0.0.0 Safari/537.36"
152.56.69.141 - - [16/Feb/2025:21:39:55 +0530] "GET /wp-admin/post.php?post=562&action=edit&message=4 HTTP/1.1" 200 102325 "https://entertainline.guru/wp-admin/post.php?post=562&action=edit" "Mozilla/5.0 (Windows NT 10.0; Win64; x64) AppleWebKit/537.36 (KHTML, like Gecko) Chrome/133.0.0.0 Safari/537.36"
162.55.100.32 - - [16/Feb/2025:21:39:56 +0530] "HEAD /wp-content/uploads/2025/02/image-2.png HTTP/1.1" 200 0 "-" "WordPress/6.7.2; https://entertainline.guru"
152.56.69.141 - - [16/Feb/2025:21:39:59 +0530] "POST /wp-admin/admin-ajax.php HTTP/1.1" 200 5 "https://entertainline.guru/wp-admin/post.php?post=562&action=edit" "Mozilla/5.0 (Windows NT 10.0; Win64; x64) AppleWebKit/537.36 (KHTML, like Gecko) Chrome/133.0.0.0 Safari/537.36"
66.249.66.34 - - [16/Feb/2025:21:33:16 +0530] "GET /shaboozey-height-age-girlfriend-family-biography/ HTTP/1.1" 200 23799 "-" "Mozilla/5.0 (compatible; Google-InspectionTool/1.0;)"
66.249.66.34 - - [16/Feb/2025:21:33:17 +0530] "GET /wp-content/uploads/generatepress/style.min.css?ver=1739527775 HTTP/1.1" 200 2088 "https://entertainline.guru/shaboozey-height-age-girlfriend-family-biography/" "Mozilla/5.0 (X11; Linux x86_64) AppleWebKit/537.36 (KHTML, like Gecko) Chrome/133.0.6943.53 Safari/537.36 (compatible; Google-InspectionTool/1.0)"
66.249.66.34 - - [16/Feb/2025:21:33:17 +0530] "GET /wp-content/uploads/2025/02/Capture.png HTTP/1.1" 200 31090 "https://entertainline.guru/shaboozey-height-age-girlfriend-family-biography/" "Mozilla/5.0 (Linux; Android 6.0.1; Nexus 5X Build/MMB29P) AppleWebKit/537.36 (KHTML, like Gecko) Chrome/133.0.6943.53 Mobile Safari/537.36 (compatible; Google-InspectionTool/1.0)"
66.249.66.35 - - [16/Feb/2025:21:33:18 +0530] "GET /wp-includes/js/dist/i18n.min.js?ver=5e580eb46a90c2b997e6 HTTP/1.1" 200 3542 "https://entertainline.guru/shaboozey-height-age-girlfriend-family-biography/" "Mozilla/5.0 (Linux; Android 6.0.1; Nexus 5X Build/MMB29P) AppleWebKit/537.36 (KHTML, like Gecko) Chrome/133.0.6943.53 Mobile Safari/537.36 (compatible; Google-InspectionTool/1.0)"
66.249.66.34 - - [16/Feb/2025:21:33:18 +0530] "GET /wp-content/themes/generatepress/assets/css/main.min.css?ver=3.5.1 HTTP/1.1" 200 4410 "https://entertainline.guru/shaboozey-height-age-girlfriend-family-biography/" "Mozilla/5.0 (Linux; Android 6.0.1; Nexus 5X Build/MMB29P) AppleWebKit/537.36 (KHTML, like Gecko) Chrome/133.0.6943.53 Mobile Safari/537.36 (compatible; Google-InspectionTool/1.0)"
66.249.66.34 - - [16/Feb/2025:21:33:18 +0530] "GET /wp-content/plugins/contact-form-7/includes/js/index.js?ver=6.0.3 HTTP/1.1" 200 4008 "https://entertainline.guru/shaboozey-height-age-girlfriend-family-biography/" "Mozilla/5.0 (Linux; Android 6.0.1; Nexus 5X Build/MMB29P) AppleWebKit/537.36 (KHTML, like Gecko) Chrome/133.0.6943.53 Mobile Safari/537.36 (compatible; Google-InspectionTool/1.0)"
66.249.66.35 - - [16/Feb/2025:21:33:17 +0530] "GET /wp-content/uploads/2025/02/Shaboozey-Height-Age-Girlfriend-Family-Biography-1024x576.png HTTP/1.1" 200 554097 "https://entertainline.guru/shaboozey-height-age-girlfriend-family-biography/" "Mozilla/5.0 (X11; Linux x86_64) AppleWebKit/537.36 (KHTML, like Gecko) Chrome/133.0.6943.53 Safari/537.36 (compatible; Google-InspectionTool/1.0)"
66.249.66.35 - - [16/Feb/2025:21:33:21 +0530] "GET /wp-content/uploads/2025/02/Kelsea-Ballerinis-Net-Worth-Uncovering-the-Country-Artists-Wealth-300x169.png HTTP/1.1" 200 87209 "https://entertainline.guru/shaboozey-height-age-girlfriend-family-biography/" "Mozilla/5.0 (X11; Linux x86_64) AppleWebKit/537.36 (KHTML, like Gecko) Chrome/133.0.6943.53 Safari/537.36 (compatible; Google-InspectionTool/1.0)"
66.249.66.35 - - [16/Feb/2025:21:33:23 +0530] "GET /wp-content/uploads/2025/02/AA1yAoTb-768x402.webp HTTP/1.1" 200 80240 "https://entertainline.guru/shaboozey-height-age-girlfriend-family-biography/" "Mozilla/5.0 (Linux; Android 6.0.1; Nexus 5X Build/MMB29P) AppleWebKit/537.36 (KHTML, like Gecko) Chrome/133.0.6943.53 Mobile Safari/537.36 (compatible; Google-InspectionTool/1.0)"
66.249.66.36 - - [16/Feb/2025:21:40:44 +0530] "GET /wp-content/plugins/contact-form-7/includes/js/index.js?ver=6.0.3 HTTP/1.1" 200 4008 "https://entertainline.guru/joe-rogan-just-paid-14-4-million-for-an-amazing-austin-mansion/" "Mozilla/5.0 (Linux; Android 6.0.1; Nexus 5X Build/MMB29P) AppleWebKit/537.36 (KHTML, like Gecko) Chrome/133.0.6943.53 Mobile Safari/537.36 (compatible; Google-InspectionTool/1.0)"
66.249.66.35 - - [16/Feb/2025:21:32:40 +0530] "GET /wp-content/plugins/gp-premium/menu-plus/functions/css/offside.min.css?ver=2.4.1 HTTP/1.1" 200 1364 "https://entertainline.guru/shaboozey-height-age-girlfriend-family-biography/" "Mozilla/5.0 (X11; Linux x86_64) AppleWebKit/537.36 (KHTML, like Gecko) Chrome/133.0.6943.53 Safari/537.36 (compatible; Google-InspectionTool/1.0)"
66.249.66.35 - - [16/Feb/2025:21:32:40 +0530] "GET /wp-content/uploads/2025/02/image-5-1024x563.jpeg HTTP/1.1" 200 41360 "https://entertainline.guru/shaboozey-height-age-girlfriend-family-biography/" "Mozilla/5.0 (X11; Linux x86_64) AppleWebKit/537.36 (KHTML, like Gecko) Chrome/133.0.6943.53 Safari/537.36 (compatible; Google-InspectionTool/1.0)"
66.249.66.35 - - [16/Feb/2025:21:32:40 +0530] "GET /wp-content/uploads/2025/02/did-shaboozey-biography-1024x576.png HTTP/1.1" 200 834787 "https://entertainline.guru/shaboozey-height-age-girlfriend-family-biography/" "Mozilla/5.0 (X11; Linux x86_64) AppleWebKit/537.36 (KHTML, like Gecko) Chrome/133.0.6943.53 Safari/537.36 (compatible; Google-InspectionTool/1.0)"
66.249.66.35 - - [16/Feb/2025:21:33:17 +0530] "GET /wp-content/plugins/gp-premium/menu-plus/functions/css/offside.min.css?ver=2.4.1 HTTP/1.1" 200 1364 "https://entertainline.guru/shaboozey-height-age-girlfriend-family-biography/" "Mozilla/5.0 (X11; Linux x86_64) AppleWebKit/537.36 (KHTML, like Gecko) Chrome/133.0.6943.53 Safari/537.36 (compatible; Google-InspectionTool/1.0)"
66.249.66.34 - - [16/Feb/2025:21:33:18 +0530] "GET /wp-includes/css/dist/block-library/style.min.css?ver=6.7.2 HTTP/1.1" 200 14225 "https://entertainline.guru/shaboozey-height-age-girlfriend-family-biography/" "Mozilla/5.0 (X11; Linux x86_64) AppleWebKit/537.36 (KHTML, like Gecko) Chrome/133.0.6943.53 Safari/537.36 (compatible; Google-InspectionTool/1.0)"
66.249.66.35 - - [16/Feb/2025:21:33:18 +0530] "GET /wp-content/themes/generatepress/assets/dist/modal.js?ver=3.5.1 HTTP/1.1" 200 1277 "https://entertainline.guru/shaboozey-height-age-girlfriend-family-biography/" "Mozilla/5.0 (Linux; Android 6.0.1; Nexus 5X Build/MMB29P) AppleWebKit/537.36 (KHTML, like Gecko) Chrome/133.0.6943.53 Mobile Safari/537.36 (compatible; Google-InspectionTool/1.0)"
66.249.66.34 - - [16/Feb/2025:21:33:21 +0530] "GET /wp-content/uploads/2025/02/AA1yAoTb-300x157.webp HTTP/1.1" 200 16300 "https://entertainline.guru/shaboozey-height-age-girlfriend-family-biography/" "Mozilla/5.0 (X11; Linux x86_64) AppleWebKit/537.36 (KHTML, like Gecko) Chrome/133.0.6943.53 Safari/537.36 (compatible; Google-InspectionTool/1.0)"
66.249.66.34 - - [16/Feb/2025:21:33:23 +0530] "GET /wp-content/uploads/2025/02/image-6-1024x563.jpeg HTTP/1.1" 200 151903 "https://entertainline.guru/shaboozey-height-age-girlfriend-family-biography/" "Mozilla/5.0 (Linux; Android 6.0.1; Nexus 5X Build/MMB29P) AppleWebKit/537.36 (KHTML, like Gecko) Chrome/133.0.6943.53 Mobile Safari/537.36 (compatible; Google-InspectionTool/1.0)"
66.249.66.35 - - [16/Feb/2025:21:40:44 +0530] "GET /wp-content/themes/generatepress/assets/css/main.min.css?ver=3.5.1 HTTP/1.1" 200 4410 "https://entertainline.guru/joe-rogan-just-paid-14-4-million-for-an-amazing-austin-mansion/" "Mozilla/5.0 (X11; Linux x86_64) AppleWebKit/537.36 (KHTML, like Gecko) Chrome/133.0.6943.53 Safari/537.36 (compatible; Google-InspectionTool/1.0)"
66.249.66.36 - - [16/Feb/2025:21:40:44 +0530] "GET /wp-content/plugins/contact-form-7/includes/js/index.js?ver=6.0.3 HTTP/1.1" 200 4008 "https://entertainline.guru/joe-rogan-just-paid-14-4-million-for-an-amazing-austin-mansion/" "Mozilla/5.0 (X11; Linux x86_64) AppleWebKit/537.36 (KHTML, like Gecko) Chrome/133.0.6943.53 Safari/537.36 (compatible; Google-InspectionTool/1.0)"
152.56.69.141 - - [16/Feb/2025:21:39:59 +0530] "GET /joe-rogan-just-paid-14-4-million-for-an-amazing-austin-mansion/ HTTP/1.1" 200 28005 "https://entertainline.guru/wp-admin/post.php?post=562&action=edit" "Mozilla/5.0 (Windows NT 10.0; Win64; x64) AppleWebKit/537.36 (KHTML, like Gecko) Chrome/133.0.0.0 Safari/537.36"
152.56.69.141 - - [16/Feb/2025:21:39:59 +0530] "GET /wp-content/uploads/2025/02/image-3.png HTTP/1.1" 200 1949893 "https://entertainline.guru/joe-rogan-just-paid-14-4-million-for-an-amazing-austin-mansion/" "Mozilla/5.0 (Windows NT 10.0; Win64; x64) AppleWebKit/537.36 (KHTML, like Gecko) Chrome/133.0.0.0 Safari/537.36"
152.56.69.141 - - [16/Feb/2025:21:40:15 +0530] "GET / HTTP/1.1" 200 17965 "https://entertainline.guru/joe-rogan-just-paid-14-4-million-for-an-amazing-austin-mansion/" "Mozilla/5.0 (Windows NT 10.0; Win64; x64) AppleWebKit/537.36 (KHTML, like Gecko) Chrome/133.0.0.0 Safari/537.36"
152.56.69.141 - - [16/Feb/2025:21:40:28 +0530] "GET /joe-rogan-just-paid-14-4-million-for-an-amazing-austin-mansion/ HTTP/1.1" 200 28177 "https://entertainline.guru/" "Mozilla/5.0 (Windows NT 10.0; Win64; x64) AppleWebKit/537.36 (KHTML, like Gecko) Chrome/133.0.0.0 Safari/537.36"
66.249.66.35 - - [16/Feb/2025:21:40:44 +0530] "GET /wp-content/plugins/contact-form-7/includes/css/styles.css?ver=6.0.3 HTTP/1.1" 200 890 "https://entertainline.guru/joe-rogan-just-paid-14-4-million-for-an-amazing-austin-mansion/" "Mozilla/5.0 (X11; Linux x86_64) AppleWebKit/537.36 (KHTML, like Gecko) Chrome/133.0.6943.53 Safari/537.36 (compatible; Google-InspectionTool/1.0)"
66.249.66.36 - - [16/Feb/2025:21:40:44 +0530] "GET /wp-content/uploads/2025/02/Capture.png HTTP/1.1" 200 31090 "https://entertainline.guru/joe-rogan-just-paid-14-4-million-for-an-amazing-austin-mansion/" "Mozilla/5.0 (X11; Linux x86_64) AppleWebKit/537.36 (KHTML, like Gecko) Chrome/133.0.6943.53 Safari/537.36 (compatible; Google-InspectionTool/1.0)"
66.249.66.36 - - [16/Feb/2025:21:40:44 +0530] "GET /wp-content/themes/gp-marketer-free/style.css?ver=1739330580 HTTP/1.1" 200 898 "https://entertainline.guru/joe-rogan-just-paid-14-4-million-for-an-amazing-austin-mansion/" "Mozilla/5.0 (X11; Linux x86_64) AppleWebKit/537.36 (KHTML, like Gecko) Chrome/133.0.6943.53 Safari/537.36 (compatible; Google-InspectionTool/1.0)"
66.249.66.34 - - [16/Feb/2025:21:40:44 +0530] "GET /wp-content/plugins/gp-premium/blog/functions/css/featured-images.min.css?ver=2.4.1 HTTP/1.1" 200 422 "https://entertainline.guru/joe-rogan-just-paid-14-4-million-for-an-amazing-austin-mansion/" "Mozilla/5.0 (Linux; Android 6.0.1; Nexus 5X Build/MMB29P) AppleWebKit/537.36 (KHTML, like Gecko) Chrome/133.0.6943.53 Mobile Safari/537.36 (compatible; Google-InspectionTool/1.0)"
66.249.66.35 - - [16/Feb/2025:21:40:44 +0530] "GET /wp-content/plugins/contact-form-7/includes/css/styles.css?ver=6.0.3 HTTP/1.1" 200 890 "https://entertainline.guru/joe-rogan-just-paid-14-4-million-for-an-amazing-austin-mansion/" "Mozilla/5.0 (Linux; Android 6.0.1; Nexus 5X Build/MMB29P) AppleWebKit/537.36 (KHTML, like Gecko) Chrome/133.0.6943.53 Mobile Safari/537.36 (compatible; Google-InspectionTool/1.0)"
66.249.66.36 - - [16/Feb/2025:21:40:45 +0530] "GET /wp-content/plugins/gp-premium/menu-plus/functions/css/offside.min.css?ver=2.4.1 HTTP/1.1" 200 1364 "https://entertainline.guru/joe-rogan-just-paid-14-4-million-for-an-amazing-austin-mansion/" "Mozilla/5.0 (Linux; Android 6.0.1; Nexus 5X Build/MMB29P) AppleWebKit/537.36 (KHTML, like Gecko) Chrome/133.0.6943.53 Mobile Safari/537.36 (compatible; Google-InspectionTool/1.0)"
66.249.66.34 - - [16/Feb/2025:21:40:45 +0530] "GET /wp-content/themes/generatepress/assets/js/menu.min.js?ver=3.5.1 HTTP/1.1" 200 1678 "https://entertainline.guru/joe-rogan-just-paid-14-4-million-for-an-amazing-austin-mansion/" "Mozilla/5.0 (X11; Linux x86_64) AppleWebKit/537.36 (KHTML, like Gecko) Chrome/133.0.6943.53 Safari/537.36 (compatible; Google-InspectionTool/1.0)"
66.249.66.35 - - [16/Feb/2025:21:33:18 +0530] "GET /wp-content/plugins/gp-premium/menu-plus/functions/css/navigation-branding-flex.min.css?ver=2.4.1 HTTP/1.1" 200 542 "https://entertainline.guru/shaboozey-height-age-girlfriend-family-biography/" "Mozilla/5.0 (Linux; Android 6.0.1; Nexus 5X Build/MMB29P) AppleWebKit/537.36 (KHTML, like Gecko) Chrome/133.0.6943.53 Mobile Safari/537.36 (compatible; Google-InspectionTool/1.0)"
66.249.66.36 - - [16/Feb/2025:21:33:18 +0530] "GET /wp-includes/js/comment-reply.min.js?ver=6.7.2 HTTP/1.1" 200 1247 "https://entertainline.guru/shaboozey-height-age-girlfriend-family-biography/" "Mozilla/5.0 (Linux; Android 6.0.1; Nexus 5X Build/MMB29P) AppleWebKit/537.36 (KHTML, like Gecko) Chrome/133.0.6943.53 Mobile Safari/537.36 (compatible; Google-InspectionTool/1.0)"
66.249.66.36 - - [16/Feb/2025:21:33:18 +0530] "GET /wp-content/uploads/2025/02/did-shaboozey-biography-1024x576.png HTTP/1.1" 200 834787 "https://entertainline.guru/shaboozey-height-age-girlfriend-family-biography/" "Mozilla/5.0 (X11; Linux x86_64) AppleWebKit/537.36 (KHTML, like Gecko) Chrome/133.0.6943.53 Safari/537.36 (compatible; Google-InspectionTool/1.0)"
66.249.66.34 - - [16/Feb/2025:21:33:23 +0530] "GET /wp-content/uploads/2025/02/image-768x422.jpeg HTTP/1.1" 200 26860 "https://entertainline.guru/shaboozey-height-age-girlfriend-family-biography/" "Mozilla/5.0 (Linux; Android 6.0.1; Nexus 5X Build/MMB29P) AppleWebKit/537.36 (KHTML, like Gecko) Chrome/133.0.6943.53 Mobile Safari/537.36 (compatible; Google-InspectionTool/1.0)"
2a06:98c0:3600::103 - - [16/Feb/2025:21:39:42 +0530] "GET /wordpress/wp-admin/setup-config.php HTTP/1.1" 404 11764 "-" "Mozilla/5.0 (Windows NT 10.0; Win64; x64) AppleWebKit/537.36 (KHTML, like Gecko) Chrome/132.0.0.0 Safari/537.36"
66.249.66.34 - - [16/Feb/2025:21:40:44 +0530] "GET /joe-rogan-just-paid-14-4-million-for-an-amazing-austin-mansion/ HTTP/1.1" 200 24389 "-" "Mozilla/5.0 (Linux; Android 6.0.1; Nexus 5X Build/MMB29P) AppleWebKit/537.36 (KHTML, like Gecko) Chrome/133.0.6943.98 Mobile Safari/537.36 (compatible; Google-InspectionTool/1.0;)"
66.249.66.36 - - [16/Feb/2025:21:40:44 +0530] "GET /wp-includes/js/comment-reply.min.js?ver=6.7.2 HTTP/1.1" 200 1247 "https://entertainline.guru/joe-rogan-just-paid-14-4-million-for-an-amazing-austin-mansion/" "Mozilla/5.0 (X11; Linux x86_64) AppleWebKit/537.36 (KHTML, like Gecko) Chrome/133.0.6943.53 Safari/537.36 (compatible; Google-InspectionTool/1.0)"
66.249.66.36 - - [16/Feb/2025:21:40:44 +0530] "GET /wp-content/themes/generatepress/assets/css/components/comments.min.css?ver=3.5.1 HTTP/1.1" 200 488 "https://entertainline.guru/joe-rogan-just-paid-14-4-million-for-an-amazing-austin-mansion/" "Mozilla/5.0 (Linux; Android 6.0.1; Nexus 5X Build/MMB29P) AppleWebKit/537.36 (KHTML, like Gecko) Chrome/133.0.6943.53 Mobile Safari/537.36 (compatible; Google-InspectionTool/1.0)"
66.249.66.34 - - [16/Feb/2025:21:40:44 +0530] "GET /wp-includes/js/dist/hooks.min.js?ver=4d63a3d491d11ffd8ac6 HTTP/1.1" 200 1571 "https://entertainline.guru/joe-rogan-just-paid-14-4-million-for-an-amazing-austin-mansion/" "Mozilla/5.0 (Linux; Android 6.0.1; Nexus 5X Build/MMB29P) AppleWebKit/537.36 (KHTML, like Gecko) Chrome/133.0.6943.53 Mobile Safari/537.36 (compatible; Google-InspectionTool/1.0)"
66.249.66.36 - - [16/Feb/2025:21:40:44 +0530] "GET /wp-content/plugins/gp-premium/menu-plus/functions/css/navigation-branding-flex.min.css?ver=2.4.1 HTTP/1.1" 200 542 "https://entertainline.guru/joe-rogan-just-paid-14-4-million-for-an-amazing-austin-mansion/" "Mozilla/5.0 (X11; Linux x86_64) AppleWebKit/537.36 (KHTML, like Gecko) Chrome/133.0.6943.53 Safari/537.36 (compatible; Google-InspectionTool/1.0)"
66.249.66.34 - - [16/Feb/2025:21:40:44 +0530] "GET /wp-content/uploads/2025/02/image-3-1024x566.png HTTP/1.1" 200 857577 "https://entertainline.guru/joe-rogan-just-paid-14-4-million-for-an-amazing-austin-mansion/" "Mozilla/5.0 (X11; Linux x86_64) AppleWebKit/537.36 (KHTML, like Gecko) Chrome/133.0.6943.53 Safari/537.36 (compatible; Google-InspectionTool/1.0)"
66.249.66.34 - - [16/Feb/2025:21:33:17 +0530] "GET /wp-content/themes/generatepress/assets/js/menu.min.js?ver=3.5.1 HTTP/1.1" 200 1678 "https://entertainline.guru/shaboozey-height-age-girlfriend-family-biography/" "Mozilla/5.0 (X11; Linux x86_64) AppleWebKit/537.36 (KHTML, like Gecko) Chrome/133.0.6943.53 Safari/537.36 (compatible; Google-InspectionTool/1.0)"
66.249.66.35 - - [16/Feb/2025:21:33:18 +0530] "GET /wp-content/themes/generatepress/assets/css/main.min.css?ver=3.5.1 HTTP/1.1" 200 4410 "https://entertainline.guru/shaboozey-height-age-girlfriend-family-biography/" "Mozilla/5.0 (X11; Linux x86_64) AppleWebKit/537.36 (KHTML, like Gecko) Chrome/133.0.6943.53 Safari/537.36 (compatible; Google-InspectionTool/1.0)"
66.249.66.36 - - [16/Feb/2025:21:33:18 +0530] "GET /wp-content/themes/gp-marketer-free/style.css?ver=1739330580 HTTP/1.1" 200 898 "https://entertainline.guru/shaboozey-height-age-girlfriend-family-biography/" "Mozilla/5.0 (X11; Linux x86_64) AppleWebKit/537.36 (KHTML, like Gecko) Chrome/133.0.6943.53 Safari/537.36 (compatible; Google-InspectionTool/1.0)"
66.249.66.35 - - [16/Feb/2025:21:33:17 +0530] "GET /wp-content/uploads/2025/02/Shaboozey-Height-Age-Girlfriend-Family-Biography.png HTTP/1.1" 200 266323 "https://entertainline.guru/shaboozey-height-age-girlfriend-family-biography/" "Mozilla/5.0 (Linux; Android 6.0.1; Nexus 5X Build/MMB29P) AppleWebKit/537.36 (KHTML, like Gecko) Chrome/133.0.6943.53 Mobile Safari/537.36 (compatible; Google-InspectionTool/1.0)"
66.249.66.35 - - [16/Feb/2025:21:33:21 +0530] "GET /wp-content/uploads/2025/02/image-300x165.jpeg HTTP/1.1" 200 6598 "https://entertainline.guru/shaboozey-height-age-girlfriend-family-biography/" "Mozilla/5.0 (X11; Linux x86_64) AppleWebKit/537.36 (KHTML, like Gecko) Chrome/133.0.6943.53 Safari/537.36 (compatible; Google-InspectionTool/1.0)"
66.249.66.34 - - [16/Feb/2025:21:40:43 +0530] "GET /joe-rogan-just-paid-14-4-million-for-an-amazing-austin-mansion/ HTTP/1.1" 200 24344 "-" "Mozilla/5.0 (compatible; Google-InspectionTool/1.0;)"
66.249.66.34 - - [16/Feb/2025:21:40:44 +0530] "GET /wp-content/plugins/gp-premium/menu-plus/functions/js/offside.min.js?ver=2.4.1 HTTP/1.1" 200 2028 "https://entertainline.guru/joe-rogan-just-paid-14-4-million-for-an-amazing-austin-mansion/" "Mozilla/5.0 (Linux; Android 6.0.1; Nexus 5X Build/MMB29P) AppleWebKit/537.36 (KHTML, like Gecko) Chrome/133.0.6943.53 Mobile Safari/537.36 (compatible; Google-InspectionTool/1.0)"
66.249.66.34 - - [16/Feb/2025:21:40:44 +0530] "GET /wp-content/uploads/generatepress/style.min.css?ver=1739527775 HTTP/1.1" 200 2088 "https://entertainline.guru/joe-rogan-just-paid-14-4-million-for-an-amazing-austin-mansion/" "Mozilla/5.0 (Linux; Android 6.0.1; Nexus 5X Build/MMB29P) AppleWebKit/537.36 (KHTML, like Gecko) Chrome/133.0.6943.53 Mobile Safari/537.36 (compatible; Google-InspectionTool/1.0)"
66.249.66.34 - - [16/Feb/2025:21:40:44 +0530] "GET /wp-content/uploads/generatepress/style.min.css?ver=1739527775 HTTP/1.1" 200 2088 "https://entertainline.guru/joe-rogan-just-paid-14-4-million-for-an-amazing-austin-mansion/" "Mozilla/5.0 (X11; Linux x86_64) AppleWebKit/537.36 (KHTML, like Gecko) Chrome/133.0.6943.53 Safari/537.36 (compatible; Google-InspectionTool/1.0)"
66.249.66.35 - - [16/Feb/2025:21:40:45 +0530] "GET /wp-includes/js/comment-reply.min.js?ver=6.7.2 HTTP/1.1" 200 1247 "https://entertainline.guru/joe-rogan-just-paid-14-4-million-for-an-amazing-austin-mansion/" "Mozilla/5.0 (Linux; Android 6.0.1; Nexus 5X Build/MMB29P) AppleWebKit/537.36 (KHTML, like Gecko) Chrome/133.0.6943.53 Mobile Safari/537.36 (compatible; Google-InspectionTool/1.0)"
66.249.66.35 - - [16/Feb/2025:21:40:45 +0530] "GET /wp-content/uploads/2025/02/jon2.webp HTTP/1.1" 200 169834 "https://entertainline.guru/joe-rogan-just-paid-14-4-million-for-an-amazing-austin-mansion/" "Mozilla/5.0 (Linux; Android 6.0.1; Nexus 5X Build/MMB29P) AppleWebKit/537.36 (KHTML, like Gecko) Chrome/133.0.6943.53 Mobile Safari/537.36 (compatible; Google-InspectionTool/1.0)"
162.55.100.32 - - [16/Feb/2025:21:39:56 +0530] "HEAD /wp-content/uploads/2025/02/image-9-1024x563.jpeg HTTP/1.1" 200 0 "-" "WordPress/6.7.2; https://entertainline.guru"
162.55.100.32 - - [16/Feb/2025:21:39:56 +0530] "HEAD /wp-content/uploads/2025/02/image-8-1024x563.jpeg HTTP/1.1" 200 0 "-" "WordPress/6.7.2; https://entertainline.guru"
2a06:98c0:3600::103 - - [16/Feb/2025:21:40:01 +0530] "GET /wp-admin/setup-config.php HTTP/1.1" 409 1041 "-" "Mozilla/5.0 (Windows NT 10.0; Win64; x64) AppleWebKit/537.36 (KHTML, like Gecko) Chrome/132.0.0.0 Safari/537.36"
66.249.66.34 - - [16/Feb/2025:21:40:44 +0530] "GET /wp-content/themes/generatepress/assets/js/menu.min.js?ver=3.5.1 HTTP/1.1" 200 1678 "https://entertainline.guru/joe-rogan-just-paid-14-4-million-for-an-amazing-austin-mansion/" "Mozilla/5.0 (Linux; Android 6.0.1; Nexus 5X Build/MMB29P) AppleWebKit/537.36 (KHTML, like Gecko) Chrome/133.0.6943.53 Mobile Safari/537.36 (compatible; Google-InspectionTool/1.0)"
66.249.66.34 - - [16/Feb/2025:21:41:18 +0530] "GET /joe-rogan-just-paid-14-4-million-for-an-amazing-austin-mansion/ HTTP/1.1" 200 24338 "-" "Mozilla/5.0 (compatible; Google-InspectionTool/1.0;)"
66.249.66.34 - - [16/Feb/2025:21:41:18 +0530] "GET /wp-content/plugins/contact-form-7/includes/swv/js/index.js?ver=6.0.3 HTTP/1.1" 200 3369 "https://entertainline.guru/joe-rogan-just-paid-14-4-million-for-an-amazing-austin-mansion/" "Mozilla/5.0 (Linux; Android 6.0.1; Nexus 5X Build/MMB29P) AppleWebKit/537.36 (KHTML, like Gecko) Chrome/133.0.6943.53 Mobile Safari/537.36 (compatible; Google-InspectionTool/1.0)"
66.249.66.34 - - [16/Feb/2025:21:41:18 +0530] "GET /wp-content/plugins/gp-premium/blog/functions/css/featured-images.min.css?ver=2.4.1 HTTP/1.1" 200 422 "https://entertainline.guru/joe-rogan-just-paid-14-4-million-for-an-amazing-austin-mansion/" "Mozilla/5.0 (Linux; Android 6.0.1; Nexus 5X Build/MMB29P) AppleWebKit/537.36 (KHTML, like Gecko) Chrome/133.0.6943.53 Mobile Safari/537.36 (compatible; Google-InspectionTool/1.0)"
66.249.66.34 - - [16/Feb/2025:21:41:18 +0530] "GET /wp-content/uploads/generatepress/style.min.css?ver=1739527775 HTTP/1.1" 200 2088 "https://entertainline.guru/joe-rogan-just-paid-14-4-million-for-an-amazing-austin-mansion/" "Mozilla/5.0 (X11; Linux x86_64) AppleWebKit/537.36 (KHTML, like Gecko) Chrome/133.0.6943.53 Safari/537.36 (compatible; Google-InspectionTool/1.0)"
66.249.66.35 - - [16/Feb/2025:21:41:18 +0530] "GET /wp-includes/js/dist/hooks.min.js?ver=4d63a3d491d11ffd8ac6 HTTP/1.1" 200 1571 "https://entertainline.guru/joe-rogan-just-paid-14-4-million-for-an-amazing-austin-mansion/" "Mozilla/5.0 (Linux; Android 6.0.1; Nexus 5X Build/MMB29P) AppleWebKit/537.36 (KHTML, like Gecko) Chrome/133.0.6943.53 Mobile Safari/537.36 (compatible; Google-InspectionTool/1.0)"
66.249.66.34 - - [16/Feb/2025:21:41:18 +0530] "GET /wp-includes/css/dist/block-library/style.min.css?ver=6.7.2 HTTP/1.1" 200 14225 "https://entertainline.guru/joe-rogan-just-paid-14-4-million-for-an-amazing-austin-mansion/" "Mozilla/5.0 (Linux; Android 6.0.1; Nexus 5X Build/MMB29P) AppleWebKit/537.36 (KHTML, like Gecko) Chrome/133.0.6943.53 Mobile Safari/537.36 (compatible; Google-InspectionTool/1.0)"
66.249.66.34 - - [16/Feb/2025:21:41:18 +0530] "GET /wp-includes/js/dist/i18n.min.js?ver=5e580eb46a90c2b997e6 HTTP/1.1" 200 3542 "https://entertainline.guru/joe-rogan-just-paid-14-4-million-for-an-amazing-austin-mansion/" "Mozilla/5.0 (Linux; Android 6.0.1; Nexus 5X Build/MMB29P) AppleWebKit/537.36 (KHTML, like Gecko) Chrome/133.0.6943.53 Mobile Safari/537.36 (compatible; Google-InspectionTool/1.0)"
66.249.66.34 - - [16/Feb/2025:21:41:18 +0530] "GET /wp-content/plugins/gp-premium/menu-plus/functions/js/offside.min.js?ver=2.4.1 HTTP/1.1" 200 2028 "https://entertainline.guru/joe-rogan-just-paid-14-4-million-for-an-amazing-austin-mansion/" "Mozilla/5.0 (Linux; Android 6.0.1; Nexus 5X Build/MMB29P) AppleWebKit/537.36 (KHTML, like Gecko) Chrome/133.0.6943.53 Mobile Safari/537.36 (compatible; Google-InspectionTool/1.0)"
66.249.66.34 - - [16/Feb/2025:21:33:18 +0530] "GET /wp-includes/js/dist/hooks.min.js?ver=4d63a3d491d11ffd8ac6 HTTP/1.1" 200 1571 "https://entertainline.guru/shaboozey-height-age-girlfriend-family-biography/" "Mozilla/5.0 (Linux; Android 6.0.1; Nexus 5X Build/MMB29P) AppleWebKit/537.36 (KHTML, like Gecko) Chrome/133.0.6943.53 Mobile Safari/537.36 (compatible; Google-InspectionTool/1.0)"
195.201.142.91 - - [16/Feb/2025:21:37:09 +0530] "GET /wp-login.php HTTP/2" 200 2086 "http://entertainline.guru" "Mozilla/5.0 (Windows NT 10.0; Win64; x64) AppleWebKit/537.36 (KHTML, like Gecko) Chrome/126.0.0.0 Safari/537.36"
162.55.100.32 - - [16/Feb/2025:21:39:56 +0530] "HEAD /wp-content/uploads/2025/02/image-3-1024x566.png HTTP/1.1" 200 0 "-" "WordPress/6.7.2; https://entertainline.guru"
66.249.66.34 - - [16/Feb/2025:21:40:44 +0530] "GET /wp-content/plugins/gp-premium/blog/functions/css/featured-images.min.css?ver=2.4.1 HTTP/1.1" 200 422 "https://entertainline.guru/joe-rogan-just-paid-14-4-million-for-an-amazing-austin-mansion/" "Mozilla/5.0 (X11; Linux x86_64) AppleWebKit/537.36 (KHTML, like Gecko) Chrome/133.0.6943.53 Safari/537.36 (compatible; Google-InspectionTool/1.0)"
66.249.66.36 - - [16/Feb/2025:21:40:44 +0530] "GET /wp-content/plugins/gp-premium/menu-plus/functions/js/offside.min.js?ver=2.4.1 HTTP/1.1" 200 2028 "https://entertainline.guru/joe-rogan-just-paid-14-4-million-for-an-amazing-austin-mansion/" "Mozilla/5.0 (X11; Linux x86_64) AppleWebKit/537.36 (KHTML, like Gecko) Chrome/133.0.6943.53 Safari/537.36 (compatible; Google-InspectionTool/1.0)"
66.249.66.36 - - [16/Feb/2025:21:40:45 +0530] "GET /wp-includes/css/dist/block-library/style.min.css?ver=6.7.2 HTTP/1.1" 200 14225 "https://entertainline.guru/joe-rogan-just-paid-14-4-million-for-an-amazing-austin-mansion/" "Mozilla/5.0 (Linux; Android 6.0.1; Nexus 5X Build/MMB29P) AppleWebKit/537.36 (KHTML, like Gecko) Chrome/133.0.6943.53 Mobile Safari/537.36 (compatible; Google-InspectionTool/1.0)"
66.249.66.34 - - [16/Feb/2025:21:40:45 +0530] "GET /wp-content/themes/generatepress/assets/css/main.min.css?ver=3.5.1 HTTP/1.1" 200 4410 "https://entertainline.guru/joe-rogan-just-paid-14-4-million-for-an-amazing-austin-mansion/" "Mozilla/5.0 (Linux; Android 6.0.1; Nexus 5X Build/MMB29P) AppleWebKit/537.36 (KHTML, like Gecko) Chrome/133.0.6943.53 Mobile Safari/537.36 (compatible; Google-InspectionTool/1.0)"
66.249.66.36 - - [16/Feb/2025:21:41:17 +0530] "GET /joe-rogan-just-paid-14-4-million-for-an-amazing-austin-mansion/ HTTP/1.1" 200 24349 "-" "Mozilla/5.0 (Linux; Android 6.0.1; Nexus 5X Build/MMB29P) AppleWebKit/537.36 (KHTML, like Gecko) Chrome/133.0.6943.98 Mobile Safari/537.36 (compatible; Google-InspectionTool/1.0;)"
66.249.66.36 - - [16/Feb/2025:21:41:18 +0530] "GET /wp-content/themes/generatepress/assets/css/components/comments.min.css?ver=3.5.1 HTTP/1.1" 200 488 "https://entertainline.guru/joe-rogan-just-paid-14-4-million-for-an-amazing-austin-mansion/" "Mozilla/5.0 (Linux; Android 6.0.1; Nexus 5X Build/MMB29P) AppleWebKit/537.36 (KHTML, like Gecko) Chrome/133.0.6943.53 Mobile Safari/537.36 (compatible; Google-InspectionTool/1.0)"
66.249.66.36 - - [16/Feb/2025:21:41:18 +0530] "GET /wp-content/plugins/gp-premium/menu-plus/functions/css/navigation-branding-flex.min.css?ver=2.4.1 HTTP/1.1" 200 542 "https://entertainline.guru/joe-rogan-just-paid-14-4-million-for-an-amazing-austin-mansion/" "Mozilla/5.0 (Linux; Android 6.0.1; Nexus 5X Build/MMB29P) AppleWebKit/537.36 (KHTML, like Gecko) Chrome/133.0.6943.53 Mobile Safari/537.36 (compatible; Google-InspectionTool/1.0)"
66.249.66.34 - - [16/Feb/2025:21:41:18 +0530] "GET /wp-content/themes/generatepress/assets/css/main.min.css?ver=3.5.1 HTTP/1.1" 200 4410 "https://entertainline.guru/joe-rogan-just-paid-14-4-million-for-an-amazing-austin-mansion/" "Mozilla/5.0 (Linux; Android 6.0.1; Nexus 5X Build/MMB29P) AppleWebKit/537.36 (KHTML, like Gecko) Chrome/133.0.6943.53 Mobile Safari/537.36 (compatible; Google-InspectionTool/1.0)"
66.249.66.34 - - [16/Feb/2025:21:33:18 +0530] "GET /wp-content/plugins/contact-form-7/includes/js/index.js?ver=6.0.3 HTTP/1.1" 200 4008 "https://entertainline.guru/shaboozey-height-age-girlfriend-family-biography/" "Mozilla/5.0 (X11; Linux x86_64) AppleWebKit/537.36 (KHTML, like Gecko) Chrome/133.0.6943.53 Safari/537.36 (compatible; Google-InspectionTool/1.0)"
66.249.66.36 - - [16/Feb/2025:21:33:18 +0530] "GET /wp-content/plugins/contact-form-7/includes/swv/js/index.js?ver=6.0.3 HTTP/1.1" 200 3369 "https://entertainline.guru/shaboozey-height-age-girlfriend-family-biography/" "Mozilla/5.0 (Linux; Android 6.0.1; Nexus 5X Build/MMB29P) AppleWebKit/537.36 (KHTML, like Gecko) Chrome/133.0.6943.53 Mobile Safari/537.36 (compatible; Google-InspectionTool/1.0)"
66.249.66.34 - - [16/Feb/2025:21:33:18 +0530] "GET /wp-content/plugins/contact-form-7/includes/css/styles.css?ver=6.0.3 HTTP/1.1" 200 890 "https://entertainline.guru/shaboozey-height-age-girlfriend-family-biography/" "Mozilla/5.0 (X11; Linux x86_64) AppleWebKit/537.36 (KHTML, like Gecko) Chrome/133.0.6943.53 Safari/537.36 (compatible; Google-InspectionTool/1.0)"
66.249.66.35 - - [16/Feb/2025:21:33:18 +0530] "GET /wp-content/plugins/contact-form-7/includes/css/styles.css?ver=6.0.3 HTTP/1.1" 200 890 "https://entertainline.guru/shaboozey-height-age-girlfriend-family-biography/" "Mozilla/5.0 (Linux; Android 6.0.1; Nexus 5X Build/MMB29P) AppleWebKit/537.36 (KHTML, like Gecko) Chrome/133.0.6943.53 Mobile Safari/537.36 (compatible; Google-InspectionTool/1.0)"
66.249.66.36 - - [16/Feb/2025:21:40:44 +0530] "GET /robots.txt HTTP/1.1" 200 110 "-" "Mozilla/5.0 (compatible; Googlebot/2.1; +http://www.google.com/bot.html)"
66.249.66.34 - - [16/Feb/2025:21:40:44 +0530] "GET /wp-content/plugins/contact-form-7/includes/swv/js/index.js?ver=6.0.3 HTTP/1.1" 200 3369 "https://entertainline.guru/joe-rogan-just-paid-14-4-million-for-an-amazing-austin-mansion/" "Mozilla/5.0 (Linux; Android 6.0.1; Nexus 5X Build/MMB29P) AppleWebKit/537.36 (KHTML, like Gecko) Chrome/133.0.6943.53 Mobile Safari/537.36 (compatible; Google-InspectionTool/1.0)"
66.249.66.34 - - [16/Feb/2025:21:40:45 +0530] "GET /wp-includes/js/dist/i18n.min.js?ver=5e580eb46a90c2b997e6 HTTP/1.1" 200 3542 "https://entertainline.guru/joe-rogan-just-paid-14-4-million-for-an-amazing-austin-mansion/" "Mozilla/5.0 (Linux; Android 6.0.1; Nexus 5X Build/MMB29P) AppleWebKit/537.36 (KHTML, like Gecko) Chrome/133.0.6943.53 Mobile Safari/537.36 (compatible; Google-InspectionTool/1.0)"
66.249.66.36 - - [16/Feb/2025:21:40:45 +0530] "GET /wp-content/plugins/gp-premium/menu-plus/functions/css/offside.min.css?ver=2.4.1 HTTP/1.1" 200 1364 "https://entertainline.guru/joe-rogan-just-paid-14-4-million-for-an-amazing-austin-mansion/" "Mozilla/5.0 (X11; Linux x86_64) AppleWebKit/537.36 (KHTML, like Gecko) Chrome/133.0.6943.53 Safari/537.36 (compatible; Google-InspectionTool/1.0)"
66.249.66.34 - - [16/Feb/2025:21:41:19 +0530] "GET /wp-content/plugins/contact-form-7/includes/js/index.js?ver=6.0.3 HTTP/1.1" 200 4008 "https://entertainline.guru/joe-rogan-just-paid-14-4-million-for-an-amazing-austin-mansion/" "Mozilla/5.0 (Linux; Android 6.0.1; Nexus 5X Build/MMB29P) AppleWebKit/537.36 (KHTML, like Gecko) Chrome/133.0.6943.53 Mobile Safari/537.36 (compatible; Google-InspectionTool/1.0)"
66.249.66.36 - - [16/Feb/2025:21:41:19 +0530] "GET /wp-content/plugins/gp-premium/menu-plus/functions/css/navigation-branding-flex.min.css?ver=2.4.1 HTTP/1.1" 200 542 "https://entertainline.guru/joe-rogan-just-paid-14-4-million-for-an-amazing-austin-mansion/" "Mozilla/5.0 (X11; Linux x86_64) AppleWebKit/537.36 (KHTML, like Gecko) Chrome/133.0.6943.53 Safari/537.36 (compatible; Google-InspectionTool/1.0)"
66.249.66.34 - - [16/Feb/2025:21:41:19 +0530] "GET /wp-content/plugins/contact-form-7/includes/swv/js/index.js?ver=6.0.3 HTTP/1.1" 200 3369 "https://entertainline.guru/joe-rogan-just-paid-14-4-million-for-an-amazing-austin-mansion/" "Mozilla/5.0 (X11; Linux x86_64) AppleWebKit/537.36 (KHTML, like Gecko) Chrome/133.0.6943.53 Safari/537.36 (compatible; Google-InspectionTool/1.0)"
66.249.66.35 - - [16/Feb/2025:21:40:45 +0530] "GET /wp-content/themes/generatepress/assets/dist/modal.js?ver=3.5.1 HTTP/1.1" 200 1277 "https://entertainline.guru/joe-rogan-just-paid-14-4-million-for-an-amazing-austin-mansion/" "Mozilla/5.0 (X11; Linux x86_64) AppleWebKit/537.36 (KHTML, like Gecko) Chrome/133.0.6943.53 Safari/537.36 (compatible; Google-InspectionTool/1.0)"
66.249.66.36 - - [16/Feb/2025:21:40:45 +0530] "GET /wp-content/plugins/contact-form-7/includes/swv/js/index.js?ver=6.0.3 HTTP/1.1" 200 3369 "https://entertainline.guru/joe-rogan-just-paid-14-4-million-for-an-amazing-austin-mansion/" "Mozilla/5.0 (X11; Linux x86_64) AppleWebKit/537.36 (KHTML, like Gecko) Chrome/133.0.6943.53 Safari/537.36 (compatible; Google-InspectionTool/1.0)"
66.249.66.34 - - [16/Feb/2025:21:40:48 +0530] "GET /wp-content/uploads/2025/02/Shaboozey-Height-Age-Girlfriend-Family-Biography-300x169.png HTTP/1.1" 200 66847 "https://entertainline.guru/joe-rogan-just-paid-14-4-million-for-an-amazing-austin-mansion/" "Mozilla/5.0 (X11; Linux x86_64) AppleWebKit/537.36 (KHTML, like Gecko) Chrome/133.0.6943.53 Safari/537.36 (compatible; Google-InspectionTool/1.0)"
66.249.66.35 - - [16/Feb/2025:21:40:48 +0530] "GET /wp-content/uploads/2025/02/image-300x165.jpeg HTTP/1.1" 200 6598 "https://entertainline.guru/joe-rogan-just-paid-14-4-million-for-an-amazing-austin-mansion/" "Mozilla/5.0 (X11; Linux x86_64) AppleWebKit/537.36 (KHTML, like Gecko) Chrome/133.0.6943.53 Safari/537.36 (compatible; Google-InspectionTool/1.0)"
66.249.66.34 - - [16/Feb/2025:21:40:51 +0530] "GET /wp-content/uploads/2025/02/image-768x422.jpeg HTTP/1.1" 200 26860 "https://entertainline.guru/joe-rogan-just-paid-14-4-million-for-an-amazing-austin-mansion/" "Mozilla/5.0 (Linux; Android 6.0.1; Nexus 5X Build/MMB29P) AppleWebKit/537.36 (KHTML, like Gecko) Chrome/133.0.6943.53 Mobile Safari/537.36 (compatible; Google-InspectionTool/1.0)"
66.249.66.35 - - [16/Feb/2025:21:40:51 +0530] "GET /wp-content/uploads/2025/02/Shaboozey-Height-Age-Girlfriend-Family-Biography-768x432.png HTTP/1.1" 200 327443 "https://entertainline.guru/joe-rogan-just-paid-14-4-million-for-an-amazing-austin-mansion/" "Mozilla/5.0 (Linux; Android 6.0.1; Nexus 5X Build/MMB29P) AppleWebKit/537.36 (KHTML, like Gecko) Chrome/133.0.6943.53 Mobile Safari/537.36 (compatible; Google-InspectionTool/1.0)"
66.249.66.34 - - [16/Feb/2025:21:41:18 +0530] "GET /wp-content/uploads/generatepress/style.min.css?ver=1739527775 HTTP/1.1" 200 2088 "https://entertainline.guru/joe-rogan-just-paid-14-4-million-for-an-amazing-austin-mansion/" "Mozilla/5.0 (Linux; Android 6.0.1; Nexus 5X Build/MMB29P) AppleWebKit/537.36 (KHTML, like Gecko) Chrome/133.0.6943.53 Mobile Safari/537.36 (compatible; Google-InspectionTool/1.0)"
66.249.66.35 - - [16/Feb/2025:21:41:18 +0530] "GET /wp-content/themes/generatepress/assets/js/menu.min.js?ver=3.5.1 HTTP/1.1" 200 1678 "https://entertainline.guru/joe-rogan-just-paid-14-4-million-for-an-amazing-austin-mansion/" "Mozilla/5.0 (Linux; Android 6.0.1; Nexus 5X Build/MMB29P) AppleWebKit/537.36 (KHTML, like Gecko) Chrome/133.0.6943.53 Mobile Safari/537.36 (compatible; Google-InspectionTool/1.0)"
66.249.66.34 - - [16/Feb/2025:21:41:19 +0530] "GET /wp-content/plugins/gp-premium/menu-plus/functions/css/offside.min.css?ver=2.4.1 HTTP/1.1" 200 1364 "https://entertainline.guru/joe-rogan-just-paid-14-4-million-for-an-amazing-austin-mansion/" "Mozilla/5.0 (X11; Linux x86_64) AppleWebKit/537.36 (KHTML, like Gecko) Chrome/133.0.6943.53 Safari/537.36 (compatible; Google-InspectionTool/1.0)"
66.249.66.35 - - [16/Feb/2025:21:41:18 +0530] "GET /wp-content/uploads/2025/02/image-3.png HTTP/1.1" 200 1949893 "https://entertainline.guru/joe-rogan-just-paid-14-4-million-for-an-amazing-austin-mansion/" "Mozilla/5.0 (Linux; Android 6.0.1; Nexus 5X Build/MMB29P) AppleWebKit/537.36 (KHTML, like Gecko) Chrome/133.0.6943.53 Mobile Safari/537.36 (compatible; Google-InspectionTool/1.0)"
66.249.66.35 - - [16/Feb/2025:21:40:45 +0530] "GET /wp-content/themes/generatepress/assets/dist/modal.js?ver=3.5.1 HTTP/1.1" 200 1277 "https://entertainline.guru/joe-rogan-just-paid-14-4-million-for-an-amazing-austin-mansion/" "Mozilla/5.0 (Linux; Android 6.0.1; Nexus 5X Build/MMB29P) AppleWebKit/537.36 (KHTML, like Gecko) Chrome/133.0.6943.53 Mobile Safari/537.36 (compatible; Google-InspectionTool/1.0)"
66.249.66.34 - - [16/Feb/2025:21:40:45 +0530] "GET /wp-includes/css/dist/block-library/style.min.css?ver=6.7.2 HTTP/1.1" 200 14225 "https://entertainline.guru/joe-rogan-just-paid-14-4-million-for-an-amazing-austin-mansion/" "Mozilla/5.0 (X11; Linux x86_64) AppleWebKit/537.36 (KHTML, like Gecko) Chrome/133.0.6943.53 Safari/537.36 (compatible; Google-InspectionTool/1.0)"
66.249.66.34 - - [16/Feb/2025:21:40:48 +0530] "GET /wp-content/uploads/2025/02/AA1yAoTb-300x157.webp HTTP/1.1" 200 16300 "https://entertainline.guru/joe-rogan-just-paid-14-4-million-for-an-amazing-austin-mansion/" "Mozilla/5.0 (X11; Linux x86_64) AppleWebKit/537.36 (KHTML, like Gecko) Chrome/133.0.6943.53 Safari/537.36 (compatible; Google-InspectionTool/1.0)"
66.249.66.34 - - [16/Feb/2025:21:40:51 +0530] "GET /wp-content/uploads/2025/02/AA1yAoTb-768x402.webp HTTP/1.1" 200 80240 "https://entertainline.guru/joe-rogan-just-paid-14-4-million-for-an-amazing-austin-mansion/" "Mozilla/5.0 (Linux; Android 6.0.1; Nexus 5X Build/MMB29P) AppleWebKit/537.36 (KHTML, like Gecko) Chrome/133.0.6943.53 Mobile Safari/537.36 (compatible; Google-InspectionTool/1.0)"
66.249.66.34 - - [16/Feb/2025:21:41:17 +0530] "GET /joe-rogan-just-paid-14-4-million-for-an-amazing-austin-mansion/ HTTP/1.1" 200 24325 "-" "Mozilla/5.0 (Linux; Android 6.0.1; Nexus 5X Build/MMB29P) AppleWebKit/537.36 (KHTML, like Gecko) Chrome/133.0.6943.53 Mobile Safari/537.36 (compatible; Googlebot/2.1; +http://www.google.com/bot.html)"
66.249.66.36 - - [16/Feb/2025:21:41:18 +0530] "GET /wp-content/plugins/contact-form-7/includes/css/styles.css?ver=6.0.3 HTTP/1.1" 200 890 "https://entertainline.guru/joe-rogan-just-paid-14-4-million-for-an-amazing-austin-mansion/" "Mozilla/5.0 (Linux; Android 6.0.1; Nexus 5X Build/MMB29P) AppleWebKit/537.36 (KHTML, like Gecko) Chrome/133.0.6943.53 Mobile Safari/537.36 (compatible; Google-InspectionTool/1.0)"
66.249.66.36 - - [16/Feb/2025:21:41:18 +0530] "GET /wp-includes/js/dist/i18n.min.js?ver=5e580eb46a90c2b997e6 HTTP/1.1" 200 3542 "https://entertainline.guru/joe-rogan-just-paid-14-4-million-for-an-amazing-austin-mansion/" "Mozilla/5.0 (X11; Linux x86_64) AppleWebKit/537.36 (KHTML, like Gecko) Chrome/133.0.6943.53 Safari/537.36 (compatible; Google-InspectionTool/1.0)"
66.249.66.35 - - [16/Feb/2025:21:41:19 +0530] "GET /wp-includes/css/dist/block-library/style.min.css?ver=6.7.2 HTTP/1.1" 200 14225 "https://entertainline.guru/joe-rogan-just-paid-14-4-million-for-an-amazing-austin-mansion/" "Mozilla/5.0 (X11; Linux x86_64) AppleWebKit/537.36 (KHTML, like Gecko) Chrome/133.0.6943.53 Safari/537.36 (compatible; Google-InspectionTool/1.0)"
66.249.66.36 - - [16/Feb/2025:21:41:19 +0530] "GET /wp-content/plugins/gp-premium/menu-plus/functions/js/offside.min.js?ver=2.4.1 HTTP/1.1" 200 2028 "https://entertainline.guru/joe-rogan-just-paid-14-4-million-for-an-amazing-austin-mansion/" "Mozilla/5.0 (X11; Linux x86_64) AppleWebKit/537.36 (KHTML, like Gecko) Chrome/133.0.6943.53 Safari/537.36 (compatible; Google-InspectionTool/1.0)"
66.249.66.36 - - [16/Feb/2025:21:41:19 +0530] "GET /wp-content/themes/generatepress/assets/dist/modal.js?ver=3.5.1 HTTP/1.1" 200 1277 "https://entertainline.guru/joe-rogan-just-paid-14-4-million-for-an-amazing-austin-mansion/" "Mozilla/5.0 (Linux; Android 6.0.1; Nexus 5X Build/MMB29P) AppleWebKit/537.36 (KHTML, like Gecko) Chrome/133.0.6943.53 Mobile Safari/537.36 (compatible; Google-InspectionTool/1.0)"
66.249.66.35 - - [16/Feb/2025:21:41:18 +0530] "GET /wp-content/plugins/gp-premium/blog/functions/css/featured-images.min.css?ver=2.4.1 HTTP/1.1" 200 422 "https://entertainline.guru/joe-rogan-just-paid-14-4-million-for-an-amazing-austin-mansion/" "Mozilla/5.0 (X11; Linux x86_64) AppleWebKit/537.36 (KHTML, like Gecko) Chrome/133.0.6943.53 Safari/537.36 (compatible; Google-InspectionTool/1.0)"
66.249.66.36 - - [16/Feb/2025:21:41:18 +0530] "GET /wp-content/themes/gp-marketer-free/style.css?ver=1739330580 HTTP/1.1" 200 898 "https://entertainline.guru/joe-rogan-just-paid-14-4-million-for-an-amazing-austin-mansion/" "Mozilla/5.0 (X11; Linux x86_64) AppleWebKit/537.36 (KHTML, like Gecko) Chrome/133.0.6943.53 Safari/537.36 (compatible; Google-InspectionTool/1.0)"
