140.228.21.193 - - [28/Feb/2025:13:20:50 +0530] "GET /wp-content/themes/generatepress/assets/css/components/widget-areas.min.css?ver=3.5.1 HTTP/1.1" 200 694 "http://www.freejobalerts.guru/" "Mozilla/5.0 (X11; Linux x86_64) AppleWebKit/537.36 (KHTML, like Gecko) HeadlessChrome/89.0.4389.90 Safari/537.36"
2a06:98c0:3600::103 - - [28/Feb/2025:13:30:16 +0530] "GET /wordpress/wp-admin/setup-config.php HTTP/1.1" 301 0 "-" "Mozilla/5.0 (Windows NT 10.0; Win64; x64) AppleWebKit/537.36 (KHTML, like Gecko) Chrome/133.0.0.0 Safari/537.36"
140.228.21.193 - - [28/Feb/2025:13:20:41 +0530] "GET /wp-content/plugins/contextual-related-posts/css/rounded-thumbs.min.css?ver=3.6.2 HTTP/1.1" 200 454 "http://www.freejobalerts.guru/" "Mozilla/5.0 (X11; Linux x86_64) AppleWebKit/537.36 (KHTML, like Gecko) HeadlessChrome/89.0.4389.90 Safari/537.36"
2a06:98c0:3600::103 - - [28/Feb/2025:14:04:20 +0530] "GET /wordpress/wp-admin/setup-config.php HTTP/1.1" 404 10770 "-" "Mozilla/5.0 (Windows NT 10.0; Win64; x64) AppleWebKit/537.36 (KHTML, like Gecko) Chrome/133.0.0.0 Safari/537.36"
162.55.100.32 - - [28/Feb/2025:14:04:21 +0530] "POST /wp-cron.php?doing_wp_cron=1740731661.0072369575500488281250 HTTP/1.1" 200 0 "-" "WordPress/6.7.2; https://www.freejobalerts.guru"
2a06:98c0:3600::103 - - [28/Feb/2025:14:05:28 +0530] "GET /wp-admin/setup-config.php HTTP/1.1" 409 1213 "-" "Mozilla/5.0 (Windows NT 10.0; Win64; x64) AppleWebKit/537.36 (KHTML, like Gecko) Chrome/133.0.0.0 Safari/537.36"
185.91.69.242 - - [28/Feb/2025:14:15:04 +0530] "GET / HTTP/1.1" 200 15547 "http://freejobalerts.guru" "Mozilla/5.0 (X11; Linux x86_64) AppleWebKit/537.36 (KHTML, like Gecko) Chrome/114.0.0.0 Safari/537.36 Vivaldi/5.3.2679.68"
2a06:98c0:3600::103 - - [28/Feb/2025:14:04:20 +0530] "GET /wordpress/wp-admin/setup-config.php HTTP/1.1" 301 0 "-" "Mozilla/5.0 (Windows NT 10.0; Win64; x64) AppleWebKit/537.36 (KHTML, like Gecko) Chrome/133.0.0.0 Safari/537.36"
185.91.69.242 - - [28/Feb/2025:14:15:03 +0530] "GET / HTTP/1.1" 301 0 "-" "Mozilla/5.0 (X11; Linux x86_64) AppleWebKit/537.36 (KHTML, like Gecko) Chrome/114.0.0.0 Safari/537.36 Vivaldi/5.3.2679.68"
2a06:98c0:3600::103 - - [28/Feb/2025:14:37:21 +0530] "GET /wordpress/wp-admin/setup-config.php HTTP/1.1" 301 0 "-" "Mozilla/5.0 (Windows NT 10.0; Win64; x64) AppleWebKit/537.36 (KHTML, like Gecko) Chrome/133.0.0.0 Safari/537.36"
2a06:98c0:3600::103 - - [28/Feb/2025:14:37:03 +0530] "GET /wp-admin/setup-config.php HTTP/1.1" 409 1213 "-" "Mozilla/5.0 (Windows NT 10.0; Win64; x64) AppleWebKit/537.36 (KHTML, like Gecko) Chrome/133.0.0.0 Safari/537.36"
162.55.100.32 - - [28/Feb/2025:14:37:21 +0530] "POST /wp-cron.php?doing_wp_cron=1740733641.7397511005401611328125 HTTP/1.1" 200 0 "-" "WordPress/6.7.2; https://www.freejobalerts.guru"
2a06:98c0:3600::103 - - [28/Feb/2025:14:37:22 +0530] "GET /wordpress/wp-admin/setup-config.php HTTP/1.1" 404 10770 "-" "Mozilla/5.0 (Windows NT 10.0; Win64; x64) AppleWebKit/537.36 (KHTML, like Gecko) Chrome/133.0.0.0 Safari/537.36"
2a06:98c0:3600::103 - - [28/Feb/2025:15:06:57 +0530] "GET /wp-admin/setup-config.php HTTP/1.1" 409 1213 "-" "Mozilla/5.0 (Windows NT 10.0; Win64; x64) AppleWebKit/537.36 (KHTML, like Gecko) Chrome/133.0.0.0 Safari/537.36"
2a06:98c0:3600::103 - - [28/Feb/2025:15:08:48 +0530] "GET /wordpress/wp-admin/setup-config.php HTTP/1.1" 301 0 "-" "Mozilla/5.0 (Windows NT 10.0; Win64; x64) AppleWebKit/537.36 (KHTML, like Gecko) Chrome/133.0.0.0 Safari/537.36"
2a06:98c0:3600::103 - - [28/Feb/2025:15:08:49 +0530] "GET /wordpress/wp-admin/setup-config.php HTTP/1.1" 404 10734 "-" "Mozilla/5.0 (Windows NT 10.0; Win64; x64) AppleWebKit/537.36 (KHTML, like Gecko) Chrome/133.0.0.0 Safari/537.36"
2a06:98c0:3600::103 - - [28/Feb/2025:16:42:50 +0530] "GET /wordpress/wp-admin/setup-config.php HTTP/1.1" 301 0 "-" "Mozilla/5.0 (Windows NT 10.0; Win64; x64) AppleWebKit/537.36 (KHTML, like Gecko) Chrome/133.0.0.0 Safari/537.36"
43.130.228.73 - - [28/Feb/2025:16:39:44 +0530] "GET / HTTP/1.1" 200 17910 "http://freejobalerts.guru" "Mozilla/5.0 (iPhone; CPU iPhone OS 13_2_3 like Mac OS X) AppleWebKit/605.1.15 (KHTML, like Gecko) Version/13.0.3 Mobile/15E148 Safari/604.1"
2a06:98c0:3600::103 - - [28/Feb/2025:16:12:04 +0530] "GET /wordpress/wp-admin/setup-config.php HTTP/1.1" 301 0 "-" "Mozilla/5.0 (Windows NT 10.0; Win64; x64) AppleWebKit/537.36 (KHTML, like Gecko) Chrome/133.0.0.0 Safari/537.36"
2a06:98c0:3600::103 - - [28/Feb/2025:16:12:05 +0530] "GET /wordpress/wp-admin/setup-config.php HTTP/1.1" 404 10770 "-" "Mozilla/5.0 (Windows NT 10.0; Win64; x64) AppleWebKit/537.36 (KHTML, like Gecko) Chrome/133.0.0.0 Safari/537.36"
2a06:98c0:3600::103 - - [28/Feb/2025:16:42:51 +0530] "GET /wordpress/wp-admin/setup-config.php HTTP/1.1" 404 10734 "-" "Mozilla/5.0 (Windows NT 10.0; Win64; x64) AppleWebKit/537.36 (KHTML, like Gecko) Chrome/133.0.0.0 Safari/537.36"
2a06:98c0:3600::103 - - [28/Feb/2025:16:12:24 +0530] "GET /wp-admin/setup-config.php HTTP/1.1" 409 1213 "-" "Mozilla/5.0 (Windows NT 10.0; Win64; x64) AppleWebKit/537.36 (KHTML, like Gecko) Chrome/133.0.0.0 Safari/537.36"
2a06:98c0:3600::103 - - [28/Feb/2025:16:44:47 +0530] "GET /wp-admin/setup-config.php HTTP/1.1" 409 1213 "-" "Mozilla/5.0 (Windows NT 10.0; Win64; x64) AppleWebKit/537.36 (KHTML, like Gecko) Chrome/133.0.0.0 Safari/537.36"
2a06:98c0:3600::103 - - [28/Feb/2025:15:41:12 +0530] "GET /wordpress/wp-admin/setup-config.php HTTP/1.1" 404 10770 "-" "Mozilla/5.0 (Windows NT 10.0; Win64; x64) AppleWebKit/537.36 (KHTML, like Gecko) Chrome/133.0.0.0 Safari/537.36"
2a06:98c0:3600::103 - - [28/Feb/2025:15:41:12 +0530] "GET /wordpress/wp-admin/setup-config.php HTTP/1.1" 301 0 "-" "Mozilla/5.0 (Windows NT 10.0; Win64; x64) AppleWebKit/537.36 (KHTML, like Gecko) Chrome/133.0.0.0 Safari/537.36"
162.55.100.32 - - [28/Feb/2025:16:39:42 +0530] "POST /wp-cron.php?doing_wp_cron=1740740982.6060080528259277343750 HTTP/1.1" 200 0 "-" "WordPress/6.7.2; https://www.freejobalerts.guru"
43.130.228.73 - - [28/Feb/2025:16:39:42 +0530] "GET / HTTP/1.1" 301 0 "-" "Mozilla/5.0 (iPhone; CPU iPhone OS 13_2_3 like Mac OS X) AppleWebKit/605.1.15 (KHTML, like Gecko) Version/13.0.3 Mobile/15E148 Safari/604.1"
66.249.66.167 - - [28/Feb/2025:16:49:12 +0530] "GET / HTTP/1.1" 200 18876 "-" "Mozilla/5.0 (compatible; Googlebot/2.1; +http://www.google.com/bot.html)"
66.249.66.168 - - [28/Feb/2025:16:49:19 +0530] "GET /favicon.ico HTTP/1.1" 404 1251 "-" "Googlebot-Image/1.0"
66.249.66.168 - - [28/Feb/2025:16:49:12 +0530] "GET /robots.txt HTTP/1.1" 200 106 "-" "Mozilla/5.0 (compatible; Googlebot/2.1; +http://www.google.com/bot.html)"
66.249.66.169 - - [28/Feb/2025:16:49:12 +0530] "GET / HTTP/1.1" 200 19019 "-" "Mozilla/5.0 (Linux; Android 6.0.1; Nexus 5X Build/MMB29P) AppleWebKit/537.36 (KHTML, like Gecko) Chrome/133.0.6943.53 Mobile Safari/537.36 (compatible; Googlebot/2.1; +http://www.google.com/bot.html)"
146.70.205.60 - - [28/Feb/2025:17:37:21 +0530] "GET / HTTP/1.1" 301 0 "-" "Mozilla/5.0 (Windows NT 10.0; Win64; x64) AppleWebKit/537.36 (KHTML, like Gecko) Chrome/95.0.4638.69 Safari/537.36"
162.55.100.32 - - [28/Feb/2025:17:38:30 +0530] "POST /wp-cron.php?doing_wp_cron=1740744510.7350890636444091796875 HTTP/1.1" 200 0 "-" "WordPress/6.7.2; https://www.freejobalerts.guru"
146.70.205.60 - - [28/Feb/2025:17:37:23 +0530] "GET //wp-includes/ID3/license.txt HTTP/1.1" 200 1396 "-" "Mozilla/5.0 (Windows NT 10.0; Win64; x64) AppleWebKit/537.36 (KHTML, like Gecko) Chrome/95.0.4638.69 Safari/537.36"
146.70.205.60 - - [28/Feb/2025:17:37:24 +0530] "GET //feed/ HTTP/1.1" 301 0 "-" "Mozilla/5.0 (Windows NT 10.0; Win64; x64) AppleWebKit/537.36 (KHTML, like Gecko) Chrome/95.0.4638.69 Safari/537.36"
146.70.205.60 - - [28/Feb/2025:17:37:24 +0530] "GET //xmlrpc.php?rsd HTTP/1.1" 200 846 "-" "Mozilla/5.0 (Windows NT 10.0; Win64; x64) AppleWebKit/537.36 (KHTML, like Gecko) Chrome/95.0.4638.69 Safari/537.36"
146.70.205.60 - - [28/Feb/2025:17:37:25 +0530] "GET //?author=1 HTTP/1.1" 301 0 "-" "Mozilla/5.0 (Windows NT 10.0; Win64; x64) AppleWebKit/537.36 (KHTML, like Gecko) Chrome/95.0.4638.69 Safari/537.36"
146.70.205.60 - - [28/Feb/2025:17:37:26 +0530] "GET //?author=2 HTTP/1.1" 301 0 "-" "Mozilla/5.0 (Windows NT 10.0; Win64; x64) AppleWebKit/537.36 (KHTML, like Gecko) Chrome/95.0.4638.69 Safari/537.36"
146.70.205.60 - - [28/Feb/2025:17:37:26 +0530] "GET //wp-json/wp/v2/users/ HTTP/1.1" 200 681 "-" "Mozilla/5.0 (Windows NT 10.0; Win64; x64) AppleWebKit/537.36 (KHTML, like Gecko) Chrome/95.0.4638.69 Safari/537.36"
146.70.205.60 - - [28/Feb/2025:17:37:27 +0530] "POST //xmlrpc.php HTTP/1.1" 200 403 "-" "Mozilla/5.0 (Windows NT 10.0; Win64; x64) AppleWebKit/537.36 (KHTML, like Gecko) Chrome/95.0.4638.69 Safari/537.36"
146.70.205.60 - - [28/Feb/2025:17:37:33 +0530] "POST //xmlrpc.php HTTP/1.1" 200 403 "-" "Mozilla/5.0 (Windows NT 10.0; Win64; x64) AppleWebKit/537.36 (KHTML, like Gecko) Chrome/95.0.4638.69 Safari/537.36"
146.70.205.60 - - [28/Feb/2025:17:37:46 +0530] "POST //xmlrpc.php HTTP/1.1" 200 401 "-" "Mozilla/5.0 (Windows NT 10.0; Win64; x64) AppleWebKit/537.36 (KHTML, like Gecko) Chrome/95.0.4638.69 Safari/537.36"
146.70.205.60 - - [28/Feb/2025:17:38:01 +0530] "POST //xmlrpc.php HTTP/1.1" 200 401 "-" "Mozilla/5.0 (Windows NT 10.0; Win64; x64) AppleWebKit/537.36 (KHTML, like Gecko) Chrome/95.0.4638.69 Safari/537.36"
146.70.205.60 - - [28/Feb/2025:17:38:16 +0530] "POST //xmlrpc.php HTTP/1.1" 200 403 "-" "Mozilla/5.0 (Windows NT 10.0; Win64; x64) AppleWebKit/537.36 (KHTML, like Gecko) Chrome/95.0.4638.69 Safari/537.36"
146.70.205.60 - - [28/Feb/2025:17:38:31 +0530] "POST //xmlrpc.php HTTP/1.1" 200 401 "-" "Mozilla/5.0 (Windows NT 10.0; Win64; x64) AppleWebKit/537.36 (KHTML, like Gecko) Chrome/95.0.4638.69 Safari/537.36"
43.156.202.34 - - [28/Feb/2025:17:35:27 +0530] "GET / HTTP/1.1" 200 17759 "-" "Mozilla/5.0 (iPhone; CPU iPhone OS 13_2_3 like Mac OS X) AppleWebKit/605.1.15 (KHTML, like Gecko) Version/13.0.3 Mobile/15E148 Safari/604.1"
162.55.100.32 - - [28/Feb/2025:17:37:21 +0530] "POST /wp-cron.php?doing_wp_cron=1740744441.7880430221557617187500 HTTP/1.1" 200 0 "-" "WordPress/6.7.2; https://www.freejobalerts.guru"
129.226.93.214 - - [28/Feb/2025:19:26:43 +0530] "GET / HTTP/1.1" 200 17868 "-" "Mozilla/5.0 (iPhone; CPU iPhone OS 13_2_3 like Mac OS X) AppleWebKit/605.1.15 (KHTML, like Gecko) Version/13.0.3 Mobile/15E148 Safari/604.1"
43.135.186.135 - - [28/Feb/2025:20:31:28 +0530] "GET / HTTP/1.1" 200 17974 "-" "Mozilla/5.0 (iPhone; CPU iPhone OS 13_2_3 like Mac OS X) AppleWebKit/605.1.15 (KHTML, like Gecko) Version/13.0.3 Mobile/15E148 Safari/604.1"
43.153.123.4 - - [28/Feb/2025:20:38:24 +0530] "GET / HTTP/1.1" 200 17974 "-" "Mozilla/5.0 (iPhone; CPU iPhone OS 13_2_3 like Mac OS X) AppleWebKit/605.1.15 (KHTML, like Gecko) Version/13.0.3 Mobile/15E148 Safari/604.1"
162.55.100.32 - - [28/Feb/2025:20:31:28 +0530] "POST /wp-cron.php?doing_wp_cron=1740754888.7664151191711425781250 HTTP/1.1" 200 0 "-" "WordPress/6.7.2; https://www.freejobalerts.guru"
43.135.172.89 - - [28/Feb/2025:21:21:53 +0530] "GET / HTTP/1.1" 301 0 "-" "Mozilla/5.0 (iPhone; CPU iPhone OS 13_2_3 like Mac OS X) AppleWebKit/605.1.15 (KHTML, like Gecko) Version/13.0.3 Mobile/15E148 Safari/604.1"
43.135.172.89 - - [28/Feb/2025:21:21:56 +0530] "GET / HTTP/1.1" 200 17759 "http://freejobalerts.guru" "Mozilla/5.0 (iPhone; CPU iPhone OS 13_2_3 like Mac OS X) AppleWebKit/605.1.15 (KHTML, like Gecko) Version/13.0.3 Mobile/15E148 Safari/604.1"
181.214.153.11 - - [28/Feb/2025:23:42:21 +0530] "GET /wp-includes/js/masonry.min.js?ver=4.2.2 HTTP/1.1" 200 7376 "http://www.freejobalerts.guru/" "Mozilla/5.0 (X11; Linux x86_64) AppleWebKit/537.36 (KHTML, like Gecko) HeadlessChrome/122.0.6261.94 Safari/537.36"
181.214.153.11 - - [28/Feb/2025:23:42:22 +0530] "GET /wp-includes/js/wp-emoji-release.min.js?ver=6.7.2 HTTP/1.1" 200 5072 "http://www.freejobalerts.guru/" "Mozilla/5.0 (X11; Linux x86_64) AppleWebKit/537.36 (KHTML, like Gecko) HeadlessChrome/122.0.6261.94 Safari/537.36"
119.28.177.175 - - [28/Feb/2025:23:36:14 +0530] "GET / HTTP/1.1" 200 17841 "http://freejobalerts.guru" "Mozilla/5.0 (iPhone; CPU iPhone OS 13_2_3 like Mac OS X) AppleWebKit/605.1.15 (KHTML, like Gecko) Version/13.0.3 Mobile/15E148 Safari/604.1"
181.214.153.11 - - [28/Feb/2025:23:42:09 +0530] "GET / HTTP/1.1" 301 0 "-" "Mozilla/5.0 (X11; Linux x86_64) AppleWebKit/537.36 (KHTML, like Gecko) HeadlessChrome/122.0.6261.94 Safari/537.36"
181.214.153.11 - - [28/Feb/2025:23:42:19 +0530] "GET /wp-content/plugins/related-posts-thumbnails/assets/css/front.css?ver=4.2.1 HTTP/1.1" 200 1198 "http://www.freejobalerts.guru/" "Mozilla/5.0 (X11; Linux x86_64) AppleWebKit/537.36 (KHTML, like Gecko) HeadlessChrome/122.0.6261.94 Safari/537.36"
181.214.153.11 - - [28/Feb/2025:23:42:21 +0530] "GET /wp-content/plugins/contact-form-7/includes/js/index.js?ver=6.0.4 HTTP/1.1" 200 4236 "http://www.freejobalerts.guru/" "Mozilla/5.0 (X11; Linux x86_64) AppleWebKit/537.36 (KHTML, like Gecko) HeadlessChrome/122.0.6261.94 Safari/537.36"
181.214.153.11 - - [28/Feb/2025:23:42:21 +0530] "GET /wp-content/plugins/gp-premium/blog/functions/js/scripts.min.js?ver=2.0.2 HTTP/1.1" 200 608 "http://www.freejobalerts.guru/" "Mozilla/5.0 (X11; Linux x86_64) AppleWebKit/537.36 (KHTML, like Gecko) HeadlessChrome/122.0.6261.94 Safari/537.36"
43.133.220.37 - - [28/Feb/2025:23:33:59 +0530] "GET / HTTP/1.1" 200 18011 "http://freejobalerts.guru" "Mozilla/5.0 (iPhone; CPU iPhone OS 13_2_3 like Mac OS X) AppleWebKit/605.1.15 (KHTML, like Gecko) Version/13.0.3 Mobile/15E148 Safari/604.1"
181.214.153.11 - - [28/Feb/2025:23:42:21 +0530] "GET /wp-content/themes/generatepress/assets/js/menu.min.js?ver=3.5.1 HTTP/1.1" 200 1828 "http://www.freejobalerts.guru/" "Mozilla/5.0 (X11; Linux x86_64) AppleWebKit/537.36 (KHTML, like Gecko) HeadlessChrome/122.0.6261.94 Safari/537.36"
181.214.153.11 - - [28/Feb/2025:23:42:17 +0530] "GET / HTTP/1.1" 200 17878 "-" "Mozilla/5.0 (X11; Linux x86_64) AppleWebKit/537.36 (KHTML, like Gecko) HeadlessChrome/122.0.6261.94 Safari/537.36"
181.214.153.11 - - [28/Feb/2025:23:42:20 +0530] "GET /wp-includes/js/dist/hooks.min.js?ver=4d63a3d491d11ffd8ac6 HTTP/1.1" 200 1644 "http://www.freejobalerts.guru/" "Mozilla/5.0 (X11; Linux x86_64) AppleWebKit/537.36 (KHTML, like Gecko) HeadlessChrome/122.0.6261.94 Safari/537.36"
181.214.153.11 - - [28/Feb/2025:23:42:21 +0530] "GET /wp-includes/js/imagesloaded.min.js?ver=5.0.0 HTTP/1.1" 200 1801 "http://www.freejobalerts.guru/" "Mozilla/5.0 (X11; Linux x86_64) AppleWebKit/537.36 (KHTML, like Gecko) HeadlessChrome/122.0.6261.94 Safari/537.36"
66.249.66.168 - - [28/Feb/2025:23:17:25 +0530] "GET / HTTP/1.1" 200 18925 "-" "Mozilla/5.0 (compatible; Googlebot/2.1; +http://www.google.com/bot.html)"
119.28.177.175 - - [28/Feb/2025:23:36:07 +0530] "GET / HTTP/1.1" 301 0 "-" "Mozilla/5.0 (iPhone; CPU iPhone OS 13_2_3 like Mac OS X) AppleWebKit/605.1.15 (KHTML, like Gecko) Version/13.0.3 Mobile/15E148 Safari/604.1"
66.249.66.168 - - [28/Feb/2025:23:17:24 +0530] "GET /robots.txt HTTP/1.1" 200 106 "-" "Mozilla/5.0 (compatible; Googlebot/2.1; +http://www.google.com/bot.html)"
181.214.153.11 - - [28/Feb/2025:23:42:19 +0530] "GET /wp-includes/css/dist/block-library/style.min.css?ver=6.7.2 HTTP/1.1" 200 15146 "http://www.freejobalerts.guru/" "Mozilla/5.0 (X11; Linux x86_64) AppleWebKit/537.36 (KHTML, like Gecko) HeadlessChrome/122.0.6261.94 Safari/537.36"
162.55.100.32 - - [28/Feb/2025:22:47:31 +0530] "POST /wp-cron.php?doing_wp_cron=1740763051.3383400440216064453125 HTTP/1.1" 200 0 "-" "WordPress/6.7.2; https://www.freejobalerts.guru"
43.133.220.37 - - [28/Feb/2025:23:33:54 +0530] "GET / HTTP/1.1" 301 0 "-" "Mozilla/5.0 (iPhone; CPU iPhone OS 13_2_3 like Mac OS X) AppleWebKit/605.1.15 (KHTML, like Gecko) Version/13.0.3 Mobile/15E148 Safari/604.1"
181.214.153.11 - - [28/Feb/2025:23:42:19 +0530] "GET /wp-content/plugins/contact-form-7/includes/css/styles.css?ver=6.0.4 HTTP/1.1" 200 1016 "http://www.freejobalerts.guru/" "Mozilla/5.0 (X11; Linux x86_64) AppleWebKit/537.36 (KHTML, like Gecko) HeadlessChrome/122.0.6261.94 Safari/537.36"
181.214.153.11 - - [28/Feb/2025:23:42:19 +0530] "GET /wp-content/themes/generatepress/assets/css/main.min.css?ver=3.5.1 HTTP/1.1" 200 4670 "http://www.freejobalerts.guru/" "Mozilla/5.0 (X11; Linux x86_64) AppleWebKit/537.36 (KHTML, like Gecko) HeadlessChrome/122.0.6261.94 Safari/537.36"
181.214.153.11 - - [28/Feb/2025:23:42:20 +0530] "GET /wp-content/plugins/contact-form-7/includes/swv/js/index.js?ver=6.0.4 HTTP/1.1" 200 3522 "http://www.freejobalerts.guru/" "Mozilla/5.0 (X11; Linux x86_64) AppleWebKit/537.36 (KHTML, like Gecko) HeadlessChrome/122.0.6261.94 Safari/537.36"
49.51.47.100 - - [28/Feb/2025:22:47:30 +0530] "GET / HTTP/1.1" 200 17910 "-" "Mozilla/5.0 (iPhone; CPU iPhone OS 13_2_3 like Mac OS X) AppleWebKit/605.1.15 (KHTML, like Gecko) Version/13.0.3 Mobile/15E148 Safari/604.1"
181.214.153.11 - - [28/Feb/2025:23:42:19 +0530] "GET /wp-content/plugins/contextual-related-posts/css/rounded-thumbs.min.css?ver=3.6.2 HTTP/1.1" 200 454 "http://www.freejobalerts.guru/" "Mozilla/5.0 (X11; Linux x86_64) AppleWebKit/537.36 (KHTML, like Gecko) HeadlessChrome/122.0.6261.94 Safari/537.36"
181.214.153.11 - - [28/Feb/2025:23:42:19 +0530] "GET /wp-content/themes/generatepress/assets/css/components/widget-areas.min.css?ver=3.5.1 HTTP/1.1" 200 694 "http://www.freejobalerts.guru/" "Mozilla/5.0 (X11; Linux x86_64) AppleWebKit/537.36 (KHTML, like Gecko) HeadlessChrome/122.0.6261.94 Safari/537.36"
181.214.153.11 - - [28/Feb/2025:23:42:20 +0530] "GET /wp-content/plugins/gp-premium/blog/functions/css/style.min.css?ver=2.0.2 HTTP/1.1" 200 1112 "http://www.freejobalerts.guru/" "Mozilla/5.0 (X11; Linux x86_64) AppleWebKit/537.36 (KHTML, like Gecko) HeadlessChrome/122.0.6261.94 Safari/537.36"
181.214.153.11 - - [28/Feb/2025:23:42:20 +0530] "GET /wp-includes/js/dist/i18n.min.js?ver=5e580eb46a90c2b997e6 HTTP/1.1" 200 3667 "http://www.freejobalerts.guru/" "Mozilla/5.0 (X11; Linux x86_64) AppleWebKit/537.36 (KHTML, like Gecko) HeadlessChrome/122.0.6261.94 Safari/537.36"
43.157.209.67 - - [01/Mar/2025:01:02:57 +0530] "GET / HTTP/1.1" 301 0 "-" "Mozilla/5.0 (iPhone; CPU iPhone OS 13_2_3 like Mac OS X) AppleWebKit/605.1.15 (KHTML, like Gecko) Version/13.0.3 Mobile/15E148 Safari/604.1"
43.157.209.67 - - [01/Mar/2025:01:03:00 +0530] "GET / HTTP/1.1" 200 17751 "http://freejobalerts.guru" "Mozilla/5.0 (iPhone; CPU iPhone OS 13_2_3 like Mac OS X) AppleWebKit/605.1.15 (KHTML, like Gecko) Version/13.0.3 Mobile/15E148 Safari/604.1"
162.55.100.32 - - [01/Mar/2025:00:22:29 +0530] "POST /wp-cron.php?doing_wp_cron=1740768749.6980669498443603515625 HTTP/1.1" 200 0 "-" "WordPress/6.7.2; https://www.freejobalerts.guru"
51.178.81.195 - - [01/Mar/2025:00:22:29 +0530] "GET / HTTP/1.1" 301 0 "-" "Mozilla/5.0 (Windows NT 10.0; Win64; x64) AppleWebKit/537.36 (KHTML, like Gecko) Chrome/132.0.0.0 Safari/537.36"
164.90.241.135 - - [01/Mar/2025:00:22:49 +0530] "GET / HTTP/1.1" 301 0 "-" "Mozilla/5.0 (iPhone; CPU iPhone OS 17_5_1 like Mac OS X) AppleWebKit/605.1.15 (KHTML, like Gecko) Version/17.5 Mobile/15E148 Safari/604.1"
164.90.241.135 - - [01/Mar/2025:00:22:29 +0530] "GET / HTTP/1.1" 301 0 "-" "Mozilla/5.0 (Linux; Android 10; K) AppleWebKit/537.36 (KHTML, like Gecko) Chrome/132.0.0.0 Safari/537.36"
193.27.14.184 - - [01/Mar/2025:00:22:29 +0530] "GET / HTTP/1.1" 301 0 "-" "Mozilla/5.0 (iPhone; CPU iPhone OS 17_5_1 like Mac OS X) AppleWebKit/605.1.15 (KHTML, like Gecko) Version/17.5 Mobile/15E148 Safari/604.1"
37.120.233.25 - - [01/Mar/2025:00:22:30 +0530] "GET / HTTP/1.1" 301 0 "-" "Mozilla/5.0 (iPhone; CPU iPhone OS 17_6_1 like Mac OS X) AppleWebKit/605.1.15 (KHTML, like Gecko) Version/17.6 Mobile/15E148 Safari/604.1"
164.90.241.135 - - [01/Mar/2025:00:22:53 +0530] "GET /favicon.ico HTTP/1.1" 404 1251 "-" "Mozilla/5.0 (Linux; Android 10; K) AppleWebKit/537.36 (KHTML, like Gecko) Chrome/132.0.0.0 Safari/537.36"
162.55.100.32 - - [01/Mar/2025:02:10:24 +0530] "POST /wp-cron.php?doing_wp_cron=1740775224.5927410125732421875000 HTTP/1.1" 200 0 "-" "WordPress/6.7.2; https://www.freejobalerts.guru"
43.204.101.110 - - [01/Mar/2025:02:10:25 +0530] "GET /.env HTTP/1.1" 404 9046 "https://www.google.com/" "Mozilla/5.0 (Windows; U; MSIE 6.1; Macintosh; .NET CLR 2.1.12463; Intel Mac OS X 10_8_2)"
43.204.101.110 - - [01/Mar/2025:02:10:27 +0530] "GET /.remote HTTP/1.1" 404 9009 "https://www.google.com/" "Mozilla/5.0 (Windows; U; MSIE 6.1; Macintosh; .NET CLR 2.1.12463; Intel Mac OS X 10_8_2)"
43.204.101.110 - - [01/Mar/2025:02:10:28 +0530] "GET /.local HTTP/1.1" 404 9046 "https://www.google.com/" "Mozilla/5.0 (Windows; U; MSIE 6.1; Macintosh; .NET CLR 2.1.12463; Intel Mac OS X 10_8_2)"
43.204.101.110 - - [01/Mar/2025:02:10:29 +0530] "GET /.production HTTP/1.1" 404 9009 "https://www.google.com/" "Mozilla/5.0 (Windows; U; MSIE 6.1; Macintosh; .NET CLR 2.1.12463; Intel Mac OS X 10_8_2)"
43.204.101.110 - - [01/Mar/2025:02:10:30 +0530] "GET /vendor/.env HTTP/1.1" 404 9009 "https://www.google.com/" "Mozilla/5.0 (Windows; U; MSIE 6.1; Macintosh; .NET CLR 2.1.12463; Intel Mac OS X 10_8_2)"
43.204.101.110 - - [01/Mar/2025:02:10:32 +0530] "GET /lib/.env HTTP/1.1" 404 8975 "https://www.google.com/" "Mozilla/5.0 (Windows; U; MSIE 6.1; Macintosh; .NET CLR 2.1.12463; Intel Mac OS X 10_8_2)"
43.204.101.110 - - [01/Mar/2025:02:10:33 +0530] "GET /lab/.env HTTP/1.1" 404 8975 "https://www.google.com/" "Mozilla/5.0 (Windows; U; MSIE 6.1; Macintosh; .NET CLR 2.1.12463; Intel Mac OS X 10_8_2)"
43.204.101.110 - - [01/Mar/2025:02:10:34 +0530] "GET /cronlab/.env HTTP/1.1" 404 9022 "https://www.google.com/" "Mozilla/5.0 (Windows; U; MSIE 6.1; Macintosh; .NET CLR 2.1.12463; Intel Mac OS X 10_8_2)"
43.204.101.110 - - [01/Mar/2025:02:10:35 +0530] "GET /cron/.env HTTP/1.1" 404 9009 "https://www.google.com/" "Mozilla/5.0 (Windows; U; MSIE 6.1; Macintosh; .NET CLR 2.1.12463; Intel Mac OS X 10_8_2)"
43.204.101.110 - - [01/Mar/2025:02:10:37 +0530] "GET /core/.env HTTP/1.1" 404 9046 "https://www.google.com/" "Mozilla/5.0 (Windows; U; MSIE 6.1; Macintosh; .NET CLR 2.1.12463; Intel Mac OS X 10_8_2)"
43.204.101.110 - - [01/Mar/2025:02:10:38 +0530] "GET /core/app/.env HTTP/1.1" 404 9766 "https://www.google.com/" "Mozilla/5.0 (Windows; U; MSIE 6.1; Macintosh; .NET CLR 2.1.12463; Intel Mac OS X 10_8_2)"
43.204.101.110 - - [01/Mar/2025:02:10:39 +0530] "GET /core/Datavase/.env HTTP/1.1" 404 9766 "https://www.google.com/" "Mozilla/5.0 (Windows; U; MSIE 6.1; Macintosh; .NET CLR 2.1.12463; Intel Mac OS X 10_8_2)"
43.204.101.110 - - [01/Mar/2025:02:10:40 +0530] "GET /database/.env HTTP/1.1" 404 9009 "https://www.google.com/" "Mozilla/5.0 (Windows; U; MSIE 6.1; Macintosh; .NET CLR 2.1.12463; Intel Mac OS X 10_8_2)"
43.204.101.110 - - [01/Mar/2025:02:10:41 +0530] "GET /config/.env HTTP/1.1" 404 9009 "https://www.google.com/" "Mozilla/5.0 (Windows; U; MSIE 6.1; Macintosh; .NET CLR 2.1.12463; Intel Mac OS X 10_8_2)"
43.204.101.110 - - [01/Mar/2025:02:10:42 +0530] "GET /assets/.env HTTP/1.1" 404 9009 "https://www.google.com/" "Mozilla/5.0 (Windows; U; MSIE 6.1; Macintosh; .NET CLR 2.1.12463; Intel Mac OS X 10_8_2)"
43.204.101.110 - - [01/Mar/2025:02:10:42 +0530] "GET /app/.env HTTP/1.1" 404 9009 "https://www.google.com/" "Mozilla/5.0 (Windows; U; MSIE 6.1; Macintosh; .NET CLR 2.1.12463; Intel Mac OS X 10_8_2)"
43.204.101.110 - - [01/Mar/2025:02:10:43 +0530] "GET /apps/.env HTTP/1.1" 404 9009 "https://www.google.com/" "Mozilla/5.0 (Windows; U; MSIE 6.1; Macintosh; .NET CLR 2.1.12463; Intel Mac OS X 10_8_2)"
43.204.101.110 - - [01/Mar/2025:02:10:44 +0530] "GET /uploads/.env HTTP/1.1" 404 9009 "https://www.google.com/" "Mozilla/5.0 (Windows; U; MSIE 6.1; Macintosh; .NET CLR 2.1.12463; Intel Mac OS X 10_8_2)"
43.204.101.110 - - [01/Mar/2025:02:10:44 +0530] "GET /sitemaps/.env HTTP/1.1" 404 9009 "https://www.google.com/" "Mozilla/5.0 (Windows; U; MSIE 6.1; Macintosh; .NET CLR 2.1.12463; Intel Mac OS X 10_8_2)"
43.204.101.110 - - [01/Mar/2025:02:10:59 +0530] "POST /admin/vendor/phpunit/phpunit/src/Util/PHP/eval-stdin.php HTTP/1.1" 404 9766 "https://www.google.com/" "Mozilla/5.0 (Windows; U; MSIE 6.1; Macintosh; .NET CLR 2.1.12463; Intel Mac OS X 10_8_2)"
43.204.101.110 - - [01/Mar/2025:02:11:00 +0530] "POST /api/vendor/phpunit/phpunit/src/Util/PHP/eval-stdin.php HTTP/1.1" 404 9766 "https://www.google.com/" "Mozilla/5.0 (Windows; U; MSIE 6.1; Macintosh; .NET CLR 2.1.12463; Intel Mac OS X 10_8_2)"
43.204.101.110 - - [01/Mar/2025:02:11:01 +0530] "POST /backup/vendor/phpunit/phpunit/src/Util/PHP/eval-stdin.php HTTP/1.1" 404 9766 "https://www.google.com/" "Mozilla/5.0 (Windows; U; MSIE 6.1; Macintosh; .NET CLR 2.1.12463; Intel Mac OS X 10_8_2)"
43.204.101.110 - - [01/Mar/2025:02:11:03 +0530] "POST /blog/vendor/phpunit/phpunit/src/Util/PHP/eval-stdin.php HTTP/1.1" 404 9766 "https://www.google.com/" "Mozilla/5.0 (Windows; U; MSIE 6.1; Macintosh; .NET CLR 2.1.12463; Intel Mac OS X 10_8_2)"
43.204.101.110 - - [01/Mar/2025:02:11:05 +0530] "POST /cms/vendor/phpunit/phpunit/src/Util/PHP/eval-stdin.php HTTP/1.1" 404 9766 "https://www.google.com/" "Mozilla/5.0 (Windows; U; MSIE 6.1; Macintosh; .NET CLR 2.1.12463; Intel Mac OS X 10_8_2)"
43.204.101.110 - - [01/Mar/2025:02:11:05 +0530] "POST /demo/vendor/phpunit/phpunit/src/Util/PHP/eval-stdin.php HTTP/1.1" 404 9766 "https://www.google.com/" "Mozilla/5.0 (Windows; U; MSIE 6.1; Macintosh; .NET CLR 2.1.12463; Intel Mac OS X 10_8_2)"
43.204.101.110 - - [01/Mar/2025:02:11:06 +0530] "POST /dev/vendor/phpunit/phpunit/src/Util/PHP/eval-stdin.php HTTP/1.1" 404 9766 "https://www.google.com/" "Mozilla/5.0 (Windows; U; MSIE 6.1; Macintosh; .NET CLR 2.1.12463; Intel Mac OS X 10_8_2)"
43.204.101.110 - - [01/Mar/2025:02:11:07 +0530] "POST /laravel/vendor/phpunit/phpunit/src/Util/PHP/eval-stdin.php HTTP/1.1" 404 9766 "https://www.google.com/" "Mozilla/5.0 (Windows; U; MSIE 6.1; Macintosh; .NET CLR 2.1.12463; Intel Mac OS X 10_8_2)"
43.204.101.110 - - [01/Mar/2025:02:11:09 +0530] "POST /lib/phpunit/Util/PHP/eval-stdin.php HTTP/1.1" 404 9766 "https://www.google.com/" "Mozilla/5.0 (Windows; U; MSIE 6.1; Macintosh; .NET CLR 2.1.12463; Intel Mac OS X 10_8_2)"
43.204.101.110 - - [01/Mar/2025:02:11:11 +0530] "POST /lib/phpunit/phpunit/Util/PHP/eval-stdin.php HTTP/1.1" 404 9813 "https://www.google.com/" "Mozilla/5.0 (Windows; U; MSIE 6.1; Macintosh; .NET CLR 2.1.12463; Intel Mac OS X 10_8_2)"
43.204.101.110 - - [01/Mar/2025:02:11:12 +0530] "POST /lib/phpunit/phpunit/src/Util/PHP/eval-stdin.php HTTP/1.1" 404 9813 "https://www.google.com/" "Mozilla/5.0 (Windows; U; MSIE 6.1; Macintosh; .NET CLR 2.1.12463; Intel Mac OS X 10_8_2)"
43.204.101.110 - - [01/Mar/2025:02:11:14 +0530] "POST /lib/phpunit/src/Util/PHP/eval-stdin.php HTTP/1.1" 404 9766 "https://www.google.com/" "Mozilla/5.0 (Windows; U; MSIE 6.1; Macintosh; .NET CLR 2.1.12463; Intel Mac OS X 10_8_2)"
43.204.101.110 - - [01/Mar/2025:02:11:15 +0530] "POST /new/vendor/phpunit/phpunit/src/Util/PHP/eval-stdin.php HTTP/1.1" 404 9738 "https://www.google.com/" "Mozilla/5.0 (Windows; U; MSIE 6.1; Macintosh; .NET CLR 2.1.12463; Intel Mac OS X 10_8_2)"
43.204.101.110 - - [01/Mar/2025:02:11:17 +0530] "POST /old/vendor/phpunit/phpunit/src/Util/PHP/eval-stdin.php HTTP/1.1" 404 9738 "https://www.google.com/" "Mozilla/5.0 (Windows; U; MSIE 6.1; Macintosh; .NET CLR 2.1.12463; Intel Mac OS X 10_8_2)"
43.204.101.110 - - [01/Mar/2025:02:11:18 +0530] "POST /panel/vendor/phpunit/phpunit/src/Util/PHP/eval-stdin.php HTTP/1.1" 404 9766 "https://www.google.com/" "Mozilla/5.0 (Windows; U; MSIE 6.1; Macintosh; .NET CLR 2.1.12463; Intel Mac OS X 10_8_2)"
43.204.101.110 - - [01/Mar/2025:02:11:19 +0530] "POST /phpunit/Util/PHP/eval-stdin.php HTTP/1.1" 404 9766 "https://www.google.com/" "Mozilla/5.0 (Windows; U; MSIE 6.1; Macintosh; .NET CLR 2.1.12463; Intel Mac OS X 10_8_2)"
162.55.100.32 - - [01/Mar/2025:02:11:23 +0530] "POST /wp-cron.php?doing_wp_cron=1740775283.2932450771331787109375 HTTP/1.1" 200 0 "-" "WordPress/6.7.2; https://www.freejobalerts.guru"
43.204.101.110 - - [01/Mar/2025:02:10:23 +0530] "GET / HTTP/1.1" 200 15331 "https://www.google.com/" "Mozilla/5.0 (Windows; U; MSIE 6.1; Macintosh; .NET CLR 2.1.12463; Intel Mac OS X 10_8_2)"
43.204.101.110 - - [01/Mar/2025:02:10:58 +0530] "POST / HTTP/1.1" 200 15525 "https://www.google.com/" "Mozilla/5.0 (Windows; U; MSIE 6.1; Macintosh; .NET CLR 2.1.12463; Intel Mac OS X 10_8_2)"
43.204.101.110 - - [01/Mar/2025:02:11:20 +0530] "POST /phpunit/phpunit/Util/PHP/eval-stdin.php HTTP/1.1" 404 9766 "https://www.google.com/" "Mozilla/5.0 (Windows; U; MSIE 6.1; Macintosh; .NET CLR 2.1.12463; Intel Mac OS X 10_8_2)"
43.204.101.110 - - [01/Mar/2025:02:11:22 +0530] "POST /phpunit/phpunit/src/Util/PHP/eval-stdin.php HTTP/1.1" 404 9798 "https://www.google.com/" "Mozilla/5.0 (Windows; U; MSIE 6.1; Macintosh; .NET CLR 2.1.12463; Intel Mac OS X 10_8_2)"
43.204.101.110 - - [01/Mar/2025:02:11:24 +0530] "POST /phpunit/src/Util/PHP/eval-stdin.php HTTP/1.1" 404 9766 "https://www.google.com/" "Mozilla/5.0 (Windows; U; MSIE 6.1; Macintosh; .NET CLR 2.1.12463; Intel Mac OS X 10_8_2)"
43.204.101.110 - - [01/Mar/2025:02:11:25 +0530] "POST /protected/vendor/phpunit/phpunit/src/Util/PHP/eval-stdin.php HTTP/1.1" 404 9813 "https://www.google.com/" "Mozilla/5.0 (Windows; U; MSIE 6.1; Macintosh; .NET CLR 2.1.12463; Intel Mac OS X 10_8_2)"
43.204.101.110 - - [01/Mar/2025:02:11:27 +0530] "POST /sites/all/libraries/mailchimp/vendor/phpunit/phpunit/src/Util/PHP/eval-stdin.php HTTP/1.1" 404 9766 "https://www.google.com/" "Mozilla/5.0 (Windows; U; MSIE 6.1; Macintosh; .NET CLR 2.1.12463; Intel Mac OS X 10_8_2)"
43.204.101.110 - - [01/Mar/2025:02:11:29 +0530] "POST /vendor/phpunit/Util/PHP/eval-stdin.php HTTP/1.1" 404 9766 "https://www.google.com/" "Mozilla/5.0 (Windows; U; MSIE 6.1; Macintosh; .NET CLR 2.1.12463; Intel Mac OS X 10_8_2)"
43.204.101.110 - - [01/Mar/2025:02:11:31 +0530] "POST /vendor/phpunit/phpunit/Util/PHP/eval-stdin.php HTTP/1.1" 404 9766 "https://www.google.com/" "Mozilla/5.0 (Windows; U; MSIE 6.1; Macintosh; .NET CLR 2.1.12463; Intel Mac OS X 10_8_2)"
43.204.101.110 - - [01/Mar/2025:02:11:34 +0530] "POST /vendor/phpunit/phpunit/src/Util/PHP/eval-stdin.php HTTP/1.1" 404 9766 "https://www.google.com/" "Mozilla/5.0 (Windows; U; MSIE 6.1; Macintosh; .NET CLR 2.1.12463; Intel Mac OS X 10_8_2)"
43.204.101.110 - - [01/Mar/2025:02:11:35 +0530] "POST /vendor/phpunit/src/Util/PHP/eval-stdin.php HTTP/1.1" 404 9766 "https://www.google.com/" "Mozilla/5.0 (Windows; U; MSIE 6.1; Macintosh; .NET CLR 2.1.12463; Intel Mac OS X 10_8_2)"
43.204.101.110 - - [01/Mar/2025:02:11:36 +0530] "POST /wp-content/plugins/cloudflare/vendor/phpunit/phpunit/src/Util/PHP/eval-stdin.php HTTP/1.1" 404 9766 "https://www.google.com/" "Mozilla/5.0 (Windows; U; MSIE 6.1; Macintosh; .NET CLR 2.1.12463; Intel Mac OS X 10_8_2)"
43.204.101.110 - - [01/Mar/2025:02:11:37 +0530] "POST /wp-content/plugins/dzs-videogallery/class_parts/vendor/phpunit/phpunit/src/Util/PHP/eval-stdin.php HTTP/1.1" 404 9766 "https://www.google.com/" "Mozilla/5.0 (Windows; U; MSIE 6.1; Macintosh; .NET CLR 2.1.12463; Intel Mac OS X 10_8_2)"
43.204.101.110 - - [01/Mar/2025:02:11:39 +0530] "POST /wp-content/plugins/jekyll-exporter/vendor/phpunit/phpunit/src/Util/PHP/eval-stdin.php HTTP/1.1" 404 9766 "https://www.google.com/" "Mozilla/5.0 (Windows; U; MSIE 6.1; Macintosh; .NET CLR 2.1.12463; Intel Mac OS X 10_8_2)"
43.204.101.110 - - [01/Mar/2025:02:11:39 +0530] "POST /wp-content/plugins/mm-plugin/inc/vendors/vendor/phpunit/phpunit/src/Util/PHP/eval-stdin.php HTTP/1.1" 404 9813 "https://www.google.com/" "Mozilla/5.0 (Windows; U; MSIE 6.1; Macintosh; .NET CLR 2.1.12463; Intel Mac OS X 10_8_2)"
43.204.101.110 - - [01/Mar/2025:02:11:41 +0530] "POST /www/vendor/phpunit/phpunit/src/Util/PHP/eval-stdin.php HTTP/1.1" 404 9766 "https://www.google.com/" "Mozilla/5.0 (Windows; U; MSIE 6.1; Macintosh; .NET CLR 2.1.12463; Intel Mac OS X 10_8_2)"
43.204.101.110 - - [01/Mar/2025:02:10:46 +0530] "GET /saas/.env HTTP/1.1" 404 9009 "https://www.google.com/" "Mozilla/5.0 (Windows; U; MSIE 6.1; Macintosh; .NET CLR 2.1.12463; Intel Mac OS X 10_8_2)"
43.204.101.110 - - [01/Mar/2025:02:10:48 +0530] "GET /api/.env HTTP/1.1" 404 9009 "https://www.google.com/" "Mozilla/5.0 (Windows; U; MSIE 6.1; Macintosh; .NET CLR 2.1.12463; Intel Mac OS X 10_8_2)"
43.204.101.110 - - [01/Mar/2025:02:10:49 +0530] "GET /psnlink/.env HTTP/1.1" 404 9009 "https://www.google.com/" "Mozilla/5.0 (Windows; U; MSIE 6.1; Macintosh; .NET CLR 2.1.12463; Intel Mac OS X 10_8_2)"
43.204.101.110 - - [01/Mar/2025:02:10:49 +0530] "GET /exapi/.env HTTP/1.1" 404 8975 "https://www.google.com/" "Mozilla/5.0 (Windows; U; MSIE 6.1; Macintosh; .NET CLR 2.1.12463; Intel Mac OS X 10_8_2)"
43.204.101.110 - - [01/Mar/2025:02:10:51 +0530] "GET /site/.env HTTP/1.1" 404 9009 "https://www.google.com/" "Mozilla/5.0 (Windows; U; MSIE 6.1; Macintosh; .NET CLR 2.1.12463; Intel Mac OS X 10_8_2)"
43.204.101.110 - - [01/Mar/2025:02:10:51 +0530] "GET /admin/.env HTTP/1.1" 404 9009 "https://www.google.com/" "Mozilla/5.0 (Windows; U; MSIE 6.1; Macintosh; .NET CLR 2.1.12463; Intel Mac OS X 10_8_2)"
43.204.101.110 - - [01/Mar/2025:02:10:52 +0530] "GET /web/.env HTTP/1.1" 404 9009 "https://www.google.com/" "Mozilla/5.0 (Windows; U; MSIE 6.1; Macintosh; .NET CLR 2.1.12463; Intel Mac OS X 10_8_2)"
43.204.101.110 - - [01/Mar/2025:02:10:53 +0530] "GET /public/.env HTTP/1.1" 404 8975 "https://www.google.com/" "Mozilla/5.0 (Windows; U; MSIE 6.1; Macintosh; .NET CLR 2.1.12463; Intel Mac OS X 10_8_2)"
43.204.101.110 - - [01/Mar/2025:02:10:54 +0530] "GET /en/.env HTTP/1.1" 404 9009 "https://www.google.com/" "Mozilla/5.0 (Windows; U; MSIE 6.1; Macintosh; .NET CLR 2.1.12463; Intel Mac OS X 10_8_2)"
43.204.101.110 - - [01/Mar/2025:02:10:55 +0530] "GET /tools/.env HTTP/1.1" 404 9009 "https://www.google.com/" "Mozilla/5.0 (Windows; U; MSIE 6.1; Macintosh; .NET CLR 2.1.12463; Intel Mac OS X 10_8_2)"
43.204.101.110 - - [01/Mar/2025:02:10:55 +0530] "GET /v1/.env HTTP/1.1" 404 9009 "https://www.google.com/" "Mozilla/5.0 (Windows; U; MSIE 6.1; Macintosh; .NET CLR 2.1.12463; Intel Mac OS X 10_8_2)"
43.204.101.110 - - [01/Mar/2025:02:10:56 +0530] "GET /v2/.env HTTP/1.1" 404 9009 "https://www.google.com/" "Mozilla/5.0 (Windows; U; MSIE 6.1; Macintosh; .NET CLR 2.1.12463; Intel Mac OS X 10_8_2)"
43.204.101.110 - - [01/Mar/2025:02:10:56 +0530] "GET /administrator/.env HTTP/1.1" 404 9009 "https://www.google.com/" "Mozilla/5.0 (Windows; U; MSIE 6.1; Macintosh; .NET CLR 2.1.12463; Intel Mac OS X 10_8_2)"
43.204.101.110 - - [01/Mar/2025:02:10:57 +0530] "GET /laravel/.env HTTP/1.1" 404 9009 "https://www.google.com/" "Mozilla/5.0 (Windows; U; MSIE 6.1; Macintosh; .NET CLR 2.1.12463; Intel Mac OS X 10_8_2)"
101.33.66.34 - - [01/Mar/2025:02:36:43 +0530] "GET / HTTP/1.1" 200 17974 "-" "Mozilla/5.0 (iPhone; CPU iPhone OS 13_2_3 like Mac OS X) AppleWebKit/605.1.15 (KHTML, like Gecko) Version/13.0.3 Mobile/15E148 Safari/604.1"
43.159.152.184 - - [01/Mar/2025:02:28:37 +0530] "GET / HTTP/1.1" 200 17910 "-" "Mozilla/5.0 (iPhone; CPU iPhone OS 13_2_3 like Mac OS X) AppleWebKit/605.1.15 (KHTML, like Gecko) Version/13.0.3 Mobile/15E148 Safari/604.1"
66.249.66.198 - - [01/Mar/2025:03:12:58 +0530] "GET / HTTP/1.1" 200 18966 "-" "Mozilla/5.0 (compatible; Googlebot/2.1; +http://www.google.com/bot.html)"
66.249.66.200 - - [01/Mar/2025:03:12:58 +0530] "GET /robots.txt HTTP/1.1" 200 106 "-" "Mozilla/5.0 (compatible; Googlebot/2.1; +http://www.google.com/bot.html)"
43.153.12.58 - - [01/Mar/2025:05:36:50 +0530] "GET / HTTP/1.1" 200 17759 "http://freejobalerts.guru" "Mozilla/5.0 (iPhone; CPU iPhone OS 13_2_3 like Mac OS X) AppleWebKit/605.1.15 (KHTML, like Gecko) Version/13.0.3 Mobile/15E148 Safari/604.1"
43.156.228.27 - - [01/Mar/2025:05:37:15 +0530] "GET / HTTP/1.1" 301 0 "-" "Mozilla/5.0 (iPhone; CPU iPhone OS 13_2_3 like Mac OS X) AppleWebKit/605.1.15 (KHTML, like Gecko) Version/13.0.3 Mobile/15E148 Safari/604.1"
43.153.87.54 - - [01/Mar/2025:06:37:38 +0530] "GET / HTTP/1.1" 200 17856 "-" "Mozilla/5.0 (iPhone; CPU iPhone OS 13_2_3 like Mac OS X) AppleWebKit/605.1.15 (KHTML, like Gecko) Version/13.0.3 Mobile/15E148 Safari/604.1"
43.153.87.54 - - [01/Mar/2025:07:31:10 +0530] "GET / HTTP/1.1" 200 17963 "-" "Mozilla/5.0 (iPhone; CPU iPhone OS 13_2_3 like Mac OS X) AppleWebKit/605.1.15 (KHTML, like Gecko) Version/13.0.3 Mobile/15E148 Safari/604.1"
43.130.3.122 - - [01/Mar/2025:05:07:03 +0530] "GET / HTTP/1.1" 200 17844 "http://freejobalerts.guru" "Mozilla/5.0 (iPhone; CPU iPhone OS 13_2_3 like Mac OS X) AppleWebKit/605.1.15 (KHTML, like Gecko) Version/13.0.3 Mobile/15E148 Safari/604.1"
170.106.193.108 - - [01/Mar/2025:06:28:37 +0530] "GET / HTTP/1.1" 200 17963 "-" "Mozilla/5.0 (iPhone; CPU iPhone OS 13_2_3 like Mac OS X) AppleWebKit/605.1.15 (KHTML, like Gecko) Version/13.0.3 Mobile/15E148 Safari/604.1"
43.157.95.131 - - [01/Mar/2025:07:30:24 +0530] "GET / HTTP/1.1" 200 17870 "-" "Mozilla/5.0 (iPhone; CPU iPhone OS 13_2_3 like Mac OS X) AppleWebKit/605.1.15 (KHTML, like Gecko) Version/13.0.3 Mobile/15E148 Safari/604.1"
139.59.248.197 - - [01/Mar/2025:03:43:46 +0530] "GET /wp-login.php HTTP/1.1" 302 0 "-" "Mozilla/5.0"
43.130.3.122 - - [01/Mar/2025:05:07:00 +0530] "GET / HTTP/1.1" 301 0 "-" "Mozilla/5.0 (iPhone; CPU iPhone OS 13_2_3 like Mac OS X) AppleWebKit/605.1.15 (KHTML, like Gecko) Version/13.0.3 Mobile/15E148 Safari/604.1"
43.153.12.58 - - [01/Mar/2025:05:36:45 +0530] "GET / HTTP/1.1" 301 0 "-" "Mozilla/5.0 (iPhone; CPU iPhone OS 13_2_3 like Mac OS X) AppleWebKit/605.1.15 (KHTML, like Gecko) Version/13.0.3 Mobile/15E148 Safari/604.1"
157.245.102.72 - - [01/Mar/2025:07:54:09 +0530] "GET / HTTP/1.1" 301 0 "-" "Mozilla/5.0 (compatible)"
43.156.228.27 - - [01/Mar/2025:05:37:18 +0530] "GET / HTTP/1.1" 200 17920 "http://freejobalerts.guru" "Mozilla/5.0 (iPhone; CPU iPhone OS 13_2_3 like Mac OS X) AppleWebKit/605.1.15 (KHTML, like Gecko) Version/13.0.3 Mobile/15E148 Safari/604.1"
162.55.100.32 - - [01/Mar/2025:07:30:24 +0530] "POST /wp-cron.php?doing_wp_cron=1740794424.6174430847167968750000 HTTP/1.1" 200 0 "-" "WordPress/6.7.2; https://www.freejobalerts.guru"
162.55.100.32 - - [01/Mar/2025:08:51:25 +0530] "POST /wp-cron.php?doing_wp_cron=1740799285.1139690876007080078125 HTTP/1.1" 200 0 "-" "WordPress/6.7.2; https://www.freejobalerts.guru"
43.157.202.235 - - [01/Mar/2025:08:51:27 +0530] "GET / HTTP/1.1" 200 17899 "http://freejobalerts.guru" "Mozilla/5.0 (iPhone; CPU iPhone OS 13_2_3 like Mac OS X) AppleWebKit/605.1.15 (KHTML, like Gecko) Version/13.0.3 Mobile/15E148 Safari/604.1"
43.157.202.235 - - [01/Mar/2025:08:51:24 +0530] "GET / HTTP/1.1" 301 0 "-" "Mozilla/5.0 (iPhone; CPU iPhone OS 13_2_3 like Mac OS X) AppleWebKit/605.1.15 (KHTML, like Gecko) Version/13.0.3 Mobile/15E148 Safari/604.1"
43.157.168.43 - - [01/Mar/2025:10:13:07 +0530] "GET / HTTP/1.1" 200 17835 "-" "Mozilla/5.0 (iPhone; CPU iPhone OS 13_2_3 like Mac OS X) AppleWebKit/605.1.15 (KHTML, like Gecko) Version/13.0.3 Mobile/15E148 Safari/604.1"
45.148.10.86 - - [01/Mar/2025:10:04:23 +0530] "GET /.git/config HTTP/1.1" 403 1242 "-" "Mozilla/5.0 (Macintosh; U; PPC Mac OS X 10.5; en-US; rv:1.9.2.15) Gecko/20110303 Firefox/3.6.15"
45.148.10.86 - - [01/Mar/2025:10:46:35 +0530] "GET /.git/config HTTP/1.1" 403 1242 "-" "Mozilla/5.0 (Macintosh; Intel Mac OS X 10_12_1) AppleWebKit/537.36 (KHTML, like Gecko) Chrome/76.0.3809.100 Safari/537.36"
154.47.23.53 - - [01/Mar/2025:12:10:23 +0530] "GET //wp-includes/ID3/license.txt HTTP/1.1" 200 1396 "-" "Mozilla/5.0 (Windows NT 10.0; Win64; x64) AppleWebKit/537.36 (KHTML, like Gecko) Chrome/95.0.4638.69 Safari/537.36"
162.55.100.32 - - [01/Mar/2025:12:10:26 +0530] "POST /wp-cron.php?doing_wp_cron=1740811226.3958361148834228515625 HTTP/1.1" 200 0 "-" "WordPress/6.7.2; https://www.freejobalerts.guru"
154.47.23.53 - - [01/Mar/2025:12:10:24 +0530] "GET //feed/ HTTP/1.1" 301 0 "-" "Mozilla/5.0 (Windows NT 10.0; Win64; x64) AppleWebKit/537.36 (KHTML, like Gecko) Chrome/95.0.4638.69 Safari/537.36"
154.47.23.53 - - [01/Mar/2025:12:10:30 +0530] "GET //xmlrpc.php?rsd HTTP/1.1" 200 846 "-" "Mozilla/5.0 (Windows NT 10.0; Win64; x64) AppleWebKit/537.36 (KHTML, like Gecko) Chrome/95.0.4638.69 Safari/537.36"
154.47.23.53 - - [01/Mar/2025:12:10:31 +0530] "GET //?author=1 HTTP/1.1" 301 0 "-" "Mozilla/5.0 (Windows NT 10.0; Win64; x64) AppleWebKit/537.36 (KHTML, like Gecko) Chrome/95.0.4638.69 Safari/537.36"
154.47.23.53 - - [01/Mar/2025:12:10:36 +0530] "GET //?author=2 HTTP/1.1" 301 0 "-" "Mozilla/5.0 (Windows NT 10.0; Win64; x64) AppleWebKit/537.36 (KHTML, like Gecko) Chrome/95.0.4638.69 Safari/537.36"
154.47.23.53 - - [01/Mar/2025:12:10:40 +0530] "GET //wp-json/wp/v2/users/ HTTP/1.1" 200 681 "-" "Mozilla/5.0 (Windows NT 10.0; Win64; x64) AppleWebKit/537.36 (KHTML, like Gecko) Chrome/95.0.4638.69 Safari/537.36"
154.47.23.53 - - [01/Mar/2025:12:10:42 +0530] "POST //xmlrpc.php HTTP/1.1" 200 403 "-" "Mozilla/5.0 (Windows NT 10.0; Win64; x64) AppleWebKit/537.36 (KHTML, like Gecko) Chrome/95.0.4638.69 Safari/537.36"
176.53.217.228 - - [01/Mar/2025:11:39:43 +0530] "GET /favicon.ico HTTP/1.1" 404 1251 "-" "Mozilla/5.0 (Windows NT 10.0; Win64; x64) AppleWebKit/537.36 (KHTML, like Gecko) Chrome/94.0.4606.61 Safari/537.36"
89.104.101.174 - - [01/Mar/2025:11:39:44 +0530] "GET /favicon.ico HTTP/1.1" 404 1251 "-" "Mozilla/5.0 (Windows NT 10.0; Win64; x64) AppleWebKit/537.36 (KHTML, like Gecko) Chrome/94.0.4606.61 Safari/537.36"
176.53.221.13 - - [01/Mar/2025:11:39:41 +0530] "GET / HTTP/1.1" 200 17870 "-" "Mozilla/5.0 (Windows NT 10.0; Win64; x64) AppleWebKit/537.36 (KHTML, like Gecko) Chrome/94.0.4606.61 Safari/537.36"
43.155.140.157 - - [01/Mar/2025:11:52:26 +0530] "GET / HTTP/1.1" 301 0 "-" "Mozilla/5.0 (iPhone; CPU iPhone OS 13_2_3 like Mac OS X) AppleWebKit/605.1.15 (KHTML, like Gecko) Version/13.0.3 Mobile/15E148 Safari/604.1"
45.90.62.134 - - [01/Mar/2025:11:39:40 +0530] "GET / HTTP/1.1" 301 0 "-" "Mozilla/5.0 (Windows NT 10.0; Win64; x64) AppleWebKit/537.36 (KHTML, like Gecko) Chrome/94.0.4606.61 Safari/537.36"
43.155.140.157 - - [01/Mar/2025:11:52:30 +0530] "GET / HTTP/1.1" 200 17835 "http://freejobalerts.guru" "Mozilla/5.0 (iPhone; CPU iPhone OS 13_2_3 like Mac OS X) AppleWebKit/605.1.15 (KHTML, like Gecko) Version/13.0.3 Mobile/15E148 Safari/604.1"
154.47.23.53 - - [01/Mar/2025:12:10:17 +0530] "GET / HTTP/1.1" 301 0 "-" "Mozilla/5.0 (Windows NT 10.0; Win64; x64) AppleWebKit/537.36 (KHTML, like Gecko) Chrome/95.0.4638.69 Safari/537.36"
45.148.10.86 - - [01/Mar/2025:13:36:00 +0530] "GET /.git/config HTTP/1.1" 403 1242 "-" "Mozilla/5.0 (X11; U; Linux armv7l like Android; en-us) AppleWebKit/531.2+ (KHTML, like Gecko) Version/5.0 Safari/533.2+ Kindle/3.0+"
170.106.179.68 - - [01/Mar/2025:13:24:49 +0530] "GET / HTTP/1.1" 200 17664 "-" "Mozilla/5.0 (iPhone; CPU iPhone OS 13_2_3 like Mac OS X) AppleWebKit/605.1.15 (KHTML, like Gecko) Version/13.0.3 Mobile/15E148 Safari/604.1"
45.148.10.86 - - [01/Mar/2025:13:07:52 +0530] "GET /.git/config HTTP/1.1" 403 1242 "-" "Mozilla/5.0 (Linux; Android 9; SM-G965F) AppleWebKit/537.36 (KHTML, like Gecko) Chrome/75.0.3770.101 Mobile Safari/537.36"
43.153.49.151 - - [01/Mar/2025:15:04:00 +0530] "GET /cgi-sys/suspendedpage.cgi HTTP/1.1" 200 4268 "http://freejobalerts.guru" "Mozilla/5.0 (iPhone; CPU iPhone OS 13_2_3 like Mac OS X) AppleWebKit/605.1.15 (KHTML, like Gecko) Version/13.0.3 Mobile/15E148 Safari/604.1"
43.153.49.151 - - [01/Mar/2025:15:03:58 +0530] "GET / HTTP/1.1" 302 771 "-" "Mozilla/5.0 (iPhone; CPU iPhone OS 13_2_3 like Mac OS X) AppleWebKit/605.1.15 (KHTML, like Gecko) Version/13.0.3 Mobile/15E148 Safari/604.1"
74.125.210.98 - - [01/Mar/2025:15:37:43 +0530] "GET / HTTP/1.1" 302 771 "-" "Google-Display-Ads-Bot"
74.125.210.97 - - [01/Mar/2025:15:37:44 +0530] "GET /cgi-sys/suspendedpage.cgi HTTP/1.1" 200 3954 "-" "Google-Display-Ads-Bot"
45.148.10.86 - - [01/Mar/2025:16:31:19 +0530] "GET /.git/config HTTP/1.1" 403 1242 "-" "Mozilla/5.0 (Symbian/3; Series60/5.2 NokiaC7-00/012.003; Profile/MIDP-2.1 Configuration/CLDC-1.1 ) AppleWebKit/525 (KHTML, like Gecko) Version/3.0 BrowserNG/7.2.7.3 3gpp-gba"
170.106.192.3 - - [01/Mar/2025:16:34:13 +0530] "GET /cgi-sys/suspendedpage.cgi HTTP/1.1" 200 4268 "http://www.freejobalerts.guru" "Mozilla/5.0 (iPhone; CPU iPhone OS 13_2_3 like Mac OS X) AppleWebKit/605.1.15 (KHTML, like Gecko) Version/13.0.3 Mobile/15E148 Safari/604.1"
178.128.117.229 - - [01/Mar/2025:17:48:46 +0530] "GET / HTTP/1.1" 302 771 "-" "Mozilla/5.0 (Windows NT 10.0; Win64; x64) AppleWebKit/537.36 (KHTML, like Gecko) Chrome/78.0.3904.108 Safari/537.36"
178.128.117.229 - - [01/Mar/2025:17:48:46 +0530] "GET /cgi-sys/suspendedpage.cgi HTTP/1.1" 200 7993 "-" "Mozilla/5.0 (Windows NT 10.0; Win64; x64) AppleWebKit/537.36 (KHTML, like Gecko) Chrome/78.0.3904.108 Safari/537.36"
178.128.117.229 - - [01/Mar/2025:17:48:46 +0530] "GET /cgi-sys/suspendedpage.cgi/wp-includes/wlwmanifest.xml HTTP/1.1" 200 7993 "-" "Mozilla/5.0 (Windows NT 10.0; Win64; x64) AppleWebKit/537.36 (KHTML, like Gecko) Chrome/78.0.3904.108 Safari/537.36"
178.128.117.229 - - [01/Mar/2025:17:48:47 +0530] "GET /cgi-sys/suspendedpage.cgi/xmlrpc.php?rsd HTTP/1.1" 200 7993 "-" "Mozilla/5.0 (Windows NT 10.0; Win64; x64) AppleWebKit/537.36 (KHTML, like Gecko) Chrome/78.0.3904.108 Safari/537.36"
178.128.117.229 - - [01/Mar/2025:17:48:49 +0530] "GET /cgi-sys/suspendedpage.cgi HTTP/1.1" 200 7993 "-" "Mozilla/5.0 (Windows NT 10.0; Win64; x64) AppleWebKit/537.36 (KHTML, like Gecko) Chrome/78.0.3904.108 Safari/537.36"
178.128.117.229 - - [01/Mar/2025:17:48:49 +0530] "GET /cgi-sys/suspendedpage.cgi/blog/wp-includes/wlwmanifest.xml HTTP/1.1" 200 7993 "-" "Mozilla/5.0 (Windows NT 10.0; Win64; x64) AppleWebKit/537.36 (KHTML, like Gecko) Chrome/78.0.3904.108 Safari/537.36"
178.128.117.229 - - [01/Mar/2025:17:48:50 +0530] "GET /cgi-sys/suspendedpage.cgi/web/wp-includes/wlwmanifest.xml HTTP/1.1" 200 7993 "-" "Mozilla/5.0 (Windows NT 10.0; Win64; x64) AppleWebKit/537.36 (KHTML, like Gecko) Chrome/78.0.3904.108 Safari/537.36"
178.128.117.229 - - [01/Mar/2025:17:48:51 +0530] "GET /cgi-sys/suspendedpage.cgi/wordpress/wp-includes/wlwmanifest.xml HTTP/1.1" 200 7993 "-" "Mozilla/5.0 (Windows NT 10.0; Win64; x64) AppleWebKit/537.36 (KHTML, like Gecko) Chrome/78.0.3904.108 Safari/537.36"
178.128.117.229 - - [01/Mar/2025:17:48:52 +0530] "GET /cgi-sys/suspendedpage.cgi/website/wp-includes/wlwmanifest.xml HTTP/1.1" 200 7993 "-" "Mozilla/5.0 (Windows NT 10.0; Win64; x64) AppleWebKit/537.36 (KHTML, like Gecko) Chrome/78.0.3904.108 Safari/537.36"
178.128.117.229 - - [01/Mar/2025:17:48:53 +0530] "GET /cgi-sys/suspendedpage.cgi/wp/wp-includes/wlwmanifest.xml HTTP/1.1" 200 7993 "-" "Mozilla/5.0 (Windows NT 10.0; Win64; x64) AppleWebKit/537.36 (KHTML, like Gecko) Chrome/78.0.3904.108 Safari/537.36"
178.128.117.229 - - [01/Mar/2025:17:48:53 +0530] "GET /cgi-sys/suspendedpage.cgi/news/wp-includes/wlwmanifest.xml HTTP/1.1" 200 7993 "-" "Mozilla/5.0 (Windows NT 10.0; Win64; x64) AppleWebKit/537.36 (KHTML, like Gecko) Chrome/78.0.3904.108 Safari/537.36"
178.128.117.229 - - [01/Mar/2025:17:48:54 +0530] "GET /cgi-sys/suspendedpage.cgi/2018/wp-includes/wlwmanifest.xml HTTP/1.1" 200 7993 "-" "Mozilla/5.0 (Windows NT 10.0; Win64; x64) AppleWebKit/537.36 (KHTML, like Gecko) Chrome/78.0.3904.108 Safari/537.36"
178.128.117.229 - - [01/Mar/2025:17:48:54 +0530] "GET /cgi-sys/suspendedpage.cgi/2019/wp-includes/wlwmanifest.xml HTTP/1.1" 200 7993 "-" "Mozilla/5.0 (Windows NT 10.0; Win64; x64) AppleWebKit/537.36 (KHTML, like Gecko) Chrome/78.0.3904.108 Safari/537.36"
178.128.117.229 - - [01/Mar/2025:17:48:56 +0530] "GET /cgi-sys/suspendedpage.cgi/shop/wp-includes/wlwmanifest.xml HTTP/1.1" 200 7993 "-" "Mozilla/5.0 (Windows NT 10.0; Win64; x64) AppleWebKit/537.36 (KHTML, like Gecko) Chrome/78.0.3904.108 Safari/537.36"
178.128.117.229 - - [01/Mar/2025:17:48:56 +0530] "GET /cgi-sys/suspendedpage.cgi/wp1/wp-includes/wlwmanifest.xml HTTP/1.1" 200 7993 "-" "Mozilla/5.0 (Windows NT 10.0; Win64; x64) AppleWebKit/537.36 (KHTML, like Gecko) Chrome/78.0.3904.108 Safari/537.36"
178.128.117.229 - - [01/Mar/2025:17:48:57 +0530] "GET /cgi-sys/suspendedpage.cgi/test/wp-includes/wlwmanifest.xml HTTP/1.1" 200 7993 "-" "Mozilla/5.0 (Windows NT 10.0; Win64; x64) AppleWebKit/537.36 (KHTML, like Gecko) Chrome/78.0.3904.108 Safari/537.36"
170.106.192.3 - - [01/Mar/2025:16:34:11 +0530] "GET / HTTP/1.1" 302 771 "-" "Mozilla/5.0 (iPhone; CPU iPhone OS 13_2_3 like Mac OS X) AppleWebKit/605.1.15 (KHTML, like Gecko) Version/13.0.3 Mobile/15E148 Safari/604.1"
178.128.117.229 - - [01/Mar/2025:17:49:50 +0530] "GET / HTTP/1.1" 302 771 "-" "Mozilla/5.0 (Windows NT 10.0; Win64; x64) AppleWebKit/537.36 (KHTML, like Gecko) Chrome/78.0.3904.108 Safari/537.36"
178.128.117.229 - - [01/Mar/2025:17:49:50 +0530] "GET /cgi-sys/suspendedpage.cgi HTTP/1.1" 200 7993 "-" "Mozilla/5.0 (Windows NT 10.0; Win64; x64) AppleWebKit/537.36 (KHTML, like Gecko) Chrome/78.0.3904.108 Safari/537.36"
178.128.117.229 - - [01/Mar/2025:17:49:50 +0530] "GET /cgi-sys/suspendedpage.cgi/wp-includes/wlwmanifest.xml HTTP/1.1" 200 7993 "-" "Mozilla/5.0 (Windows NT 10.0; Win64; x64) AppleWebKit/537.36 (KHTML, like Gecko) Chrome/78.0.3904.108 Safari/537.36"
178.128.117.229 - - [01/Mar/2025:17:49:51 +0530] "GET /cgi-sys/suspendedpage.cgi/xmlrpc.php?rsd HTTP/1.1" 200 7993 "-" "Mozilla/5.0 (Windows NT 10.0; Win64; x64) AppleWebKit/537.36 (KHTML, like Gecko) Chrome/78.0.3904.108 Safari/537.36"
178.128.117.229 - - [01/Mar/2025:17:49:52 +0530] "GET /cgi-sys/suspendedpage.cgi HTTP/1.1" 200 7993 "-" "Mozilla/5.0 (Windows NT 10.0; Win64; x64) AppleWebKit/537.36 (KHTML, like Gecko) Chrome/78.0.3904.108 Safari/537.36"
178.128.117.229 - - [01/Mar/2025:17:49:53 +0530] "GET /cgi-sys/suspendedpage.cgi/blog/wp-includes/wlwmanifest.xml HTTP/1.1" 200 7993 "-" "Mozilla/5.0 (Windows NT 10.0; Win64; x64) AppleWebKit/537.36 (KHTML, like Gecko) Chrome/78.0.3904.108 Safari/537.36"
