188.253.123.4 - - [20/Feb/2025:14:10:33 +0530] "GET /wp-content/plugins/contact-form-7/includes/css/styles.css?ver=6.0.3 HTTP/1.1" 200 1016 "http://www.freejobalerts.guru/" "Mozilla/5.0 (Windows NT 10.0; Win64; x64) AppleWebKit/537.36 (KHTML, like Gecko) Chrome/133.0.0.0 Safari/537.36"
165.22.210.165 - - [20/Feb/2025:14:33:11 +0530] "GET /wp-login.php HTTP/1.1" 302 0 "-" "Mozilla/5.0"
2a06:98c0:3600::103 - - [20/Feb/2025:14:40:16 +0530] "GET /wordpress/wp-admin/setup-config.php HTTP/1.1" 200 0 "-" "Mozilla/5.0 (Windows NT 10.0; Win64; x64) AppleWebKit/537.36 (KHTML, like Gecko) Chrome/133.0.0.0 Safari/537.36"
139.99.50.157 - - [20/Feb/2025:14:10:34 +0530] "GET /wp-content/plugins/contextual-related-posts/css/rounded-thumbs.min.css?ver=3.6.2 HTTP/1.1" 200 454 "http://www.freejobalerts.guru/" "Mozilla/5.0 (Windows NT 10.0; Win64; x64) AppleWebKit/537.36 (KHTML, like Gecko) Chrome/133.0.0.0 Safari/537.36"
103.36.24.130 - - [20/Feb/2025:14:10:45 +0530] "GET /wp-content/plugins/contact-form-7/includes/swv/js/index.js?ver=6.0.3 HTTP/1.1" 200 3522 "http://www.freejobalerts.guru/" "Mozilla/5.0 (Windows NT 10.0; Win64; x64) AppleWebKit/537.36 (KHTML, like Gecko) Chrome/133.0.0.0 Safari/537.36"
51.81.168.15 - - [20/Feb/2025:14:10:46 +0530] "GET /wp-content/themes/generatepress/assets/js/menu.min.js?ver=3.5.1 HTTP/1.1" 200 1828 "http://www.freejobalerts.guru/" "Mozilla/5.0 (Windows NT 10.0; Win64; x64) AppleWebKit/537.36 (KHTML, like Gecko) Chrome/133.0.0.0 Safari/537.36"
51.81.168.15 - - [20/Feb/2025:14:10:46 +0530] "GET /wp-includes/js/imagesloaded.min.js?ver=5.0.0 HTTP/1.1" 200 1801 "http://www.freejobalerts.guru/" "Mozilla/5.0 (Windows NT 10.0; Win64; x64) AppleWebKit/537.36 (KHTML, like Gecko) Chrome/133.0.0.0 Safari/537.36"
103.36.24.132 - - [20/Feb/2025:14:10:50 +0530] "GET /wp-includes/js/wp-emoji-release.min.js?ver=6.7.2 HTTP/1.1" 200 5072 "http://www.freejobalerts.guru/" "Mozilla/5.0 (Windows NT 10.0; Win64; x64) AppleWebKit/537.36 (KHTML, like Gecko) Chrome/133.0.0.0 Safari/537.36"
162.55.100.32 - - [20/Feb/2025:14:12:41 +0530] "POST /wp-cron.php?doing_wp_cron=1740040961.1062710285186767578125 HTTP/1.1" 200 0 "-" "WordPress/6.7.2; https://www.freejobalerts.guru"
2a06:98c0:3600::103 - - [20/Feb/2025:14:12:41 +0530] "GET /wordpress/wp-admin/setup-config.php HTTP/1.1" 301 0 "-" "Mozilla/5.0 (Windows NT 10.0; Win64; x64) AppleWebKit/537.36 (KHTML, like Gecko) Chrome/133.0.0.0 Safari/537.36"
2a06:98c0:3600::103 - - [20/Feb/2025:14:12:41 +0530] "GET /wordpress/wp-admin/setup-config.php HTTP/1.1" 404 10339 "-" "Mozilla/5.0 (Windows NT 10.0; Win64; x64) AppleWebKit/537.36 (KHTML, like Gecko) Chrome/133.0.0.0 Safari/537.36"
103.36.24.130 - - [20/Feb/2025:14:10:33 +0530] "GET /wp-includes/css/dist/block-library/style.min.css?ver=6.7.2 HTTP/1.1" 200 15146 "http://www.freejobalerts.guru/" "Mozilla/5.0 (Windows NT 10.0; Win64; x64) AppleWebKit/537.36 (KHTML, like Gecko) Chrome/133.0.0.0 Safari/537.36"
188.253.123.4 - - [20/Feb/2025:14:10:33 +0530] "GET /wp-content/plugins/related-posts-thumbnails/assets/css/front.css?ver=4.2.1 HTTP/1.1" 200 1198 "http://www.freejobalerts.guru/" "Mozilla/5.0 (Windows NT 10.0; Win64; x64) AppleWebKit/537.36 (KHTML, like Gecko) Chrome/133.0.0.0 Safari/537.36"
139.99.50.157 - - [20/Feb/2025:14:10:34 +0530] "GET /wp-content/themes/generatepress/assets/css/main.min.css?ver=3.5.1 HTTP/1.1" 200 4670 "http://www.freejobalerts.guru/" "Mozilla/5.0 (Windows NT 10.0; Win64; x64) AppleWebKit/537.36 (KHTML, like Gecko) Chrome/133.0.0.0 Safari/537.36"
103.172.41.146 - - [20/Feb/2025:14:10:47 +0530] "GET /wp-content/plugins/gp-premium/blog/functions/js/scripts.min.js?ver=2.0.2 HTTP/1.1" 200 608 "http://www.freejobalerts.guru/" "Mozilla/5.0 (Windows NT 10.0; Win64; x64) AppleWebKit/537.36 (KHTML, like Gecko) Chrome/133.0.0.0 Safari/537.36"
103.172.41.145 - - [20/Feb/2025:14:10:32 +0530] "GET / HTTP/1.1" 200 14247 "http://www.openurls.com.cn/" "Mozilla/5.0 (Windows NT 10.0; Win64; x64) AppleWebKit/537.36 (KHTML, like Gecko) Chrome/133.0.0.0 Safari/537.36"
103.172.41.151 - - [20/Feb/2025:14:10:35 +0530] "GET /wp-content/plugins/gp-premium/blog/functions/css/style.min.css?ver=2.0.2 HTTP/1.1" 200 1112 "http://www.freejobalerts.guru/" "Mozilla/5.0 (Windows NT 10.0; Win64; x64) AppleWebKit/537.36 (KHTML, like Gecko) Chrome/133.0.0.0 Safari/537.36"
188.253.123.6 - - [20/Feb/2025:14:10:46 +0530] "GET /wp-includes/js/masonry.min.js?ver=4.2.2 HTTP/1.1" 200 7376 "http://www.freejobalerts.guru/" "Mozilla/5.0 (Windows NT 10.0; Win64; x64) AppleWebKit/537.36 (KHTML, like Gecko) Chrome/133.0.0.0 Safari/537.36"
51.81.151.193 - - [20/Feb/2025:14:10:44 +0530] "GET /wp-includes/js/dist/i18n.min.js?ver=5e580eb46a90c2b997e6 HTTP/1.1" 200 3667 "http://www.freejobalerts.guru/" "Mozilla/5.0 (Windows NT 10.0; Win64; x64) AppleWebKit/537.36 (KHTML, like Gecko) Chrome/133.0.0.0 Safari/537.36"
103.36.24.130 - - [20/Feb/2025:14:10:45 +0530] "GET /wp-content/plugins/contact-form-7/includes/js/index.js?ver=6.0.3 HTTP/1.1" 200 4236 "http://www.freejobalerts.guru/" "Mozilla/5.0 (Windows NT 10.0; Win64; x64) AppleWebKit/537.36 (KHTML, like Gecko) Chrome/133.0.0.0 Safari/537.36"
51.81.168.59 - - [20/Feb/2025:14:10:51 +0530] "GET /favicon.ico HTTP/1.1" 404 1251 "http://www.freejobalerts.guru/" "Mozilla/5.0 (Windows NT 10.0; Win64; x64) AppleWebKit/537.36 (KHTML, like Gecko) Chrome/133.0.0.0 Safari/537.36"
2a06:98c0:3600::103 - - [20/Feb/2025:15:06:01 +0530] "GET /wp-admin/setup-config.php HTTP/1.1" 409 1213 "-" "Mozilla/5.0 (Windows NT 10.0; Win64; x64) AppleWebKit/537.36 (KHTML, like Gecko) Chrome/133.0.0.0 Safari/537.36"
209.127.104.56 - - [20/Feb/2025:15:16:36 +0530] "GET / HTTP/1.1" 301 0 "-" "Mozilla/5.0 (X11; Linux x86_64) AppleWebKit/537.36 (KHTML, like Gecko) Chrome/108.0.0.0 Safari/537.36"
162.55.100.32 - - [20/Feb/2025:15:06:32 +0530] "POST /wp-cron.php?doing_wp_cron=1740044192.8879759311676025390625 HTTP/1.1" 200 0 "-" "WordPress/6.7.2; https://www.freejobalerts.guru"
2a06:98c0:3600::103 - - [20/Feb/2025:15:06:32 +0530] "GET /wordpress/wp-admin/setup-config.php HTTP/1.1" 301 0 "-" "Mozilla/5.0 (Windows NT 10.0; Win64; x64) AppleWebKit/537.36 (KHTML, like Gecko) Chrome/133.0.0.0 Safari/537.36"
2a06:98c0:3600::103 - - [20/Feb/2025:15:06:33 +0530] "GET /wordpress/wp-admin/setup-config.php HTTP/1.1" 404 10295 "-" "Mozilla/5.0 (Windows NT 10.0; Win64; x64) AppleWebKit/537.36 (KHTML, like Gecko) Chrome/133.0.0.0 Safari/537.36"
162.55.100.32 - - [20/Feb/2025:15:16:36 +0530] "POST /wp-cron.php?doing_wp_cron=1740044796.4090740680694580078125 HTTP/1.1" 200 0 "-" "WordPress/6.7.2; https://www.freejobalerts.guru"
2a06:98c0:3600::103 - - [20/Feb/2025:15:31:56 +0530] "GET /wordpress/wp-admin/setup-config.php HTTP/1.1" 301 0 "-" "Mozilla/5.0 (Windows NT 10.0; Win64; x64) AppleWebKit/537.36 (KHTML, like Gecko) Chrome/133.0.0.0 Safari/537.36"
2a06:98c0:3600::103 - - [20/Feb/2025:15:57:20 +0530] "GET /wordpress/wp-admin/setup-config.php HTTP/1.1" 404 10295 "-" "Mozilla/5.0 (Windows NT 10.0; Win64; x64) AppleWebKit/537.36 (KHTML, like Gecko) Chrome/133.0.0.0 Safari/537.36"
2a06:98c0:3600::103 - - [20/Feb/2025:15:57:20 +0530] "GET /wordpress/wp-admin/setup-config.php HTTP/1.1" 301 0 "-" "Mozilla/5.0 (Windows NT 10.0; Win64; x64) AppleWebKit/537.36 (KHTML, like Gecko) Chrome/133.0.0.0 Safari/537.36"
2a06:98c0:3600::103 - - [20/Feb/2025:15:57:29 +0530] "GET /wp-admin/setup-config.php HTTP/1.1" 409 1213 "-" "Mozilla/5.0 (Windows NT 10.0; Win64; x64) AppleWebKit/537.36 (KHTML, like Gecko) Chrome/133.0.0.0 Safari/537.36"
162.55.100.32 - - [20/Feb/2025:15:57:20 +0530] "POST /wp-cron.php?doing_wp_cron=1740047240.3727059364318847656250 HTTP/1.1" 200 0 "-" "WordPress/6.7.2; https://www.freejobalerts.guru"
51.159.101.199 - - [20/Feb/2025:16:26:47 +0530] "HEAD / HTTP/1.1" 200 0 "-" "curl/7.81.0"
2a06:98c0:3600::103 - - [20/Feb/2025:16:51:40 +0530] "GET /wordpress/wp-admin/setup-config.php HTTP/1.1" 404 10339 "-" "Mozilla/5.0 (Windows NT 10.0; Win64; x64) AppleWebKit/537.36 (KHTML, like Gecko) Chrome/133.0.0.0 Safari/537.36"
2a06:98c0:3600::103 - - [20/Feb/2025:16:24:59 +0530] "GET /wordpress/wp-admin/setup-config.php HTTP/1.1" 301 0 "-" "Mozilla/5.0 (Windows NT 10.0; Win64; x64) AppleWebKit/537.36 (KHTML, like Gecko) Chrome/133.0.0.0 Safari/537.36"
2a06:98c0:3600::103 - - [20/Feb/2025:16:26:29 +0530] "GET /wp-admin/setup-config.php HTTP/1.1" 409 1213 "-" "Mozilla/5.0 (Windows NT 10.0; Win64; x64) AppleWebKit/537.36 (KHTML, like Gecko) Chrome/133.0.0.0 Safari/537.36"
51.159.100.248 - - [20/Feb/2025:16:24:12 +0530] "HEAD / HTTP/1.1" 200 0 "-" "curl/7.81.0"
162.55.100.32 - - [20/Feb/2025:16:24:37 +0530] "POST /wp-cron.php?doing_wp_cron=1740048877.8822329044342041015625 HTTP/1.1" 200 0 "-" "WordPress/6.7.2; https://www.freejobalerts.guru"
2a06:98c0:3600::103 - - [20/Feb/2025:16:51:39 +0530] "GET /wordpress/wp-admin/setup-config.php HTTP/1.1" 301 0 "-" "Mozilla/5.0 (Windows NT 10.0; Win64; x64) AppleWebKit/537.36 (KHTML, like Gecko) Chrome/133.0.0.0 Safari/537.36"
2a06:98c0:3600::103 - - [20/Feb/2025:16:52:46 +0530] "GET /wp-admin/setup-config.php HTTP/1.1" 409 1213 "-" "Mozilla/5.0 (Windows NT 10.0; Win64; x64) AppleWebKit/537.36 (KHTML, like Gecko) Chrome/133.0.0.0 Safari/537.36"
2a06:98c0:3600::103 - - [20/Feb/2025:16:24:59 +0530] "GET /wordpress/wp-admin/setup-config.php HTTP/1.1" 404 10339 "-" "Mozilla/5.0 (Windows NT 10.0; Win64; x64) AppleWebKit/537.36 (KHTML, like Gecko) Chrome/133.0.0.0 Safari/537.36"
170.106.72.178 - - [20/Feb/2025:17:19:23 +0530] "GET / HTTP/1.1" 301 0 "-" "Mozilla/5.0 (iPhone; CPU iPhone OS 13_2_3 like Mac OS X) AppleWebKit/605.1.15 (KHTML, like Gecko) Version/13.0.3 Mobile/15E148 Safari/604.1"
162.55.100.32 - - [20/Feb/2025:17:19:23 +0530] "POST /wp-cron.php?doing_wp_cron=1740052163.5782940387725830078125 HTTP/1.1" 200 0 "-" "WordPress/6.7.2; https://www.freejobalerts.guru"
2a06:98c0:3600::103 - - [20/Feb/2025:17:16:38 +0530] "GET /wp-admin/setup-config.php HTTP/1.1" 409 1213 "-" "Mozilla/5.0 (Windows NT 10.0; Win64; x64) AppleWebKit/537.36 (KHTML, like Gecko) Chrome/133.0.0.0 Safari/537.36"
2a06:98c0:3600::103 - - [20/Feb/2025:17:16:47 +0530] "GET /wordpress/wp-admin/setup-config.php HTTP/1.1" 301 0 "-" "Mozilla/5.0 (Windows NT 10.0; Win64; x64) AppleWebKit/537.36 (KHTML, like Gecko) Chrome/133.0.0.0 Safari/537.36"
162.55.100.32 - - [20/Feb/2025:17:16:48 +0530] "POST /wp-cron.php?doing_wp_cron=1740052008.0105209350585937500000 HTTP/1.1" 200 0 "-" "WordPress/6.7.2; https://www.freejobalerts.guru"
2a06:98c0:3600::103 - - [20/Feb/2025:17:16:48 +0530] "GET /wordpress/wp-admin/setup-config.php HTTP/1.1" 404 10295 "-" "Mozilla/5.0 (Windows NT 10.0; Win64; x64) AppleWebKit/537.36 (KHTML, like Gecko) Chrome/133.0.0.0 Safari/537.36"
170.106.72.178 - - [20/Feb/2025:17:19:24 +0530] "GET / HTTP/1.1" 200 14256 "http://freejobalerts.guru" "Mozilla/5.0 (iPhone; CPU iPhone OS 13_2_3 like Mac OS X) AppleWebKit/605.1.15 (KHTML, like Gecko) Version/13.0.3 Mobile/15E148 Safari/604.1"
43.153.96.233 - - [20/Feb/2025:17:34:45 +0530] "GET / HTTP/1.1" 200 14247 "-" "Mozilla/5.0 (iPhone; CPU iPhone OS 13_2_3 like Mac OS X) AppleWebKit/605.1.15 (KHTML, like Gecko) Version/13.0.3 Mobile/15E148 Safari/604.1"
2a06:98c0:3600::103 - - [20/Feb/2025:17:41:56 +0530] "GET /wp-admin/setup-config.php HTTP/1.1" 409 1213 "-" "Mozilla/5.0 (Windows NT 10.0; Win64; x64) AppleWebKit/537.36 (KHTML, like Gecko) Chrome/133.0.0.0 Safari/537.36"
2a06:98c0:3600::103 - - [20/Feb/2025:17:42:11 +0530] "GET /wordpress/wp-admin/setup-config.php HTTP/1.1" 301 0 "-" "Mozilla/5.0 (Windows NT 10.0; Win64; x64) AppleWebKit/537.36 (KHTML, like Gecko) Chrome/133.0.0.0 Safari/537.36"
2a06:98c0:3600::103 - - [20/Feb/2025:17:42:12 +0530] "GET /wordpress/wp-admin/setup-config.php HTTP/1.1" 404 10295 "-" "Mozilla/5.0 (Windows NT 10.0; Win64; x64) AppleWebKit/537.36 (KHTML, like Gecko) Chrome/133.0.0.0 Safari/537.36"
162.55.100.32 - - [20/Feb/2025:17:42:11 +0530] "POST /wp-cron.php?doing_wp_cron=1740053531.9439570903778076171875 HTTP/1.1" 200 0 "-" "WordPress/6.7.2; https://www.freejobalerts.guru"
2a06:98c0:3600::103 - - [20/Feb/2025:18:11:26 +0530] "GET /wordpress/wp-admin/setup-config.php HTTP/1.1" 301 0 "-" "Mozilla/5.0 (Windows NT 10.0; Win64; x64) AppleWebKit/537.36 (KHTML, like Gecko) Chrome/133.0.0.0 Safari/537.36"
66.249.69.41 - - [20/Feb/2025:18:00:05 +0530] "GET / HTTP/1.1" 200 12778 "-" "Mozilla/5.0 (compatible; Googlebot/2.1; +http://www.google.com/bot.html)"
162.55.100.32 - - [20/Feb/2025:18:00:03 +0530] "POST /wp-cron.php?doing_wp_cron=1740054603.4594290256500244140625 HTTP/1.1" 200 0 "-" "WordPress/6.7.2; https://www.freejobalerts.guru"
66.249.69.40 - - [20/Feb/2025:18:00:03 +0530] "GET /robots.txt HTTP/1.1" 200 106 "-" "Mozilla/5.0 (compatible; Googlebot/2.1; +http://www.google.com/bot.html)"
2a06:98c0:3600::103 - - [20/Feb/2025:18:11:27 +0530] "GET /wordpress/wp-admin/setup-config.php HTTP/1.1" 404 10339 "-" "Mozilla/5.0 (Windows NT 10.0; Win64; x64) AppleWebKit/537.36 (KHTML, like Gecko) Chrome/133.0.0.0 Safari/537.36"
66.249.75.132 - - [20/Feb/2025:17:59:59 +0530] "GET /robots.txt HTTP/1.1" 200 106 "-" "Mozilla/5.0 (compatible; Googlebot/2.1; +http://www.google.com/bot.html)"
162.55.100.32 - - [20/Feb/2025:18:11:26 +0530] "POST /wp-cron.php?doing_wp_cron=1740055286.8142049312591552734375 HTTP/1.1" 200 0 "-" "WordPress/6.7.2; https://www.freejobalerts.guru"
66.249.75.133 - - [20/Feb/2025:18:00:03 +0530] "GET / HTTP/1.1" 301 0 "-" "Mozilla/5.0 (compatible; Googlebot/2.1; +http://www.google.com/bot.html)"
2a06:98c0:3600::103 - - [20/Feb/2025:18:08:57 +0530] "GET /wp-admin/setup-config.php HTTP/1.1" 409 1213 "-" "Mozilla/5.0 (Windows NT 10.0; Win64; x64) AppleWebKit/537.36 (KHTML, like Gecko) Chrome/133.0.0.0 Safari/537.36"
2a06:98c0:3600::103 - - [20/Feb/2025:18:35:51 +0530] "GET /wordpress/wp-admin/setup-config.php HTTP/1.1" 301 0 "-" "Mozilla/5.0 (Windows NT 10.0; Win64; x64) AppleWebKit/537.36 (KHTML, like Gecko) Chrome/133.0.0.0 Safari/537.36"
2a06:98c0:3600::103 - - [20/Feb/2025:18:34:08 +0530] "GET /wp-admin/setup-config.php HTTP/1.1" 409 1213 "-" "Mozilla/5.0 (Windows NT 10.0; Win64; x64) AppleWebKit/537.36 (KHTML, like Gecko) Chrome/133.0.0.0 Safari/537.36"
162.55.100.32 - - [20/Feb/2025:18:35:51 +0530] "POST /wp-cron.php?doing_wp_cron=1740056751.8059298992156982421875 HTTP/1.1" 200 0 "-" "WordPress/6.7.2; https://www.freejobalerts.guru"
2a06:98c0:3600::103 - - [20/Feb/2025:18:35:51 +0530] "GET /wordpress/wp-admin/setup-config.php HTTP/1.1" 404 10295 "-" "Mozilla/5.0 (Windows NT 10.0; Win64; x64) AppleWebKit/537.36 (KHTML, like Gecko) Chrome/133.0.0.0 Safari/537.36"
45.148.10.172 - - [20/Feb/2025:18:47:27 +0530] "GET /.env HTTP/1.1" 301 0 "-" "Mozilla/5.0 (X11; CrOS x86_64 12239.67.0) AppleWebKit/537.36 (KHTML, like Gecko) Chrome/76.0.3809.102 Safari/537.36"
2a06:98c0:3600::103 - - [20/Feb/2025:18:59:25 +0530] "GET /wp-admin/setup-config.php HTTP/1.1" 409 1213 "-" "Mozilla/5.0 (Windows NT 10.0; Win64; x64) AppleWebKit/537.36 (KHTML, like Gecko) Chrome/133.0.0.0 Safari/537.36"
2a06:98c0:3600::103 - - [20/Feb/2025:19:00:38 +0530] "GET /wordpress/wp-admin/setup-config.php HTTP/1.1" 301 0 "-" "Mozilla/5.0 (Windows NT 10.0; Win64; x64) AppleWebKit/537.36 (KHTML, like Gecko) Chrome/133.0.0.0 Safari/537.36"
162.55.100.32 - - [20/Feb/2025:19:22:26 +0530] "POST /wp-cron.php?doing_wp_cron=1740059546.8010690212249755859375 HTTP/1.1" 200 0 "-" "WordPress/6.7.2; https://www.freejobalerts.guru"
193.27.14.183 - - [20/Feb/2025:19:22:26 +0530] "GET / HTTP/1.1" 301 0 "-" "Mozilla/5.0 (iPhone; CPU iPhone OS 17_5_1 like Mac OS X) AppleWebKit/605.1.15 (KHTML, like Gecko) Version/17.5 Mobile/15E148 Safari/604.1"
143.244.40.246 - - [20/Feb/2025:19:17:50 +0530] "GET / HTTP/1.1" 301 0 "-" "Mozilla/5.0 (Windows NT 10.0; Win64; x64) AppleWebKit/537.36 (KHTML, like Gecko) Chrome/132.0.0.0 Safari/537.36 Edg/132.0.0.0"
45.250.255.14 - - [20/Feb/2025:19:18:00 +0530] "GET / HTTP/1.1" 301 0 "-" "Mozilla/5.0 (Windows NT 10.0; Win64; x64) AppleWebKit/537.36 (KHTML, like Gecko) Chrome/130.0.0.0 Safari/537.36 Edg/130.0.0.0"
162.55.100.32 - - [20/Feb/2025:19:17:50 +0530] "POST /wp-cron.php?doing_wp_cron=1740059270.5782089233398437500000 HTTP/1.1" 200 0 "-" "WordPress/6.7.2; https://www.freejobalerts.guru"
86.172.5.6 - - [20/Feb/2025:19:17:50 +0530] "GET / HTTP/1.1" 301 0 "-" "Mozilla/5.0 (iPhone; CPU iPhone OS 17_6_1 like Mac OS X) AppleWebKit/605.1.15 (KHTML, like Gecko) Version/17.6 Mobile/15E148 Safari/604.1"
193.27.14.183 - - [20/Feb/2025:19:17:51 +0530] "GET / HTTP/1.1" 301 0 "-" "Mozilla/5.0 (iPhone; CPU iPhone OS 17_6_1 like Mac OS X) AppleWebKit/605.1.15 (KHTML, like Gecko) Version/17.6 Mobile/15E148 Safari/604.1"
2a06:98c0:3600::103 - - [20/Feb/2025:19:25:11 +0530] "GET /wordpress/wp-admin/setup-config.php HTTP/1.1" 404 10305 "-" "Mozilla/5.0 (Windows NT 10.0; Win64; x64) AppleWebKit/537.36 (KHTML, like Gecko) Chrome/133.0.0.0 Safari/537.36"
162.55.100.32 - - [20/Feb/2025:19:25:10 +0530] "POST /wp-cron.php?doing_wp_cron=1740059710.4031090736389160156250 HTTP/1.1" 200 0 "-" "WordPress/6.7.2; https://www.freejobalerts.guru"
193.27.14.183 - - [20/Feb/2025:19:24:24 +0530] "GET /favicon.ico HTTP/1.1" 404 1251 "-" "Mozilla/5.0 (iPhone; CPU iPhone OS 17_6_1 like Mac OS X) AppleWebKit/605.1.15 (KHTML, like Gecko) Version/17.6 Mobile/15E148 Safari/604.1"
2a06:98c0:3600::103 - - [20/Feb/2025:19:25:10 +0530] "GET /wordpress/wp-admin/setup-config.php HTTP/1.1" 301 0 "-" "Mozilla/5.0 (Windows NT 10.0; Win64; x64) AppleWebKit/537.36 (KHTML, like Gecko) Chrome/133.0.0.0 Safari/537.36"
2a06:98c0:3600::103 - - [20/Feb/2025:19:27:07 +0530] "GET /wp-admin/setup-config.php HTTP/1.1" 409 1213 "-" "Mozilla/5.0 (Windows NT 10.0; Win64; x64) AppleWebKit/537.36 (KHTML, like Gecko) Chrome/133.0.0.0 Safari/537.36"
2a06:98c0:3600::103 - - [20/Feb/2025:19:51:24 +0530] "GET /wordpress/wp-admin/setup-config.php HTTP/1.1" 404 10295 "-" "Mozilla/5.0 (Windows NT 10.0; Win64; x64) AppleWebKit/537.36 (KHTML, like Gecko) Chrome/133.0.0.0 Safari/537.36"
2a06:98c0:3600::103 - - [20/Feb/2025:20:17:42 +0530] "GET /wordpress/wp-admin/setup-config.php HTTP/1.1" 301 0 "-" "Mozilla/5.0 (Windows NT 10.0; Win64; x64) AppleWebKit/537.36 (KHTML, like Gecko) Chrome/133.0.0.0 Safari/537.36"
2a06:98c0:3600::103 - - [20/Feb/2025:20:18:44 +0530] "GET /wp-admin/setup-config.php HTTP/1.1" 409 1213 "-" "Mozilla/5.0 (Windows NT 10.0; Win64; x64) AppleWebKit/537.36 (KHTML, like Gecko) Chrome/133.0.0.0 Safari/537.36"
2a06:98c0:3600::103 - - [20/Feb/2025:20:45:10 +0530] "GET /wordpress/wp-admin/setup-config.php HTTP/1.1" 301 0 "-" "Mozilla/5.0 (Windows NT 10.0; Win64; x64) AppleWebKit/537.36 (KHTML, like Gecko) Chrome/133.0.0.0 Safari/537.36"
95.164.129.169 - - [20/Feb/2025:20:22:00 +0530] "GET / HTTP/1.1" 301 0 "-" "Mozilla/5.0 (Windows NT 10.0; Win64; x64; rv:89.0) Gecko/20100101 Firefox/89.0"
43.159.143.187 - - [20/Feb/2025:20:40:32 +0530] "GET / HTTP/1.1" 200 14247 "-" "Mozilla/5.0 (iPhone; CPU iPhone OS 13_2_3 like Mac OS X) AppleWebKit/605.1.15 (KHTML, like Gecko) Version/13.0.3 Mobile/15E148 Safari/604.1"
162.55.100.32 - - [20/Feb/2025:20:17:43 +0530] "POST /wp-cron.php?doing_wp_cron=1740062863.3400290012359619140625 HTTP/1.1" 200 0 "-" "WordPress/6.7.2; https://www.freejobalerts.guru"
95.164.129.169 - - [20/Feb/2025:20:22:11 +0530] "GET / HTTP/1.1" 200 14256 "-" "Mozilla/5.0 (Windows NT 10.0; Win64; x64; rv:89.0) Gecko/20100101 Firefox/89.0"
44.192.51.220 - - [20/Feb/2025:20:23:04 +0530] "GET / HTTP/1.1" 301 0 "-" "Mozilla/5.0 (Windows NT 10.0; Win64; x64) AppleWebKit/537.36 (KHTML, like Gecko) Chrome/130.0.0.0 Safari/537.36"
2a06:98c0:3600::103 - - [20/Feb/2025:19:51:24 +0530] "GET /wordpress/wp-admin/setup-config.php HTTP/1.1" 301 0 "-" "Mozilla/5.0 (Windows NT 10.0; Win64; x64) AppleWebKit/537.36 (KHTML, like Gecko) Chrome/133.0.0.0 Safari/537.36"
2a06:98c0:3600::103 - - [20/Feb/2025:19:52:29 +0530] "GET /wp-admin/setup-config.php HTTP/1.1" 409 1213 "-" "Mozilla/5.0 (Windows NT 10.0; Win64; x64) AppleWebKit/537.36 (KHTML, like Gecko) Chrome/133.0.0.0 Safari/537.36"
2a06:98c0:3600::103 - - [20/Feb/2025:20:17:43 +0530] "GET /wordpress/wp-admin/setup-config.php HTTP/1.1" 404 10339 "-" "Mozilla/5.0 (Windows NT 10.0; Win64; x64) AppleWebKit/537.36 (KHTML, like Gecko) Chrome/133.0.0.0 Safari/537.36"
2a06:98c0:3600::103 - - [20/Feb/2025:21:12:19 +0530] "GET /wp-admin/setup-config.php HTTP/1.1" 409 1213 "-" "Mozilla/5.0 (Windows NT 10.0; Win64; x64) AppleWebKit/537.36 (KHTML, like Gecko) Chrome/133.0.0.0 Safari/537.36"
2a06:98c0:3600::103 - - [20/Feb/2025:21:11:03 +0530] "GET /wordpress/wp-admin/setup-config.php HTTP/1.1" 404 10295 "-" "Mozilla/5.0 (Windows NT 10.0; Win64; x64) AppleWebKit/537.36 (KHTML, like Gecko) Chrome/133.0.0.0 Safari/537.36"
2a06:98c0:3600::103 - - [20/Feb/2025:21:11:03 +0530] "GET /wordpress/wp-admin/setup-config.php HTTP/1.1" 301 0 "-" "Mozilla/5.0 (Windows NT 10.0; Win64; x64) AppleWebKit/537.36 (KHTML, like Gecko) Chrome/133.0.0.0 Safari/537.36"
2a06:98c0:3600::103 - - [20/Feb/2025:21:38:06 +0530] "GET /wp-admin/setup-config.php HTTP/1.1" 409 1213 "-" "Mozilla/5.0 (Windows NT 10.0; Win64; x64) AppleWebKit/537.36 (KHTML, like Gecko) Chrome/133.0.0.0 Safari/537.36"
2a06:98c0:3600::103 - - [20/Feb/2025:21:38:21 +0530] "GET /wordpress/wp-admin/setup-config.php HTTP/1.1" 200 0 "-" "Mozilla/5.0 (Windows NT 10.0; Win64; x64) AppleWebKit/537.36 (KHTML, like Gecko) Chrome/133.0.0.0 Safari/537.36"
34.53.5.57 - - [20/Feb/2025:21:51:00 +0530] "GET / HTTP/1.1" 200 62088 "http://freejobalerts.guru" "Go-http-client/1.1"
162.55.100.32 - - [20/Feb/2025:21:50:59 +0530] "POST /wp-cron.php?doing_wp_cron=1740068459.4524860382080078125000 HTTP/1.1" 200 0 "-" "WordPress/6.7.2; https://www.freejobalerts.guru"
34.53.5.57 - - [20/Feb/2025:21:50:58 +0530] "GET / HTTP/1.1" 301 0 "-" "Go-http-client/1.1"
2a06:98c0:3600::103 - - [20/Feb/2025:22:05:55 +0530] "GET /wordpress/wp-admin/setup-config.php HTTP/1.1" 301 0 "-" "Mozilla/5.0 (Windows NT 10.0; Win64; x64) AppleWebKit/537.36 (KHTML, like Gecko) Chrome/133.0.0.0 Safari/537.36"
2a06:98c0:3600::103 - - [20/Feb/2025:22:05:08 +0530] "GET /wp-admin/setup-config.php HTTP/1.1" 409 1213 "-" "Mozilla/5.0 (Windows NT 10.0; Win64; x64) AppleWebKit/537.36 (KHTML, like Gecko) Chrome/133.0.0.0 Safari/537.36"
2a06:98c0:3600::103 - - [20/Feb/2025:22:05:56 +0530] "GET /wordpress/wp-admin/setup-config.php HTTP/1.1" 404 10339 "-" "Mozilla/5.0 (Windows NT 10.0; Win64; x64) AppleWebKit/537.36 (KHTML, like Gecko) Chrome/133.0.0.0 Safari/537.36"
162.55.100.32 - - [20/Feb/2025:22:33:10 +0530] "POST /wp-cron.php?doing_wp_cron=1740070990.4307610988616943359375 HTTP/1.1" 200 0 "-" "WordPress/6.7.2; https://www.freejobalerts.guru"
2a06:98c0:3600::103 - - [20/Feb/2025:22:33:09 +0530] "GET /wordpress/wp-admin/setup-config.php HTTP/1.1" 301 0 "-" "Mozilla/5.0 (Windows NT 10.0; Win64; x64) AppleWebKit/537.36 (KHTML, like Gecko) Chrome/133.0.0.0 Safari/537.36"
34.21.78.68 - - [20/Feb/2025:22:36:13 +0530] "GET / HTTP/1.1" 200 62088 "-" "Mozilla/5.0 (Windows NT 10.0; Win64; x64) AppleWebKit/537.36 (KHTML, like Gecko) Chrome/78.0.3904.108 Safari/537.36"
34.21.78.68 - - [20/Feb/2025:22:36:13 +0530] "GET //wp-includes/wlwmanifest.xml HTTP/1.1" 301 0 "-" "Mozilla/5.0 (Windows NT 10.0; Win64; x64) AppleWebKit/537.36 (KHTML, like Gecko) Chrome/78.0.3904.108 Safari/537.36"
34.21.78.68 - - [20/Feb/2025:22:36:14 +0530] "GET //xmlrpc.php?rsd HTTP/1.1" 200 846 "-" "Mozilla/5.0 (Windows NT 10.0; Win64; x64) AppleWebKit/537.36 (KHTML, like Gecko) Chrome/78.0.3904.108 Safari/537.36"
34.21.78.68 - - [20/Feb/2025:22:36:14 +0530] "GET //?author=1 HTTP/1.1" 301 0 "-" "Mozilla/5.0 (Windows NT 10.0; Win64; x64) AppleWebKit/537.36 (KHTML, like Gecko) Chrome/78.0.3904.108 Safari/537.36"
34.21.78.68 - - [20/Feb/2025:22:36:14 +0530] "GET //?author=2 HTTP/1.1" 301 0 "-" "Mozilla/5.0 (Windows NT 10.0; Win64; x64) AppleWebKit/537.36 (KHTML, like Gecko) Chrome/78.0.3904.108 Safari/537.36"
34.21.78.68 - - [20/Feb/2025:22:36:15 +0530] "GET //wp-json/wp/v2/users/ HTTP/1.1" 200 681 "-" "Mozilla/5.0 (Windows NT 10.0; Win64; x64) AppleWebKit/537.36 (KHTML, like Gecko) Chrome/78.0.3904.108 Safari/537.36"
34.21.78.68 - - [20/Feb/2025:22:36:16 +0530] "POST //xmlrpc.php HTTP/1.1" 200 401 "-" "Mozilla/5.0 (Windows NT 10.0; Win64; x64) AppleWebKit/537.36 (KHTML, like Gecko) Chrome/78.0.3904.108 Safari/537.36"
34.21.78.68 - - [20/Feb/2025:22:36:20 +0530] "POST //xmlrpc.php HTTP/1.1" 200 401 "-" "Mozilla/5.0 (Windows NT 10.0; Win64; x64) AppleWebKit/537.36 (KHTML, like Gecko) Chrome/78.0.3904.108 Safari/537.36"
34.21.78.68 - - [20/Feb/2025:22:36:30 +0530] "POST //xmlrpc.php HTTP/1.1" 200 401 "-" "Mozilla/5.0 (Windows NT 10.0; Win64; x64) AppleWebKit/537.36 (KHTML, like Gecko) Chrome/78.0.3904.108 Safari/537.36"
34.21.78.68 - - [20/Feb/2025:22:36:34 +0530] "POST //xmlrpc.php HTTP/1.1" 200 401 "-" "Mozilla/5.0 (Windows NT 10.0; Win64; x64) AppleWebKit/537.36 (KHTML, like Gecko) Chrome/78.0.3904.108 Safari/537.36"
34.21.78.68 - - [20/Feb/2025:22:36:45 +0530] "POST //xmlrpc.php HTTP/1.1" 200 401 "-" "Mozilla/5.0 (Windows NT 10.0; Win64; x64) AppleWebKit/537.36 (KHTML, like Gecko) Chrome/78.0.3904.108 Safari/537.36"
34.21.78.68 - - [20/Feb/2025:22:36:49 +0530] "POST //xmlrpc.php HTTP/1.1" 200 401 "-" "Mozilla/5.0 (Windows NT 10.0; Win64; x64) AppleWebKit/537.36 (KHTML, like Gecko) Chrome/78.0.3904.108 Safari/537.36"
34.21.78.68 - - [20/Feb/2025:22:37:01 +0530] "POST //xmlrpc.php HTTP/1.1" 200 401 "-" "Mozilla/5.0 (Windows NT 10.0; Win64; x64) AppleWebKit/537.36 (KHTML, like Gecko) Chrome/78.0.3904.108 Safari/537.36"
34.21.78.68 - - [20/Feb/2025:22:37:05 +0530] "POST //xmlrpc.php HTTP/1.1" 200 401 "-" "Mozilla/5.0 (Windows NT 10.0; Win64; x64) AppleWebKit/537.36 (KHTML, like Gecko) Chrome/78.0.3904.108 Safari/537.36"
34.21.78.68 - - [20/Feb/2025:22:37:16 +0530] "POST //xmlrpc.php HTTP/1.1" 200 401 "-" "Mozilla/5.0 (Windows NT 10.0; Win64; x64) AppleWebKit/537.36 (KHTML, like Gecko) Chrome/78.0.3904.108 Safari/537.36"
34.21.78.68 - - [20/Feb/2025:22:37:20 +0530] "POST //xmlrpc.php HTTP/1.1" 200 401 "-" "Mozilla/5.0 (Windows NT 10.0; Win64; x64) AppleWebKit/537.36 (KHTML, like Gecko) Chrome/78.0.3904.108 Safari/537.36"
34.21.78.68 - - [20/Feb/2025:22:37:30 +0530] "POST //xmlrpc.php HTTP/1.1" 200 401 "-" "Mozilla/5.0 (Windows NT 10.0; Win64; x64) AppleWebKit/537.36 (KHTML, like Gecko) Chrome/78.0.3904.108 Safari/537.36"
34.21.78.68 - - [20/Feb/2025:22:37:34 +0530] "POST //xmlrpc.php HTTP/1.1" 200 401 "-" "Mozilla/5.0 (Windows NT 10.0; Win64; x64) AppleWebKit/537.36 (KHTML, like Gecko) Chrome/78.0.3904.108 Safari/537.36"
34.21.78.68 - - [20/Feb/2025:22:37:46 +0530] "POST //xmlrpc.php HTTP/1.1" 200 401 "-" "Mozilla/5.0 (Windows NT 10.0; Win64; x64) AppleWebKit/537.36 (KHTML, like Gecko) Chrome/78.0.3904.108 Safari/537.36"
34.21.78.68 - - [20/Feb/2025:22:37:50 +0530] "POST //xmlrpc.php HTTP/1.1" 200 401 "-" "Mozilla/5.0 (Windows NT 10.0; Win64; x64) AppleWebKit/537.36 (KHTML, like Gecko) Chrome/78.0.3904.108 Safari/537.36"
2a06:98c0:3600::103 - - [20/Feb/2025:22:32:10 +0530] "GET /wp-admin/setup-config.php HTTP/1.1" 409 1213 "-" "Mozilla/5.0 (Windows NT 10.0; Win64; x64) AppleWebKit/537.36 (KHTML, like Gecko) Chrome/133.0.0.0 Safari/537.36"
2a06:98c0:3600::103 - - [20/Feb/2025:22:33:11 +0530] "GET /wordpress/wp-admin/setup-config.php HTTP/1.1" 404 10295 "-" "Mozilla/5.0 (Windows NT 10.0; Win64; x64) AppleWebKit/537.36 (KHTML, like Gecko) Chrome/133.0.0.0 Safari/537.36"
34.21.78.68 - - [20/Feb/2025:22:38:00 +0530] "POST //xmlrpc.php HTTP/1.1" 200 401 "-" "Mozilla/5.0 (Windows NT 10.0; Win64; x64) AppleWebKit/537.36 (KHTML, like Gecko) Chrome/78.0.3904.108 Safari/537.36"
34.21.78.68 - - [20/Feb/2025:22:38:05 +0530] "POST //xmlrpc.php HTTP/1.1" 200 401 "-" "Mozilla/5.0 (Windows NT 10.0; Win64; x64) AppleWebKit/537.36 (KHTML, like Gecko) Chrome/78.0.3904.108 Safari/537.36"
34.21.78.68 - - [20/Feb/2025:22:38:17 +0530] "POST //xmlrpc.php HTTP/1.1" 200 401 "-" "Mozilla/5.0 (Windows NT 10.0; Win64; x64) AppleWebKit/537.36 (KHTML, like Gecko) Chrome/78.0.3904.108 Safari/537.36"
34.21.78.68 - - [20/Feb/2025:22:38:30 +0530] "POST //xmlrpc.php HTTP/1.1" 200 401 "-" "Mozilla/5.0 (Windows NT 10.0; Win64; x64) AppleWebKit/537.36 (KHTML, like Gecko) Chrome/78.0.3904.108 Safari/537.36"
34.21.78.68 - - [20/Feb/2025:22:38:34 +0530] "POST //xmlrpc.php HTTP/1.1" 200 401 "-" "Mozilla/5.0 (Windows NT 10.0; Win64; x64) AppleWebKit/537.36 (KHTML, like Gecko) Chrome/78.0.3904.108 Safari/537.36"
34.21.78.68 - - [20/Feb/2025:22:38:45 +0530] "POST //xmlrpc.php HTTP/1.1" 200 401 "-" "Mozilla/5.0 (Windows NT 10.0; Win64; x64) AppleWebKit/537.36 (KHTML, like Gecko) Chrome/78.0.3904.108 Safari/537.36"
34.21.78.68 - - [20/Feb/2025:22:38:50 +0530] "POST //xmlrpc.php HTTP/1.1" 200 401 "-" "Mozilla/5.0 (Windows NT 10.0; Win64; x64) AppleWebKit/537.36 (KHTML, like Gecko) Chrome/78.0.3904.108 Safari/537.36"
34.21.78.68 - - [20/Feb/2025:22:39:00 +0530] "POST //xmlrpc.php HTTP/1.1" 200 401 "-" "Mozilla/5.0 (Windows NT 10.0; Win64; x64) AppleWebKit/537.36 (KHTML, like Gecko) Chrome/78.0.3904.108 Safari/537.36"
34.21.78.68 - - [20/Feb/2025:22:39:16 +0530] "POST //xmlrpc.php HTTP/1.1" 200 401 "-" "Mozilla/5.0 (Windows NT 10.0; Win64; x64) AppleWebKit/537.36 (KHTML, like Gecko) Chrome/78.0.3904.108 Safari/537.36"
34.21.78.68 - - [20/Feb/2025:22:39:20 +0530] "POST //xmlrpc.php HTTP/1.1" 200 401 "-" "Mozilla/5.0 (Windows NT 10.0; Win64; x64) AppleWebKit/537.36 (KHTML, like Gecko) Chrome/78.0.3904.108 Safari/537.36"
34.21.78.68 - - [20/Feb/2025:22:39:31 +0530] "POST //xmlrpc.php HTTP/1.1" 200 401 "-" "Mozilla/5.0 (Windows NT 10.0; Win64; x64) AppleWebKit/537.36 (KHTML, like Gecko) Chrome/78.0.3904.108 Safari/537.36"
34.21.78.68 - - [20/Feb/2025:22:39:35 +0530] "POST //xmlrpc.php HTTP/1.1" 200 401 "-" "Mozilla/5.0 (Windows NT 10.0; Win64; x64) AppleWebKit/537.36 (KHTML, like Gecko) Chrome/78.0.3904.108 Safari/537.36"
34.21.78.68 - - [20/Feb/2025:22:39:45 +0530] "POST //xmlrpc.php HTTP/1.1" 200 401 "-" "Mozilla/5.0 (Windows NT 10.0; Win64; x64) AppleWebKit/537.36 (KHTML, like Gecko) Chrome/78.0.3904.108 Safari/537.36"
34.21.78.68 - - [20/Feb/2025:22:39:49 +0530] "POST //xmlrpc.php HTTP/1.1" 200 401 "-" "Mozilla/5.0 (Windows NT 10.0; Win64; x64) AppleWebKit/537.36 (KHTML, like Gecko) Chrome/78.0.3904.108 Safari/537.36"
34.21.78.68 - - [20/Feb/2025:22:40:00 +0530] "POST //xmlrpc.php HTTP/1.1" 200 401 "-" "Mozilla/5.0 (Windows NT 10.0; Win64; x64) AppleWebKit/537.36 (KHTML, like Gecko) Chrome/78.0.3904.108 Safari/537.36"
34.21.78.68 - - [20/Feb/2025:22:40:04 +0530] "POST //xmlrpc.php HTTP/1.1" 200 401 "-" "Mozilla/5.0 (Windows NT 10.0; Win64; x64) AppleWebKit/537.36 (KHTML, like Gecko) Chrome/78.0.3904.108 Safari/537.36"
34.21.78.68 - - [20/Feb/2025:22:40:15 +0530] "POST //xmlrpc.php HTTP/1.1" 200 401 "-" "Mozilla/5.0 (Windows NT 10.0; Win64; x64) AppleWebKit/537.36 (KHTML, like Gecko) Chrome/78.0.3904.108 Safari/537.36"
34.21.78.68 - - [20/Feb/2025:22:40:19 +0530] "POST //xmlrpc.php HTTP/1.1" 200 401 "-" "Mozilla/5.0 (Windows NT 10.0; Win64; x64) AppleWebKit/537.36 (KHTML, like Gecko) Chrome/78.0.3904.108 Safari/537.36"
34.21.78.68 - - [20/Feb/2025:22:40:35 +0530] "POST //xmlrpc.php HTTP/1.1" 200 401 "-" "Mozilla/5.0 (Windows NT 10.0; Win64; x64) AppleWebKit/537.36 (KHTML, like Gecko) Chrome/78.0.3904.108 Safari/537.36"
34.21.78.68 - - [20/Feb/2025:22:40:39 +0530] "POST //xmlrpc.php HTTP/1.1" 200 401 "-" "Mozilla/5.0 (Windows NT 10.0; Win64; x64) AppleWebKit/537.36 (KHTML, like Gecko) Chrome/78.0.3904.108 Safari/537.36"
34.21.78.68 - - [20/Feb/2025:22:35:57 +0530] "GET / HTTP/1.1" 301 0 "-" "Mozilla/5.0 (Windows NT 10.0; Win64; x64) AppleWebKit/537.36 (KHTML, like Gecko) Chrome/78.0.3904.108 Safari/537.36"
162.55.100.32 - - [20/Feb/2025:22:37:00 +0530] "POST /wp-cron.php?doing_wp_cron=1740071220.8256850242614746093750 HTTP/1.1" 200 0 "-" "WordPress/6.7.2; https://www.freejobalerts.guru"
162.55.100.32 - - [20/Feb/2025:22:37:30 +0530] "POST /wp-cron.php?doing_wp_cron=1740071250.6152400970458984375000 HTTP/1.1" 200 0 "-" "WordPress/6.7.2; https://www.freejobalerts.guru"
34.21.78.68 - - [20/Feb/2025:22:40:45 +0530] "POST //xmlrpc.php HTTP/1.1" 200 401 "-" "Mozilla/5.0 (Windows NT 10.0; Win64; x64) AppleWebKit/537.36 (KHTML, like Gecko) Chrome/78.0.3904.108 Safari/537.36"
34.21.78.68 - - [20/Feb/2025:22:40:46 +0530] "POST //xmlrpc.php HTTP/1.1" 200 401 "-" "Mozilla/5.0 (Windows NT 10.0; Win64; x64) AppleWebKit/537.36 (KHTML, like Gecko) Chrome/78.0.3904.108 Safari/537.36"
34.21.78.68 - - [20/Feb/2025:22:40:49 +0530] "POST //xmlrpc.php HTTP/1.1" 200 401 "-" "Mozilla/5.0 (Windows NT 10.0; Win64; x64) AppleWebKit/537.36 (KHTML, like Gecko) Chrome/78.0.3904.108 Safari/537.36"
34.21.78.68 - - [20/Feb/2025:22:41:00 +0530] "POST //xmlrpc.php HTTP/1.1" 200 401 "-" "Mozilla/5.0 (Windows NT 10.0; Win64; x64) AppleWebKit/537.36 (KHTML, like Gecko) Chrome/78.0.3904.108 Safari/537.36"
34.21.78.68 - - [20/Feb/2025:22:41:01 +0530] "POST //xmlrpc.php HTTP/1.1" 200 401 "-" "Mozilla/5.0 (Windows NT 10.0; Win64; x64) AppleWebKit/537.36 (KHTML, like Gecko) Chrome/78.0.3904.108 Safari/537.36"
34.21.78.68 - - [20/Feb/2025:22:41:15 +0530] "POST //xmlrpc.php HTTP/1.1" 200 401 "-" "Mozilla/5.0 (Windows NT 10.0; Win64; x64) AppleWebKit/537.36 (KHTML, like Gecko) Chrome/78.0.3904.108 Safari/537.36"
34.21.78.68 - - [20/Feb/2025:22:41:19 +0530] "POST //xmlrpc.php HTTP/1.1" 200 401 "-" "Mozilla/5.0 (Windows NT 10.0; Win64; x64) AppleWebKit/537.36 (KHTML, like Gecko) Chrome/78.0.3904.108 Safari/537.36"
34.21.78.68 - - [20/Feb/2025:22:41:35 +0530] "POST //xmlrpc.php HTTP/1.1" 200 401 "-" "Mozilla/5.0 (Windows NT 10.0; Win64; x64) AppleWebKit/537.36 (KHTML, like Gecko) Chrome/78.0.3904.108 Safari/537.36"
34.21.78.68 - - [20/Feb/2025:22:41:45 +0530] "POST //xmlrpc.php HTTP/1.1" 200 401 "-" "Mozilla/5.0 (Windows NT 10.0; Win64; x64) AppleWebKit/537.36 (KHTML, like Gecko) Chrome/78.0.3904.108 Safari/537.36"
34.21.78.68 - - [20/Feb/2025:22:42:00 +0530] "POST //xmlrpc.php HTTP/1.1" 200 401 "-" "Mozilla/5.0 (Windows NT 10.0; Win64; x64) AppleWebKit/537.36 (KHTML, like Gecko) Chrome/78.0.3904.108 Safari/537.36"
162.55.100.32 - - [20/Feb/2025:22:38:30 +0530] "POST /wp-cron.php?doing_wp_cron=1740071310.5147840976715087890625 HTTP/1.1" 200 0 "-" "WordPress/6.7.2; https://www.freejobalerts.guru"
162.55.100.32 - - [20/Feb/2025:22:39:31 +0530] "POST /wp-cron.php?doing_wp_cron=1740071371.3607120513916015625000 HTTP/1.1" 200 0 "-" "WordPress/6.7.2; https://www.freejobalerts.guru"
2a06:98c0:3600::103 - - [20/Feb/2025:23:06:56 +0530] "GET /wp-admin/setup-config.php HTTP/1.1" 409 1213 "-" "Mozilla/5.0 (Windows NT 10.0; Win64; x64) AppleWebKit/537.36 (KHTML, like Gecko) Chrome/133.0.0.0 Safari/537.36"
162.55.100.32 - - [20/Feb/2025:23:07:37 +0530] "POST /wp-cron.php?doing_wp_cron=1740073057.4326589107513427734375 HTTP/1.1" 200 0 "-" "WordPress/6.7.2; https://www.freejobalerts.guru"
2a06:98c0:3600::103 - - [20/Feb/2025:23:07:33 +0530] "GET /wordpress/wp-admin/setup-config.php HTTP/1.1" 301 0 "-" "Mozilla/5.0 (Windows NT 10.0; Win64; x64) AppleWebKit/537.36 (KHTML, like Gecko) Chrome/133.0.0.0 Safari/537.36"
81.200.156.80 - - [20/Feb/2025:23:45:11 +0530] "GET / HTTP/1.1" 301 0 "-" "Mozilla/5.0 (Macintosh; Intel Mac OS X 10_15_7) AppleWebKit/537.36 (KHTML, like Gecko) Chrome/104.0.5112.79 Safari/537.36"
162.55.100.32 - - [20/Feb/2025:23:45:12 +0530] "POST /wp-cron.php?doing_wp_cron=1740075312.3472900390625000000000 HTTP/1.1" 200 0 "-" "WordPress/6.7.2; https://www.freejobalerts.guru"
2a06:98c0:3600::103 - - [20/Feb/2025:23:39:02 +0530] "GET /wordpress/wp-admin/setup-config.php HTTP/1.1" 301 0 "-" "Mozilla/5.0 (Windows NT 10.0; Win64; x64) AppleWebKit/537.36 (KHTML, like Gecko) Chrome/133.0.0.0 Safari/537.36"
162.55.100.32 - - [20/Feb/2025:23:37:58 +0530] "POST /wp-cron.php?doing_wp_cron=1740074878.2523350715637207031250 HTTP/1.1" 200 0 "-" "WordPress/6.7.2; https://www.freejobalerts.guru"
43.166.250.187 - - [20/Feb/2025:23:37:56 +0530] "GET / HTTP/1.1" 301 0 "-" "Mozilla/5.0 (iPhone; CPU iPhone OS 13_2_3 like Mac OS X) AppleWebKit/605.1.15 (KHTML, like Gecko) Version/13.0.3 Mobile/15E148 Safari/604.1"
43.133.139.6 - - [20/Feb/2025:23:27:22 +0530] "GET / HTTP/1.1" 200 14247 "-" "Mozilla/5.0 (iPhone; CPU iPhone OS 13_2_3 like Mac OS X) AppleWebKit/605.1.15 (KHTML, like Gecko) Version/13.0.3 Mobile/15E148 Safari/604.1"
81.200.156.80 - - [20/Feb/2025:23:45:13 +0530] "GET / HTTP/1.1" 200 7152 "-" "Mozilla/5.0 (Macintosh; Intel Mac OS X 10_15_7) AppleWebKit/537.36 (KHTML, like Gecko) Chrome/104.0.5112.79 Safari/537.36"
43.166.250.187 - - [20/Feb/2025:23:38:02 +0530] "GET / HTTP/1.1" 200 14256 "http://freejobalerts.guru" "Mozilla/5.0 (iPhone; CPU iPhone OS 13_2_3 like Mac OS X) AppleWebKit/605.1.15 (KHTML, like Gecko) Version/13.0.3 Mobile/15E148 Safari/604.1"
162.55.100.32 - - [20/Feb/2025:23:27:25 +0530] "POST /wp-cron.php?doing_wp_cron=1740074244.9213309288024902343750 HTTP/1.1" 200 0 "-" "WordPress/6.7.2; https://www.freejobalerts.guru"
188.225.60.227 - - [21/Feb/2025:00:18:24 +0530] "GET /wp-content/plugins/contact-form-7/includes/css/styles.css?ver=6.0.3 HTTP/1.1" 200 1016 "http://www.freejobalerts.guru/" "Mozilla/5.0 (Macintosh; Intel Mac OS X 10_15_7) AppleWebKit/537.36 (KHTML, like Gecko) Chrome/104.0.5112.79 Safari/537.36"
188.225.60.227 - - [21/Feb/2025:00:18:23 +0530] "GET / HTTP/1.1" 200 14256 "-" "Mozilla/5.0 (Macintosh; Intel Mac OS X 10_15_7) AppleWebKit/537.36 (KHTML, like Gecko) Chrome/104.0.5112.79 Safari/537.36"
188.225.60.227 - - [21/Feb/2025:00:18:25 +0530] "GET /wp-includes/js/dist/i18n.min.js?ver=5e580eb46a90c2b997e6 HTTP/1.1" 200 3667 "http://www.freejobalerts.guru/" "Mozilla/5.0 (Macintosh; Intel Mac OS X 10_15_7) AppleWebKit/537.36 (KHTML, like Gecko) Chrome/104.0.5112.79 Safari/537.36"
188.225.60.227 - - [21/Feb/2025:00:18:25 +0530] "GET /wp-content/plugins/contact-form-7/includes/js/index.js?ver=6.0.3 HTTP/1.1" 200 4236 "http://www.freejobalerts.guru/" "Mozilla/5.0 (Macintosh; Intel Mac OS X 10_15_7) AppleWebKit/537.36 (KHTML, like Gecko) Chrome/104.0.5112.79 Safari/537.36"
206.168.34.117 - - [21/Feb/2025:00:24:38 +0530] "GET /favicon.ico HTTP/1.1" 404 1251 "-" "Mozilla/5.0 (compatible; CensysInspect/1.1; +https://about.censys.io/)"
162.55.100.32 - - [21/Feb/2025:00:39:15 +0530] "POST /wp-cron.php?doing_wp_cron=1740078554.8634870052337646484375 HTTP/1.1" 200 0 "-" "WordPress/6.7.2; https://www.freejobalerts.guru"
188.225.60.227 - - [21/Feb/2025:00:18:21 +0530] "GET / HTTP/1.1" 301 0 "-" "Mozilla/5.0 (Macintosh; Intel Mac OS X 10_15_7) AppleWebKit/537.36 (KHTML, like Gecko) Chrome/104.0.5112.79 Safari/537.36"
43.167.232.38 - - [21/Feb/2025:00:39:11 +0530] "GET / HTTP/1.1" 301 0 "-" "Mozilla/5.0 (iPhone; CPU iPhone OS 13_2_3 like Mac OS X) AppleWebKit/605.1.15 (KHTML, like Gecko) Version/13.0.3 Mobile/15E148 Safari/604.1"
188.225.60.227 - - [21/Feb/2025:00:18:24 +0530] "GET /wp-content/themes/generatepress/assets/css/main.min.css?ver=3.5.1 HTTP/1.1" 200 4670 "http://www.freejobalerts.guru/" "Mozilla/5.0 (Macintosh; Intel Mac OS X 10_15_7) AppleWebKit/537.36 (KHTML, like Gecko) Chrome/104.0.5112.79 Safari/537.36"
188.225.60.227 - - [21/Feb/2025:00:18:25 +0530] "GET /wp-content/themes/generatepress/assets/js/menu.min.js?ver=3.5.1 HTTP/1.1" 200 1828 "http://www.freejobalerts.guru/" "Mozilla/5.0 (Macintosh; Intel Mac OS X 10_15_7) AppleWebKit/537.36 (KHTML, like Gecko) Chrome/104.0.5112.79 Safari/537.36"
206.168.34.117 - - [21/Feb/2025:00:24:22 +0530] "GET / HTTP/1.1" 200 14247 "-" "Mozilla/5.0 (compatible; CensysInspect/1.1; +https://about.censys.io/)"
162.55.100.32 - - [21/Feb/2025:00:36:09 +0530] "POST /wp-cron.php?doing_wp_cron=1740078368.9703440666198730468750 HTTP/1.1" 200 0 "-" "WordPress/6.7.2; https://www.freejobalerts.guru"
188.225.60.227 - - [21/Feb/2025:00:18:24 +0530] "GET /wp-includes/css/dist/block-library/style.min.css?ver=6.7.2 HTTP/1.1" 200 15146 "http://www.freejobalerts.guru/" "Mozilla/5.0 (Macintosh; Intel Mac OS X 10_15_7) AppleWebKit/537.36 (KHTML, like Gecko) Chrome/104.0.5112.79 Safari/537.36"
188.225.60.227 - - [21/Feb/2025:00:18:24 +0530] "GET /wp-content/plugins/contextual-related-posts/css/rounded-thumbs.min.css?ver=3.6.2 HTTP/1.1" 200 454 "http://www.freejobalerts.guru/" "Mozilla/5.0 (Macintosh; Intel Mac OS X 10_15_7) AppleWebKit/537.36 (KHTML, like Gecko) Chrome/104.0.5112.79 Safari/537.36"
188.225.60.227 - - [21/Feb/2025:00:18:25 +0530] "GET /wp-content/plugins/gp-premium/blog/functions/css/style.min.css?ver=2.0.2 HTTP/1.1" 200 1112 "http://www.freejobalerts.guru/" "Mozilla/5.0 (Macintosh; Intel Mac OS X 10_15_7) AppleWebKit/537.36 (KHTML, like Gecko) Chrome/104.0.5112.79 Safari/537.36"
188.225.60.227 - - [21/Feb/2025:00:18:25 +0530] "GET /wp-includes/js/dist/hooks.min.js?ver=4d63a3d491d11ffd8ac6 HTTP/1.1" 200 1644 "http://www.freejobalerts.guru/" "Mozilla/5.0 (Macintosh; Intel Mac OS X 10_15_7) AppleWebKit/537.36 (KHTML, like Gecko) Chrome/104.0.5112.79 Safari/537.36"
188.225.60.227 - - [21/Feb/2025:00:18:25 +0530] "GET /wp-content/plugins/contact-form-7/includes/swv/js/index.js?ver=6.0.3 HTTP/1.1" 200 3522 "http://www.freejobalerts.guru/" "Mozilla/5.0 (Macintosh; Intel Mac OS X 10_15_7) AppleWebKit/537.36 (KHTML, like Gecko) Chrome/104.0.5112.79 Safari/537.36"
188.225.60.227 - - [21/Feb/2025:00:18:25 +0530] "GET /wp-includes/js/masonry.min.js?ver=4.2.2 HTTP/1.1" 200 7376 "http://www.freejobalerts.guru/" "Mozilla/5.0 (Macintosh; Intel Mac OS X 10_15_7) AppleWebKit/537.36 (KHTML, like Gecko) Chrome/104.0.5112.79 Safari/537.36"
188.225.60.227 - - [21/Feb/2025:00:18:25 +0530] "GET /wp-content/plugins/gp-premium/blog/functions/js/scripts.min.js?ver=2.0.2 HTTP/1.1" 200 608 "http://www.freejobalerts.guru/" "Mozilla/5.0 (Macintosh; Intel Mac OS X 10_15_7) AppleWebKit/537.36 (KHTML, like Gecko) Chrome/104.0.5112.79 Safari/537.36"
162.55.100.32 - - [21/Feb/2025:00:39:25 +0530] "POST /wp-cron.php?doing_wp_cron=1740078564.9249329566955566406250 HTTP/1.1" 200 0 "-" "WordPress/6.7.2; https://www.freejobalerts.guru"
162.55.100.32 - - [21/Feb/2025:00:24:04 +0530] "POST /wp-cron.php?doing_wp_cron=1740077644.3272759914398193359375 HTTP/1.1" 200 0 "-" "WordPress/6.7.2; https://www.freejobalerts.guru"
138.124.91.202 - - [21/Feb/2025:00:18:09 +0530] "GET /wp-login.php HTTP/1.1" 302 0 "-" "Mozilla/5.0 (Windows NT 10.0; WOW64) AppleWebKit/537.36 (KHTML, like Gecko) Chrome/75.0.3770.100 Safari/537.36"
206.168.34.117 - - [21/Feb/2025:00:24:03 +0530] "GET / HTTP/1.1" 301 0 "-" "Mozilla/5.0 (compatible; CensysInspect/1.1; +https://about.censys.io/)"
2a06:98c0:3600::103 - - [21/Feb/2025:00:08:42 +0530] "GET /wp-admin/setup-config.php HTTP/1.1" 409 1213 "-" "Mozilla/5.0 (Windows NT 10.0; Win64; x64) AppleWebKit/537.36 (KHTML, like Gecko) Chrome/133.0.0.0 Safari/537.36"
188.225.60.227 - - [21/Feb/2025:00:18:24 +0530] "GET /wp-content/plugins/related-posts-thumbnails/assets/css/front.css?ver=4.2.1 HTTP/1.1" 200 1198 "http://www.freejobalerts.guru/" "Mozilla/5.0 (Macintosh; Intel Mac OS X 10_15_7) AppleWebKit/537.36 (KHTML, like Gecko) Chrome/104.0.5112.79 Safari/537.36"
188.225.60.227 - - [21/Feb/2025:00:18:25 +0530] "GET /wp-includes/js/imagesloaded.min.js?ver=5.0.0 HTTP/1.1" 200 1801 "http://www.freejobalerts.guru/" "Mozilla/5.0 (Macintosh; Intel Mac OS X 10_15_7) AppleWebKit/537.36 (KHTML, like Gecko) Chrome/104.0.5112.79 Safari/537.36"
162.55.100.32 - - [21/Feb/2025:00:24:23 +0530] "POST /wp-cron.php?doing_wp_cron=1740077662.9515769481658935546875 HTTP/1.1" 200 0 "-" "WordPress/6.7.2; https://www.freejobalerts.guru"
2a06:98c0:3600::103 - - [21/Feb/2025:00:36:06 +0530] "GET /wordpress/wp-admin/setup-config.php HTTP/1.1" 301 0 "-" "Mozilla/5.0 (Windows NT 10.0; Win64; x64) AppleWebKit/537.36 (KHTML, like Gecko) Chrome/133.0.0.0 Safari/537.36"
43.167.232.38 - - [21/Feb/2025:00:39:21 +0530] "GET / HTTP/1.1" 200 14330 "http://freejobalerts.guru" "Mozilla/5.0 (iPhone; CPU iPhone OS 13_2_3 like Mac OS X) AppleWebKit/605.1.15 (KHTML, like Gecko) Version/13.0.3 Mobile/15E148 Safari/604.1"
162.55.100.32 - - [21/Feb/2025:01:04:51 +0530] "POST /wp-cron.php?doing_wp_cron=1740080091.2301990985870361328125 HTTP/1.1" 200 0 "-" "WordPress/6.7.2; https://www.freejobalerts.guru"
2a06:98c0:3600::103 - - [21/Feb/2025:01:04:46 +0530] "GET /wordpress/wp-admin/setup-config.php HTTP/1.1" 301 0 "-" "Mozilla/5.0 (Windows NT 10.0; Win64; x64) AppleWebKit/537.36 (KHTML, like Gecko) Chrome/133.0.0.0 Safari/537.36"
167.71.202.220 - - [21/Feb/2025:01:37:04 +0530] "GET / HTTP/1.1" 301 0 "-" "Mozilla/5.0 (Windows NT 10.0; Win64; x64) AppleWebKit/537.36 (KHTML, like Gecko) Chrome/80.0.3987.149 Safari/537.36"
167.71.202.220 - - [21/Feb/2025:01:37:07 +0530] "GET / HTTP/1.1" 200 62088 "-" "Mozilla/5.0 (Windows NT 10.0; Win64; x64) AppleWebKit/537.36 (KHTML, like Gecko) Chrome/80.0.3987.149 Safari/537.36"
167.71.202.220 - - [21/Feb/2025:01:37:09 +0530] "GET //wp-includes/wlwmanifest.xml HTTP/1.1" 301 0 "-" "Mozilla/5.0 (Windows NT 10.0; Win64; x64) AppleWebKit/537.36 (KHTML, like Gecko) Chrome/80.0.3987.149 Safari/537.36"
167.71.202.220 - - [21/Feb/2025:01:37:12 +0530] "GET //xmlrpc.php?rsd HTTP/1.1" 200 846 "-" "Mozilla/5.0 (Windows NT 10.0; Win64; x64) AppleWebKit/537.36 (KHTML, like Gecko) Chrome/80.0.3987.149 Safari/537.36"
167.71.202.220 - - [21/Feb/2025:01:37:13 +0530] "GET //?author=1 HTTP/1.1" 301 0 "-" "Mozilla/5.0 (Windows NT 10.0; Win64; x64) AppleWebKit/537.36 (KHTML, like Gecko) Chrome/80.0.3987.149 Safari/537.36"
167.71.202.220 - - [21/Feb/2025:01:37:13 +0530] "GET //?author=2 HTTP/1.1" 301 0 "-" "Mozilla/5.0 (Windows NT 10.0; Win64; x64) AppleWebKit/537.36 (KHTML, like Gecko) Chrome/80.0.3987.149 Safari/537.36"
167.71.202.220 - - [21/Feb/2025:01:37:14 +0530] "GET //wp-json/wp/v2/users/ HTTP/1.1" 200 681 "-" "Mozilla/5.0 (Windows NT 10.0; Win64; x64) AppleWebKit/537.36 (KHTML, like Gecko) Chrome/80.0.3987.149 Safari/537.36"
167.71.202.220 - - [21/Feb/2025:01:37:14 +0530] "POST //xmlrpc.php HTTP/1.1" 200 401 "-" "Mozilla/5.0 (Windows NT 10.0; Win64; x64) AppleWebKit/537.36 (KHTML, like Gecko) Chrome/80.0.3987.149 Safari/537.36"
167.71.202.220 - - [21/Feb/2025:01:37:15 +0530] "POST //xmlrpc.php HTTP/1.1" 200 401 "-" "Mozilla/5.0 (Windows NT 10.0; Win64; x64) AppleWebKit/537.36 (KHTML, like Gecko) Chrome/80.0.3987.149 Safari/537.36"
162.55.100.32 - - [21/Feb/2025:01:37:31 +0530] "POST /wp-cron.php?doing_wp_cron=1740082051.0529611110687255859375 HTTP/1.1" 200 0 "-" "WordPress/6.7.2; https://www.freejobalerts.guru"
167.71.202.220 - - [21/Feb/2025:01:37:19 +0530] "POST //xmlrpc.php HTTP/1.1" 200 401 "-" "Mozilla/5.0 (Windows NT 10.0; Win64; x64) AppleWebKit/537.36 (KHTML, like Gecko) Chrome/80.0.3987.149 Safari/537.36"
167.71.202.220 - - [21/Feb/2025:01:37:31 +0530] "POST //xmlrpc.php HTTP/1.1" 200 401 "-" "Mozilla/5.0 (Windows NT 10.0; Win64; x64) AppleWebKit/537.36 (KHTML, like Gecko) Chrome/80.0.3987.149 Safari/537.36"
167.71.202.220 - - [21/Feb/2025:01:37:33 +0530] "POST //xmlrpc.php HTTP/1.1" 200 401 "-" "Mozilla/5.0 (Windows NT 10.0; Win64; x64) AppleWebKit/537.36 (KHTML, like Gecko) Chrome/80.0.3987.149 Safari/537.36"
167.71.202.220 - - [21/Feb/2025:01:37:37 +0530] "POST //xmlrpc.php HTTP/1.1" 200 401 "-" "Mozilla/5.0 (Windows NT 10.0; Win64; x64) AppleWebKit/537.36 (KHTML, like Gecko) Chrome/80.0.3987.149 Safari/537.36"
167.71.202.220 - - [21/Feb/2025:01:37:46 +0530] "POST //xmlrpc.php HTTP/1.1" 200 401 "-" "Mozilla/5.0 (Windows NT 10.0; Win64; x64) AppleWebKit/537.36 (KHTML, like Gecko) Chrome/80.0.3987.149 Safari/537.36"
167.71.202.220 - - [21/Feb/2025:01:37:49 +0530] "POST //xmlrpc.php HTTP/1.1" 200 401 "-" "Mozilla/5.0 (Windows NT 10.0; Win64; x64) AppleWebKit/537.36 (KHTML, like Gecko) Chrome/80.0.3987.149 Safari/537.36"
167.71.202.220 - - [21/Feb/2025:01:37:54 +0530] "POST //xmlrpc.php HTTP/1.1" 200 401 "-" "Mozilla/5.0 (Windows NT 10.0; Win64; x64) AppleWebKit/537.36 (KHTML, like Gecko) Chrome/80.0.3987.149 Safari/537.36"
167.71.202.220 - - [21/Feb/2025:01:38:01 +0530] "POST //xmlrpc.php HTTP/1.1" 200 401 "-" "Mozilla/5.0 (Windows NT 10.0; Win64; x64) AppleWebKit/537.36 (KHTML, like Gecko) Chrome/80.0.3987.149 Safari/537.36"
167.71.202.220 - - [21/Feb/2025:01:38:04 +0530] "POST //xmlrpc.php HTTP/1.1" 200 401 "-" "Mozilla/5.0 (Windows NT 10.0; Win64; x64) AppleWebKit/537.36 (KHTML, like Gecko) Chrome/80.0.3987.149 Safari/537.36"
167.71.202.220 - - [21/Feb/2025:01:38:15 +0530] "POST //xmlrpc.php HTTP/1.1" 200 401 "-" "Mozilla/5.0 (Windows NT 10.0; Win64; x64) AppleWebKit/537.36 (KHTML, like Gecko) Chrome/80.0.3987.149 Safari/537.36"
167.71.202.220 - - [21/Feb/2025:01:38:17 +0530] "POST //xmlrpc.php HTTP/1.1" 200 401 "-" "Mozilla/5.0 (Windows NT 10.0; Win64; x64) AppleWebKit/537.36 (KHTML, like Gecko) Chrome/80.0.3987.149 Safari/537.36"
167.71.202.220 - - [21/Feb/2025:01:38:21 +0530] "POST //xmlrpc.php HTTP/1.1" 200 401 "-" "Mozilla/5.0 (Windows NT 10.0; Win64; x64) AppleWebKit/537.36 (KHTML, like Gecko) Chrome/80.0.3987.149 Safari/537.36"
167.71.202.220 - - [21/Feb/2025:01:38:32 +0530] "POST //xmlrpc.php HTTP/1.1" 200 401 "-" "Mozilla/5.0 (Windows NT 10.0; Win64; x64) AppleWebKit/537.36 (KHTML, like Gecko) Chrome/80.0.3987.149 Safari/537.36"
167.71.202.220 - - [21/Feb/2025:01:38:35 +0530] "POST //xmlrpc.php HTTP/1.1" 200 401 "-" "Mozilla/5.0 (Windows NT 10.0; Win64; x64) AppleWebKit/537.36 (KHTML, like Gecko) Chrome/80.0.3987.149 Safari/537.36"
167.71.202.220 - - [21/Feb/2025:01:38:41 +0530] "POST //xmlrpc.php HTTP/1.1" 200 401 "-" "Mozilla/5.0 (Windows NT 10.0; Win64; x64) AppleWebKit/537.36 (KHTML, like Gecko) Chrome/80.0.3987.149 Safari/537.36"
167.71.202.220 - - [21/Feb/2025:01:38:46 +0530] "POST //xmlrpc.php HTTP/1.1" 200 401 "-" "Mozilla/5.0 (Windows NT 10.0; Win64; x64) AppleWebKit/537.36 (KHTML, like Gecko) Chrome/80.0.3987.149 Safari/537.36"
167.71.202.220 - - [21/Feb/2025:01:38:49 +0530] "POST //xmlrpc.php HTTP/1.1" 200 401 "-" "Mozilla/5.0 (Windows NT 10.0; Win64; x64) AppleWebKit/537.36 (KHTML, like Gecko) Chrome/80.0.3987.149 Safari/537.36"
