2a06:98c0:3600::103 - - [27/Feb/2025:01:33:43 +0530] "GET /wordpress/wp-admin/setup-config.php HTTP/1.1" 404 10734 "-" "Mozilla/5.0 (Windows NT 10.0; Win64; x64) AppleWebKit/537.36 (KHTML, like Gecko) Chrome/133.0.0.0 Safari/537.36"
162.55.100.32 - - [27/Feb/2025:03:06:44 +0530] "POST /wp-cron.php?doing_wp_cron=1740605804.2425038814544677734375 HTTP/1.1" 200 0 "-" "WordPress/6.7.2; https://www.freejobalerts.guru"
43.152.72.247 - - [27/Feb/2025:02:50:24 +0530] "GET / HTTP/1.1" 200 17974 "-" "Mozilla/5.0 (iPhone; CPU iPhone OS 13_2_3 like Mac OS X) AppleWebKit/605.1.15 (KHTML, like Gecko) Version/13.0.3 Mobile/15E148 Safari/604.1"
2a06:98c0:3600::103 - - [27/Feb/2025:03:06:43 +0530] "GET /wordpress/wp-admin/setup-config.php HTTP/1.1" 301 0 "-" "Mozilla/5.0 (Windows NT 10.0; Win64; x64) AppleWebKit/537.36 (KHTML, like Gecko) Chrome/133.0.0.0 Safari/537.36"
2a06:98c0:3600::103 - - [27/Feb/2025:03:06:44 +0530] "GET /wordpress/wp-admin/setup-config.php HTTP/1.1" 404 10770 "-" "Mozilla/5.0 (Windows NT 10.0; Win64; x64) AppleWebKit/537.36 (KHTML, like Gecko) Chrome/133.0.0.0 Safari/537.36"
2a06:98c0:3600::103 - - [27/Feb/2025:03:07:02 +0530] "GET /wp-admin/setup-config.php HTTP/1.1" 409 1213 "-" "Mozilla/5.0 (Windows NT 10.0; Win64; x64) AppleWebKit/537.36 (KHTML, like Gecko) Chrome/133.0.0.0 Safari/537.36"
162.55.100.32 - - [27/Feb/2025:02:50:28 +0530] "POST /wp-cron.php?doing_wp_cron=1740604828.7730700969696044921875 HTTP/1.1" 200 0 "-" "WordPress/6.7.2; https://www.freejobalerts.guru"
2a06:98c0:3600::103 - - [27/Feb/2025:02:38:35 +0530] "GET /wp-admin/setup-config.php HTTP/1.1" 409 1213 "-" "Mozilla/5.0 (Windows NT 10.0; Win64; x64) AppleWebKit/537.36 (KHTML, like Gecko) Chrome/133.0.0.0 Safari/537.36"
43.135.130.202 - - [27/Feb/2025:02:36:16 +0530] "GET / HTTP/1.1" 200 17870 "-" "Mozilla/5.0 (iPhone; CPU iPhone OS 13_2_3 like Mac OS X) AppleWebKit/605.1.15 (KHTML, like Gecko) Version/13.0.3 Mobile/15E148 Safari/604.1"
162.55.100.32 - - [27/Feb/2025:02:36:23 +0530] "POST /wp-cron.php?doing_wp_cron=1740603983.4604411125183105468750 HTTP/1.1" 200 0 "-" "WordPress/6.7.2; https://www.freejobalerts.guru"
2a06:98c0:3600::103 - - [27/Feb/2025:02:37:16 +0530] "GET /wordpress/wp-admin/setup-config.php HTTP/1.1" 301 0 "-" "Mozilla/5.0 (Windows NT 10.0; Win64; x64) AppleWebKit/537.36 (KHTML, like Gecko) Chrome/133.0.0.0 Safari/537.36"
2a06:98c0:3600::103 - - [27/Feb/2025:02:37:17 +0530] "GET /wordpress/wp-admin/setup-config.php HTTP/1.1" 404 10734 "-" "Mozilla/5.0 (Windows NT 10.0; Win64; x64) AppleWebKit/537.36 (KHTML, like Gecko) Chrome/133.0.0.0 Safari/537.36"
43.153.76.247 - - [27/Feb/2025:03:18:30 +0530] "GET / HTTP/1.1" 200 17870 "-" "Mozilla/5.0 (iPhone; CPU iPhone OS 13_2_3 like Mac OS X) AppleWebKit/605.1.15 (KHTML, like Gecko) Version/13.0.3 Mobile/15E148 Safari/604.1"
162.55.100.32 - - [27/Feb/2025:03:18:34 +0530] "POST /wp-cron.php?doing_wp_cron=1740606514.2439780235290527343750 HTTP/1.1" 200 0 "-" "WordPress/6.7.2; https://www.freejobalerts.guru"
2a06:98c0:3600::103 - - [27/Feb/2025:03:38:45 +0530] "GET /wordpress/wp-admin/setup-config.php HTTP/1.1" 404 10734 "-" "Mozilla/5.0 (Windows NT 10.0; Win64; x64) AppleWebKit/537.36 (KHTML, like Gecko) Chrome/133.0.0.0 Safari/537.36"
162.55.100.32 - - [27/Feb/2025:03:38:45 +0530] "POST /wp-cron.php?doing_wp_cron=1740607725.0985000133514404296875 HTTP/1.1" 200 0 "-" "WordPress/6.7.2; https://www.freejobalerts.guru"
2a06:98c0:3600::103 - - [27/Feb/2025:03:38:45 +0530] "GET /wordpress/wp-admin/setup-config.php HTTP/1.1" 301 0 "-" "Mozilla/5.0 (Windows NT 10.0; Win64; x64) AppleWebKit/537.36 (KHTML, like Gecko) Chrome/133.0.0.0 Safari/537.36"
2a06:98c0:3600::103 - - [27/Feb/2025:03:39:03 +0530] "GET /wp-admin/setup-config.php HTTP/1.1" 409 1213 "-" "Mozilla/5.0 (Windows NT 10.0; Win64; x64) AppleWebKit/537.36 (KHTML, like Gecko) Chrome/133.0.0.0 Safari/537.36"
2a06:98c0:3600::103 - - [27/Feb/2025:05:06:37 +0530] "GET /wordpress/wp-admin/setup-config.php HTTP/1.1" 301 0 "-" "Mozilla/5.0 (Windows NT 10.0; Win64; x64) AppleWebKit/537.36 (KHTML, like Gecko) Chrome/133.0.0.0 Safari/537.36"
2a06:98c0:3600::103 - - [27/Feb/2025:05:07:10 +0530] "GET /wp-admin/setup-config.php HTTP/1.1" 409 1213 "-" "Mozilla/5.0 (Windows NT 10.0; Win64; x64) AppleWebKit/537.36 (KHTML, like Gecko) Chrome/133.0.0.0 Safari/537.36"
2a06:98c0:3600::103 - - [27/Feb/2025:05:06:39 +0530] "GET /wordpress/wp-admin/setup-config.php HTTP/1.1" 404 10734 "-" "Mozilla/5.0 (Windows NT 10.0; Win64; x64) AppleWebKit/537.36 (KHTML, like Gecko) Chrome/133.0.0.0 Safari/537.36"
43.157.95.131 - - [27/Feb/2025:05:34:55 +0530] "GET / HTTP/1.1" 301 0 "-" "Mozilla/5.0 (iPhone; CPU iPhone OS 13_2_3 like Mac OS X) AppleWebKit/605.1.15 (KHTML, like Gecko) Version/13.0.3 Mobile/15E148 Safari/604.1"
162.55.100.32 - - [27/Feb/2025:05:34:57 +0530] "POST /wp-cron.php?doing_wp_cron=1740614697.8059210777282714843750 HTTP/1.1" 200 0 "-" "WordPress/6.7.2; https://www.freejobalerts.guru"
43.157.95.131 - - [27/Feb/2025:05:34:59 +0530] "GET / HTTP/1.1" 200 17870 "http://freejobalerts.guru" "Mozilla/5.0 (iPhone; CPU iPhone OS 13_2_3 like Mac OS X) AppleWebKit/605.1.15 (KHTML, like Gecko) Version/13.0.3 Mobile/15E148 Safari/604.1"
199.45.155.80 - - [27/Feb/2025:04:16:50 +0530] "GET /favicon.ico HTTP/1.1" 404 1251 "-" "Mozilla/5.0 (compatible; CensysInspect/1.1; +https://about.censys.io/)"
199.45.155.80 - - [27/Feb/2025:04:16:55 +0530] "GET /favicon.ico HTTP/1.1" 404 1251 "-" "Mozilla/5.0 (compatible; CensysInspect/1.1; +https://about.censys.io/)"
2a06:98c0:3600::103 - - [27/Feb/2025:04:37:46 +0530] "GET /wordpress/wp-admin/setup-config.php HTTP/1.1" 301 0 "-" "Mozilla/5.0 (Windows NT 10.0; Win64; x64) AppleWebKit/537.36 (KHTML, like Gecko) Chrome/133.0.0.0 Safari/537.36"
2a06:98c0:3600::103 - - [27/Feb/2025:04:37:49 +0530] "GET /wordpress/wp-admin/setup-config.php HTTP/1.1" 404 10734 "-" "Mozilla/5.0 (Windows NT 10.0; Win64; x64) AppleWebKit/537.36 (KHTML, like Gecko) Chrome/133.0.0.0 Safari/537.36"
170.106.84.136 - - [27/Feb/2025:05:20:40 +0530] "GET / HTTP/1.1" 301 0 "-" "Mozilla/5.0 (iPhone; CPU iPhone OS 13_2_3 like Mac OS X) AppleWebKit/605.1.15 (KHTML, like Gecko) Version/13.0.3 Mobile/15E148 Safari/604.1"
2a06:98c0:3600::103 - - [27/Feb/2025:04:08:25 +0530] "GET /wordpress/wp-admin/setup-config.php HTTP/1.1" 301 0 "-" "Mozilla/5.0 (Windows NT 10.0; Win64; x64) AppleWebKit/537.36 (KHTML, like Gecko) Chrome/133.0.0.0 Safari/537.36"
199.45.155.80 - - [27/Feb/2025:04:16:48 +0530] "GET / HTTP/1.1" 200 17881 "-" "Mozilla/5.0 (compatible; CensysInspect/1.1; +https://about.censys.io/)"
162.55.100.32 - - [27/Feb/2025:04:37:48 +0530] "POST /wp-cron.php?doing_wp_cron=1740611268.3522639274597167968750 HTTP/1.1" 200 0 "-" "WordPress/6.7.2; https://www.freejobalerts.guru"
43.130.40.120 - - [27/Feb/2025:05:33:49 +0530] "GET / HTTP/1.1" 301 0 "-" "Mozilla/5.0 (iPhone; CPU iPhone OS 13_2_3 like Mac OS X) AppleWebKit/605.1.15 (KHTML, like Gecko) Version/13.0.3 Mobile/15E148 Safari/604.1"
43.130.40.120 - - [27/Feb/2025:05:33:54 +0530] "GET / HTTP/1.1" 200 17870 "http://freejobalerts.guru" "Mozilla/5.0 (iPhone; CPU iPhone OS 13_2_3 like Mac OS X) AppleWebKit/605.1.15 (KHTML, like Gecko) Version/13.0.3 Mobile/15E148 Safari/604.1"
2a06:98c0:3600::103 - - [27/Feb/2025:04:06:49 +0530] "GET /wp-admin/setup-config.php HTTP/1.1" 409 1213 "-" "Mozilla/5.0 (Windows NT 10.0; Win64; x64) AppleWebKit/537.36 (KHTML, like Gecko) Chrome/133.0.0.0 Safari/537.36"
146.70.205.102 - - [27/Feb/2025:04:38:07 +0530] "GET / HTTP/1.1" 301 0 "-" "Mozilla/5.0 (Windows NT 10.0; Win64; x64) AppleWebKit/537.36 (KHTML, like Gecko) Chrome/95.0.4638.69 Safari/537.36"
146.70.205.102 - - [27/Feb/2025:04:38:08 +0530] "GET //wp-includes/ID3/license.txt HTTP/1.1" 200 1396 "-" "Mozilla/5.0 (Windows NT 10.0; Win64; x64) AppleWebKit/537.36 (KHTML, like Gecko) Chrome/95.0.4638.69 Safari/537.36"
146.70.205.102 - - [27/Feb/2025:04:38:09 +0530] "GET //feed/ HTTP/1.1" 301 0 "-" "Mozilla/5.0 (Windows NT 10.0; Win64; x64) AppleWebKit/537.36 (KHTML, like Gecko) Chrome/95.0.4638.69 Safari/537.36"
146.70.205.102 - - [27/Feb/2025:04:38:10 +0530] "GET //xmlrpc.php?rsd HTTP/1.1" 200 846 "-" "Mozilla/5.0 (Windows NT 10.0; Win64; x64) AppleWebKit/537.36 (KHTML, like Gecko) Chrome/95.0.4638.69 Safari/537.36"
146.70.205.102 - - [27/Feb/2025:04:38:11 +0530] "GET //?author=1 HTTP/1.1" 301 0 "-" "Mozilla/5.0 (Windows NT 10.0; Win64; x64) AppleWebKit/537.36 (KHTML, like Gecko) Chrome/95.0.4638.69 Safari/537.36"
146.70.205.102 - - [27/Feb/2025:04:38:12 +0530] "GET //?author=2 HTTP/1.1" 301 0 "-" "Mozilla/5.0 (Windows NT 10.0; Win64; x64) AppleWebKit/537.36 (KHTML, like Gecko) Chrome/95.0.4638.69 Safari/537.36"
146.70.205.102 - - [27/Feb/2025:04:38:13 +0530] "GET //wp-json/wp/v2/users/ HTTP/1.1" 200 681 "-" "Mozilla/5.0 (Windows NT 10.0; Win64; x64) AppleWebKit/537.36 (KHTML, like Gecko) Chrome/95.0.4638.69 Safari/537.36"
146.70.205.102 - - [27/Feb/2025:04:38:13 +0530] "POST //xmlrpc.php HTTP/1.1" 200 403 "-" "Mozilla/5.0 (Windows NT 10.0; Win64; x64) AppleWebKit/537.36 (KHTML, like Gecko) Chrome/95.0.4638.69 Safari/537.36"
146.70.205.102 - - [27/Feb/2025:04:38:17 +0530] "POST //xmlrpc.php HTTP/1.1" 200 403 "-" "Mozilla/5.0 (Windows NT 10.0; Win64; x64) AppleWebKit/537.36 (KHTML, like Gecko) Chrome/95.0.4638.69 Safari/537.36"
146.70.205.102 - - [27/Feb/2025:04:38:31 +0530] "POST //xmlrpc.php HTTP/1.1" 200 401 "-" "Mozilla/5.0 (Windows NT 10.0; Win64; x64) AppleWebKit/537.36 (KHTML, like Gecko) Chrome/95.0.4638.69 Safari/537.36"
146.70.205.102 - - [27/Feb/2025:04:38:36 +0530] "POST //xmlrpc.php HTTP/1.1" 200 401 "-" "Mozilla/5.0 (Windows NT 10.0; Win64; x64) AppleWebKit/537.36 (KHTML, like Gecko) Chrome/95.0.4638.69 Safari/537.36"
162.55.100.32 - - [27/Feb/2025:05:33:52 +0530] "POST /wp-cron.php?doing_wp_cron=1740614632.2213869094848632812500 HTTP/1.1" 200 0 "-" "WordPress/6.7.2; https://www.freejobalerts.guru"
2a06:98c0:3600::103 - - [27/Feb/2025:05:37:22 +0530] "GET /wordpress/wp-admin/setup-config.php HTTP/1.1" 404 7118 "-" "Mozilla/5.0 (Windows NT 10.0; Win64; x64) AppleWebKit/537.36 (KHTML, like Gecko) Chrome/133.0.0.0 Safari/537.36"
162.55.100.32 - - [27/Feb/2025:04:08:25 +0530] "POST /wp-cron.php?doing_wp_cron=1740609505.0855879783630371093750 HTTP/1.1" 200 0 "-" "WordPress/6.7.2; https://www.freejobalerts.guru"
170.106.84.136 - - [27/Feb/2025:05:20:42 +0530] "GET / HTTP/1.1" 200 17948 "http://freejobalerts.guru" "Mozilla/5.0 (iPhone; CPU iPhone OS 13_2_3 like Mac OS X) AppleWebKit/605.1.15 (KHTML, like Gecko) Version/13.0.3 Mobile/15E148 Safari/604.1"
2a06:98c0:3600::103 - - [27/Feb/2025:05:37:19 +0530] "GET /wordpress/wp-admin/setup-config.php HTTP/1.1" 301 0 "-" "Mozilla/5.0 (Windows NT 10.0; Win64; x64) AppleWebKit/537.36 (KHTML, like Gecko) Chrome/133.0.0.0 Safari/537.36"
2a06:98c0:3600::103 - - [27/Feb/2025:04:08:25 +0530] "GET /wordpress/wp-admin/setup-config.php HTTP/1.1" 404 10734 "-" "Mozilla/5.0 (Windows NT 10.0; Win64; x64) AppleWebKit/537.36 (KHTML, like Gecko) Chrome/133.0.0.0 Safari/537.36"
2a06:98c0:3600::103 - - [27/Feb/2025:04:38:21 +0530] "GET /wp-admin/setup-config.php HTTP/1.1" 409 1213 "-" "Mozilla/5.0 (Windows NT 10.0; Win64; x64) AppleWebKit/537.36 (KHTML, like Gecko) Chrome/133.0.0.0 Safari/537.36"
162.55.100.32 - - [27/Feb/2025:05:06:39 +0530] "POST /wp-cron.php?doing_wp_cron=1740612998.9926569461822509765625 HTTP/1.1" 200 0 "-" "WordPress/6.7.2; https://www.freejobalerts.guru"
162.55.100.32 - - [27/Feb/2025:05:37:23 +0530] "POST /wp-cron.php?doing_wp_cron=1740614843.3415410518646240234375 HTTP/1.1" 200 0 "-" "WordPress/6.7.2; https://www.freejobalerts.guru"
139.59.17.13 - - [27/Feb/2025:06:13:17 +0530] "GET / HTTP/1.1" 301 0 "-" "Mozilla/5.0 (compatible)"
162.55.100.32 - - [27/Feb/2025:06:05:46 +0530] "POST /wp-cron.php?doing_wp_cron=1740616546.6480789184570312500000 HTTP/1.1" 200 0 "-" "WordPress/6.7.2; https://www.freejobalerts.guru"
162.55.100.32 - - [27/Feb/2025:06:13:20 +0530] "POST /wp-cron.php?doing_wp_cron=1740616999.6898279190063476562500 HTTP/1.1" 200 0 "-" "WordPress/6.7.2; https://www.freejobalerts.guru"
2a06:98c0:3600::103 - - [27/Feb/2025:06:05:43 +0530] "GET /wordpress/wp-admin/setup-config.php HTTP/1.1" 301 0 "-" "Mozilla/5.0 (Windows NT 10.0; Win64; x64) AppleWebKit/537.36 (KHTML, like Gecko) Chrome/133.0.0.0 Safari/537.36"
170.106.193.108 - - [27/Feb/2025:06:34:57 +0530] "GET / HTTP/1.1" 200 17841 "-" "Mozilla/5.0 (iPhone; CPU iPhone OS 13_2_3 like Mac OS X) AppleWebKit/605.1.15 (KHTML, like Gecko) Version/13.0.3 Mobile/15E148 Safari/604.1"
2a06:98c0:3600::103 - - [27/Feb/2025:06:35:03 +0530] "GET /wordpress/wp-admin/setup-config.php HTTP/1.1" 301 0 "-" "Mozilla/5.0 (Windows NT 10.0; Win64; x64) AppleWebKit/537.36 (KHTML, like Gecko) Chrome/133.0.0.0 Safari/537.36"
2a06:98c0:3600::103 - - [27/Feb/2025:06:36:09 +0530] "GET /wordpress/wp-admin/setup-config.php HTTP/1.1" 404 10770 "-" "Mozilla/5.0 (Windows NT 10.0; Win64; x64) AppleWebKit/537.36 (KHTML, like Gecko) Chrome/133.0.0.0 Safari/537.36"
2a06:98c0:3600::103 - - [27/Feb/2025:07:34:12 +0530] "GET /wordpress/wp-admin/setup-config.php HTTP/1.1" 404 7118 "-" "Mozilla/5.0 (Windows NT 10.0; Win64; x64) AppleWebKit/537.36 (KHTML, like Gecko) Chrome/133.0.0.0 Safari/537.36"
43.159.128.237 - - [27/Feb/2025:07:51:06 +0530] "GET / HTTP/1.1" 200 17920 "-" "Mozilla/5.0 (iPhone; CPU iPhone OS 13_2_3 like Mac OS X) AppleWebKit/605.1.15 (KHTML, like Gecko) Version/13.0.3 Mobile/15E148 Safari/604.1"
162.55.100.32 - - [27/Feb/2025:07:32:42 +0530] "POST /wp-cron.php?doing_wp_cron=1740621762.6075849533081054687500 HTTP/1.1" 200 0 "-" "WordPress/6.7.2; https://www.freejobalerts.guru"
2a06:98c0:3600::103 - - [27/Feb/2025:07:06:20 +0530] "GET /wordpress/wp-admin/setup-config.php HTTP/1.1" 301 0 "-" "Mozilla/5.0 (Windows NT 10.0; Win64; x64) AppleWebKit/537.36 (KHTML, like Gecko) Chrome/133.0.0.0 Safari/537.36"
2a06:98c0:3600::103 - - [27/Feb/2025:07:06:23 +0530] "GET /wordpress/wp-admin/setup-config.php HTTP/1.1" 404 7118 "-" "Mozilla/5.0 (Windows NT 10.0; Win64; x64) AppleWebKit/537.36 (KHTML, like Gecko) Chrome/133.0.0.0 Safari/537.36"
2a06:98c0:3600::103 - - [27/Feb/2025:07:33:22 +0530] "GET /wp-admin/setup-config.php HTTP/1.1" 409 1213 "-" "Mozilla/5.0 (Windows NT 10.0; Win64; x64) AppleWebKit/537.36 (KHTML, like Gecko) Chrome/133.0.0.0 Safari/537.36"
2a06:98c0:3600::103 - - [27/Feb/2025:06:36:08 +0530] "GET /wordpress/wp-admin/setup-config.php HTTP/1.1" 301 0 "-" "Mozilla/5.0 (Windows NT 10.0; Win64; x64) AppleWebKit/537.36 (KHTML, like Gecko) Chrome/133.0.0.0 Safari/537.36"
2a06:98c0:3600::103 - - [27/Feb/2025:07:05:04 +0530] "GET /wp-admin/setup-config.php HTTP/1.1" 409 1213 "-" "Mozilla/5.0 (Windows NT 10.0; Win64; x64) AppleWebKit/537.36 (KHTML, like Gecko) Chrome/133.0.0.0 Safari/537.36"
2a06:98c0:3600::103 - - [27/Feb/2025:08:01:30 +0530] "GET /wp-admin/setup-config.php HTTP/1.1" 409 1213 "-" "Mozilla/5.0 (Windows NT 10.0; Win64; x64) AppleWebKit/537.36 (KHTML, like Gecko) Chrome/133.0.0.0 Safari/537.36"
2a06:98c0:3600::103 - - [27/Feb/2025:06:35:49 +0530] "GET /wp-admin/setup-config.php HTTP/1.1" 409 1213 "-" "Mozilla/5.0 (Windows NT 10.0; Win64; x64) AppleWebKit/537.36 (KHTML, like Gecko) Chrome/133.0.0.0 Safari/537.36"
162.55.100.32 - - [27/Feb/2025:07:06:22 +0530] "POST /wp-cron.php?doing_wp_cron=1740620182.4330658912658691406250 HTTP/1.1" 200 0 "-" "WordPress/6.7.2; https://www.freejobalerts.guru"
43.165.65.75 - - [27/Feb/2025:07:32:41 +0530] "GET / HTTP/1.1" 200 17807 "-" "Mozilla/5.0 (iPhone; CPU iPhone OS 13_2_3 like Mac OS X) AppleWebKit/605.1.15 (KHTML, like Gecko) Version/13.0.3 Mobile/15E148 Safari/604.1"
43.159.132.207 - - [27/Feb/2025:07:33:48 +0530] "GET / HTTP/1.1" 200 17835 "-" "Mozilla/5.0 (iPhone; CPU iPhone OS 13_2_3 like Mac OS X) AppleWebKit/605.1.15 (KHTML, like Gecko) Version/13.0.3 Mobile/15E148 Safari/604.1"
2a06:98c0:3600::103 - - [27/Feb/2025:07:34:09 +0530] "GET /wordpress/wp-admin/setup-config.php HTTP/1.1" 301 0 "-" "Mozilla/5.0 (Windows NT 10.0; Win64; x64) AppleWebKit/537.36 (KHTML, like Gecko) Chrome/133.0.0.0 Safari/537.36"
162.55.100.32 - - [27/Feb/2025:06:34:59 +0530] "POST /wp-cron.php?doing_wp_cron=1740618299.4414019584655761718750 HTTP/1.1" 200 0 "-" "WordPress/6.7.2; https://www.freejobalerts.guru"
162.55.100.32 - - [27/Feb/2025:07:51:08 +0530] "POST /wp-cron.php?doing_wp_cron=1740622867.9006240367889404296875 HTTP/1.1" 200 0 "-" "WordPress/6.7.2; https://www.freejobalerts.guru"
2a06:98c0:3600::103 - - [27/Feb/2025:08:03:33 +0530] "GET /wordpress/wp-admin/setup-config.php HTTP/1.1" 301 0 "-" "Mozilla/5.0 (Windows NT 10.0; Win64; x64) AppleWebKit/537.36 (KHTML, like Gecko) Chrome/133.0.0.0 Safari/537.36"
162.55.100.32 - - [27/Feb/2025:08:03:36 +0530] "POST /wp-cron.php?doing_wp_cron=1740623616.4799010753631591796875 HTTP/1.1" 200 0 "-" "WordPress/6.7.2; https://www.freejobalerts.guru"
162.55.100.32 - - [27/Feb/2025:08:31:48 +0530] "POST /wp-cron.php?doing_wp_cron=1740625308.3198740482330322265625 HTTP/1.1" 200 0 "-" "WordPress/6.7.2; https://www.freejobalerts.guru"
2a06:98c0:3600::103 - - [27/Feb/2025:08:29:56 +0530] "GET /wp-admin/setup-config.php HTTP/1.1" 409 1213 "-" "Mozilla/5.0 (Windows NT 10.0; Win64; x64) AppleWebKit/537.36 (KHTML, like Gecko) Chrome/133.0.0.0 Safari/537.36"
2a06:98c0:3600::103 - - [27/Feb/2025:08:31:47 +0530] "GET /wordpress/wp-admin/setup-config.php HTTP/1.1" 301 0 "-" "Mozilla/5.0 (Windows NT 10.0; Win64; x64) AppleWebKit/537.36 (KHTML, like Gecko) Chrome/133.0.0.0 Safari/537.36"
2a06:98c0:3600::103 - - [27/Feb/2025:08:44:01 +0530] "GET /robots.txt HTTP/1.1" 200 125 "-" "Mozilla/5.0 (Windows NT 10.0; Win64; x64) AppleWebKit/537.36 (KHTML, like Gecko) Chrome/133.0.0.0 Safari/537.36"
2a06:98c0:3600::103 - - [27/Feb/2025:09:00:46 +0530] "GET /wp-admin/setup-config.php HTTP/1.1" 409 1213 "-" "Mozilla/5.0 (Windows NT 10.0; Win64; x64) AppleWebKit/537.36 (KHTML, like Gecko) Chrome/133.0.0.0 Safari/537.36"
2a06:98c0:3600::103 - - [27/Feb/2025:09:01:05 +0530] "GET /wordpress/wp-admin/setup-config.php HTTP/1.1" 301 0 "-" "Mozilla/5.0 (Windows NT 10.0; Win64; x64) AppleWebKit/537.36 (KHTML, like Gecko) Chrome/133.0.0.0 Safari/537.36"
2a06:98c0:3600::103 - - [27/Feb/2025:09:01:07 +0530] "GET /wordpress/wp-admin/setup-config.php HTTP/1.1" 404 7118 "-" "Mozilla/5.0 (Windows NT 10.0; Win64; x64) AppleWebKit/537.36 (KHTML, like Gecko) Chrome/133.0.0.0 Safari/537.36"
2a06:98c0:3600::103 - - [27/Feb/2025:10:02:35 +0530] "GET /wordpress/wp-admin/setup-config.php HTTP/1.1" 404 7118 "-" "Mozilla/5.0 (Windows NT 10.0; Win64; x64) AppleWebKit/537.36 (KHTML, like Gecko) Chrome/133.0.0.0 Safari/537.36"
162.55.100.32 - - [27/Feb/2025:10:08:59 +0530] "POST /wp-cron.php?doing_wp_cron=1740631139.4351038932800292968750 HTTP/1.1" 200 0 "-" "WordPress/6.7.2; https://www.freejobalerts.guru"
2a06:98c0:3600::103 - - [27/Feb/2025:10:35:19 +0530] "GET /wordpress/wp-admin/setup-config.php HTTP/1.1" 301 0 "-" "Mozilla/5.0 (Windows NT 10.0; Win64; x64) AppleWebKit/537.36 (KHTML, like Gecko) Chrome/133.0.0.0 Safari/537.36"
43.135.182.95 - - [27/Feb/2025:10:08:58 +0530] "GET / HTTP/1.1" 301 0 "-" "Mozilla/5.0 (iPhone; CPU iPhone OS 13_2_3 like Mac OS X) AppleWebKit/605.1.15 (KHTML, like Gecko) Version/13.0.3 Mobile/15E148 Safari/604.1"
43.135.182.95 - - [27/Feb/2025:10:09:01 +0530] "GET / HTTP/1.1" 200 17920 "http://freejobalerts.guru" "Mozilla/5.0 (iPhone; CPU iPhone OS 13_2_3 like Mac OS X) AppleWebKit/605.1.15 (KHTML, like Gecko) Version/13.0.3 Mobile/15E148 Safari/604.1"
162.55.100.32 - - [27/Feb/2025:10:24:21 +0530] "POST /wp-cron.php?doing_wp_cron=1740632061.0308909416198730468750 HTTP/1.1" 200 0 "-" "WordPress/6.7.2; https://www.freejobalerts.guru"
2a06:98c0:3600::103 - - [27/Feb/2025:09:31:34 +0530] "GET /wp-admin/setup-config.php HTTP/1.1" 409 1213 "-" "Mozilla/5.0 (Windows NT 10.0; Win64; x64) AppleWebKit/537.36 (KHTML, like Gecko) Chrome/133.0.0.0 Safari/537.36"
162.55.100.32 - - [27/Feb/2025:09:31:37 +0530] "POST /wp-cron.php?doing_wp_cron=1740628897.2365610599517822265625 HTTP/1.1" 200 0 "-" "WordPress/6.7.2; https://www.freejobalerts.guru"
2a06:98c0:3600::103 - - [27/Feb/2025:09:31:34 +0530] "GET /wordpress/wp-admin/setup-config.php HTTP/1.1" 301 0 "-" "Mozilla/5.0 (Windows NT 10.0; Win64; x64) AppleWebKit/537.36 (KHTML, like Gecko) Chrome/133.0.0.0 Safari/537.36"
162.55.100.32 - - [27/Feb/2025:10:02:33 +0530] "POST /wp-cron.php?doing_wp_cron=1740630753.4924390316009521484375 HTTP/1.1" 200 0 "-" "WordPress/6.7.2; https://www.freejobalerts.guru"
2a06:98c0:3600::103 - - [27/Feb/2025:10:02:32 +0530] "GET /wordpress/wp-admin/setup-config.php HTTP/1.1" 301 0 "-" "Mozilla/5.0 (Windows NT 10.0; Win64; x64) AppleWebKit/537.36 (KHTML, like Gecko) Chrome/133.0.0.0 Safari/537.36"
24.144.80.170 - - [27/Feb/2025:10:24:17 +0530] "GET / HTTP/1.1" 301 0 "-" "Mozilla/5.0 (compatible)"
162.55.100.32 - - [27/Feb/2025:10:35:22 +0530] "POST /wp-cron.php?doing_wp_cron=1740632722.5768570899963378906250 HTTP/1.1" 200 0 "-" "WordPress/6.7.2; https://www.freejobalerts.guru"
74.125.210.97 - - [27/Feb/2025:09:22:59 +0530] "GET / HTTP/1.1" 200 18731 "-" "Google-Display-Ads-Bot"
2a06:98c0:3600::103 - - [27/Feb/2025:11:04:58 +0530] "GET /wp-admin/setup-config.php HTTP/1.1" 409 1213 "-" "Mozilla/5.0 (Windows NT 10.0; Win64; x64) AppleWebKit/537.36 (KHTML, like Gecko) Chrome/133.0.0.0 Safari/537.36"
2a06:98c0:3600::103 - - [27/Feb/2025:11:05:17 +0530] "GET /wordpress/wp-admin/setup-config.php HTTP/1.1" 301 0 "-" "Mozilla/5.0 (Windows NT 10.0; Win64; x64) AppleWebKit/537.36 (KHTML, like Gecko) Chrome/133.0.0.0 Safari/537.36"
2a06:98c0:3600::103 - - [27/Feb/2025:11:05:21 +0530] "GET /wordpress/wp-admin/setup-config.php HTTP/1.1" 404 7118 "-" "Mozilla/5.0 (Windows NT 10.0; Win64; x64) AppleWebKit/537.36 (KHTML, like Gecko) Chrome/133.0.0.0 Safari/537.36"
162.55.100.32 - - [27/Feb/2025:11:05:19 +0530] "POST /wp-cron.php?doing_wp_cron=1740634519.0093290805816650390625 HTTP/1.1" 200 0 "-" "WordPress/6.7.2; https://www.freejobalerts.guru"
2a06:98c0:3600::103 - - [27/Feb/2025:11:35:06 +0530] "GET /wordpress/wp-admin/setup-config.php HTTP/1.1" 404 10734 "-" "Mozilla/5.0 (Windows NT 10.0; Win64; x64) AppleWebKit/537.36 (KHTML, like Gecko) Chrome/133.0.0.0 Safari/537.36"
2a06:98c0:3600::103 - - [27/Feb/2025:11:35:05 +0530] "GET /wordpress/wp-admin/setup-config.php HTTP/1.1" 301 0 "-" "Mozilla/5.0 (Windows NT 10.0; Win64; x64) AppleWebKit/537.36 (KHTML, like Gecko) Chrome/133.0.0.0 Safari/537.36"
2a06:98c0:3600::103 - - [27/Feb/2025:11:34:18 +0530] "GET /wp-admin/setup-config.php HTTP/1.1" 409 1213 "-" "Mozilla/5.0 (Windows NT 10.0; Win64; x64) AppleWebKit/537.36 (KHTML, like Gecko) Chrome/133.0.0.0 Safari/537.36"
176.53.222.18 - - [27/Feb/2025:11:52:22 +0530] "GET /favicon.ico HTTP/1.1" 404 1251 "-" "Mozilla/5.0 (Windows NT 10.0; Win64; x64) AppleWebKit/537.36 (KHTML, like Gecko) Chrome/94.0.4606.61 Safari/537.36"
89.104.100.123 - - [27/Feb/2025:11:52:15 +0530] "GET / HTTP/1.1" 200 17868 "-" "Mozilla/5.0 (Windows NT 10.0; Win64; x64) AppleWebKit/537.36 (KHTML, like Gecko) Chrome/94.0.4606.61 Safari/537.36"
176.53.217.162 - - [27/Feb/2025:11:52:17 +0530] "GET / HTTP/1.1" 301 0 "-" "Mozilla/5.0 (Windows NT 10.0; Win64; x64) AppleWebKit/537.36 (KHTML, like Gecko) Chrome/94.0.4606.61 Safari/537.36"
154.223.139.64 - - [27/Feb/2025:11:52:19 +0530] "GET / HTTP/1.1" 200 17903 "-" "Mozilla/5.0 (Windows NT 10.0; Win64; x64) AppleWebKit/537.36 (KHTML, like Gecko) Chrome/94.0.4606.61 Safari/537.36"
176.53.218.218 - - [27/Feb/2025:11:52:31 +0530] "GET /favicon.ico HTTP/1.1" 404 1251 "-" "Mozilla/5.0 (Windows NT 10.0; Win64; x64) AppleWebKit/537.36 (KHTML, like Gecko) Chrome/94.0.4606.61 Safari/537.36"
176.53.218.142 - - [27/Feb/2025:11:52:13 +0530] "GET / HTTP/1.1" 301 0 "-" "Mozilla/5.0 (Windows NT 10.0; Win64; x64) AppleWebKit/537.36 (KHTML, like Gecko) Chrome/94.0.4606.61 Safari/537.36"
162.55.100.32 - - [27/Feb/2025:11:52:14 +0530] "POST /wp-cron.php?doing_wp_cron=1740637334.4595670700073242187500 HTTP/1.1" 200 0 "-" "WordPress/6.7.2; https://www.freejobalerts.guru"
176.53.220.75 - - [27/Feb/2025:11:53:04 +0530] "GET /favicon.ico HTTP/1.1" 404 1251 "-" "Mozilla/5.0 (Windows NT 10.0; Win64; x64) AppleWebKit/537.36 (KHTML, like Gecko) Chrome/94.0.4606.61 Safari/537.36"
162.55.100.32 - - [27/Feb/2025:12:21:29 +0530] "POST /wp-cron.php?doing_wp_cron=1740639089.4799559116363525390625 HTTP/1.1" 200 0 "-" "WordPress/6.7.2; https://www.freejobalerts.guru"
2a06:98c0:3600::103 - - [27/Feb/2025:12:21:19 +0530] "GET /wordpress/wp-admin/setup-config.php HTTP/1.1" 200 0 "-" "Mozilla/5.0 (Windows NT 10.0; Win64; x64) AppleWebKit/537.36 (KHTML, like Gecko) Chrome/133.0.0.0 Safari/537.36"
2a06:98c0:3600::103 - - [27/Feb/2025:13:22:29 +0530] "GET /wordpress/wp-admin/setup-config.php HTTP/1.1" 301 0 "-" "Mozilla/5.0 (Windows NT 10.0; Win64; x64) AppleWebKit/537.36 (KHTML, like Gecko) Chrome/133.0.0.0 Safari/537.36"
162.55.100.32 - - [27/Feb/2025:12:47:36 +0530] "POST /wp-cron.php?doing_wp_cron=1740640655.9373569488525390625000 HTTP/1.1" 200 0 "-" "WordPress/6.7.2; https://www.freejobalerts.guru"
2a06:98c0:3600::103 - - [27/Feb/2025:12:53:51 +0530] "GET /wordpress/wp-admin/setup-config.php HTTP/1.1" 301 0 "-" "Mozilla/5.0 (Windows NT 10.0; Win64; x64) AppleWebKit/537.36 (KHTML, like Gecko) Chrome/133.0.0.0 Safari/537.36"
162.55.100.32 - - [27/Feb/2025:13:22:32 +0530] "POST /wp-cron.php?doing_wp_cron=1740642752.7109301090240478515625 HTTP/1.1" 200 0 "-" "WordPress/6.7.2; https://www.freejobalerts.guru"
162.55.100.32 - - [27/Feb/2025:12:25:54 +0530] "POST /wp-cron.php?doing_wp_cron=1740639353.9130799770355224609375 HTTP/1.1" 200 0 "-" "WordPress/6.7.2; https://www.freejobalerts.guru"
162.55.100.32 - - [27/Feb/2025:12:53:53 +0530] "POST /wp-cron.php?doing_wp_cron=1740641033.9276759624481201171875 HTTP/1.1" 200 0 "-" "WordPress/6.7.2; https://www.freejobalerts.guru"
162.55.100.32 - - [27/Feb/2025:12:26:22 +0530] "POST /wp-cron.php?doing_wp_cron=1740639381.9250159263610839843750 HTTP/1.1" 200 0 "-" "WordPress/6.7.2; https://www.freejobalerts.guru"
193.187.172.24 - - [27/Feb/2025:12:47:17 +0530] "GET / HTTP/1.1" 301 0 "-" "python-requests/2.28.2"
206.189.156.120 - - [27/Feb/2025:12:25:45 +0530] "GET / HTTP/1.1" 301 0 "-" "Mozilla/5.0 (Windows NT 10.0; Win64; x64) AppleWebKit/537.36 (KHTML, like Gecko) Chrome/88.0.4240.193 Safari/537.36"
162.55.100.32 - - [27/Feb/2025:12:30:35 +0530] "POST /wp-cron.php?doing_wp_cron=1740639635.1609458923339843750000 HTTP/1.1" 200 0 "-" "WordPress/6.7.2; https://www.freejobalerts.guru"
43.153.19.83 - - [27/Feb/2025:12:30:28 +0530] "GET / HTTP/1.1" 200 17809 "-" "Mozilla/5.0 (iPhone; CPU iPhone OS 13_2_3 like Mac OS X) AppleWebKit/605.1.15 (KHTML, like Gecko) Version/13.0.3 Mobile/15E148 Safari/604.1"
206.189.156.120 - - [27/Feb/2025:12:26:01 +0530] "GET / HTTP/1.1" 200 91848 "-" "Mozilla/5.0 (Windows NT 10.0; Win64; x64) AppleWebKit/537.36 (KHTML, like Gecko) Chrome/88.0.4240.193 Safari/537.36"
206.189.156.120 - - [27/Feb/2025:12:26:15 +0530] "GET //wp-includes/wlwmanifest.xml HTTP/1.1" 200 128814 "-" "Mozilla/5.0 (Windows NT 10.0; Win64; x64) AppleWebKit/537.36 (KHTML, like Gecko) Chrome/88.0.4240.193 Safari/537.36"
206.189.156.120 - - [27/Feb/2025:12:26:17 +0530] "GET //xmlrpc.php?rsd HTTP/1.1" 200 846 "-" "Mozilla/5.0 (Windows NT 10.0; Win64; x64) AppleWebKit/537.36 (KHTML, like Gecko) Chrome/88.0.4240.193 Safari/537.36"
206.189.156.120 - - [27/Feb/2025:12:26:19 +0530] "GET //wp-login.php HTTP/1.1" 302 0 "-" "Mozilla/5.0 (Windows NT 10.0; Win64; x64) AppleWebKit/537.36 (KHTML, like Gecko) Chrome/88.0.4240.193 Safari/537.36"
2a06:98c0:3600::103 - - [27/Feb/2025:12:53:00 +0530] "GET /wp-admin/setup-config.php HTTP/1.1" 409 1213 "-" "Mozilla/5.0 (Windows NT 10.0; Win64; x64) AppleWebKit/537.36 (KHTML, like Gecko) Chrome/133.0.0.0 Safari/537.36"
162.55.100.32 - - [27/Feb/2025:13:51:37 +0530] "POST /wp-cron.php?doing_wp_cron=1740644497.1430459022521972656250 HTTP/1.1" 200 0 "-" "WordPress/6.7.2; https://www.freejobalerts.guru"
2a06:98c0:3600::103 - - [27/Feb/2025:13:51:32 +0530] "GET /wordpress/wp-admin/setup-config.php HTTP/1.1" 301 0 "-" "Mozilla/5.0 (Windows NT 10.0; Win64; x64) AppleWebKit/537.36 (KHTML, like Gecko) Chrome/133.0.0.0 Safari/537.36"
2a06:98c0:3600::103 - - [27/Feb/2025:14:22:52 +0530] "GET /wordpress/wp-admin/setup-config.php HTTP/1.1" 301 0 "-" "Mozilla/5.0 (Windows NT 10.0; Win64; x64) AppleWebKit/537.36 (KHTML, like Gecko) Chrome/133.0.0.0 Safari/537.36"
162.55.100.32 - - [27/Feb/2025:14:22:55 +0530] "POST /wp-cron.php?doing_wp_cron=1740646375.3737909793853759765625 HTTP/1.1" 200 0 "-" "WordPress/6.7.2; https://www.freejobalerts.guru"
43.173.1.69 - - [27/Feb/2025:14:37:48 +0530] "GET / HTTP/1.1" 301 0 "-" "Mozilla/5.0 (iPhone; CPU iPhone OS 13_2_3 like Mac OS X) AppleWebKit/605.1.15 (KHTML, like Gecko) Version/13.0.3 Mobile/15E148 Safari/604.1"
43.173.1.69 - - [27/Feb/2025:14:37:55 +0530] "GET / HTTP/1.1" 200 17856 "http://freejobalerts.guru" "Mozilla/5.0 (iPhone; CPU iPhone OS 13_2_3 like Mac OS X) AppleWebKit/605.1.15 (KHTML, like Gecko) Version/13.0.3 Mobile/15E148 Safari/604.1"
162.55.100.32 - - [27/Feb/2025:14:37:51 +0530] "POST /wp-cron.php?doing_wp_cron=1740647271.5616989135742187500000 HTTP/1.1" 200 0 "-" "WordPress/6.7.2; https://www.freejobalerts.guru"
2a06:98c0:3600::103 - - [27/Feb/2025:14:51:21 +0530] "GET /wp-admin/setup-config.php HTTP/1.1" 409 1213 "-" "Mozilla/5.0 (Windows NT 10.0; Win64; x64) AppleWebKit/537.36 (KHTML, like Gecko) Chrome/133.0.0.0 Safari/537.36"
2a06:98c0:3600::103 - - [27/Feb/2025:14:52:56 +0530] "GET /wordpress/wp-admin/setup-config.php HTTP/1.1" 301 0 "-" "Mozilla/5.0 (Windows NT 10.0; Win64; x64) AppleWebKit/537.36 (KHTML, like Gecko) Chrome/133.0.0.0 Safari/537.36"
2a06:98c0:3600::103 - - [27/Feb/2025:15:41:29 +0530] "GET /wordpress/wp-admin/setup-config.php HTTP/1.1" 301 0 "-" "Mozilla/5.0 (Windows NT 10.0; Win64; x64) AppleWebKit/537.36 (KHTML, like Gecko) Chrome/133.0.0.0 Safari/537.36"
2a06:98c0:3600::103 - - [27/Feb/2025:15:12:03 +0530] "GET /wordpress/wp-admin/setup-config.php HTTP/1.1" 301 0 "-" "Mozilla/5.0 (Windows NT 10.0; Win64; x64) AppleWebKit/537.36 (KHTML, like Gecko) Chrome/133.0.0.0 Safari/537.36"
2a06:98c0:3600::103 - - [27/Feb/2025:15:41:31 +0530] "GET /wordpress/wp-admin/setup-config.php HTTP/1.1" 404 10738 "-" "Mozilla/5.0 (Windows NT 10.0; Win64; x64) AppleWebKit/537.36 (KHTML, like Gecko) Chrome/133.0.0.0 Safari/537.36"
2a06:98c0:3600::103 - - [27/Feb/2025:15:41:39 +0530] "GET /wp-admin/setup-config.php HTTP/1.1" 409 1213 "-" "Mozilla/5.0 (Windows NT 10.0; Win64; x64) AppleWebKit/537.36 (KHTML, like Gecko) Chrome/133.0.0.0 Safari/537.36"
2a06:98c0:3600::103 - - [27/Feb/2025:16:10:51 +0530] "GET /wp-admin/setup-config.php HTTP/1.1" 409 1213 "-" "Mozilla/5.0 (Windows NT 10.0; Win64; x64) AppleWebKit/537.36 (KHTML, like Gecko) Chrome/133.0.0.0 Safari/537.36"
2a06:98c0:3600::103 - - [27/Feb/2025:16:10:55 +0530] "GET /wordpress/wp-admin/setup-config.php HTTP/1.1" 301 0 "-" "Mozilla/5.0 (Windows NT 10.0; Win64; x64) AppleWebKit/537.36 (KHTML, like Gecko) Chrome/133.0.0.0 Safari/537.36"
2a06:98c0:3600::103 - - [27/Feb/2025:16:10:58 +0530] "GET /wordpress/wp-admin/setup-config.php HTTP/1.1" 404 10734 "-" "Mozilla/5.0 (Windows NT 10.0; Win64; x64) AppleWebKit/537.36 (KHTML, like Gecko) Chrome/133.0.0.0 Safari/537.36"
44.212.57.230 - - [27/Feb/2025:16:29:33 +0530] "GET /favicon.ico HTTP/1.1" 404 1251 "-" "Mozilla/5.0 (Macintosh; Intel Mac OS X 10_15_7) AppleWebKit/537.36 (KHTML, like Gecko) Chrome/107.0.0.0 Safari/537.36"
64.43.119.113 - - [27/Feb/2025:16:29:32 +0530] "GET /favicon.ico HTTP/1.1" 404 1251 "-" "Mozilla/5.0 (Macintosh; Intel Mac OS X 10_15_7) AppleWebKit/537.36 (KHTML, like Gecko) Chrome/107.0.0.0 Safari/537.36"
3.88.216.199 - - [27/Feb/2025:16:29:19 +0530] "GET / HTTP/1.1" 301 0 "-" "Mozilla/5.0 (Macintosh; Intel Mac OS X 10_15_7) AppleWebKit/537.36 (KHTML, like Gecko) Chrome/107.0.0.0 Safari/537.36"
132.255.135.245 - - [27/Feb/2025:16:29:14 +0530] "GET / HTTP/1.1" 301 0 "-" "Mozilla/5.0 (Macintosh; Intel Mac OS X 10_15_7) AppleWebKit/537.36 (KHTML, like Gecko) Chrome/107.0.0.0 Safari/537.36"
50.19.39.109 - - [27/Feb/2025:16:29:24 +0530] "GET / HTTP/1.1" 200 17856 "-" "Mozilla/5.0 (Macintosh; Intel Mac OS X 10_15_7) AppleWebKit/537.36 (KHTML, like Gecko) Chrome/107.0.0.0 Safari/537.36"
193.34.72.47 - - [27/Feb/2025:16:29:10 +0530] "HEAD / HTTP/1.1" 301 0 "-" "Mozilla/5.0 (Macintosh; Intel Mac OS X 10_15_7) AppleWebKit/537.36 (KHTML, like Gecko) Chrome/107.0.0.0 Safari/537.36"
174.129.111.109 - - [27/Feb/2025:16:29:33 +0530] "GET /favicon.png HTTP/1.1" 404 9889 "-" "Mozilla/5.0 (Macintosh; Intel Mac OS X 10_15_7) AppleWebKit/537.36 (KHTML, like Gecko) Chrome/107.0.0.0 Safari/537.36"
64.43.111.10 - - [27/Feb/2025:16:29:15 +0530] "GET / HTTP/1.1" 301 0 "-" "Mozilla/5.0 (Macintosh; Intel Mac OS X 10_15_7) AppleWebKit/537.36 (KHTML, like Gecko) Chrome/107.0.0.0 Safari/537.36"
162.55.100.32 - - [27/Feb/2025:16:29:26 +0530] "POST /wp-cron.php?doing_wp_cron=1740653966.6521320343017578125000 HTTP/1.1" 200 0 "-" "WordPress/6.7.2; https://www.freejobalerts.guru"
44.212.57.230 - - [27/Feb/2025:16:29:45 +0530] "GET /favicon.png HTTP/1.1" 404 9889 "-" "Mozilla/5.0 (Macintosh; Intel Mac OS X 10_15_7) AppleWebKit/537.36 (KHTML, like Gecko) Chrome/107.0.0.0 Safari/537.36"
49.51.253.83 - - [27/Feb/2025:16:46:50 +0530] "GET / HTTP/1.1" 200 17856 "-" "Mozilla/5.0 (iPhone; CPU iPhone OS 13_2_3 like Mac OS X) AppleWebKit/605.1.15 (KHTML, like Gecko) Version/13.0.3 Mobile/15E148 Safari/604.1"
2a06:98c0:3600::103 - - [27/Feb/2025:16:42:04 +0530] "GET /wordpress/wp-admin/setup-config.php HTTP/1.1" 301 0 "-" "Mozilla/5.0 (Windows NT 10.0; Win64; x64) AppleWebKit/537.36 (KHTML, like Gecko) Chrome/133.0.0.0 Safari/537.36"
2a06:98c0:3600::103 - - [27/Feb/2025:16:42:06 +0530] "GET /wordpress/wp-admin/setup-config.php HTTP/1.1" 404 7118 "-" "Mozilla/5.0 (Windows NT 10.0; Win64; x64) AppleWebKit/537.36 (KHTML, like Gecko) Chrome/133.0.0.0 Safari/537.36"
2a06:98c0:3600::103 - - [27/Feb/2025:17:43:47 +0530] "GET /wordpress/wp-admin/setup-config.php HTTP/1.1" 301 0 "-" "Mozilla/5.0 (Windows NT 10.0; Win64; x64) AppleWebKit/537.36 (KHTML, like Gecko) Chrome/133.0.0.0 Safari/537.36"
2a06:98c0:3600::103 - - [27/Feb/2025:17:13:11 +0530] "GET /wordpress/wp-admin/setup-config.php HTTP/1.1" 301 0 "-" "Mozilla/5.0 (Windows NT 10.0; Win64; x64) AppleWebKit/537.36 (KHTML, like Gecko) Chrome/133.0.0.0 Safari/537.36"
2a06:98c0:3600::103 - - [27/Feb/2025:17:14:49 +0530] "GET /wp-admin/setup-config.php HTTP/1.1" 409 1213 "-" "Mozilla/5.0 (Windows NT 10.0; Win64; x64) AppleWebKit/537.36 (KHTML, like Gecko) Chrome/133.0.0.0 Safari/537.36"
2a06:98c0:3600::103 - - [27/Feb/2025:17:43:49 +0530] "GET /wordpress/wp-admin/setup-config.php HTTP/1.1" 404 7118 "-" "Mozilla/5.0 (Windows NT 10.0; Win64; x64) AppleWebKit/537.36 (KHTML, like Gecko) Chrome/133.0.0.0 Safari/537.36"
2a06:98c0:3600::103 - - [27/Feb/2025:17:15:43 +0530] "GET /wordpress/wp-admin/setup-config.php HTTP/1.1" 301 0 "-" "Mozilla/5.0 (Windows NT 10.0; Win64; x64) AppleWebKit/537.36 (KHTML, like Gecko) Chrome/133.0.0.0 Safari/537.36"
43.155.140.157 - - [27/Feb/2025:17:34:04 +0530] "GET / HTTP/1.1" 200 17751 "-" "Mozilla/5.0 (iPhone; CPU iPhone OS 13_2_3 like Mac OS X) AppleWebKit/605.1.15 (KHTML, like Gecko) Version/13.0.3 Mobile/15E148 Safari/604.1"
2a06:98c0:3600::103 - - [27/Feb/2025:18:16:40 +0530] "GET /wordpress/wp-admin/setup-config.php HTTP/1.1" 404 10734 "-" "Mozilla/5.0 (Windows NT 10.0; Win64; x64) AppleWebKit/537.36 (KHTML, like Gecko) Chrome/133.0.0.0 Safari/537.36"
2a06:98c0:3600::103 - - [27/Feb/2025:18:17:39 +0530] "GET /wp-admin/setup-config.php HTTP/1.1" 409 1213 "-" "Mozilla/5.0 (Windows NT 10.0; Win64; x64) AppleWebKit/537.36 (KHTML, like Gecko) Chrome/133.0.0.0 Safari/537.36"
2a06:98c0:3600::103 - - [27/Feb/2025:18:16:39 +0530] "GET /wordpress/wp-admin/setup-config.php HTTP/1.1" 301 0 "-" "Mozilla/5.0 (Windows NT 10.0; Win64; x64) AppleWebKit/537.36 (KHTML, like Gecko) Chrome/133.0.0.0 Safari/537.36"
193.187.172.24 - - [27/Feb/2025:18:34:11 +0530] "GET / HTTP/1.1" 301 0 "https://www.google.fr/" "Mozilla/5.0 (Linux i555 ) AppleWebKit/603.24 (KHTML, like Gecko) Chrome/54.0.3122.142 Safari/533"
43.165.69.68 - - [27/Feb/2025:18:51:45 +0530] "GET / HTTP/1.1" 200 17856 "http://freejobalerts.guru" "Mozilla/5.0 (iPhone; CPU iPhone OS 13_2_3 like Mac OS X) AppleWebKit/605.1.15 (KHTML, like Gecko) Version/13.0.3 Mobile/15E148 Safari/604.1"
43.165.69.68 - - [27/Feb/2025:18:51:41 +0530] "GET / HTTP/1.1" 301 0 "-" "Mozilla/5.0 (iPhone; CPU iPhone OS 13_2_3 like Mac OS X) AppleWebKit/605.1.15 (KHTML, like Gecko) Version/13.0.3 Mobile/15E148 Safari/604.1"
173.252.79.115 - - [27/Feb/2025:19:17:49 +0530] "GET / HTTP/1.1" 301 0 "-" "facebookexternalhit/1.1 (+http://www.facebook.com/externalhit_uatext.php)"
173.252.79.8 - - [27/Feb/2025:19:18:14 +0530] "GET / HTTP/1.1" 200 28126 "-" "facebookexternalhit/1.1 (+http://www.facebook.com/externalhit_uatext.php)"
173.252.79.114 - - [27/Feb/2025:19:18:16 +0530] "GET / HTTP/1.1" 200 28126 "-" "facebookexternalhit/1.1 (+http://www.facebook.com/externalhit_uatext.php)"
69.171.251.18 - - [27/Feb/2025:19:18:56 +0530] "GET /?fbclid=IwZXh0bgNhZW0CMTEAAR3J43wPyB5xMiyMXfFezhcIlqPlL-AFaMUo5IFUz6oslfQsJ3xOsmnb9Go_aem_IaNSNEvjeGHaeQV-Mjbtug HTTP/1.1" 301 0 "-" "Mozilla/5.0 (X11; Linux x86_64) AppleWebKit/537.36 (KHTML, like Gecko) Chrome/133.0.0.0 Safari/537.36"
162.55.100.32 - - [27/Feb/2025:19:18:21 +0530] "POST /wp-cron.php?doing_wp_cron=1740664101.2648339271545410156250 HTTP/1.1" 200 0 "-" "WordPress/6.7.2; https://www.freejobalerts.guru"
173.252.79.113 - - [27/Feb/2025:19:17:36 +0530] "GET / HTTP/1.1" 301 0 "-" "facebookexternalhit/1.1 (+http://www.facebook.com/externalhit_uatext.php)"
173.252.79.9 - - [27/Feb/2025:19:17:56 +0530] "GET / HTTP/1.1" 301 0 "-" "facebookexternalhit/1.1 (+http://www.facebook.com/externalhit_uatext.php)"
173.252.79.114 - - [27/Feb/2025:19:18:03 +0530] "GET / HTTP/1.1" 200 91848 "-" "facebookexternalhit/1.1 (+http://www.facebook.com/externalhit_uatext.php)"
173.252.79.7 - - [27/Feb/2025:19:18:12 +0530] "GET / HTTP/1.1" 301 0 "-" "facebookexternalhit/1.1 (+http://www.facebook.com/externalhit_uatext.php)"
173.252.79.112 - - [27/Feb/2025:19:17:35 +0530] "GET /robots.txt HTTP/1.1" 200 351 "-" "facebookexternalhit/1.1 (+http://www.facebook.com/externalhit_uatext.php)"
173.252.79.4 - - [27/Feb/2025:19:18:24 +0530] "GET / HTTP/1.1" 200 91848 "-" "facebookexternalhit/1.1 (+http://www.facebook.com/externalhit_uatext.php)"
2a06:98c0:3600::103 - - [27/Feb/2025:19:18:44 +0530] "GET /wordpress/wp-admin/setup-config.php HTTP/1.1" 301 0 "-" "Mozilla/5.0 (Windows NT 10.0; Win64; x64) AppleWebKit/537.36 (KHTML, like Gecko) Chrome/133.0.0.0 Safari/537.36"
173.252.79.10 - - [27/Feb/2025:19:17:54 +0530] "GET / HTTP/1.1" 200 45915 "-" "facebookexternalhit/1.1 (+http://www.facebook.com/externalhit_uatext.php)"
173.252.79.3 - - [27/Feb/2025:19:17:40 +0530] "GET /robots.txt HTTP/1.1" 200 351 "-" "facebookexternalhit/1.1 (+http://www.facebook.com/externalhit_uatext.php)"
173.252.79.9 - - [27/Feb/2025:19:18:18 +0530] "GET / HTTP/1.1" 301 0 "-" "facebookexternalhit/1.1 (+http://www.facebook.com/externalhit_uatext.php)"
173.252.79.1 - - [27/Feb/2025:19:18:35 +0530] "GET / HTTP/1.1" 200 28126 "-" "facebookexternalhit/1.1 (+http://www.facebook.com/externalhit_uatext.php)"
173.252.79.114 - - [27/Feb/2025:19:17:41 +0530] "GET / HTTP/1.1" 200 91848 "-" "facebookexternalhit/1.1 (+http://www.facebook.com/externalhit_uatext.php)"
2a06:98c0:3600::103 - - [27/Feb/2025:19:18:47 +0530] "GET /wordpress/wp-admin/setup-config.php HTTP/1.1" 404 7118 "-" "Mozilla/5.0 (Windows NT 10.0; Win64; x64) AppleWebKit/537.36 (KHTML, like Gecko) Chrome/133.0.0.0 Safari/537.36"
2a06:98c0:3600::103 - - [27/Feb/2025:19:17:09 +0530] "GET /wp-admin/setup-config.php HTTP/1.1" 409 1213 "-" "Mozilla/5.0 (Windows NT 10.0; Win64; x64) AppleWebKit/537.36 (KHTML, like Gecko) Chrome/133.0.0.0 Safari/537.36"
173.252.79.1 - - [27/Feb/2025:19:18:28 +0530] "GET / HTTP/1.1" 301 0 "-" "facebookexternalhit/1.1 (+http://www.facebook.com/externalhit_uatext.php)"
173.252.79.112 - - [27/Feb/2025:19:18:31 +0530] "GET / HTTP/1.1" 200 91848 "-" "facebookexternalhit/1.1 (+http://www.facebook.com/externalhit_uatext.php)"
2a06:98c0:3600::103 - - [27/Feb/2025:19:48:20 +0530] "GET /wp-admin/setup-config.php HTTP/1.1" 409 1213 "-" "Mozilla/5.0 (Windows NT 10.0; Win64; x64) AppleWebKit/537.36 (KHTML, like Gecko) Chrome/133.0.0.0 Safari/537.36"
2a06:98c0:3600::103 - - [27/Feb/2025:19:48:29 +0530] "GET /wordpress/wp-admin/setup-config.php HTTP/1.1" 301 0 "-" "Mozilla/5.0 (Windows NT 10.0; Win64; x64) AppleWebKit/537.36 (KHTML, like Gecko) Chrome/133.0.0.0 Safari/537.36"
2a06:98c0:3600::103 - - [27/Feb/2025:20:21:22 +0530] "GET /wordpress/wp-admin/setup-config.php HTTP/1.1" 301 0 "-" "Mozilla/5.0 (Windows NT 10.0; Win64; x64) AppleWebKit/537.36 (KHTML, like Gecko) Chrome/133.0.0.0 Safari/537.36"
43.130.34.74 - - [27/Feb/2025:20:38:25 +0530] "GET / HTTP/1.1" 200 17963 "-" "Mozilla/5.0 (iPhone; CPU iPhone OS 13_2_3 like Mac OS X) AppleWebKit/605.1.15 (KHTML, like Gecko) Version/13.0.3 Mobile/15E148 Safari/604.1"
124.156.179.141 - - [27/Feb/2025:20:34:01 +0530] "GET / HTTP/1.1" 200 17841 "-" "Mozilla/5.0 (iPhone; CPU iPhone OS 13_2_3 like Mac OS X) AppleWebKit/605.1.15 (KHTML, like Gecko) Version/13.0.3 Mobile/15E148 Safari/604.1"
2a06:98c0:3600::103 - - [27/Feb/2025:20:52:07 +0530] "GET /wp-admin/setup-config.php HTTP/1.1" 409 1213 "-" "Mozilla/5.0 (Windows NT 10.0; Win64; x64) AppleWebKit/537.36 (KHTML, like Gecko) Chrome/133.0.0.0 Safari/537.36"
2a06:98c0:3600::103 - - [27/Feb/2025:20:54:17 +0530] "GET /wordpress/wp-admin/setup-config.php HTTP/1.1" 301 0 "-" "Mozilla/5.0 (Windows NT 10.0; Win64; x64) AppleWebKit/537.36 (KHTML, like Gecko) Chrome/133.0.0.0 Safari/537.36"
43.159.143.187 - - [27/Feb/2025:21:05:16 +0530] "GET / HTTP/1.1" 200 17986 "-" "Mozilla/5.0 (iPhone; CPU iPhone OS 13_2_3 like Mac OS X) AppleWebKit/605.1.15 (KHTML, like Gecko) Version/13.0.3 Mobile/15E148 Safari/604.1"
2a06:98c0:3600::103 - - [27/Feb/2025:21:27:07 +0530] "GET /wordpress/wp-admin/setup-config.php HTTP/1.1" 301 0 "-" "Mozilla/5.0 (Windows NT 10.0; Win64; x64) AppleWebKit/537.36 (KHTML, like Gecko) Chrome/133.0.0.0 Safari/537.36"
2a06:98c0:3600::103 - - [27/Feb/2025:21:25:06 +0530] "GET /wp-admin/setup-config.php HTTP/1.1" 409 1213 "-" "Mozilla/5.0 (Windows NT 10.0; Win64; x64) AppleWebKit/537.36 (KHTML, like Gecko) Chrome/133.0.0.0 Safari/537.36"
2a06:98c0:3600::103 - - [27/Feb/2025:22:00:35 +0530] "GET /wordpress/wp-admin/setup-config.php HTTP/1.1" 301 0 "-" "Mozilla/5.0 (Windows NT 10.0; Win64; x64) AppleWebKit/537.36 (KHTML, like Gecko) Chrome/133.0.0.0 Safari/537.36"
154.47.23.58 - - [27/Feb/2025:22:26:00 +0530] "GET //wp-includes/ID3/license.txt HTTP/1.1" 200 1396 "-" "Mozilla/5.0 (Windows NT 10.0; Win64; x64) AppleWebKit/537.36 (KHTML, like Gecko) Chrome/95.0.4638.69 Safari/537.36"
154.47.23.58 - - [27/Feb/2025:22:26:01 +0530] "GET //feed/ HTTP/1.1" 301 0 "-" "Mozilla/5.0 (Windows NT 10.0; Win64; x64) AppleWebKit/537.36 (KHTML, like Gecko) Chrome/95.0.4638.69 Safari/537.36"
154.47.23.58 - - [27/Feb/2025:22:26:04 +0530] "GET //xmlrpc.php?rsd HTTP/1.1" 200 846 "-" "Mozilla/5.0 (Windows NT 10.0; Win64; x64) AppleWebKit/537.36 (KHTML, like Gecko) Chrome/95.0.4638.69 Safari/537.36"
154.47.23.58 - - [27/Feb/2025:22:26:06 +0530] "GET //?author=1 HTTP/1.1" 301 0 "-" "Mozilla/5.0 (Windows NT 10.0; Win64; x64) AppleWebKit/537.36 (KHTML, like Gecko) Chrome/95.0.4638.69 Safari/537.36"
154.47.23.58 - - [27/Feb/2025:22:26:24 +0530] "GET //?author=2 HTTP/1.1" 301 0 "-" "Mozilla/5.0 (Windows NT 10.0; Win64; x64) AppleWebKit/537.36 (KHTML, like Gecko) Chrome/95.0.4638.69 Safari/537.36"
154.47.23.58 - - [27/Feb/2025:22:26:37 +0530] "GET //wp-json/wp/v2/users/ HTTP/1.1" 200 681 "-" "Mozilla/5.0 (Windows NT 10.0; Win64; x64) AppleWebKit/537.36 (KHTML, like Gecko) Chrome/95.0.4638.69 Safari/537.36"
154.47.23.58 - - [27/Feb/2025:22:26:51 +0530] "POST //xmlrpc.php HTTP/1.1" 200 403 "-" "Mozilla/5.0 (Windows NT 10.0; Win64; x64) AppleWebKit/537.36 (KHTML, like Gecko) Chrome/95.0.4638.69 Safari/537.36"
154.47.23.58 - - [27/Feb/2025:22:26:56 +0530] "POST //xmlrpc.php HTTP/1.1" 200 403 "-" "Mozilla/5.0 (Windows NT 10.0; Win64; x64) AppleWebKit/537.36 (KHTML, like Gecko) Chrome/95.0.4638.69 Safari/537.36"
154.47.23.58 - - [27/Feb/2025:22:27:02 +0530] "POST //xmlrpc.php HTTP/1.1" 200 401 "-" "Mozilla/5.0 (Windows NT 10.0; Win64; x64) AppleWebKit/537.36 (KHTML, like Gecko) Chrome/95.0.4638.69 Safari/537.36"
154.47.23.58 - - [27/Feb/2025:22:27:06 +0530] "POST //xmlrpc.php HTTP/1.1" 200 401 "-" "Mozilla/5.0 (Windows NT 10.0; Win64; x64) AppleWebKit/537.36 (KHTML, like Gecko) Chrome/95.0.4638.69 Safari/537.36"
154.47.23.58 - - [27/Feb/2025:22:27:16 +0530] "POST //xmlrpc.php HTTP/1.1" 200 403 "-" "Mozilla/5.0 (Windows NT 10.0; Win64; x64) AppleWebKit/537.36 (KHTML, like Gecko) Chrome/95.0.4638.69 Safari/537.36"
154.47.23.58 - - [27/Feb/2025:22:27:19 +0530] "POST //xmlrpc.php HTTP/1.1" 200 401 "-" "Mozilla/5.0 (Windows NT 10.0; Win64; x64) AppleWebKit/537.36 (KHTML, like Gecko) Chrome/95.0.4638.69 Safari/537.36"
154.47.23.58 - - [27/Feb/2025:22:27:23 +0530] "POST //xmlrpc.php HTTP/1.1" 200 401 "-" "Mozilla/5.0 (Windows NT 10.0; Win64; x64) AppleWebKit/537.36 (KHTML, like Gecko) Chrome/95.0.4638.69 Safari/537.36"
154.47.23.58 - - [27/Feb/2025:22:27:28 +0530] "POST //xmlrpc.php HTTP/1.1" 200 401 "-" "Mozilla/5.0 (Windows NT 10.0; Win64; x64) AppleWebKit/537.36 (KHTML, like Gecko) Chrome/95.0.4638.69 Safari/537.36"
154.47.23.58 - - [27/Feb/2025:22:27:33 +0530] "POST //xmlrpc.php HTTP/1.1" 200 401 "-" "Mozilla/5.0 (Windows NT 10.0; Win64; x64) AppleWebKit/537.36 (KHTML, like Gecko) Chrome/95.0.4638.69 Safari/537.36"
154.47.23.58 - - [27/Feb/2025:22:27:39 +0530] "POST //xmlrpc.php HTTP/1.1" 200 401 "-" "Mozilla/5.0 (Windows NT 10.0; Win64; x64) AppleWebKit/537.36 (KHTML, like Gecko) Chrome/95.0.4638.69 Safari/537.36"
154.47.23.58 - - [27/Feb/2025:22:27:51 +0530] "POST //xmlrpc.php HTTP/1.1" 200 401 "-" "Mozilla/5.0 (Windows NT 10.0; Win64; x64) AppleWebKit/537.36 (KHTML, like Gecko) Chrome/95.0.4638.69 Safari/537.36"
154.47.23.58 - - [27/Feb/2025:22:28:01 +0530] "POST //xmlrpc.php HTTP/1.1" 200 401 "-" "Mozilla/5.0 (Windows NT 10.0; Win64; x64) AppleWebKit/537.36 (KHTML, like Gecko) Chrome/95.0.4638.69 Safari/537.36"
154.47.23.58 - - [27/Feb/2025:22:28:05 +0530] "POST //xmlrpc.php HTTP/1.1" 200 401 "-" "Mozilla/5.0 (Windows NT 10.0; Win64; x64) AppleWebKit/537.36 (KHTML, like Gecko) Chrome/95.0.4638.69 Safari/537.36"
154.47.23.58 - - [27/Feb/2025:22:28:14 +0530] "POST //xmlrpc.php HTTP/1.1" 200 401 "-" "Mozilla/5.0 (Windows NT 10.0; Win64; x64) AppleWebKit/537.36 (KHTML, like Gecko) Chrome/95.0.4638.69 Safari/537.36"
162.55.100.32 - - [27/Feb/2025:22:28:27 +0530] "POST /wp-cron.php?doing_wp_cron=1740675506.7788500785827636718750 HTTP/1.1" 200 0 "-" "WordPress/6.7.2; https://www.freejobalerts.guru"
154.47.23.58 - - [27/Feb/2025:22:28:20 +0530] "POST //xmlrpc.php HTTP/1.1" 200 401 "-" "Mozilla/5.0 (Windows NT 10.0; Win64; x64) AppleWebKit/537.36 (KHTML, like Gecko) Chrome/95.0.4638.69 Safari/537.36"
154.47.23.58 - - [27/Feb/2025:22:28:29 +0530] "POST //xmlrpc.php HTTP/1.1" 200 401 "-" "Mozilla/5.0 (Windows NT 10.0; Win64; x64) AppleWebKit/537.36 (KHTML, like Gecko) Chrome/95.0.4638.69 Safari/537.36"
154.47.23.58 - - [27/Feb/2025:22:28:34 +0530] "POST //xmlrpc.php HTTP/1.1" 200 401 "-" "Mozilla/5.0 (Windows NT 10.0; Win64; x64) AppleWebKit/537.36 (KHTML, like Gecko) Chrome/95.0.4638.69 Safari/537.36"
18.237.95.191 - - [27/Feb/2025:22:35:28 +0530] "GET / HTTP/1.1" 200 91848 "-" "Mozilla/5.0 (Windows NT 10.0; Win64; x64) AppleWebKit/537.36 (KHTML, like Gecko) Chrome/80.0.3987.149 Safari/537.36"
18.237.95.191 - - [27/Feb/2025:22:35:51 +0530] "GET //wp-includes/wlwmanifest.xml HTTP/1.1" 200 171532 "-" "Mozilla/5.0 (Windows NT 10.0; Win64; x64) AppleWebKit/537.36 (KHTML, like Gecko) Chrome/80.0.3987.149 Safari/537.36"
18.237.95.191 - - [27/Feb/2025:22:35:53 +0530] "GET //xmlrpc.php?rsd HTTP/1.1" 200 846 "-" "Mozilla/5.0 (Windows NT 10.0; Win64; x64) AppleWebKit/537.36 (KHTML, like Gecko) Chrome/80.0.3987.149 Safari/537.36"
18.237.95.191 - - [27/Feb/2025:22:36:00 +0530] "GET //?author=1 HTTP/1.1" 301 0 "-" "Mozilla/5.0 (Windows NT 10.0; Win64; x64) AppleWebKit/537.36 (KHTML, like Gecko) Chrome/80.0.3987.149 Safari/537.36"
18.237.95.191 - - [27/Feb/2025:22:36:20 +0530] "GET //?author=2 HTTP/1.1" 301 0 "-" "Mozilla/5.0 (Windows NT 10.0; Win64; x64) AppleWebKit/537.36 (KHTML, like Gecko) Chrome/80.0.3987.149 Safari/537.36"
18.237.95.191 - - [27/Feb/2025:22:36:28 +0530] "GET //wp-json/wp/v2/users/ HTTP/1.1" 200 681 "-" "Mozilla/5.0 (Windows NT 10.0; Win64; x64) AppleWebKit/537.36 (KHTML, like Gecko) Chrome/80.0.3987.149 Safari/537.36"
18.237.95.191 - - [27/Feb/2025:22:36:32 +0530] "POST //xmlrpc.php HTTP/1.1" 200 401 "-" "Mozilla/5.0 (Windows NT 10.0; Win64; x64) AppleWebKit/537.36 (KHTML, like Gecko) Chrome/80.0.3987.149 Safari/537.36"
18.237.95.191 - - [27/Feb/2025:22:36:33 +0530] "POST //xmlrpc.php HTTP/1.1" 200 401 "-" "Mozilla/5.0 (Windows NT 10.0; Win64; x64) AppleWebKit/537.36 (KHTML, like Gecko) Chrome/80.0.3987.149 Safari/537.36"
18.237.95.191 - - [27/Feb/2025:22:36:37 +0530] "POST //xmlrpc.php HTTP/1.1" 200 401 "-" "Mozilla/5.0 (Windows NT 10.0; Win64; x64) AppleWebKit/537.36 (KHTML, like Gecko) Chrome/80.0.3987.149 Safari/537.36"
18.237.95.191 - - [27/Feb/2025:22:36:38 +0530] "POST //xmlrpc.php HTTP/1.1" 200 401 "-" "Mozilla/5.0 (Windows NT 10.0; Win64; x64) AppleWebKit/537.36 (KHTML, like Gecko) Chrome/80.0.3987.149 Safari/537.36"
18.237.95.191 - - [27/Feb/2025:22:36:44 +0530] "POST //xmlrpc.php HTTP/1.1" 200 401 "-" "Mozilla/5.0 (Windows NT 10.0; Win64; x64) AppleWebKit/537.36 (KHTML, like Gecko) Chrome/80.0.3987.149 Safari/537.36"
