????

Your IP : 18.188.159.155


Current Path : /home2/sarkar82/access-logs/
Upload File :
Current File : /home2/sarkar82/access-logs/freejobalerts.sarkariyojanaguru.xyz

2a06:98c0:3600::103 - - [20/Feb/2025:02:35:55 +0530] "GET /wordpress/wp-admin/setup-config.php HTTP/1.1" 404 10339 "-" "Mozilla/5.0 (Windows NT 10.0; Win64; x64) AppleWebKit/537.36 (KHTML, like Gecko) Chrome/133.0.0.0 Safari/537.36"
162.55.100.32 - - [20/Feb/2025:02:35:55 +0530] "POST /wp-cron.php?doing_wp_cron=1739999155.2542030811309814453125 HTTP/1.1" 200 0 "-" "WordPress/6.7.2; https://www.freejobalerts.guru"
162.55.100.32 - - [20/Feb/2025:02:38:33 +0530] "POST /wp-cron.php?doing_wp_cron=1739999313.8941919803619384765625 HTTP/1.1" 200 0 "-" "WordPress/6.7.2; https://www.freejobalerts.guru"
2a06:98c0:3600::103 - - [20/Feb/2025:02:35:55 +0530] "GET /wordpress/wp-admin/setup-config.php HTTP/1.1" 301 0 "-" "Mozilla/5.0 (Windows NT 10.0; Win64; x64) AppleWebKit/537.36 (KHTML, like Gecko) Chrome/133.0.0.0 Safari/537.36"
2a06:98c0:3600::103 - - [20/Feb/2025:02:36:24 +0530] "GET /wp-admin/setup-config.php HTTP/1.1" 409 1213 "-" "Mozilla/5.0 (Windows NT 10.0; Win64; x64) AppleWebKit/537.36 (KHTML, like Gecko) Chrome/133.0.0.0 Safari/537.36"
43.167.245.18 - - [20/Feb/2025:02:38:33 +0530] "GET / HTTP/1.1" 200 14247 "-" "Mozilla/5.0 (iPhone; CPU iPhone OS 13_2_3 like Mac OS X) AppleWebKit/605.1.15 (KHTML, like Gecko) Version/13.0.3 Mobile/15E148 Safari/604.1"
2a06:98c0:3600::103 - - [20/Feb/2025:03:09:13 +0530] "GET /wp-admin/setup-config.php HTTP/1.1" 409 1213 "-" "Mozilla/5.0 (Windows NT 10.0; Win64; x64) AppleWebKit/537.36 (KHTML, like Gecko) Chrome/133.0.0.0 Safari/537.36"
2a06:98c0:3600::103 - - [20/Feb/2025:03:09:32 +0530] "GET /wordpress/wp-admin/setup-config.php HTTP/1.1" 404 10339 "-" "Mozilla/5.0 (Windows NT 10.0; Win64; x64) AppleWebKit/537.36 (KHTML, like Gecko) Chrome/133.0.0.0 Safari/537.36"
2a06:98c0:3600::103 - - [20/Feb/2025:03:09:32 +0530] "GET /wordpress/wp-admin/setup-config.php HTTP/1.1" 301 0 "-" "Mozilla/5.0 (Windows NT 10.0; Win64; x64) AppleWebKit/537.36 (KHTML, like Gecko) Chrome/133.0.0.0 Safari/537.36"
162.55.100.32 - - [20/Feb/2025:03:09:32 +0530] "POST /wp-cron.php?doing_wp_cron=1740001172.7252659797668457031250 HTTP/1.1" 200 0 "-" "WordPress/6.7.2; https://www.freejobalerts.guru"
149.56.160.150 - - [20/Feb/2025:04:03:17 +0530] "GET / HTTP/1.1" 200 62088 "-" "Mozilla/5.0 (compatible; Dataprovider.com)"
149.56.160.150 - - [20/Feb/2025:04:03:17 +0530] "GET /robots.txt HTTP/1.1" 200 351 "-" "Mozilla/5.0 (compatible; Dataprovider.com)"
149.56.160.150 - - [20/Feb/2025:04:03:28 +0530] "GET / HTTP/1.1" 200 62088 "-" "Mozilla/5.0 (Linux; Android 10; SM-G981B) AppleWebKit/537.36 (KHTML, like Gecko) Chrome/80.0.3987.162 Mobile Safari/537.36"
149.56.160.150 - - [20/Feb/2025:04:03:28 +0530] "GET /humans.txt HTTP/1.1" 404 34833 "-" "Mozilla/5.0 (compatible; Dataprovider.com)"
149.56.160.150 - - [20/Feb/2025:04:03:29 +0530] "GET /security.txt HTTP/1.1" 404 34833 "-" "Mozilla/5.0 (compatible; Dataprovider.com)"
149.56.160.191 - - [20/Feb/2025:04:03:47 +0530] "GET /wp-content/plugins/gp-premium/blog/functions/css/style.min.css?ver=2.0.2 HTTP/1.1" 200 1112 "http://www.freejobalerts.guru/" "Mozilla/5.0 (compatible; Dataprovider.com)"
149.56.160.191 - - [20/Feb/2025:04:03:47 +0530] "GET /wp-content/themes/generatepress/assets/js/menu.min.js?ver=3.5.1 HTTP/1.1" 200 1828 "http://www.freejobalerts.guru/" "Mozilla/5.0 (compatible; Dataprovider.com)"
2a06:98c0:3600::103 - - [20/Feb/2025:03:35:30 +0530] "GET /wordpress/wp-admin/setup-config.php HTTP/1.1" 301 0 "-" "Mozilla/5.0 (Windows NT 10.0; Win64; x64) AppleWebKit/537.36 (KHTML, like Gecko) Chrome/133.0.0.0 Safari/537.36"
2a06:98c0:3600::103 - - [20/Feb/2025:03:36:03 +0530] "GET /wp-admin/setup-config.php HTTP/1.1" 409 1213 "-" "Mozilla/5.0 (Windows NT 10.0; Win64; x64) AppleWebKit/537.36 (KHTML, like Gecko) Chrome/133.0.0.0 Safari/537.36"
34.221.25.110 - - [20/Feb/2025:03:47:53 +0530] "GET /wp-content/plugins/contextual-related-posts/css/rounded-thumbs.min.css?ver=3.6.2 HTTP/1.1" 200 454 "http://www.freejobalerts.guru/" "Mozilla/5.0 (Windows NT 10.0; Win64; x64; rv:109.0) Gecko/20100101 Firefox/109.0"
34.221.25.110 - - [20/Feb/2025:03:47:53 +0530] "GET /wp-includes/js/dist/i18n.min.js?ver=5e580eb46a90c2b997e6 HTTP/1.1" 200 3667 "http://www.freejobalerts.guru/" "Mozilla/5.0 (Windows NT 10.0; Win64; x64; rv:109.0) Gecko/20100101 Firefox/109.0"
162.55.100.32 - - [20/Feb/2025:04:03:17 +0530] "POST /wp-cron.php?doing_wp_cron=1740004397.2377059459686279296875 HTTP/1.1" 200 0 "-" "WordPress/6.7.2; https://www.freejobalerts.guru"
149.56.160.191 - - [20/Feb/2025:04:03:47 +0530] "GET /wp-content/themes/generatepress/assets/css/main.min.css?ver=3.5.1 HTTP/1.1" 200 4670 "http://www.freejobalerts.guru/" "Mozilla/5.0 (compatible; Dataprovider.com)"
149.56.160.191 - - [20/Feb/2025:04:03:47 +0530] "GET /wp-includes/js/imagesloaded.min.js?ver=5.0.0 HTTP/1.1" 200 1801 "http://www.freejobalerts.guru/" "Mozilla/5.0 (compatible; Dataprovider.com)"
89.104.110.91 - - [20/Feb/2025:04:26:19 +0530] "GET /favicon.ico HTTP/1.1" 404 1251 "-" "Mozilla/5.0 (Windows NT 10.0; Win64; x64) AppleWebKit/537.36 (KHTML, like Gecko) Chrome/94.0.4606.61 Safari/537.36"
149.56.160.191 - - [20/Feb/2025:04:03:47 +0530] "GET /wp-content/plugins/related-posts-thumbnails/assets/css/front.css?ver=4.2.1 HTTP/1.1" 200 1198 "http://www.freejobalerts.guru/" "Mozilla/5.0 (compatible; Dataprovider.com)"
149.56.160.191 - - [20/Feb/2025:04:03:47 +0530] "GET /wp-includes/js/masonry.min.js?ver=4.2.2 HTTP/1.1" 200 7376 "http://www.freejobalerts.guru/" "Mozilla/5.0 (compatible; Dataprovider.com)"
149.56.160.191 - - [20/Feb/2025:04:03:47 +0530] "GET /wp-content/plugins/gp-premium/blog/functions/js/scripts.min.js?ver=2.0.2 HTTP/1.1" 200 608 "http://www.freejobalerts.guru/" "Mozilla/5.0 (compatible; Dataprovider.com)"
149.56.160.191 - - [20/Feb/2025:04:03:47 +0530] "GET /wp-includes/js/wp-emoji-release.min.js?ver=6.7.2 HTTP/1.1" 200 5072 "http://www.freejobalerts.guru/" "Mozilla/5.0 (compatible; Dataprovider.com)"
162.55.100.32 - - [20/Feb/2025:04:24:10 +0530] "POST /wp-cron.php?doing_wp_cron=1740005650.8913049697875976562500 HTTP/1.1" 200 0 "-" "WordPress/6.7.2; https://www.freejobalerts.guru"
176.53.219.124 - - [20/Feb/2025:04:26:19 +0530] "GET / HTTP/1.1" 200 14247 "-" "Mozilla/5.0 (Windows NT 10.0; Win64; x64) AppleWebKit/537.36 (KHTML, like Gecko) Chrome/94.0.4606.61 Safari/537.36"
34.221.25.110 - - [20/Feb/2025:03:47:52 +0530] "GET /wp-includes/css/dist/block-library/style.min.css?ver=6.7.2 HTTP/1.1" 200 15146 "http://www.freejobalerts.guru/" "Mozilla/5.0 (Windows NT 10.0; Win64; x64; rv:109.0) Gecko/20100101 Firefox/109.0"
34.221.25.110 - - [20/Feb/2025:03:47:53 +0530] "GET /wp-content/plugins/contact-form-7/includes/swv/js/index.js?ver=6.0.3 HTTP/1.1" 200 3522 "http://www.freejobalerts.guru/" "Mozilla/5.0 (Windows NT 10.0; Win64; x64; rv:109.0) Gecko/20100101 Firefox/109.0"
34.221.25.110 - - [20/Feb/2025:03:47:53 +0530] "GET /wp-content/plugins/gp-premium/blog/functions/js/scripts.min.js?ver=2.0.2 HTTP/1.1" 200 608 "http://www.freejobalerts.guru/" "Mozilla/5.0 (Windows NT 10.0; Win64; x64; rv:109.0) Gecko/20100101 Firefox/109.0"
34.221.25.110 - - [20/Feb/2025:03:47:53 +0530] "GET /wp-includes/js/wp-emoji-release.min.js?ver=6.7.2 HTTP/1.1" 200 5072 "http://www.freejobalerts.guru/" "Mozilla/5.0 (Windows NT 10.0; Win64; x64; rv:109.0) Gecko/20100101 Firefox/109.0"
2a06:98c0:3600::103 - - [20/Feb/2025:03:58:03 +0530] "GET /wordpress/wp-admin/setup-config.php HTTP/1.1" 404 10339 "-" "Mozilla/5.0 (Windows NT 10.0; Win64; x64) AppleWebKit/537.36 (KHTML, like Gecko) Chrome/133.0.0.0 Safari/537.36"
44.239.149.248 - - [20/Feb/2025:04:10:27 +0530] "GET /favicon.ico HTTP/1.1" 404 1251 "-" "curl/7.58.0"
2a06:98c0:3600::103 - - [20/Feb/2025:04:24:10 +0530] "GET /wordpress/wp-admin/setup-config.php HTTP/1.1" 301 0 "-" "Mozilla/5.0 (Windows NT 10.0; Win64; x64) AppleWebKit/537.36 (KHTML, like Gecko) Chrome/133.0.0.0 Safari/537.36"
162.55.100.32 - - [20/Feb/2025:04:26:18 +0530] "POST /wp-cron.php?doing_wp_cron=1740005778.7614419460296630859375 HTTP/1.1" 200 0 "-" "WordPress/6.7.2; https://www.freejobalerts.guru"
89.104.100.1 - - [20/Feb/2025:04:26:18 +0530] "GET / HTTP/1.1" 301 0 "-" "Mozilla/5.0 (Windows NT 10.0; Win64; x64) AppleWebKit/537.36 (KHTML, like Gecko) Chrome/94.0.4606.61 Safari/537.36"
162.55.100.32 - - [20/Feb/2025:03:47:52 +0530] "POST /wp-cron.php?doing_wp_cron=1740003472.2685589790344238281250 HTTP/1.1" 200 0 "-" "WordPress/6.7.2; https://www.freejobalerts.guru"
34.221.25.110 - - [20/Feb/2025:03:47:52 +0530] "GET / HTTP/1.1" 200 14247 "-" "Mozilla/5.0 (Windows NT 10.0; Win64; x64; rv:109.0) Gecko/20100101 Firefox/109.0"
34.221.25.110 - - [20/Feb/2025:03:47:52 +0530] "GET /wp-content/plugins/contact-form-7/includes/css/styles.css?ver=6.0.3 HTTP/1.1" 200 1016 "http://www.freejobalerts.guru/" "Mozilla/5.0 (Windows NT 10.0; Win64; x64; rv:109.0) Gecko/20100101 Firefox/109.0"
34.221.25.110 - - [20/Feb/2025:03:47:53 +0530] "GET /wp-content/plugins/gp-premium/blog/functions/css/style.min.css?ver=2.0.2 HTTP/1.1" 200 1112 "http://www.freejobalerts.guru/" "Mozilla/5.0 (Windows NT 10.0; Win64; x64; rv:109.0) Gecko/20100101 Firefox/109.0"
34.221.25.110 - - [20/Feb/2025:03:47:53 +0530] "GET /wp-includes/js/dist/hooks.min.js?ver=4d63a3d491d11ffd8ac6 HTTP/1.1" 200 1644 "http://www.freejobalerts.guru/" "Mozilla/5.0 (Windows NT 10.0; Win64; x64; rv:109.0) Gecko/20100101 Firefox/109.0"
34.221.25.110 - - [20/Feb/2025:03:47:53 +0530] "GET /wp-includes/js/imagesloaded.min.js?ver=5.0.0 HTTP/1.1" 200 1801 "http://www.freejobalerts.guru/" "Mozilla/5.0 (Windows NT 10.0; Win64; x64; rv:109.0) Gecko/20100101 Firefox/109.0"
34.221.25.110 - - [20/Feb/2025:03:47:53 +0530] "GET /wp-includes/js/masonry.min.js?ver=4.2.2 HTTP/1.1" 200 7376 "http://www.freejobalerts.guru/" "Mozilla/5.0 (Windows NT 10.0; Win64; x64; rv:109.0) Gecko/20100101 Firefox/109.0"
44.239.149.248 - - [20/Feb/2025:03:54:53 +0530] "GET /favicon.ico HTTP/1.1" 404 1251 "-" "curl/7.58.0"
2a06:98c0:3600::103 - - [20/Feb/2025:03:58:03 +0530] "GET /wp-admin/setup-config.php HTTP/1.1" 409 1213 "-" "Mozilla/5.0 (Windows NT 10.0; Win64; x64) AppleWebKit/537.36 (KHTML, like Gecko) Chrome/133.0.0.0 Safari/537.36"
162.55.100.32 - - [20/Feb/2025:03:58:03 +0530] "POST /wp-cron.php?doing_wp_cron=1740004083.5577950477600097656250 HTTP/1.1" 200 0 "-" "WordPress/6.7.2; https://www.freejobalerts.guru"
149.56.160.150 - - [20/Feb/2025:04:03:28 +0530] "GET /ads.txt HTTP/1.1" 404 34833 "-" "Mozilla/5.0 (compatible; Dataprovider.com)"
149.56.160.150 - - [20/Feb/2025:04:03:29 +0530] "GET /.well-known/security.txt HTTP/1.1" 404 34833 "-" "Mozilla/5.0 (compatible; Dataprovider.com)"
149.56.160.191 - - [20/Feb/2025:04:03:46 +0530] "GET / HTTP/1.1" 200 14247 "-" "Mozilla/5.0 (compatible; Dataprovider.com)"
149.56.160.191 - - [20/Feb/2025:04:03:46 +0530] "GET /wp-includes/css/dist/block-library/style.min.css?ver=6.7.2 HTTP/1.1" 200 15146 "http://www.freejobalerts.guru/" "Mozilla/5.0 (compatible; Dataprovider.com)"
149.56.160.191 - - [20/Feb/2025:04:03:47 +0530] "GET /wp-content/plugins/contextual-related-posts/css/rounded-thumbs.min.css?ver=3.6.2 HTTP/1.1" 200 454 "http://www.freejobalerts.guru/" "Mozilla/5.0 (compatible; Dataprovider.com)"
149.56.160.191 - - [20/Feb/2025:04:03:47 +0530] "GET /wp-includes/js/dist/hooks.min.js?ver=4d63a3d491d11ffd8ac6 HTTP/1.1" 200 1644 "http://www.freejobalerts.guru/" "Mozilla/5.0 (compatible; Dataprovider.com)"
149.56.160.191 - - [20/Feb/2025:04:03:47 +0530] "GET /wp-content/plugins/contact-form-7/includes/swv/js/index.js?ver=6.0.3 HTTP/1.1" 200 3522 "http://www.freejobalerts.guru/" "Mozilla/5.0 (compatible; Dataprovider.com)"
149.56.160.191 - - [20/Feb/2025:04:03:47 +0530] "GET /wp-content/plugins/contact-form-7/includes/js/index.js?ver=6.0.3 HTTP/1.1" 200 4236 "http://www.freejobalerts.guru/" "Mozilla/5.0 (compatible; Dataprovider.com)"
45.90.60.26 - - [20/Feb/2025:04:26:19 +0530] "GET /favicon.ico HTTP/1.1" 404 1251 "-" "Mozilla/5.0 (Windows NT 10.0; Win64; x64) AppleWebKit/537.36 (KHTML, like Gecko) Chrome/94.0.4606.61 Safari/537.36"
44.239.149.248 - - [20/Feb/2025:03:47:59 +0530] "GET /favicon.ico HTTP/1.1" 404 1251 "-" "curl/7.58.0"
162.55.100.32 - - [20/Feb/2025:03:35:30 +0530] "POST /wp-cron.php?doing_wp_cron=1740002730.5426239967346191406250 HTTP/1.1" 200 0 "-" "WordPress/6.7.2; https://www.freejobalerts.guru"
149.56.160.191 - - [20/Feb/2025:04:03:47 +0530] "GET /wp-content/plugins/contact-form-7/includes/css/styles.css?ver=6.0.3 HTTP/1.1" 200 1016 "http://www.freejobalerts.guru/" "Mozilla/5.0 (compatible; Dataprovider.com)"
149.56.160.191 - - [20/Feb/2025:04:03:47 +0530] "GET /wp-includes/js/dist/i18n.min.js?ver=5e580eb46a90c2b997e6 HTTP/1.1" 200 3667 "http://www.freejobalerts.guru/" "Mozilla/5.0 (compatible; Dataprovider.com)"
2a06:98c0:3600::103 - - [20/Feb/2025:04:24:11 +0530] "GET /wordpress/wp-admin/setup-config.php HTTP/1.1" 404 10295 "-" "Mozilla/5.0 (Windows NT 10.0; Win64; x64) AppleWebKit/537.36 (KHTML, like Gecko) Chrome/133.0.0.0 Safari/537.36"
2a06:98c0:3600::103 - - [20/Feb/2025:03:35:30 +0530] "GET /wordpress/wp-admin/setup-config.php HTTP/1.1" 404 10339 "-" "Mozilla/5.0 (Windows NT 10.0; Win64; x64) AppleWebKit/537.36 (KHTML, like Gecko) Chrome/133.0.0.0 Safari/537.36"
34.221.25.110 - - [20/Feb/2025:03:47:53 +0530] "GET /wp-content/plugins/related-posts-thumbnails/assets/css/front.css?ver=4.2.1 HTTP/1.1" 200 1198 "http://www.freejobalerts.guru/" "Mozilla/5.0 (Windows NT 10.0; Win64; x64; rv:109.0) Gecko/20100101 Firefox/109.0"
34.221.25.110 - - [20/Feb/2025:03:47:53 +0530] "GET /wp-content/themes/generatepress/assets/css/main.min.css?ver=3.5.1 HTTP/1.1" 200 4670 "http://www.freejobalerts.guru/" "Mozilla/5.0 (Windows NT 10.0; Win64; x64; rv:109.0) Gecko/20100101 Firefox/109.0"
34.221.25.110 - - [20/Feb/2025:03:47:53 +0530] "GET /wp-content/plugins/contact-form-7/includes/js/index.js?ver=6.0.3 HTTP/1.1" 200 4236 "http://www.freejobalerts.guru/" "Mozilla/5.0 (Windows NT 10.0; Win64; x64; rv:109.0) Gecko/20100101 Firefox/109.0"
34.221.25.110 - - [20/Feb/2025:03:47:53 +0530] "GET /wp-content/themes/generatepress/assets/js/menu.min.js?ver=3.5.1 HTTP/1.1" 200 1828 "http://www.freejobalerts.guru/" "Mozilla/5.0 (Windows NT 10.0; Win64; x64; rv:109.0) Gecko/20100101 Firefox/109.0"
2a06:98c0:3600::103 - - [20/Feb/2025:03:58:03 +0530] "GET /wordpress/wp-admin/setup-config.php HTTP/1.1" 301 0 "-" "Mozilla/5.0 (Windows NT 10.0; Win64; x64) AppleWebKit/537.36 (KHTML, like Gecko) Chrome/133.0.0.0 Safari/537.36"
2a06:98c0:3600::103 - - [20/Feb/2025:04:22:35 +0530] "GET /wp-admin/setup-config.php HTTP/1.1" 409 1213 "-" "Mozilla/5.0 (Windows NT 10.0; Win64; x64) AppleWebKit/537.36 (KHTML, like Gecko) Chrome/133.0.0.0 Safari/537.36"
52.151.194.32 - - [20/Feb/2025:04:57:15 +0530] "GET / HTTP/1.1" 301 0 "-" "Mozilla/5.0 (Windows NT 10.0; Win64; x64) AppleWebKit/537.36 (KHTML, like Gecko) Chrome/79.0 Safari/537.36"
52.151.194.32 - - [20/Feb/2025:04:57:15 +0530] "GET / HTTP/1.1" 200 62088 "-" "Mozilla/5.0 (Windows NT 10.0; Win64; x64) AppleWebKit/537.36 (KHTML, like Gecko) Chrome/79.0 Safari/537.36"
52.151.194.32 - - [20/Feb/2025:04:57:16 +0530] "GET //wp-includes/wlwmanifest.xml HTTP/1.1" 301 0 "-" "Mozilla/5.0 (Windows NT 10.0; Win64; x64) AppleWebKit/537.36 (KHTML, like Gecko) Chrome/79.0 Safari/537.36"
52.151.194.32 - - [20/Feb/2025:04:57:16 +0530] "GET //xmlrpc.php?rsd HTTP/1.1" 200 846 "-" "Mozilla/5.0 (Windows NT 10.0; Win64; x64) AppleWebKit/537.36 (KHTML, like Gecko) Chrome/79.0 Safari/537.36"
52.151.194.32 - - [20/Feb/2025:04:57:16 +0530] "GET //wp-login.php HTTP/1.1" 302 0 "-" "Mozilla/5.0 (Windows NT 10.0; Win64; x64) AppleWebKit/537.36 (KHTML, like Gecko) Chrome/79.0 Safari/537.36"
162.55.100.32 - - [20/Feb/2025:04:47:06 +0530] "POST /wp-cron.php?doing_wp_cron=1740007026.4900751113891601562500 HTTP/1.1" 200 0 "-" "WordPress/6.7.2; https://www.freejobalerts.guru"
2a06:98c0:3600::103 - - [20/Feb/2025:04:47:06 +0530] "GET /wordpress/wp-admin/setup-config.php HTTP/1.1" 404 10339 "-" "Mozilla/5.0 (Windows NT 10.0; Win64; x64) AppleWebKit/537.36 (KHTML, like Gecko) Chrome/133.0.0.0 Safari/537.36"
2a06:98c0:3600::103 - - [20/Feb/2025:04:47:06 +0530] "GET /wordpress/wp-admin/setup-config.php HTTP/1.1" 301 0 "-" "Mozilla/5.0 (Windows NT 10.0; Win64; x64) AppleWebKit/537.36 (KHTML, like Gecko) Chrome/133.0.0.0 Safari/537.36"
2a06:98c0:3600::103 - - [20/Feb/2025:04:46:15 +0530] "GET /wp-admin/setup-config.php HTTP/1.1" 409 1213 "-" "Mozilla/5.0 (Windows NT 10.0; Win64; x64) AppleWebKit/537.36 (KHTML, like Gecko) Chrome/133.0.0.0 Safari/537.36"
162.55.100.32 - - [20/Feb/2025:04:57:15 +0530] "POST /wp-cron.php?doing_wp_cron=1740007635.2676670551300048828125 HTTP/1.1" 200 0 "-" "WordPress/6.7.2; https://www.freejobalerts.guru"
45.148.10.35 - - [20/Feb/2025:05:04:35 +0530] "GET //www.freejobalerts.guru/wp-includes/js/dist/i18n.min.js HTTP/1.1" 301 0 "-" "Mozilla/5.0 (Linux; Android 9; moto g(7) power) AppleWebKit/537.36 (KHTML, like Gecko) Chrome/76.0.3809.89 Mobile Safari/537.36"
34.72.176.129 - - [20/Feb/2025:05:28:06 +0530] "GET / HTTP/1.1" 200 14247 "-" "Mozilla/5.0 (X11; Linux x86_64) AppleWebKit/537.36 (KHTML, like Gecko) HeadlessChrome/125.0.6422.60 Safari/537.36"
34.72.176.129 - - [20/Feb/2025:05:28:07 +0530] "GET /wp-includes/css/dist/block-library/style.min.css?ver=6.7.2 HTTP/1.1" 200 15146 "http://www.freejobalerts.guru/" "Mozilla/5.0 (X11; Linux x86_64) AppleWebKit/537.36 (KHTML, like Gecko) HeadlessChrome/125.0.6422.60 Safari/537.36"
34.72.176.129 - - [20/Feb/2025:05:28:07 +0530] "GET /wp-includes/js/dist/hooks.min.js?ver=4d63a3d491d11ffd8ac6 HTTP/1.1" 200 1644 "http://www.freejobalerts.guru/" "Mozilla/5.0 (X11; Linux x86_64) AppleWebKit/537.36 (KHTML, like Gecko) HeadlessChrome/125.0.6422.60 Safari/537.36"
34.72.176.129 - - [20/Feb/2025:05:28:07 +0530] "GET /wp-content/plugins/contact-form-7/includes/swv/js/index.js?ver=6.0.3 HTTP/1.1" 200 3522 "http://www.freejobalerts.guru/" "Mozilla/5.0 (X11; Linux x86_64) AppleWebKit/537.36 (KHTML, like Gecko) HeadlessChrome/125.0.6422.60 Safari/537.36"
34.72.176.129 - - [20/Feb/2025:05:28:07 +0530] "GET /wp-content/themes/generatepress/assets/js/menu.min.js?ver=3.5.1 HTTP/1.1" 200 1828 "http://www.freejobalerts.guru/" "Mozilla/5.0 (X11; Linux x86_64) AppleWebKit/537.36 (KHTML, like Gecko) HeadlessChrome/125.0.6422.60 Safari/537.36"
34.72.176.129 - - [20/Feb/2025:05:28:08 +0530] "GET /wp-includes/js/masonry.min.js?ver=4.2.2 HTTP/1.1" 200 7376 "http://www.freejobalerts.guru/" "Mozilla/5.0 (X11; Linux x86_64) AppleWebKit/537.36 (KHTML, like Gecko) HeadlessChrome/125.0.6422.60 Safari/537.36"
205.169.39.17 - - [20/Feb/2025:05:28:13 +0530] "GET /wp-content/themes/generatepress/assets/css/main.min.css?ver=3.5.1 HTTP/1.1" 200 4670 "http://www.freejobalerts.guru/" "Mozilla/5.0 (Windows NT 10.0; Win64; x64) AppleWebKit/537.36 (KHTML, like Gecko) Chrome/117.0.5938.132 Safari/537.36"
205.169.39.17 - - [20/Feb/2025:05:28:13 +0530] "GET /wp-includes/js/masonry.min.js?ver=4.2.2 HTTP/1.1" 200 7376 "http://www.freejobalerts.guru/" "Mozilla/5.0 (Windows NT 10.0; Win64; x64) AppleWebKit/537.36 (KHTML, like Gecko) Chrome/117.0.5938.132 Safari/537.36"
205.169.39.19 - - [20/Feb/2025:05:28:20 +0530] "GET /wp-content/plugins/contextual-related-posts/css/rounded-thumbs.min.css?ver=3.6.2 HTTP/1.1" 200 454 "-" "Mozilla/5.0 (Windows NT 10.0) AppleWebKit/537.36 (KHTML, like Gecko) Chrome/106.0.0.0 Safari/537.36"
205.169.39.207 - - [20/Feb/2025:05:28:36 +0530] "GET / HTTP/1.1" 200 12790 "-" "Mozilla/5.0 (Windows NT 6.1; Win64; x64) AppleWebKit/537.36 (KHTML, like Gecko) Chrome/83.0.4103.61 Safari/537.36"
205.169.39.207 - - [20/Feb/2025:05:28:36 +0530] "GET /wp-includes/js/dist/hooks.min.js?ver=4d63a3d491d11ffd8ac6 HTTP/1.1" 200 1571 "http://www.freejobalerts.guru/" "Mozilla/5.0 (Windows NT 6.1; Win64; x64) AppleWebKit/537.36 (KHTML, like Gecko) Chrome/83.0.4103.61 Safari/537.36"
205.169.39.207 - - [20/Feb/2025:05:28:37 +0530] "GET /wp-includes/js/dist/i18n.min.js?ver=5e580eb46a90c2b997e6 HTTP/1.1" 200 3542 "http://www.freejobalerts.guru/" "Mozilla/5.0 (Windows NT 6.1; Win64; x64) AppleWebKit/537.36 (KHTML, like Gecko) Chrome/83.0.4103.61 Safari/537.36"
205.169.39.207 - - [20/Feb/2025:05:28:37 +0530] "GET /wp-content/plugins/contact-form-7/includes/swv/js/index.js?ver=6.0.3 HTTP/1.1" 200 3369 "http://www.freejobalerts.guru/" "Mozilla/5.0 (Windows NT 6.1; Win64; x64) AppleWebKit/537.36 (KHTML, like Gecko) Chrome/83.0.4103.61 Safari/537.36"
205.169.39.207 - - [20/Feb/2025:05:28:37 +0530] "GET /wp-content/plugins/contact-form-7/includes/js/index.js?ver=6.0.3 HTTP/1.1" 200 4008 "http://www.freejobalerts.guru/" "Mozilla/5.0 (Windows NT 6.1; Win64; x64) AppleWebKit/537.36 (KHTML, like Gecko) Chrome/83.0.4103.61 Safari/537.36"
45.148.10.35 - - [20/Feb/2025:05:03:48 +0530] "GET //www.freejobalerts.guru/wp-content/themes/generatepress/assets/js/classList.min.js HTTP/1.1" 301 0 "-" "Mozilla/5.0 (Macintosh; Intel Mac OS X 10_14_5) AppleWebKit/537.36 (KHTML, like Gecko) Chrome/75.0.3770.80 Safari/537.36"
2a06:98c0:3600::103 - - [20/Feb/2025:05:09:20 +0530] "GET /wordpress/wp-admin/setup-config.php HTTP/1.1" 301 0 "-" "Mozilla/5.0 (Windows NT 10.0; Win64; x64) AppleWebKit/537.36 (KHTML, like Gecko) Chrome/133.0.0.0 Safari/537.36"
34.123.170.104 - - [20/Feb/2025:05:28:07 +0530] "GET /wp-content/plugins/related-posts-thumbnails/assets/css/front.css?ver=4.2.1 HTTP/1.1" 200 1198 "http://www.freejobalerts.guru/" "Mozilla/5.0 (X11; Linux x86_64) AppleWebKit/537.36 (KHTML, like Gecko) HeadlessChrome/125.0.6422.60 Safari/537.36"
104.197.69.115 - - [20/Feb/2025:05:28:07 +0530] "GET /wp-content/plugins/gp-premium/blog/functions/css/style.min.css?ver=2.0.2 HTTP/1.1" 200 1112 "http://www.freejobalerts.guru/" "Mozilla/5.0 (X11; Linux x86_64) AppleWebKit/537.36 (KHTML, like Gecko) HeadlessChrome/125.0.6422.60 Safari/537.36"
34.123.170.104 - - [20/Feb/2025:05:28:07 +0530] "GET /wp-includes/js/dist/i18n.min.js?ver=5e580eb46a90c2b997e6 HTTP/1.1" 200 3667 "http://www.freejobalerts.guru/" "Mozilla/5.0 (X11; Linux x86_64) AppleWebKit/537.36 (KHTML, like Gecko) HeadlessChrome/125.0.6422.60 Safari/537.36"
34.123.170.104 - - [20/Feb/2025:05:28:07 +0530] "GET /wp-content/plugins/contact-form-7/includes/js/index.js?ver=6.0.3 HTTP/1.1" 200 4236 "http://www.freejobalerts.guru/" "Mozilla/5.0 (X11; Linux x86_64) AppleWebKit/537.36 (KHTML, like Gecko) HeadlessChrome/125.0.6422.60 Safari/537.36"
34.123.170.104 - - [20/Feb/2025:05:28:08 +0530] "GET /wp-includes/js/imagesloaded.min.js?ver=5.0.0 HTTP/1.1" 200 1801 "http://www.freejobalerts.guru/" "Mozilla/5.0 (X11; Linux x86_64) AppleWebKit/537.36 (KHTML, like Gecko) HeadlessChrome/125.0.6422.60 Safari/537.36"
34.123.170.104 - - [20/Feb/2025:05:28:08 +0530] "GET /wp-content/plugins/gp-premium/blog/functions/js/scripts.min.js?ver=2.0.2 HTTP/1.1" 200 608 "http://www.freejobalerts.guru/" "Mozilla/5.0 (X11; Linux x86_64) AppleWebKit/537.36 (KHTML, like Gecko) HeadlessChrome/125.0.6422.60 Safari/537.36"
205.169.39.17 - - [20/Feb/2025:05:28:12 +0530] "GET / HTTP/1.1" 301 0 "-" "Mozilla/5.0 (Windows NT 10.0; Win64; x64) AppleWebKit/537.36 (KHTML, like Gecko) Chrome/117.0.5938.132 Safari/537.36"
205.169.39.207 - - [20/Feb/2025:05:28:41 +0530] "GET / HTTP/1.1" 301 0 "-" "Mozilla/5.0 (Windows NT 10.0; Win64; x64) AppleWebKit/537.36 (KHTML, like Gecko) Chrome/79.0.3945.79 Safari/537.36"
205.169.39.207 - - [20/Feb/2025:05:28:42 +0530] "GET / HTTP/1.1" 200 14247 "-" "Mozilla/5.0 (Windows NT 10.0; Win64; x64) AppleWebKit/537.36 (KHTML, like Gecko) Chrome/79.0.3945.79 Safari/537.36"
205.169.39.207 - - [20/Feb/2025:05:28:42 +0530] "GET /wp-includes/css/dist/block-library/style.min.css?ver=6.7.2 HTTP/1.1" 200 15146 "http://www.freejobalerts.guru/" "Mozilla/5.0 (Windows NT 10.0; Win64; x64) AppleWebKit/537.36 (KHTML, like Gecko) Chrome/79.0.3945.79 Safari/537.36"
205.169.39.207 - - [20/Feb/2025:05:28:42 +0530] "GET /wp-content/plugins/related-posts-thumbnails/assets/css/front.css?ver=4.2.1 HTTP/1.1" 200 1198 "http://www.freejobalerts.guru/" "Mozilla/5.0 (Windows NT 10.0; Win64; x64) AppleWebKit/537.36 (KHTML, like Gecko) Chrome/79.0.3945.79 Safari/537.36"
205.169.39.207 - - [20/Feb/2025:05:28:42 +0530] "GET /wp-includes/js/dist/hooks.min.js?ver=4d63a3d491d11ffd8ac6 HTTP/1.1" 200 1644 "http://www.freejobalerts.guru/" "Mozilla/5.0 (Windows NT 10.0; Win64; x64) AppleWebKit/537.36 (KHTML, like Gecko) Chrome/79.0.3945.79 Safari/537.36"
205.169.39.207 - - [20/Feb/2025:05:28:42 +0530] "GET /wp-includes/js/dist/i18n.min.js?ver=5e580eb46a90c2b997e6 HTTP/1.1" 200 3667 "http://www.freejobalerts.guru/" "Mozilla/5.0 (Windows NT 10.0; Win64; x64) AppleWebKit/537.36 (KHTML, like Gecko) Chrome/79.0.3945.79 Safari/537.36"
104.197.69.115 - - [20/Feb/2025:05:28:07 +0530] "GET /wp-content/plugins/contact-form-7/includes/css/styles.css?ver=6.0.3 HTTP/1.1" 200 1016 "http://www.freejobalerts.guru/" "Mozilla/5.0 (X11; Linux x86_64) AppleWebKit/537.36 (KHTML, like Gecko) HeadlessChrome/125.0.6422.60 Safari/537.36"
162.55.100.32 - - [20/Feb/2025:05:28:32 +0530] "POST /wp-cron.php?doing_wp_cron=1740009512.6330618858337402343750 HTTP/1.1" 200 0 "-" "WordPress/6.7.2; https://www.freejobalerts.guru"
45.148.10.35 - - [20/Feb/2025:05:04:35 +0530] "GET //www.freejobalerts.guru/wp-content/plugins/contact-form-7/includes/js/index.js HTTP/1.1" 301 0 "-" "Mozilla/5.0 (Macintosh; Intel Mac OS X 10_12_6) AppleWebKit/605.1.15 (KHTML, like Gecko) Version/11.1.2 Safari/605.1.15"
43.155.129.131 - - [20/Feb/2025:05:22:33 +0530] "GET / HTTP/1.1" 200 14247 "-" "Mozilla/5.0 (iPhone; CPU iPhone OS 13_2_3 like Mac OS X) AppleWebKit/605.1.15 (KHTML, like Gecko) Version/13.0.3 Mobile/15E148 Safari/604.1"
34.122.147.229 - - [20/Feb/2025:05:28:07 +0530] "GET /wp-content/plugins/contextual-related-posts/css/rounded-thumbs.min.css?ver=3.6.2 HTTP/1.1" 200 454 "http://www.freejobalerts.guru/" "Mozilla/5.0 (X11; Linux x86_64) AppleWebKit/537.36 (KHTML, like Gecko) HeadlessChrome/125.0.6422.60 Safari/537.36"
205.169.39.17 - - [20/Feb/2025:05:28:13 +0530] "GET /wp-content/plugins/related-posts-thumbnails/assets/css/front.css?ver=4.2.1 HTTP/1.1" 200 1198 "http://www.freejobalerts.guru/" "Mozilla/5.0 (Windows NT 10.0; Win64; x64) AppleWebKit/537.36 (KHTML, like Gecko) Chrome/117.0.5938.132 Safari/537.36"
205.169.39.17 - - [20/Feb/2025:05:28:13 +0530] "GET /wp-includes/js/imagesloaded.min.js?ver=5.0.0 HTTP/1.1" 200 1801 "http://www.freejobalerts.guru/" "Mozilla/5.0 (Windows NT 10.0; Win64; x64) AppleWebKit/537.36 (KHTML, like Gecko) Chrome/117.0.5938.132 Safari/537.36"
43.153.107.22 - - [20/Feb/2025:05:33:14 +0530] "GET / HTTP/1.1" 301 0 "-" "Mozilla/5.0 (iPhone; CPU iPhone OS 13_2_3 like Mac OS X) AppleWebKit/605.1.15 (KHTML, like Gecko) Version/13.0.3 Mobile/15E148 Safari/604.1"
8.41.221.61 - - [20/Feb/2025:05:41:08 +0530] "GET /robots.txt HTTP/1.1" 200 125 "-" "python-requests/2.32.3"
2a06:98c0:3600::103 - - [20/Feb/2025:06:46:19 +0530] "GET /wordpress/wp-admin/setup-config.php HTTP/1.1" 301 0 "-" "Mozilla/5.0 (Windows NT 10.0; Win64; x64) AppleWebKit/537.36 (KHTML, like Gecko) Chrome/133.0.0.0 Safari/537.36"
193.41.206.98 - - [20/Feb/2025:06:56:17 +0530] "GET /.env HTTP/1.1" 404 9518 "-" "-"
193.41.206.98 - - [20/Feb/2025:06:56:17 +0530] "GET /asdf.php HTTP/1.1" 404 9518 "-" "-"
193.41.206.98 - - [20/Feb/2025:06:56:18 +0530] "GET /pinfo.php HTTP/1.1" 404 9518 "-" "-"
193.41.206.98 - - [20/Feb/2025:06:56:18 +0530] "GET /phpversion.php HTTP/1.1" 404 9518 "-" "-"
193.41.206.98 - - [20/Feb/2025:06:56:18 +0530] "GET /old_phpinfo.php HTTP/1.1" 404 9518 "-" "-"
193.41.206.98 - - [20/Feb/2025:06:56:18 +0530] "GET /infos.php HTTP/1.1" 404 9518 "-" "-"
193.41.206.98 - - [20/Feb/2025:06:56:18 +0530] "GET /php-info.php HTTP/1.1" 404 9518 "-" "-"
193.41.206.98 - - [20/Feb/2025:06:56:19 +0530] "GET /dashboard/phpinfo.php HTTP/1.1" 404 9518 "-" "-"
193.41.206.98 - - [20/Feb/2025:06:56:19 +0530] "GET /phpinfo.php3 HTTP/1.1" 404 9518 "-" "-"
193.41.206.98 - - [20/Feb/2025:06:56:19 +0530] "GET /phpinfo.php4 HTTP/1.1" 404 9518 "-" "-"
193.41.206.98 - - [20/Feb/2025:06:56:19 +0530] "GET /phpinfo.php5 HTTP/1.1" 404 9518 "-" "-"
193.41.206.98 - - [20/Feb/2025:06:56:19 +0530] "GET /_profiler/phpinfo.php HTTP/1.1" 404 9518 "-" "-"
193.41.206.98 - - [20/Feb/2025:06:56:19 +0530] "GET /laravel/core/.env HTTP/1.1" 404 10314 "-" "-"
193.41.206.98 - - [20/Feb/2025:06:56:20 +0530] "GET /beta/.env HTTP/1.1" 404 9493 "-" "-"
193.41.206.98 - - [20/Feb/2025:06:56:20 +0530] "GET /kyc/.env HTTP/1.1" 404 9518 "-" "-"
193.41.206.98 - - [20/Feb/2025:06:56:20 +0530] "GET /admin/.env HTTP/1.1" 404 9518 "-" "-"
193.41.206.98 - - [20/Feb/2025:06:56:20 +0530] "GET /prod/.env HTTP/1.1" 404 9518 "-" "-"
193.41.206.98 - - [20/Feb/2025:06:56:20 +0530] "GET /api/.env HTTP/1.1" 404 9518 "-" "-"
193.41.206.98 - - [20/Feb/2025:06:56:24 +0530] "GET /.docker/.env HTTP/1.1" 404 9518 "-" "-"
193.41.206.98 - - [20/Feb/2025:06:56:24 +0530] "GET /app/.env HTTP/1.1" 404 9518 "-" "-"
193.41.206.98 - - [20/Feb/2025:06:56:24 +0530] "GET /crm/.env HTTP/1.1" 404 9518 "-" "-"
193.41.206.98 - - [20/Feb/2025:06:56:24 +0530] "GET /backend/.env HTTP/1.1" 404 9518 "-" "-"
193.41.206.98 - - [20/Feb/2025:06:56:24 +0530] "GET /local/.env HTTP/1.1" 404 9518 "-" "-"
162.55.100.32 - - [20/Feb/2025:06:56:24 +0530] "POST /wp-cron.php?doing_wp_cron=1740014784.3679850101470947265625 HTTP/1.1" 200 0 "-" "WordPress/6.7.2; https://www.freejobalerts.guru"
193.41.206.98 - - [20/Feb/2025:06:57:19 +0530] "GET /config.php HTTP/1.1" 404 9518 "-" "-"
193.41.206.98 - - [20/Feb/2025:06:57:19 +0530] "GET /php.php HTTP/1.1" 404 9518 "-" "-"
193.41.206.98 - - [20/Feb/2025:06:57:19 +0530] "GET /config/app.php HTTP/1.1" 404 9518 "-" "-"
193.41.206.98 - - [20/Feb/2025:06:57:19 +0530] "GET /.env.php HTTP/1.1" 404 9518 "-" "-"
193.41.206.98 - - [20/Feb/2025:06:57:19 +0530] "GET / HTTP/1.1" 200 14255 "-" "-"
193.41.206.98 - - [20/Feb/2025:06:57:20 +0530] "GET /public/.env HTTP/1.1" 404 9493 "-" "-"
193.41.206.98 - - [20/Feb/2025:06:57:20 +0530] "GET /content/.env HTTP/1.1" 404 9518 "-" "-"
193.41.206.98 - - [20/Feb/2025:06:57:20 +0530] "GET /:80/.env HTTP/1.1" 404 9518 "-" "-"
193.41.206.98 - - [20/Feb/2025:06:57:20 +0530] "GET /:443/.env HTTP/1.1" 404 9518 "-" "-"
193.41.206.98 - - [20/Feb/2025:06:57:20 +0530] "GET /:432/.env HTTP/1.1" 404 9518 "-" "-"
193.41.206.98 - - [20/Feb/2025:06:57:20 +0530] "GET /:8000/.env HTTP/1.1" 404 9518 "-" "-"
193.41.206.98 - - [20/Feb/2025:06:57:20 +0530] "GET /:8080/.env HTTP/1.1" 404 9493 "-" "-"
193.41.206.98 - - [20/Feb/2025:06:57:21 +0530] "GET /tool/view/phpinfo.view.php HTTP/1.1" 404 10359 "-" "-"
193.41.206.98 - - [20/Feb/2025:06:57:21 +0530] "GET /debug/default/view?panel=config/frontend_dev.php HTTP/1.1" 404 10314 "-" "-"
193.41.206.98 - - [20/Feb/2025:06:57:21 +0530] "GET /admin/app.js HTTP/1.1" 404 9518 "-" "-"
193.41.206.98 - - [20/Feb/2025:06:57:21 +0530] "GET /admin/server.js HTTP/1.1" 404 9518 "-" "-"
193.41.206.98 - - [20/Feb/2025:06:57:21 +0530] "GET /symfony/public/_profiler/phpinfo HTTP/1.1" 404 10359 "-" "-"
193.41.206.98 - - [20/Feb/2025:06:57:21 +0530] "GET /symfony/public HTTP/1.1" 404 9518 "-" "-"
193.41.206.98 - - [20/Feb/2025:06:57:21 +0530] "GET /api/config.js HTTP/1.1" 404 9518 "-" "-"
193.41.206.98 - - [20/Feb/2025:06:57:21 +0530] "GET /config/environments/database.rb HTTP/1.1" 404 10359 "-" "-"
193.41.206.98 - - [20/Feb/2025:06:57:21 +0530] "GET /?pp=env HTTP/1.1" 200 14264 "-" "-"
193.41.206.98 - - [20/Feb/2025:06:57:22 +0530] "GET /appsettings.json HTTP/1.1" 404 9518 "-" "-"
193.41.206.98 - - [20/Feb/2025:06:57:22 +0530] "GET /admin/wp-config HTTP/1.1" 404 9518 "-" "-"
193.41.206.98 - - [20/Feb/2025:06:57:22 +0530] "GET /wp-config.php-backup HTTP/1.1" 404 9518 "-" "-"
193.41.206.98 - - [20/Feb/2025:06:57:22 +0530] "GET /config.ini HTTP/1.1" 404 9518 "-" "-"
193.41.206.98 - - [20/Feb/2025:06:57:22 +0530] "GET /config/settings.py HTTP/1.1" 404 9493 "-" "-"
193.41.206.98 - - [20/Feb/2025:06:57:22 +0530] "GET /server/settings.py HTTP/1.1" 404 9493 "-" "-"
193.41.206.98 - - [20/Feb/2025:06:57:22 +0530] "GET /storage/logs/laravel.log HTTP/1.1" 404 10359 "-" "-"
193.41.206.98 - - [20/Feb/2025:06:57:23 +0530] "GET /Lara/.env HTTP/1.1" 404 9518 "-" "-"
193.41.206.98 - - [20/Feb/2025:06:57:23 +0530] "GET /api/shared/config/config.env HTTP/1.1" 404 10359 "-" "-"
193.41.206.98 - - [20/Feb/2025:06:57:24 +0530] "GET /api/shared/config.env HTTP/1.1" 404 10359 "-" "-"
193.41.206.98 - - [20/Feb/2025:06:57:24 +0530] "GET /config.env HTTP/1.1" 404 9518 "-" "-"
193.41.206.98 - - [20/Feb/2025:06:57:24 +0530] "GET /production/.env HTTP/1.1" 404 9518 "-" "-"
193.41.206.98 - - [20/Feb/2025:06:57:24 +0530] "GET /dev/.env HTTP/1.1" 404 9493 "-" "-"
193.41.206.98 - - [20/Feb/2025:06:57:24 +0530] "GET /api/shared/config/.env HTTP/1.1" 404 10359 "-" "-"
193.41.206.98 - - [20/Feb/2025:06:57:24 +0530] "GET /api/shared/.env HTTP/1.1" 404 10314 "-" "-"
176.53.218.208 - - [20/Feb/2025:07:48:17 +0530] "GET / HTTP/1.1" 200 14264 "-" "Mozilla/5.0 (Windows NT 10.0; Win64; x64) AppleWebKit/537.36 (KHTML, like Gecko) Chrome/94.0.4606.61 Safari/537.36"
162.55.100.32 - - [20/Feb/2025:08:00:32 +0530] "POST /wp-cron.php?doing_wp_cron=1740018632.7292520999908447265625 HTTP/1.1" 200 0 "-" "WordPress/6.7.2; https://www.freejobalerts.guru"
2a06:98c0:3600::103 - - [20/Feb/2025:08:49:33 +0530] "GET /wordpress/wp-admin/setup-config.php HTTP/1.1" 404 10339 "-" "Mozilla/5.0 (Windows NT 10.0; Win64; x64) AppleWebKit/537.36 (KHTML, like Gecko) Chrome/133.0.0.0 Safari/537.36"
162.55.100.32 - - [20/Feb/2025:05:09:20 +0530] "POST /wp-cron.php?doing_wp_cron=1740008360.3553259372711181640625 HTTP/1.1" 200 0 "-" "WordPress/6.7.2; https://www.freejobalerts.guru"
2a06:98c0:3600::103 - - [20/Feb/2025:05:09:25 +0530] "GET /wp-admin/setup-config.php HTTP/1.1" 409 1213 "-" "Mozilla/5.0 (Windows NT 10.0; Win64; x64) AppleWebKit/537.36 (KHTML, like Gecko) Chrome/133.0.0.0 Safari/537.36"
162.55.100.32 - - [20/Feb/2025:05:28:05 +0530] "POST /wp-cron.php?doing_wp_cron=1740009485.1977128982543945312500 HTTP/1.1" 200 0 "-" "WordPress/6.7.2; https://www.freejobalerts.guru"
205.169.39.17 - - [20/Feb/2025:05:28:13 +0530] "GET /wp-content/plugins/contact-form-7/includes/css/styles.css?ver=6.0.3 HTTP/1.1" 200 1016 "http://www.freejobalerts.guru/" "Mozilla/5.0 (Windows NT 10.0; Win64; x64) AppleWebKit/537.36 (KHTML, like Gecko) Chrome/117.0.5938.132 Safari/537.36"
205.169.39.17 - - [20/Feb/2025:05:28:13 +0530] "GET /wp-includes/js/dist/i18n.min.js?ver=5e580eb46a90c2b997e6 HTTP/1.1" 200 3667 "http://www.freejobalerts.guru/" "Mozilla/5.0 (Windows NT 10.0; Win64; x64) AppleWebKit/537.36 (KHTML, like Gecko) Chrome/117.0.5938.132 Safari/537.36"
205.169.39.17 - - [20/Feb/2025:05:28:13 +0530] "GET /wp-content/plugins/gp-premium/blog/functions/js/scripts.min.js?ver=2.0.2 HTTP/1.1" 200 608 "http://www.freejobalerts.guru/" "Mozilla/5.0 (Windows NT 10.0; Win64; x64) AppleWebKit/537.36 (KHTML, like Gecko) Chrome/117.0.5938.132 Safari/537.36"
205.169.39.17 - - [20/Feb/2025:05:28:14 +0530] "GET /wp-includes/js/wp-emoji-release.min.js?ver=6.7.2 HTTP/1.1" 200 5072 "http://www.freejobalerts.guru/" "Mozilla/5.0 (Windows NT 10.0; Win64; x64) AppleWebKit/537.36 (KHTML, like Gecko) Chrome/117.0.5938.132 Safari/537.36"
2a06:98c0:3600::103 - - [20/Feb/2025:05:32:14 +0530] "GET /wp-admin/setup-config.php HTTP/1.1" 409 1213 "-" "Mozilla/5.0 (Windows NT 10.0; Win64; x64) AppleWebKit/537.36 (KHTML, like Gecko) Chrome/133.0.0.0 Safari/537.36"
162.55.100.32 - - [20/Feb/2025:05:33:17 +0530] "POST /wp-cron.php?doing_wp_cron=1740009797.0212209224700927734375 HTTP/1.1" 200 0 "-" "WordPress/6.7.2; https://www.freejobalerts.guru"
2a06:98c0:3600::103 - - [20/Feb/2025:06:46:19 +0530] "GET /wordpress/wp-admin/setup-config.php HTTP/1.1" 404 10339 "-" "Mozilla/5.0 (Windows NT 10.0; Win64; x64) AppleWebKit/537.36 (KHTML, like Gecko) Chrome/133.0.0.0 Safari/537.36"
162.55.100.32 - - [20/Feb/2025:06:56:17 +0530] "POST /wp-cron.php?doing_wp_cron=1740014777.7119901180267333984375 HTTP/1.1" 200 0 "-" "WordPress/6.7.2; https://www.freejobalerts.guru"
2a06:98c0:3600::103 - - [20/Feb/2025:07:11:28 +0530] "GET /wordpress/wp-admin/setup-config.php HTTP/1.1" 404 10339 "-" "Mozilla/5.0 (Windows NT 10.0; Win64; x64) AppleWebKit/537.36 (KHTML, like Gecko) Chrome/133.0.0.0 Safari/537.36"
2a06:98c0:3600::103 - - [20/Feb/2025:05:09:20 +0530] "GET /wordpress/wp-admin/setup-config.php HTTP/1.1" 404 10339 "-" "Mozilla/5.0 (Windows NT 10.0; Win64; x64) AppleWebKit/537.36 (KHTML, like Gecko) Chrome/133.0.0.0 Safari/537.36"
205.169.39.207 - - [20/Feb/2025:05:28:42 +0530] "GET /wp-content/plugins/gp-premium/blog/functions/css/style.min.css?ver=2.0.2 HTTP/1.1" 200 1112 "http://www.freejobalerts.guru/" "Mozilla/5.0 (Windows NT 10.0; Win64; x64) AppleWebKit/537.36 (KHTML, like Gecko) Chrome/79.0.3945.79 Safari/537.36"
162.55.100.32 - - [20/Feb/2025:05:58:43 +0530] "POST /wp-cron.php?doing_wp_cron=1740011323.4398660659790039062500 HTTP/1.1" 200 0 "-" "WordPress/6.7.2; https://www.freejobalerts.guru"
2a06:98c0:3600::103 - - [20/Feb/2025:05:58:43 +0530] "GET /wordpress/wp-admin/setup-config.php HTTP/1.1" 404 10339 "-" "Mozilla/5.0 (Windows NT 10.0; Win64; x64) AppleWebKit/537.36 (KHTML, like Gecko) Chrome/133.0.0.0 Safari/537.36"
2a06:98c0:3600::103 - - [20/Feb/2025:06:22:09 +0530] "GET /wordpress/wp-admin/setup-config.php HTTP/1.1" 301 0 "-" "Mozilla/5.0 (Windows NT 10.0; Win64; x64) AppleWebKit/537.36 (KHTML, like Gecko) Chrome/133.0.0.0 Safari/537.36"
43.159.149.56 - - [20/Feb/2025:06:31:03 +0530] "GET / HTTP/1.1" 200 14247 "-" "Mozilla/5.0 (iPhone; CPU iPhone OS 13_2_3 like Mac OS X) AppleWebKit/605.1.15 (KHTML, like Gecko) Version/13.0.3 Mobile/15E148 Safari/604.1"
2a06:98c0:3600::103 - - [20/Feb/2025:06:47:44 +0530] "GET /wp-admin/setup-config.php HTTP/1.1" 409 1213 "-" "Mozilla/5.0 (Windows NT 10.0; Win64; x64) AppleWebKit/537.36 (KHTML, like Gecko) Chrome/133.0.0.0 Safari/537.36"
2a06:98c0:3600::103 - - [20/Feb/2025:07:12:38 +0530] "GET /wp-admin/setup-config.php HTTP/1.1" 409 1213 "-" "Mozilla/5.0 (Windows NT 10.0; Win64; x64) AppleWebKit/537.36 (KHTML, like Gecko) Chrome/133.0.0.0 Safari/537.36"
176.53.216.55 - - [20/Feb/2025:07:13:41 +0530] "GET / HTTP/1.1" 200 14255 "-" "Mozilla/5.0 (Windows NT 10.0; Win64; x64) AppleWebKit/537.36 (KHTML, like Gecko) Chrome/94.0.4606.61 Safari/537.36"
45.90.62.206 - - [20/Feb/2025:07:48:17 +0530] "GET /favicon.ico HTTP/1.1" 404 1251 "-" "Mozilla/5.0 (Windows NT 10.0; Win64; x64) AppleWebKit/537.36 (KHTML, like Gecko) Chrome/94.0.4606.61 Safari/537.36"
2a06:98c0:3600::103 - - [20/Feb/2025:07:59:15 +0530] "GET /wp-admin/setup-config.php HTTP/1.1" 409 1213 "-" "Mozilla/5.0 (Windows NT 10.0; Win64; x64) AppleWebKit/537.36 (KHTML, like Gecko) Chrome/133.0.0.0 Safari/537.36"
2a06:98c0:3600::103 - - [20/Feb/2025:08:00:33 +0530] "GET /wordpress/wp-admin/setup-config.php HTTP/1.1" 404 10295 "-" "Mozilla/5.0 (Windows NT 10.0; Win64; x64) AppleWebKit/537.36 (KHTML, like Gecko) Chrome/133.0.0.0 Safari/537.36"
162.55.100.32 - - [20/Feb/2025:08:49:33 +0530] "POST /wp-cron.php?doing_wp_cron=1740021573.8620519638061523437500 HTTP/1.1" 200 0 "-" "WordPress/6.7.2; https://www.freejobalerts.guru"
162.55.100.32 - - [20/Feb/2025:05:22:37 +0530] "POST /wp-cron.php?doing_wp_cron=1740009157.5129010677337646484375 HTTP/1.1" 200 0 "-" "WordPress/6.7.2; https://www.freejobalerts.guru"
205.169.39.17 - - [20/Feb/2025:05:28:13 +0530] "GET / HTTP/1.1" 200 14256 "-" "Mozilla/5.0 (Windows NT 10.0; Win64; x64) AppleWebKit/537.36 (KHTML, like Gecko) Chrome/117.0.5938.132 Safari/537.36"
205.169.39.17 - - [20/Feb/2025:05:28:13 +0530] "GET /wp-includes/css/dist/block-library/style.min.css?ver=6.7.2 HTTP/1.1" 200 15146 "http://www.freejobalerts.guru/" "Mozilla/5.0 (Windows NT 10.0; Win64; x64) AppleWebKit/537.36 (KHTML, like Gecko) Chrome/117.0.5938.132 Safari/537.36"
205.169.39.17 - - [20/Feb/2025:05:28:13 +0530] "GET /wp-content/plugins/contextual-related-posts/css/rounded-thumbs.min.css?ver=3.6.2 HTTP/1.1" 200 454 "http://www.freejobalerts.guru/" "Mozilla/5.0 (Windows NT 10.0; Win64; x64) AppleWebKit/537.36 (KHTML, like Gecko) Chrome/117.0.5938.132 Safari/537.36"
205.169.39.17 - - [20/Feb/2025:05:28:13 +0530] "GET /wp-includes/js/dist/hooks.min.js?ver=4d63a3d491d11ffd8ac6 HTTP/1.1" 200 1644 "http://www.freejobalerts.guru/" "Mozilla/5.0 (Windows NT 10.0; Win64; x64) AppleWebKit/537.36 (KHTML, like Gecko) Chrome/117.0.5938.132 Safari/537.36"
205.169.39.17 - - [20/Feb/2025:05:28:13 +0530] "GET /wp-content/plugins/contact-form-7/includes/js/index.js?ver=6.0.3 HTTP/1.1" 200 4236 "http://www.freejobalerts.guru/" "Mozilla/5.0 (Windows NT 10.0; Win64; x64) AppleWebKit/537.36 (KHTML, like Gecko) Chrome/117.0.5938.132 Safari/537.36"
205.169.39.17 - - [20/Feb/2025:05:28:13 +0530] "GET /wp-content/themes/generatepress/assets/js/menu.min.js?ver=3.5.1 HTTP/1.1" 200 1828 "http://www.freejobalerts.guru/" "Mozilla/5.0 (Windows NT 10.0; Win64; x64) AppleWebKit/537.36 (KHTML, like Gecko) Chrome/117.0.5938.132 Safari/537.36"
8.41.221.61 - - [20/Feb/2025:05:41:03 +0530] "GET / HTTP/1.1" 301 0 "-" "Mozilla/5.0 Firefox/33.0"
162.55.100.32 - - [20/Feb/2025:06:46:19 +0530] "POST /wp-cron.php?doing_wp_cron=1740014179.7701430320739746093750 HTTP/1.1" 200 0 "-" "WordPress/6.7.2; https://www.freejobalerts.guru"
193.41.206.98 - - [20/Feb/2025:06:57:05 +0530] "GET /application/config/constants.php HTTP/1.1" 404 10314 "-" "-"
193.41.206.98 - - [20/Feb/2025:06:57:05 +0530] "GET /dev/phpinfo.php HTTP/1.1" 404 9493 "-" "-"
193.41.206.98 - - [20/Feb/2025:06:57:05 +0530] "GET /php_info.php HTTP/1.1" 404 9518 "-" "-"
193.41.206.98 - - [20/Feb/2025:06:57:05 +0530] "GET /install/index.php HTTP/1.1" 301 0 "-" "-"
176.53.216.47 - - [20/Feb/2025:07:13:42 +0530] "GET /favicon.ico HTTP/1.1" 404 1251 "-" "Mozilla/5.0 (Windows NT 10.0; Win64; x64) AppleWebKit/537.36 (KHTML, like Gecko) Chrome/94.0.4606.61 Safari/537.36"
49.51.203.164 - - [20/Feb/2025:07:38:51 +0530] "GET / HTTP/1.1" 200 14256 "-" "Mozilla/5.0 (iPhone; CPU iPhone OS 13_2_3 like Mac OS X) AppleWebKit/605.1.15 (KHTML, like Gecko) Version/13.0.3 Mobile/15E148 Safari/604.1"
2a06:98c0:3600::103 - - [20/Feb/2025:08:23:50 +0530] "GET /wp-admin/setup-config.php HTTP/1.1" 409 1213 "-" "Mozilla/5.0 (Windows NT 10.0; Win64; x64) AppleWebKit/537.36 (KHTML, like Gecko) Chrome/133.0.0.0 Safari/537.36"
34.123.170.104 - - [20/Feb/2025:05:28:05 +0530] "GET / HTTP/1.1" 301 0 "-" "Mozilla/5.0 (X11; Linux x86_64) AppleWebKit/537.36 (KHTML, like Gecko) HeadlessChrome/125.0.6422.60 Safari/537.36"
104.197.69.115 - - [20/Feb/2025:05:28:07 +0530] "GET /wp-content/themes/generatepress/assets/css/main.min.css?ver=3.5.1 HTTP/1.1" 200 4670 "http://www.freejobalerts.guru/" "Mozilla/5.0 (X11; Linux x86_64) AppleWebKit/537.36 (KHTML, like Gecko) HeadlessChrome/125.0.6422.60 Safari/537.36"
104.197.69.115 - - [20/Feb/2025:05:28:08 +0530] "GET /wp-includes/js/wp-emoji-release.min.js?ver=6.7.2 HTTP/1.1" 200 5072 "http://www.freejobalerts.guru/" "Mozilla/5.0 (X11; Linux x86_64) AppleWebKit/537.36 (KHTML, like Gecko) HeadlessChrome/125.0.6422.60 Safari/537.36"
205.169.39.17 - - [20/Feb/2025:05:28:13 +0530] "GET /wp-content/plugins/gp-premium/blog/functions/css/style.min.css?ver=2.0.2 HTTP/1.1" 200 1112 "http://www.freejobalerts.guru/" "Mozilla/5.0 (Windows NT 10.0; Win64; x64) AppleWebKit/537.36 (KHTML, like Gecko) Chrome/117.0.5938.132 Safari/537.36"
205.169.39.17 - - [20/Feb/2025:05:28:13 +0530] "GET /wp-content/plugins/contact-form-7/includes/swv/js/index.js?ver=6.0.3 HTTP/1.1" 200 3522 "http://www.freejobalerts.guru/" "Mozilla/5.0 (Windows NT 10.0; Win64; x64) AppleWebKit/537.36 (KHTML, like Gecko) Chrome/117.0.5938.132 Safari/537.36"
205.169.39.207 - - [20/Feb/2025:05:28:32 +0530] "GET / HTTP/1.1" 301 0 "-" "Mozilla/5.0 (Windows NT 6.1; Win64; x64) AppleWebKit/537.36 (KHTML, like Gecko) Chrome/83.0.4103.61 Safari/537.36"
205.169.39.207 - - [20/Feb/2025:05:28:42 +0530] "GET /wp-content/plugins/contact-form-7/includes/css/styles.css?ver=6.0.3 HTTP/1.1" 200 1016 "http://www.freejobalerts.guru/" "Mozilla/5.0 (Windows NT 10.0; Win64; x64) AppleWebKit/537.36 (KHTML, like Gecko) Chrome/79.0.3945.79 Safari/537.36"
205.169.39.207 - - [20/Feb/2025:05:28:42 +0530] "GET /wp-content/plugins/contextual-related-posts/css/rounded-thumbs.min.css?ver=3.6.2 HTTP/1.1" 200 454 "http://www.freejobalerts.guru/" "Mozilla/5.0 (Windows NT 10.0; Win64; x64) AppleWebKit/537.36 (KHTML, like Gecko) Chrome/79.0.3945.79 Safari/537.36"
205.169.39.207 - - [20/Feb/2025:05:28:46 +0530] "GET /wp-includes/js/wp-emoji-release.min.js?ver=6.7.2 HTTP/1.1" 200 5072 "http://www.freejobalerts.guru/" "Mozilla/5.0 (Windows NT 10.0; Win64; x64) AppleWebKit/537.36 (KHTML, like Gecko) Chrome/79.0.3945.79 Safari/537.36"
2a06:98c0:3600::103 - - [20/Feb/2025:05:34:19 +0530] "GET /wordpress/wp-admin/setup-config.php HTTP/1.1" 301 0 "-" "Mozilla/5.0 (Windows NT 10.0; Win64; x64) AppleWebKit/537.36 (KHTML, like Gecko) Chrome/133.0.0.0 Safari/537.36"
162.55.100.32 - - [20/Feb/2025:05:41:11 +0530] "POST /wp-cron.php?doing_wp_cron=1740010271.8040320873260498046875 HTTP/1.1" 200 0 "-" "WordPress/6.7.2; https://www.freejobalerts.guru"
2a06:98c0:3600::103 - - [20/Feb/2025:05:58:14 +0530] "GET /wp-admin/setup-config.php HTTP/1.1" 409 1213 "-" "Mozilla/5.0 (Windows NT 10.0; Win64; x64) AppleWebKit/537.36 (KHTML, like Gecko) Chrome/133.0.0.0 Safari/537.36"
162.55.100.32 - - [20/Feb/2025:06:57:21 +0530] "POST /wp-cron.php?doing_wp_cron=1740014841.0608460903167724609375 HTTP/1.1" 200 0 "-" "WordPress/6.7.2; https://www.freejobalerts.guru"
2a06:98c0:3600::103 - - [20/Feb/2025:07:36:01 +0530] "GET /wordpress/wp-admin/setup-config.php HTTP/1.1" 301 0 "-" "Mozilla/5.0 (Windows NT 10.0; Win64; x64) AppleWebKit/537.36 (KHTML, like Gecko) Chrome/133.0.0.0 Safari/537.36"
2a06:98c0:3600::103 - - [20/Feb/2025:08:24:00 +0530] "GET /wordpress/wp-admin/setup-config.php HTTP/1.1" 301 0 "-" "Mozilla/5.0 (Windows NT 10.0; Win64; x64) AppleWebKit/537.36 (KHTML, like Gecko) Chrome/133.0.0.0 Safari/537.36"
193.41.206.98 - - [20/Feb/2025:06:56:24 +0530] "GET /application/.env HTTP/1.1" 404 9493 "-" "-"
193.41.206.98 - - [20/Feb/2025:06:56:25 +0530] "GET /laravel/.env HTTP/1.1" 404 9518 "-" "-"
193.41.206.98 - - [20/Feb/2025:06:56:25 +0530] "GET /shared/.env HTTP/1.1" 404 9518 "-" "-"
193.41.206.98 - - [20/Feb/2025:06:56:25 +0530] "GET /.env.project HTTP/1.1" 404 9518 "-" "-"
193.41.206.98 - - [20/Feb/2025:06:56:26 +0530] "GET /apps/.env HTTP/1.1" 404 9518 "-" "-"
193.41.206.98 - - [20/Feb/2025:06:56:26 +0530] "GET /development/.env HTTP/1.1" 404 9518 "-" "-"
193.41.206.98 - - [20/Feb/2025:06:56:26 +0530] "GET /_profiler/phpinfo HTTP/1.1" 404 9518 "-" "-"
193.41.206.98 - - [20/Feb/2025:06:56:26 +0530] "GET /phpinfo.php HTTP/1.1" 404 9518 "-" "-"
193.41.206.98 - - [20/Feb/2025:06:56:27 +0530] "GET /info.php HTTP/1.1" 404 9493 "-" "-"
193.41.206.98 - - [20/Feb/2025:06:56:27 +0530] "GET /.env.bak HTTP/1.1" 404 9518 "-" "-"
193.41.206.98 - - [20/Feb/2025:06:56:27 +0530] "GET /.env.config HTTP/1.1" 404 9518 "-" "-"
193.41.206.98 - - [20/Feb/2025:06:56:27 +0530] "GET /.env.backup HTTP/1.1" 404 9518 "-" "-"
193.41.206.98 - - [20/Feb/2025:06:56:28 +0530] "GET /.env.dist HTTP/1.1" 404 9518 "-" "-"
193.41.206.98 - - [20/Feb/2025:06:56:29 +0530] "GET /.env.docker HTTP/1.1" 404 9518 "-" "-"
193.41.206.98 - - [20/Feb/2025:06:56:30 +0530] "GET /.env.docker.dev HTTP/1.1" 404 9518 "-" "-"
193.41.206.98 - - [20/Feb/2025:06:56:31 +0530] "GET /.env.example HTTP/1.1" 404 9493 "-" "-"
193.41.206.98 - - [20/Feb/2025:06:56:31 +0530] "GET /.env.local HTTP/1.1" 404 9493 "-" "-"
193.41.206.98 - - [20/Feb/2025:06:56:32 +0530] "GET /.env.sample HTTP/1.1" 404 9493 "-" "-"
193.41.206.98 - - [20/Feb/2025:06:56:33 +0530] "GET /.env.save HTTP/1.1" 404 9518 "-" "-"
193.41.206.98 - - [20/Feb/2025:06:56:33 +0530] "GET /.env.stage HTTP/1.1" 404 9518 "-" "-"
193.41.206.98 - - [20/Feb/2025:06:56:33 +0530] "GET /.env.travis HTTP/1.1" 404 9518 "-" "-"
193.41.206.98 - - [20/Feb/2025:06:56:33 +0530] "GET /.envrc HTTP/1.1" 404 9518 "-" "-"
193.41.206.98 - - [20/Feb/2025:06:56:33 +0530] "GET /.envs HTTP/1.1" 404 9493 "-" "-"
193.41.206.98 - - [20/Feb/2025:06:56:34 +0530] "GET /config/aws.yml HTTP/1.1" 404 9518 "-" "-"
193.41.206.98 - - [20/Feb/2025:06:56:34 +0530] "GET /symfony/_profiler/phpinfo HTTP/1.1" 404 10314 "-" "-"
193.41.206.98 - - [20/Feb/2025:06:56:38 +0530] "GET /phpinfo HTTP/1.1" 404 9518 "-" "-"
193.41.206.98 - - [20/Feb/2025:06:56:39 +0530] "GET /login?pp=enable&pp=env HTTP/1.1" 404 9518 "-" "-"
193.41.206.98 - - [20/Feb/2025:06:56:39 +0530] "GET /?pp=enable&pp=env HTTP/1.1" 200 14255 "-" "-"
193.41.206.98 - - [20/Feb/2025:06:56:39 +0530] "GET /?pp=env&pp=env HTTP/1.1" 200 14264 "-" "-"
193.41.206.98 - - [20/Feb/2025:06:56:39 +0530] "GET /.aws/credentials HTTP/1.1" 404 9518 "-" "-"
193.41.206.98 - - [20/Feb/2025:06:56:39 +0530] "GET /config.js HTTP/1.1" 404 9518 "-" "-"
193.41.206.98 - - [20/Feb/2025:06:56:39 +0530] "GET /config/config.json HTTP/1.1" 404 9518 "-" "-"
193.41.206.98 - - [20/Feb/2025:06:56:39 +0530] "GET /wp-config.php.bak HTTP/1.1" 404 9518 "-" "-"
193.41.206.98 - - [20/Feb/2025:06:56:40 +0530] "GET /wp-config.php HTTP/1.1" 200 0 "-" "-"
162.55.100.32 - - [20/Feb/2025:07:13:41 +0530] "POST /wp-cron.php?doing_wp_cron=1740015821.9479370117187500000000 HTTP/1.1" 200 0 "-" "WordPress/6.7.2; https://www.freejobalerts.guru"
162.55.100.32 - - [20/Feb/2025:07:36:02 +0530] "POST /wp-cron.php?doing_wp_cron=1740017162.2269110679626464843750 HTTP/1.1" 200 0 "-" "WordPress/6.7.2; https://www.freejobalerts.guru"
2a06:98c0:3600::103 - - [20/Feb/2025:07:36:03 +0530] "GET /wordpress/wp-admin/setup-config.php HTTP/1.1" 404 10295 "-" "Mozilla/5.0 (Windows NT 10.0; Win64; x64) AppleWebKit/537.36 (KHTML, like Gecko) Chrome/133.0.0.0 Safari/537.36"
