2a06:98c0:3600::103 - - [22/Feb/2025:19:24:32 +0530] "GET /wordpress/wp-admin/setup-config.php HTTP/1.1" 404 13142 "-" "Mozilla/5.0 (Windows NT 10.0; Win64; x64) AppleWebKit/537.36 (KHTML, like Gecko) Chrome/133.0.0.0 Safari/537.36"
2a06:98c0:3600::103 - - [22/Feb/2025:19:52:48 +0530] "GET /wp-admin/setup-config.php HTTP/1.1" 409 1213 "-" "Mozilla/5.0 (Windows NT 10.0; Win64; x64) AppleWebKit/537.36 (KHTML, like Gecko) Chrome/133.0.0.0 Safari/537.36"
2a06:98c0:3600::103 - - [22/Feb/2025:19:52:37 +0530] "GET /wordpress/wp-admin/setup-config.php HTTP/1.1" 404 13156 "-" "Mozilla/5.0 (Windows NT 10.0; Win64; x64) AppleWebKit/537.36 (KHTML, like Gecko) Chrome/133.0.0.0 Safari/537.36"
43.153.7.191 - - [22/Feb/2025:20:39:48 +0530] "GET / HTTP/1.1" 200 18062 "http://www.entertainline.guru" "Mozilla/5.0 (iPhone; CPU iPhone OS 13_2_3 like Mac OS X) AppleWebKit/605.1.15 (KHTML, like Gecko) Version/13.0.3 Mobile/15E148 Safari/604.1"
162.55.100.32 - - [22/Feb/2025:20:44:54 +0530] "POST /wp-cron.php?doing_wp_cron=1740237294.4541709423065185546875 HTTP/1.1" 200 0 "-" "WordPress/6.7.2; https://entertainline.guru"
2a06:98c0:3600::103 - - [22/Feb/2025:20:47:08 +0530] "GET /wp-admin/setup-config.php HTTP/1.1" 409 1213 "-" "Mozilla/5.0 (Windows NT 10.0; Win64; x64) AppleWebKit/537.36 (KHTML, like Gecko) Chrome/133.0.0.0 Safari/537.36"
2a06:98c0:3600::103 - - [22/Feb/2025:20:44:53 +0530] "GET /wordpress/wp-admin/setup-config.php HTTP/1.1" 404 13156 "-" "Mozilla/5.0 (Windows NT 10.0; Win64; x64) AppleWebKit/537.36 (KHTML, like Gecko) Chrome/133.0.0.0 Safari/537.36"
2a06:98c0:3600::103 - - [22/Feb/2025:20:18:31 +0530] "GET /wp-admin/setup-config.php HTTP/1.1" 409 1213 "-" "Mozilla/5.0 (Windows NT 10.0; Win64; x64) AppleWebKit/537.36 (KHTML, like Gecko) Chrome/133.0.0.0 Safari/537.36"
43.166.250.187 - - [22/Feb/2025:20:33:09 +0530] "GET / HTTP/1.1" 301 0 "-" "Mozilla/5.0 (iPhone; CPU iPhone OS 13_2_3 like Mac OS X) AppleWebKit/605.1.15 (KHTML, like Gecko) Version/13.0.3 Mobile/15E148 Safari/604.1"
43.166.250.187 - - [22/Feb/2025:20:33:11 +0530] "GET / HTTP/1.1" 200 18062 "http://www.entertainline.guru" "Mozilla/5.0 (iPhone; CPU iPhone OS 13_2_3 like Mac OS X) AppleWebKit/605.1.15 (KHTML, like Gecko) Version/13.0.3 Mobile/15E148 Safari/604.1"
2a06:98c0:3600::103 - - [22/Feb/2025:20:20:22 +0530] "GET /wordpress/wp-admin/setup-config.php HTTP/1.1" 404 13126 "-" "Mozilla/5.0 (Windows NT 10.0; Win64; x64) AppleWebKit/537.36 (KHTML, like Gecko) Chrome/133.0.0.0 Safari/537.36"
43.153.7.191 - - [22/Feb/2025:20:39:47 +0530] "GET / HTTP/1.1" 301 0 "-" "Mozilla/5.0 (iPhone; CPU iPhone OS 13_2_3 like Mac OS X) AppleWebKit/605.1.15 (KHTML, like Gecko) Version/13.0.3 Mobile/15E148 Safari/604.1"
2a06:98c0:3600::103 - - [22/Feb/2025:21:42:23 +0530] "GET /wordpress/wp-admin/setup-config.php HTTP/1.1" 404 13126 "-" "Mozilla/5.0 (Windows NT 10.0; Win64; x64) AppleWebKit/537.36 (KHTML, like Gecko) Chrome/133.0.0.0 Safari/537.36"
2a06:98c0:3600::103 - - [22/Feb/2025:21:42:42 +0530] "GET /wp-admin/setup-config.php HTTP/1.1" 409 1213 "-" "Mozilla/5.0 (Windows NT 10.0; Win64; x64) AppleWebKit/537.36 (KHTML, like Gecko) Chrome/133.0.0.0 Safari/537.36"
2a06:98c0:3600::103 - - [22/Feb/2025:21:15:49 +0530] "GET /wp-admin/setup-config.php HTTP/1.1" 409 1213 "-" "Mozilla/5.0 (Windows NT 10.0; Win64; x64) AppleWebKit/537.36 (KHTML, like Gecko) Chrome/133.0.0.0 Safari/537.36"
2a06:98c0:3600::103 - - [22/Feb/2025:21:16:12 +0530] "GET /wordpress/wp-admin/setup-config.php HTTP/1.1" 404 13156 "-" "Mozilla/5.0 (Windows NT 10.0; Win64; x64) AppleWebKit/537.36 (KHTML, like Gecko) Chrome/133.0.0.0 Safari/537.36"
162.142.125.213 - - [22/Feb/2025:22:07:42 +0530] "GET / HTTP/1.1" 200 18069 "-" "Mozilla/5.0 (compatible; CensysInspect/1.1; +https://about.censys.io/)"
191.96.227.174 - - [22/Feb/2025:22:10:25 +0530] "GET /wp-includes/css/dist/block-library/style.min.css?ver=6.7.2 HTTP/1.1" 200 15146 "http://entertainline.guru/" "Mozilla/5.0 (X11; Linux x86_64) AppleWebKit/537.36 (KHTML, like Gecko) HeadlessChrome/89.0.4389.90 Safari/537.36"
43.159.149.56 - - [22/Feb/2025:22:22:41 +0530] "GET / HTTP/1.1" 200 18062 "-" "Mozilla/5.0 (iPhone; CPU iPhone OS 13_2_3 like Mac OS X) AppleWebKit/605.1.15 (KHTML, like Gecko) Version/13.0.3 Mobile/15E148 Safari/604.1"
191.96.227.174 - - [22/Feb/2025:22:10:25 +0530] "GET /wp-content/uploads/generatepress/style.min.css?ver=1739527775 HTTP/1.1" 200 2268 "http://entertainline.guru/" "Mozilla/5.0 (X11; Linux x86_64) AppleWebKit/537.36 (KHTML, like Gecko) HeadlessChrome/89.0.4389.90 Safari/537.36"
2a06:98c0:3600::103 - - [22/Feb/2025:22:08:54 +0530] "GET /wordpress/wp-admin/setup-config.php HTTP/1.1" 404 13126 "-" "Mozilla/5.0 (Windows NT 10.0; Win64; x64) AppleWebKit/537.36 (KHTML, like Gecko) Chrome/133.0.0.0 Safari/537.36"
162.142.125.213 - - [22/Feb/2025:22:07:56 +0530] "GET /favicon.ico HTTP/1.1" 404 1251 "-" "Mozilla/5.0 (compatible; CensysInspect/1.1; +https://about.censys.io/)"
191.96.227.174 - - [22/Feb/2025:22:10:25 +0530] "GET /wp-content/plugins/contact-form-7/includes/css/styles.css?ver=6.0.3 HTTP/1.1" 200 1016 "http://entertainline.guru/" "Mozilla/5.0 (X11; Linux x86_64) AppleWebKit/537.36 (KHTML, like Gecko) HeadlessChrome/89.0.4389.90 Safari/537.36"
2a06:98c0:3600::103 - - [22/Feb/2025:22:34:45 +0530] "GET /wordpress/wp-admin/setup-config.php HTTP/1.1" 404 13156 "-" "Mozilla/5.0 (Windows NT 10.0; Win64; x64) AppleWebKit/537.36 (KHTML, like Gecko) Chrome/133.0.0.0 Safari/537.36"
162.142.125.213 - - [22/Feb/2025:22:08:21 +0530] "GET /favicon.ico HTTP/1.1" 404 1251 "-" "Mozilla/5.0 (compatible; CensysInspect/1.1; +https://about.censys.io/)"
2a06:98c0:3600::103 - - [22/Feb/2025:22:08:40 +0530] "GET /wp-admin/setup-config.php HTTP/1.1" 409 1213 "-" "Mozilla/5.0 (Windows NT 10.0; Win64; x64) AppleWebKit/537.36 (KHTML, like Gecko) Chrome/133.0.0.0 Safari/537.36"
162.142.125.213 - - [22/Feb/2025:22:07:52 +0530] "GET /wp-content/uploads/2025/02/entertainline.guru-1-300x300.png HTTP/1.1" 200 9025 "-" "Mozilla/5.0 (compatible; CensysInspect/1.1; +https://about.censys.io/)"
191.96.227.174 - - [22/Feb/2025:22:10:24 +0530] "GET / HTTP/1.1" 200 18095 "-" "Mozilla/5.0 (X11; Linux x86_64) AppleWebKit/537.36 (KHTML, like Gecko) HeadlessChrome/89.0.4389.90 Safari/537.36"
162.142.125.213 - - [22/Feb/2025:22:07:44 +0530] "GET /wp-content/uploads/2025/02/entertainline.guru-1-150x150.png HTTP/1.1" 200 2478 "-" "Mozilla/5.0 (compatible; CensysInspect/1.1; +https://about.censys.io/)"
191.96.227.174 - - [22/Feb/2025:22:10:25 +0530] "GET /wp-content/themes/generatepress/assets/css/main.min.css?ver=3.5.1 HTTP/1.1" 200 4670 "http://entertainline.guru/" "Mozilla/5.0 (X11; Linux x86_64) AppleWebKit/537.36 (KHTML, like Gecko) HeadlessChrome/89.0.4389.90 Safari/537.36"
2a06:98c0:3600::103 - - [22/Feb/2025:22:34:41 +0530] "GET /wp-admin/setup-config.php HTTP/1.1" 409 1213 "-" "Mozilla/5.0 (Windows NT 10.0; Win64; x64) AppleWebKit/537.36 (KHTML, like Gecko) Chrome/133.0.0.0 Safari/537.36"
157.230.246.104 - - [22/Feb/2025:22:49:45 +0530] "GET / HTTP/1.1" 200 89091 "-" "Mozilla/5.0 (Windows NT 10.0; Win64; x64) AppleWebKit/537.36 (KHTML, like Gecko) Chrome/78.0.3904.108 Safari/537.36"
157.230.246.104 - - [22/Feb/2025:22:49:52 +0530] "GET /?author=1 HTTP/1.1" 301 0 "-" "Mozilla/5.0 (Windows NT 10.0; Win64; x64) AppleWebKit/537.36 (KHTML, like Gecko) Chrome/78.0.3904.108 Safari/537.36"
157.230.246.104 - - [22/Feb/2025:22:49:52 +0530] "GET /?author=2 HTTP/1.1" 404 52862 "-" "Mozilla/5.0 (Windows NT 10.0; Win64; x64) AppleWebKit/537.36 (KHTML, like Gecko) Chrome/78.0.3904.108 Safari/537.36"
157.230.246.104 - - [22/Feb/2025:22:49:52 +0530] "GET /wp-json/wp/v2/users/ HTTP/1.1" 200 8007 "-" "Mozilla/5.0 (Windows NT 10.0; Win64; x64) AppleWebKit/537.36 (KHTML, like Gecko) Chrome/78.0.3904.108 Safari/537.36"
157.230.246.104 - - [22/Feb/2025:22:49:53 +0530] "GET /wp-json/oembed/1.0/embed?url=http://entertainline.guru HTTP/1.1" 404 73 "-" "Mozilla/5.0 (Windows NT 10.0; Win64; x64) AppleWebKit/537.36 (KHTML, like Gecko) Chrome/78.0.3904.108 Safari/537.36"
157.230.246.104 - - [22/Feb/2025:22:49:53 +0530] "POST /xmlrpc.php HTTP/1.1" 200 401 "-" "Mozilla/5.0 (Windows NT 10.0; Win64; x64) AppleWebKit/537.36 (KHTML, like Gecko) Chrome/78.0.3904.108 Safari/537.36"
157.230.246.104 - - [22/Feb/2025:22:50:01 +0530] "POST /xmlrpc.php HTTP/1.1" 200 401 "-" "Mozilla/5.0 (Windows NT 10.0; Win64; x64) AppleWebKit/537.36 (KHTML, like Gecko) Chrome/78.0.3904.108 Safari/537.36"
157.230.246.104 - - [22/Feb/2025:22:50:16 +0530] "POST /xmlrpc.php HTTP/1.1" 200 401 "-" "Mozilla/5.0 (Windows NT 10.0; Win64; x64) AppleWebKit/537.36 (KHTML, like Gecko) Chrome/78.0.3904.108 Safari/537.36"
157.230.246.104 - - [22/Feb/2025:22:50:31 +0530] "POST /xmlrpc.php HTTP/1.1" 200 401 "-" "Mozilla/5.0 (Windows NT 10.0; Win64; x64) AppleWebKit/537.36 (KHTML, like Gecko) Chrome/78.0.3904.108 Safari/537.36"
157.230.246.104 - - [22/Feb/2025:22:50:46 +0530] "POST /xmlrpc.php HTTP/1.1" 200 401 "-" "Mozilla/5.0 (Windows NT 10.0; Win64; x64) AppleWebKit/537.36 (KHTML, like Gecko) Chrome/78.0.3904.108 Safari/537.36"
157.230.246.104 - - [22/Feb/2025:22:51:01 +0530] "POST /xmlrpc.php HTTP/1.1" 200 401 "-" "Mozilla/5.0 (Windows NT 10.0; Win64; x64) AppleWebKit/537.36 (KHTML, like Gecko) Chrome/78.0.3904.108 Safari/537.36"
157.230.246.104 - - [22/Feb/2025:22:51:16 +0530] "POST /xmlrpc.php HTTP/1.1" 200 401 "-" "Mozilla/5.0 (Windows NT 10.0; Win64; x64) AppleWebKit/537.36 (KHTML, like Gecko) Chrome/78.0.3904.108 Safari/537.36"
157.230.246.104 - - [22/Feb/2025:22:51:31 +0530] "POST /xmlrpc.php HTTP/1.1" 200 401 "-" "Mozilla/5.0 (Windows NT 10.0; Win64; x64) AppleWebKit/537.36 (KHTML, like Gecko) Chrome/78.0.3904.108 Safari/537.36"
157.230.246.104 - - [22/Feb/2025:22:51:46 +0530] "POST /xmlrpc.php HTTP/1.1" 200 401 "-" "Mozilla/5.0 (Windows NT 10.0; Win64; x64) AppleWebKit/537.36 (KHTML, like Gecko) Chrome/78.0.3904.108 Safari/537.36"
157.230.246.104 - - [22/Feb/2025:22:52:01 +0530] "POST /xmlrpc.php HTTP/1.1" 200 401 "-" "Mozilla/5.0 (Windows NT 10.0; Win64; x64) AppleWebKit/537.36 (KHTML, like Gecko) Chrome/78.0.3904.108 Safari/537.36"
157.230.246.104 - - [22/Feb/2025:22:52:16 +0530] "POST /xmlrpc.php HTTP/1.1" 200 401 "-" "Mozilla/5.0 (Windows NT 10.0; Win64; x64) AppleWebKit/537.36 (KHTML, like Gecko) Chrome/78.0.3904.108 Safari/537.36"
157.230.246.104 - - [22/Feb/2025:22:52:31 +0530] "POST /xmlrpc.php HTTP/1.1" 200 401 "-" "Mozilla/5.0 (Windows NT 10.0; Win64; x64) AppleWebKit/537.36 (KHTML, like Gecko) Chrome/78.0.3904.108 Safari/537.36"
157.230.246.104 - - [22/Feb/2025:22:52:46 +0530] "POST /xmlrpc.php HTTP/1.1" 200 401 "-" "Mozilla/5.0 (Windows NT 10.0; Win64; x64) AppleWebKit/537.36 (KHTML, like Gecko) Chrome/78.0.3904.108 Safari/537.36"
157.230.246.104 - - [22/Feb/2025:22:53:01 +0530] "POST /xmlrpc.php HTTP/1.1" 200 401 "-" "Mozilla/5.0 (Windows NT 10.0; Win64; x64) AppleWebKit/537.36 (KHTML, like Gecko) Chrome/78.0.3904.108 Safari/537.36"
157.230.246.104 - - [22/Feb/2025:22:53:16 +0530] "POST /xmlrpc.php HTTP/1.1" 200 401 "-" "Mozilla/5.0 (Windows NT 10.0; Win64; x64) AppleWebKit/537.36 (KHTML, like Gecko) Chrome/78.0.3904.108 Safari/537.36"
157.230.246.104 - - [22/Feb/2025:22:53:46 +0530] "POST /xmlrpc.php HTTP/1.1" 200 401 "-" "Mozilla/5.0 (Windows NT 10.0; Win64; x64) AppleWebKit/537.36 (KHTML, like Gecko) Chrome/78.0.3904.108 Safari/537.36"
157.230.246.104 - - [22/Feb/2025:22:54:16 +0530] "POST /xmlrpc.php HTTP/1.1" 200 401 "-" "Mozilla/5.0 (Windows NT 10.0; Win64; x64) AppleWebKit/537.36 (KHTML, like Gecko) Chrome/78.0.3904.108 Safari/537.36"
157.230.246.104 - - [22/Feb/2025:22:55:01 +0530] "POST /xmlrpc.php HTTP/1.1" 200 401 "-" "Mozilla/5.0 (Windows NT 10.0; Win64; x64) AppleWebKit/537.36 (KHTML, like Gecko) Chrome/78.0.3904.108 Safari/537.36"
157.230.246.104 - - [22/Feb/2025:22:55:31 +0530] "POST /xmlrpc.php HTTP/1.1" 200 401 "-" "Mozilla/5.0 (Windows NT 10.0; Win64; x64) AppleWebKit/537.36 (KHTML, like Gecko) Chrome/78.0.3904.108 Safari/537.36"
157.230.246.104 - - [22/Feb/2025:22:56:31 +0530] "POST /xmlrpc.php HTTP/1.1" 200 401 "-" "Mozilla/5.0 (Windows NT 10.0; Win64; x64) AppleWebKit/537.36 (KHTML, like Gecko) Chrome/78.0.3904.108 Safari/537.36"
2a06:98c0:3600::103 - - [22/Feb/2025:23:06:44 +0530] "GET /wp-admin/setup-config.php HTTP/1.1" 409 1213 "-" "Mozilla/5.0 (Windows NT 10.0; Win64; x64) AppleWebKit/537.36 (KHTML, like Gecko) Chrome/133.0.0.0 Safari/537.36"
2a06:98c0:3600::103 - - [22/Feb/2025:23:05:48 +0530] "GET /wordpress/wp-admin/setup-config.php HTTP/1.1" 404 13141 "-" "Mozilla/5.0 (Windows NT 10.0; Win64; x64) AppleWebKit/537.36 (KHTML, like Gecko) Chrome/133.0.0.0 Safari/537.36"
2a06:98c0:3600::103 - - [22/Feb/2025:23:32:38 +0530] "GET /wp-admin/setup-config.php HTTP/1.1" 409 1213 "-" "Mozilla/5.0 (Windows NT 10.0; Win64; x64) AppleWebKit/537.36 (KHTML, like Gecko) Chrome/133.0.0.0 Safari/537.36"
2a06:98c0:3600::103 - - [22/Feb/2025:23:32:11 +0530] "GET /wordpress/wp-admin/setup-config.php HTTP/1.1" 404 13126 "-" "Mozilla/5.0 (Windows NT 10.0; Win64; x64) AppleWebKit/537.36 (KHTML, like Gecko) Chrome/133.0.0.0 Safari/537.36"
49.51.233.95 - - [22/Feb/2025:23:31:23 +0530] "GET / HTTP/1.1" 200 18062 "-" "Mozilla/5.0 (iPhone; CPU iPhone OS 13_2_3 like Mac OS X) AppleWebKit/605.1.15 (KHTML, like Gecko) Version/13.0.3 Mobile/15E148 Safari/604.1"
2a06:98c0:3600::103 - - [22/Feb/2025:23:58:52 +0530] "GET /wordpress/wp-admin/setup-config.php HTTP/1.1" 404 13156 "-" "Mozilla/5.0 (Windows NT 10.0; Win64; x64) AppleWebKit/537.36 (KHTML, like Gecko) Chrome/133.0.0.0 Safari/537.36"
2a06:98c0:3600::103 - - [22/Feb/2025:23:57:49 +0530] "GET /wp-admin/setup-config.php HTTP/1.1" 409 1213 "-" "Mozilla/5.0 (Windows NT 10.0; Win64; x64) AppleWebKit/537.36 (KHTML, like Gecko) Chrome/133.0.0.0 Safari/537.36"
43.131.39.179 - - [22/Feb/2025:23:47:44 +0530] "GET / HTTP/1.1" 200 18089 "-" "Mozilla/5.0 (iPhone; CPU iPhone OS 13_2_3 like Mac OS X) AppleWebKit/605.1.15 (KHTML, like Gecko) Version/13.0.3 Mobile/15E148 Safari/604.1"
2a06:98c0:3600::103 - - [23/Feb/2025:00:31:24 +0530] "GET /wp-admin/setup-config.php HTTP/1.1" 409 1213 "-" "Mozilla/5.0 (Windows NT 10.0; Win64; x64) AppleWebKit/537.36 (KHTML, like Gecko) Chrome/133.0.0.0 Safari/537.36"
43.157.158.178 - - [23/Feb/2025:00:40:14 +0530] "GET / HTTP/1.1" 200 0 "-" "Mozilla/5.0 (iPhone; CPU iPhone OS 13_2_3 like Mac OS X) AppleWebKit/605.1.15 (KHTML, like Gecko) Version/13.0.3 Mobile/15E148 Safari/604.1"
2a06:98c0:3600::103 - - [23/Feb/2025:00:30:56 +0530] "GET /wordpress/wp-admin/setup-config.php HTTP/1.1" 404 13141 "-" "Mozilla/5.0 (Windows NT 10.0; Win64; x64) AppleWebKit/537.36 (KHTML, like Gecko) Chrome/133.0.0.0 Safari/537.36"
2a06:98c0:3600::103 - - [23/Feb/2025:00:56:50 +0530] "GET /wordpress/wp-admin/setup-config.php HTTP/1.1" 404 13141 "-" "Mozilla/5.0 (Windows NT 10.0; Win64; x64) AppleWebKit/537.36 (KHTML, like Gecko) Chrome/133.0.0.0 Safari/537.36"
2a06:98c0:3600::103 - - [23/Feb/2025:01:49:38 +0530] "GET /wordpress/wp-admin/setup-config.php HTTP/1.1" 200 0 "-" "Mozilla/5.0 (Windows NT 10.0; Win64; x64) AppleWebKit/537.36 (KHTML, like Gecko) Chrome/133.0.0.0 Safari/537.36"
2a06:98c0:3600::103 - - [23/Feb/2025:01:23:14 +0530] "GET /wordpress/wp-admin/setup-config.php HTTP/1.1" 404 13142 "-" "Mozilla/5.0 (Windows NT 10.0; Win64; x64) AppleWebKit/537.36 (KHTML, like Gecko) Chrome/133.0.0.0 Safari/537.36"
2a06:98c0:3600::103 - - [23/Feb/2025:00:56:06 +0530] "GET /wp-admin/setup-config.php HTTP/1.1" 409 1213 "-" "Mozilla/5.0 (Windows NT 10.0; Win64; x64) AppleWebKit/537.36 (KHTML, like Gecko) Chrome/133.0.0.0 Safari/537.36"
2a06:98c0:3600::103 - - [23/Feb/2025:01:23:33 +0530] "GET /wp-admin/setup-config.php HTTP/1.1" 409 1213 "-" "Mozilla/5.0 (Windows NT 10.0; Win64; x64) AppleWebKit/537.36 (KHTML, like Gecko) Chrome/133.0.0.0 Safari/537.36"
2a06:98c0:3600::103 - - [23/Feb/2025:02:16:10 +0530] "GET /wordpress/wp-admin/setup-config.php HTTP/1.1" 404 13142 "-" "Mozilla/5.0 (Windows NT 10.0; Win64; x64) AppleWebKit/537.36 (KHTML, like Gecko) Chrome/133.0.0.0 Safari/537.36"
2a06:98c0:3600::103 - - [23/Feb/2025:02:17:44 +0530] "GET /wp-admin/setup-config.php HTTP/1.1" 409 1213 "-" "Mozilla/5.0 (Windows NT 10.0; Win64; x64) AppleWebKit/537.36 (KHTML, like Gecko) Chrome/133.0.0.0 Safari/537.36"
43.157.38.131 - - [23/Feb/2025:02:29:21 +0530] "GET / HTTP/1.1" 200 18062 "-" "Mozilla/5.0 (iPhone; CPU iPhone OS 13_2_3 like Mac OS X) AppleWebKit/605.1.15 (KHTML, like Gecko) Version/13.0.3 Mobile/15E148 Safari/604.1"
2a06:98c0:3600::103 - - [23/Feb/2025:03:07:59 +0530] "GET /wp-admin/setup-config.php HTTP/1.1" 409 1213 "-" "Mozilla/5.0 (Windows NT 10.0; Win64; x64) AppleWebKit/537.36 (KHTML, like Gecko) Chrome/133.0.0.0 Safari/537.36"
193.41.206.246 - - [23/Feb/2025:05:02:01 +0530] "GET /.env HTTP/1.1" 404 13163 "-" "-"
193.41.206.246 - - [23/Feb/2025:05:02:07 +0530] "GET /phpinfo HTTP/1.1" 404 13148 "-" "-"
193.41.206.246 - - [23/Feb/2025:05:02:09 +0530] "GET /phpinfo.php HTTP/1.1" 404 13148 "-" "-"
193.41.206.246 - - [23/Feb/2025:05:02:10 +0530] "GET /portal/.env HTTP/1.1" 404 13163 "-" "-"
193.41.206.246 - - [23/Feb/2025:05:02:14 +0530] "GET /env/.env HTTP/1.1" 404 13148 "-" "-"
193.41.206.246 - - [23/Feb/2025:05:02:15 +0530] "GET /api/.env HTTP/1.1" 404 13163 "-" "-"
193.41.206.246 - - [23/Feb/2025:05:02:16 +0530] "GET /app/.env HTTP/1.1" 404 13177 "-" "-"
193.41.206.246 - - [23/Feb/2025:05:02:16 +0530] "GET /dev/.env HTTP/1.1" 404 13148 "-" "-"
193.41.206.246 - - [23/Feb/2025:05:02:17 +0530] "GET /new/.env HTTP/1.1" 404 13163 "-" "-"
193.41.206.246 - - [23/Feb/2025:05:02:18 +0530] "GET /new/.env.local HTTP/1.1" 404 13148 "-" "-"
193.41.206.246 - - [23/Feb/2025:05:02:18 +0530] "GET /new/.env.production HTTP/1.1" 404 13148 "-" "-"
193.41.206.246 - - [23/Feb/2025:05:02:19 +0530] "GET /new/.env.staging HTTP/1.1" 404 13148 "-" "-"
193.41.206.246 - - [23/Feb/2025:05:02:19 +0530] "GET /_phpinfo.php HTTP/1.1" 404 13148 "-" "-"
193.41.206.246 - - [23/Feb/2025:05:02:20 +0530] "GET /_profiler/phpinfo HTTP/1.1" 404 13163 "-" "-"
193.41.206.246 - - [23/Feb/2025:05:02:20 +0530] "GET /_profiler/phpinfo/info.php HTTP/1.1" 404 13126 "-" "-"
193.41.206.246 - - [23/Feb/2025:05:02:21 +0530] "GET /_profiler/phpinfo/phpinfo.php HTTP/1.1" 404 13126 "-" "-"
193.41.206.246 - - [23/Feb/2025:05:02:22 +0530] "GET /wp-config HTTP/1.1" 404 13148 "-" "-"
193.41.206.246 - - [23/Feb/2025:05:02:22 +0530] "GET /aws-secret.yaml HTTP/1.1" 404 13163 "-" "-"
193.41.206.246 - - [23/Feb/2025:05:02:23 +0530] "GET /awstats/.env HTTP/1.1" 404 13148 "-" "-"
193.41.206.246 - - [23/Feb/2025:05:02:24 +0530] "GET /conf/.env HTTP/1.1" 404 13163 "-" "-"
193.41.206.246 - - [23/Feb/2025:05:02:24 +0530] "GET /cron/.env HTTP/1.1" 404 13148 "-" "-"
193.41.206.246 - - [23/Feb/2025:05:02:25 +0530] "GET /www/.env HTTP/1.1" 404 13163 "-" "-"
193.41.206.246 - - [23/Feb/2025:05:02:25 +0530] "GET /docker/.env HTTP/1.1" 404 13177 "-" "-"
193.41.206.246 - - [23/Feb/2025:05:02:34 +0530] "GET /docker/app/.env HTTP/1.1" 404 13126 "-" "-"
193.41.206.246 - - [23/Feb/2025:05:02:35 +0530] "GET /env.backup HTTP/1.1" 404 13163 "-" "-"
193.41.206.246 - - [23/Feb/2025:05:02:35 +0530] "GET /xampp/phpinfo.php HTTP/1.1" 404 13163 "-" "-"
193.41.206.246 - - [23/Feb/2025:05:02:36 +0530] "GET /lara/info.php HTTP/1.1" 404 13148 "-" "-"
193.41.206.246 - - [23/Feb/2025:05:02:45 +0530] "GET /lara/phpinfo.php HTTP/1.1" 404 13148 "-" "-"
193.41.206.246 - - [23/Feb/2025:05:02:46 +0530] "GET /laravel/info.php HTTP/1.1" 404 13148 "-" "-"
193.41.206.246 - - [23/Feb/2025:05:02:47 +0530] "GET /.vscode/.env HTTP/1.1" 404 13163 "-" "-"
193.41.206.246 - - [23/Feb/2025:05:02:47 +0530] "GET /js/.env HTTP/1.1" 404 13163 "-" "-"
193.41.206.246 - - [23/Feb/2025:05:02:48 +0530] "GET /laravel/.env HTTP/1.1" 404 13148 "-" "-"
193.41.206.246 - - [23/Feb/2025:05:02:48 +0530] "GET /laravel/core/.env HTTP/1.1" 404 13126 "-" "-"
193.41.206.246 - - [23/Feb/2025:05:02:49 +0530] "GET /mail/.env HTTP/1.1" 404 13148 "-" "-"
193.41.206.246 - - [23/Feb/2025:05:02:57 +0530] "GET /mailer/.env HTTP/1.1" 404 13163 "-" "-"
193.41.206.246 - - [23/Feb/2025:05:02:58 +0530] "GET /nginx/.env HTTP/1.1" 404 13163 "-" "-"
193.41.206.246 - - [23/Feb/2025:05:02:58 +0530] "GET /public/.env HTTP/1.1" 404 13148 "-" "-"
193.41.206.246 - - [23/Feb/2025:05:02:58 +0530] "GET /site/.env HTTP/1.1" 404 13148 "-" "-"
193.41.206.246 - - [23/Feb/2025:05:02:58 +0530] "GET /xampp/.env HTTP/1.1" 404 13163 "-" "-"
193.41.206.246 - - [23/Feb/2025:05:02:59 +0530] "GET /main/.env HTTP/1.1" 404 13148 "-" "-"
193.41.206.246 - - [23/Feb/2025:05:02:59 +0530] "GET /node_modules/.env HTTP/1.1" 404 13177 "-" "-"
193.41.206.246 - - [23/Feb/2025:05:03:07 +0530] "GET /kyc/.env HTTP/1.1" 404 13163 "-" "-"
193.41.206.246 - - [23/Feb/2025:05:03:08 +0530] "GET /admin/.env HTTP/1.1" 404 13163 "-" "-"
193.41.206.246 - - [23/Feb/2025:05:03:17 +0530] "GET /prod/.env HTTP/1.1" 404 13163 "-" "-"
193.41.206.246 - - [23/Feb/2025:05:03:18 +0530] "GET /.env.bak HTTP/1.1" 404 13163 "-" "-"
193.41.206.246 - - [23/Feb/2025:05:03:26 +0530] "GET /api/shared/config/config.env HTTP/1.1" 404 13141 "-" "-"
193.41.206.246 - - [23/Feb/2025:05:03:28 +0530] "GET /api/shared/config.env HTTP/1.1" 404 13126 "-" "-"
193.41.206.246 - - [23/Feb/2025:05:03:29 +0530] "GET /config.env HTTP/1.1" 404 13148 "-" "-"
193.41.206.246 - - [23/Feb/2025:05:03:29 +0530] "GET /website/.env HTTP/1.1" 404 13148 "-" "-"
193.41.206.246 - - [23/Feb/2025:05:03:29 +0530] "GET /development/.env HTTP/1.1" 404 13148 "-" "-"
193.41.206.246 - - [23/Feb/2025:05:03:29 +0530] "GET /backend/.env HTTP/1.1" 404 13148 "-" "-"
193.41.206.246 - - [23/Feb/2025:05:03:30 +0530] "GET /api/shared/config/.env HTTP/1.1" 404 13126 "-" "-"
193.41.206.246 - - [23/Feb/2025:05:03:31 +0530] "GET /api/shared/.env HTTP/1.1" 404 13126 "-" "-"
193.41.206.246 - - [23/Feb/2025:05:03:33 +0530] "GET /api/config.env HTTP/1.1" 404 13148 "-" "-"
193.41.206.246 - - [23/Feb/2025:05:03:34 +0530] "GET /service/email_service.py HTTP/1.1" 404 13148 "-" "-"
193.41.206.246 - - [23/Feb/2025:05:03:34 +0530] "GET /node/.env_example HTTP/1.1" 404 13163 "-" "-"
193.41.206.246 - - [23/Feb/2025:05:03:35 +0530] "GET /.env.production.local HTTP/1.1" 404 13163 "-" "-"
193.41.206.246 - - [23/Feb/2025:05:03:35 +0530] "GET /.env.local HTTP/1.1" 404 13163 "-" "-"
193.41.206.246 - - [23/Feb/2025:05:03:36 +0530] "GET /.env.example HTTP/1.1" 404 13148 "-" "-"
193.41.206.246 - - [23/Feb/2025:05:03:36 +0530] "GET /.env.stage HTTP/1.1" 404 13163 "-" "-"
193.41.206.246 - - [23/Feb/2025:05:03:39 +0530] "GET /server/config/database.js HTTP/1.1" 404 13126 "-" "-"
193.41.206.246 - - [23/Feb/2025:05:03:42 +0530] "GET /.env.old HTTP/1.1" 404 13163 "-" "-"
193.41.206.246 - - [23/Feb/2025:05:03:44 +0530] "GET /.env_sample HTTP/1.1" 404 13148 "-" "-"
193.41.206.246 - - [23/Feb/2025:05:03:47 +0530] "GET /scripts/nodemailer.js HTTP/1.1" 404 13148 "-" "-"
193.41.206.246 - - [23/Feb/2025:05:03:48 +0530] "GET /.env.prod HTTP/1.1" 404 13148 "-" "-"
193.41.206.246 - - [23/Feb/2025:05:03:49 +0530] "GET /crm/.env HTTP/1.1" 404 13148 "-" "-"
193.41.206.246 - - [23/Feb/2025:05:03:50 +0530] "GET /local/.env HTTP/1.1" 404 13148 "-" "-"
193.41.206.246 - - [23/Feb/2025:05:03:51 +0530] "GET /core/.env HTTP/1.1" 404 13163 "-" "-"
193.41.206.246 - - [23/Feb/2025:05:03:52 +0530] "GET /apps/.env HTTP/1.1" 404 13148 "-" "-"
193.41.206.246 - - [23/Feb/2025:05:03:53 +0530] "GET /application/.env HTTP/1.1" 404 13148 "-" "-"
193.41.206.246 - - [23/Feb/2025:05:03:54 +0530] "GET /web/.env HTTP/1.1" 404 13163 "-" "-"
193.41.206.246 - - [23/Feb/2025:05:03:55 +0530] "GET /.aws/credentials HTTP/1.1" 404 13163 "-" "-"
193.41.206.246 - - [23/Feb/2025:05:03:56 +0530] "GET /wp-config.php.bak HTTP/1.1" 404 13177 "-" "-"
193.41.206.246 - - [23/Feb/2025:05:03:57 +0530] "GET /info.php HTTP/1.1" 404 13148 "-" "-"
193.41.206.246 - - [23/Feb/2025:05:03:58 +0530] "GET /dashboard/phpinfo.php HTTP/1.1" 404 13148 "-" "-"
193.41.206.246 - - [23/Feb/2025:05:03:59 +0530] "GET /static/js/main.141b0494.js HTTP/1.1" 404 13156 "-" "-"
193.41.206.246 - - [23/Feb/2025:05:04:00 +0530] "GET /static/js/2.ca066a4b.chunk.js HTTP/1.1" 404 13142 "-" "-"
193.41.206.246 - - [23/Feb/2025:05:04:01 +0530] "GET /static/js/main.e85f7a37.js HTTP/1.1" 404 13142 "-" "-"
193.41.206.246 - - [23/Feb/2025:05:04:02 +0530] "GET /admin/server_info.php HTTP/1.1" 404 13163 "-" "-"
193.41.206.246 - - [23/Feb/2025:05:04:03 +0530] "GET /server_info.php HTTP/1.1" 404 13148 "-" "-"
193.41.206.246 - - [23/Feb/2025:05:04:04 +0530] "GET /app_dev.php/_profiler/phpinfo HTTP/1.1" 404 13142 "-" "-"
193.41.206.246 - - [23/Feb/2025:05:04:05 +0530] "GET /test.php HTTP/1.1" 404 13163 "-" "-"
193.41.206.246 - - [23/Feb/2025:05:04:06 +0530] "GET /server-info HTTP/1.1" 404 13163 "-" "-"
193.41.206.246 - - [23/Feb/2025:05:04:07 +0530] "GET /server-info.php HTTP/1.1" 404 13177 "-" "-"
193.41.206.246 - - [23/Feb/2025:05:04:09 +0530] "GET /secured/phpinfo.php HTTP/1.1" 404 13163 "-" "-"
193.41.206.246 - - [23/Feb/2025:05:04:10 +0530] "GET /config.js HTTP/1.1" 404 13163 "-" "-"
193.41.206.246 - - [23/Feb/2025:05:04:11 +0530] "GET /server.js HTTP/1.1" 404 13163 "-" "-"
193.41.206.246 - - [23/Feb/2025:05:04:12 +0530] "GET /appsettings.json HTTP/1.1" 404 13163 "-" "-"
193.41.206.246 - - [23/Feb/2025:05:04:13 +0530] "GET /shared/config/config.js HTTP/1.1" 404 13126 "-" "-"
193.41.206.246 - - [23/Feb/2025:05:04:13 +0530] "GET /config/aws.yml HTTP/1.1" 404 13148 "-" "-"
193.41.206.246 - - [23/Feb/2025:05:04:14 +0530] "GET /settings.py HTTP/1.1" 404 13177 "-" "-"
193.41.206.246 - - [23/Feb/2025:05:04:21 +0530] "GET /config.json HTTP/1.1" 404 13163 "-" "-"
193.41.206.246 - - [23/Feb/2025:05:04:21 +0530] "GET /main.js HTTP/1.1" 404 13148 "-" "-"
193.41.206.246 - - [23/Feb/2025:05:04:21 +0530] "GET /config/constants.js HTTP/1.1" 404 13163 "-" "-"
193.41.206.246 - - [23/Feb/2025:05:04:30 +0530] "GET /application.properties HTTP/1.1" 404 13177 "-" "-"
193.41.206.246 - - [23/Feb/2025:05:04:31 +0530] "GET /public/js/main.js HTTP/1.1" 404 13126 "-" "-"
193.41.206.246 - - [23/Feb/2025:05:04:40 +0530] "GET /js/main.js HTTP/1.1" 404 13148 "-" "-"
193.41.206.246 - - [23/Feb/2025:05:04:40 +0530] "GET /?phpinfo=1 HTTP/1.1" 200 18058 "-" "-"
193.41.206.246 - - [23/Feb/2025:05:04:40 +0530] "GET /storage/logs/laravel.log HTTP/1.1" 404 13142 "-" "-"
193.41.206.246 - - [23/Feb/2025:05:04:40 +0530] "GET /karma.conf.json HTTP/1.1" 404 13177 "-" "-"
193.41.206.246 - - [23/Feb/2025:05:04:41 +0530] "GET /swagger.json HTTP/1.1" 404 13148 "-" "-"
193.41.206.246 - - [23/Feb/2025:05:04:41 +0530] "GET /swagger.js HTTP/1.1" 404 13163 "-" "-"
193.41.206.246 - - [23/Feb/2025:05:04:41 +0530] "GET /gatsby-config.js HTTP/1.1" 404 13163 "-" "-"
193.41.206.246 - - [23/Feb/2025:05:04:42 +0530] "GET /backend/config/default.yml HTTP/1.1" 404 13142 "-" "-"
193.41.206.246 - - [23/Feb/2025:05:04:42 +0530] "GET /app.py HTTP/1.1" 404 13148 "-" "-"
193.41.206.246 - - [23/Feb/2025:05:04:42 +0530] "GET /admin/controllers/merchant.js HTTP/1.1" 404 13141 "-" "-"
193.41.206.246 - - [23/Feb/2025:05:04:42 +0530] "GET /admin/controllers/partner.js HTTP/1.1" 404 13126 "-" "-"
193.41.206.246 - - [23/Feb/2025:05:04:42 +0530] "GET /api/config.js HTTP/1.1" 404 13148 "-" "-"
193.41.206.246 - - [23/Feb/2025:05:04:43 +0530] "GET /api/objects/codes.php.save HTTP/1.1" 404 13126 "-" "-"
193.41.206.246 - - [23/Feb/2025:05:04:48 +0530] "GET /apis/config/config.js HTTP/1.1" 404 13126 "-" "-"
193.41.206.246 - - [23/Feb/2025:05:04:49 +0530] "GET /apis/controllers/users.js HTTP/1.1" 404 13126 "-" "-"
193.41.206.246 - - [23/Feb/2025:05:04:50 +0530] "GET /app.js HTTP/1.1" 404 13148 "-" "-"
193.41.206.246 - - [23/Feb/2025:05:04:50 +0530] "GET /backend/config/development.yml HTTP/1.1" 404 13126 "-" "-"
193.41.206.246 - - [23/Feb/2025:05:04:51 +0530] "GET /cloud/Scraper.js HTTP/1.1" 404 13148 "-" "-"
193.41.206.246 - - [23/Feb/2025:05:04:52 +0530] "GET /config/application.yml HTTP/1.1" 404 13148 "-" "-"
193.41.206.246 - - [23/Feb/2025:05:04:52 +0530] "GET /config/storage.yml HTTP/1.1" 404 13163 "-" "-"
193.41.206.246 - - [23/Feb/2025:05:04:53 +0530] "GET /configs/routes-4aug.js HTTP/1.1" 404 13163 "-" "-"
193.41.206.246 - - [23/Feb/2025:05:04:53 +0530] "GET /configs/routes.js HTTP/1.1" 404 13148 "-" "-"
193.41.206.246 - - [23/Feb/2025:05:04:54 +0530] "GET /configs/s3_config.json HTTP/1.1" 404 13163 "-" "-"
193.41.206.246 - - [23/Feb/2025:05:04:54 +0530] "GET /controller/admin/post.js HTTP/1.1" 404 13126 "-" "-"
193.41.206.246 - - [23/Feb/2025:05:04:54 +0530] "GET /controller/api/post.js HTTP/1.1" 404 13126 "-" "-"
2a06:98c0:3600::103 - - [23/Feb/2025:05:13:49 +0530] "GET /wordpress/wp-admin/setup-config.php HTTP/1.1" 404 13126 "-" "Mozilla/5.0 (Windows NT 10.0; Win64; x64) AppleWebKit/537.36 (KHTML, like Gecko) Chrome/133.0.0.0 Safari/537.36"
54.145.26.210 - - [23/Feb/2025:05:16:50 +0530] "GET / HTTP/1.1" 200 18089 "-" "Mozilla/5.0 (Macintosh; Intel Mac OS X 10_15_7) AppleWebKit/537.36 (KHTML, like Gecko) Chrome/107.0.0.0 Safari/537.36"
2a06:98c0:3600::103 - - [23/Feb/2025:04:23:53 +0530] "GET /wp-admin/setup-config.php HTTP/1.1" 409 1213 "-" "Mozilla/5.0 (Windows NT 10.0; Win64; x64) AppleWebKit/537.36 (KHTML, like Gecko) Chrome/133.0.0.0 Safari/537.36"
2a06:98c0:3600::103 - - [23/Feb/2025:04:24:11 +0530] "GET /wordpress/wp-admin/setup-config.php HTTP/1.1" 404 13126 "-" "Mozilla/5.0 (Windows NT 10.0; Win64; x64) AppleWebKit/537.36 (KHTML, like Gecko) Chrome/133.0.0.0 Safari/537.36"
2a06:98c0:3600::103 - - [23/Feb/2025:04:47:55 +0530] "GET /wordpress/wp-admin/setup-config.php HTTP/1.1" 404 4477 "-" "Mozilla/5.0 (Windows NT 10.0; Win64; x64) AppleWebKit/537.36 (KHTML, like Gecko) Chrome/133.0.0.0 Safari/537.36"
18.143.195.196 - - [23/Feb/2025:04:56:00 +0530] "GET / HTTP/1.1" 200 13360 "-" "Roku/DVP-4.1 (024.01E01250A)"
2a06:98c0:3600::103 - - [23/Feb/2025:05:39:08 +0530] "GET /wordpress/wp-admin/setup-config.php HTTP/1.1" 404 7199 "-" "Mozilla/5.0 (Windows NT 10.0; Win64; x64) AppleWebKit/537.36 (KHTML, like Gecko) Chrome/133.0.0.0 Safari/537.36"
2a06:98c0:3600::103 - - [23/Feb/2025:03:35:25 +0530] "GET /wp-admin/setup-config.php HTTP/1.1" 409 1213 "-" "Mozilla/5.0 (Windows NT 10.0; Win64; x64) AppleWebKit/537.36 (KHTML, like Gecko) Chrome/133.0.0.0 Safari/537.36"
2a06:98c0:3600::103 - - [23/Feb/2025:03:09:25 +0530] "GET /wordpress/wp-admin/setup-config.php HTTP/1.1" 404 13126 "-" "Mozilla/5.0 (Windows NT 10.0; Win64; x64) AppleWebKit/537.36 (KHTML, like Gecko) Chrome/133.0.0.0 Safari/537.36"
2a06:98c0:3600::103 - - [23/Feb/2025:03:36:16 +0530] "GET /wordpress/wp-admin/setup-config.php HTTP/1.1" 404 13156 "-" "Mozilla/5.0 (Windows NT 10.0; Win64; x64) AppleWebKit/537.36 (KHTML, like Gecko) Chrome/133.0.0.0 Safari/537.36"
2a06:98c0:3600::103 - - [23/Feb/2025:04:01:32 +0530] "GET /wordpress/wp-admin/setup-config.php HTTP/1.1" 200 0 "-" "Mozilla/5.0 (Windows NT 10.0; Win64; x64) AppleWebKit/537.36 (KHTML, like Gecko) Chrome/133.0.0.0 Safari/537.36"
43.167.236.228 - - [23/Feb/2025:04:35:58 +0530] "GET / HTTP/1.1" 301 0 "-" "Mozilla/5.0 (iPhone; CPU iPhone OS 13_2_3 like Mac OS X) AppleWebKit/605.1.15 (KHTML, like Gecko) Version/13.0.3 Mobile/15E148 Safari/604.1"
43.167.236.228 - - [23/Feb/2025:04:36:17 +0530] "GET / HTTP/1.1" 200 18089 "http://www.entertainline.guru" "Mozilla/5.0 (iPhone; CPU iPhone OS 13_2_3 like Mac OS X) AppleWebKit/605.1.15 (KHTML, like Gecko) Version/13.0.3 Mobile/15E148 Safari/604.1"
162.55.100.32 - - [23/Feb/2025:04:48:04 +0530] "POST /wp-cron.php?doing_wp_cron=1740266284.0001211166381835937500 HTTP/1.1" 200 0 "-" "WordPress/6.7.2; https://entertainline.guru"
193.41.206.246 - - [23/Feb/2025:05:01:41 +0530] "GET / HTTP/1.1" 200 0 "-" "-"
138.122.193.8 - - [23/Feb/2025:05:16:49 +0530] "HEAD / HTTP/1.1" 301 0 "-" "Mozilla/5.0 (Macintosh; Intel Mac OS X 10_15_7) AppleWebKit/537.36 (KHTML, like Gecko) Chrome/107.0.0.0 Safari/537.36"
64.43.109.40 - - [23/Feb/2025:05:16:49 +0530] "GET / HTTP/1.1" 301 0 "-" "Mozilla/5.0 (Macintosh; Intel Mac OS X 10_15_7) AppleWebKit/537.36 (KHTML, like Gecko) Chrome/107.0.0.0 Safari/537.36"
193.41.206.246 - - [23/Feb/2025:05:04:55 +0530] "GET /controllers/settings.js HTTP/1.1" 404 13163 "-" "-"
193.41.206.246 - - [23/Feb/2025:05:04:55 +0530] "GET /getcpuutil.php-bakworking HTTP/1.1" 404 13148 "-" "-"
193.41.206.246 - - [23/Feb/2025:05:04:55 +0530] "GET /helper.js HTTP/1.1" 404 13177 "-" "-"
193.41.206.246 - - [23/Feb/2025:05:04:56 +0530] "GET /helper/EmailHelper.js HTTP/1.1" 404 13148 "-" "-"
193.41.206.246 - - [23/Feb/2025:05:04:56 +0530] "GET /index.js HTTP/1.1" 404 13148 "-" "-"
193.41.206.246 - - [23/Feb/2025:05:04:57 +0530] "GET /index.html HTTP/1.1" 404 13148 "-" "-"
193.41.206.246 - - [23/Feb/2025:05:04:57 +0530] "GET /my_env/chakaash.py HTTP/1.1" 404 13148 "-" "-"
193.41.206.246 - - [23/Feb/2025:05:04:58 +0530] "GET /my_env/newsletter.py HTTP/1.1" 404 13163 "-" "-"
193.41.206.246 - - [23/Feb/2025:05:04:58 +0530] "GET /my_env/palash.py HTTP/1.1" 404 13148 "-" "-"
193.41.206.246 - - [23/Feb/2025:05:04:58 +0530] "GET /mytest/astech_robot.js HTTP/1.1" 404 13148 "-" "-"
193.41.206.246 - - [23/Feb/2025:05:04:59 +0530] "GET /partner/config/config.js HTTP/1.1" 404 13156 "-" "-"
193.41.206.246 - - [23/Feb/2025:05:04:59 +0530] "GET /config/settings.json HTTP/1.1" 404 13163 "-" "-"
193.41.206.246 - - [23/Feb/2025:05:05:09 +0530] "GET /config/settings.local HTTP/1.1" 404 13163 "-" "-"
193.41.206.246 - - [23/Feb/2025:05:05:09 +0530] "GET /.circleci/configs/development.yml HTTP/1.1" 404 13126 "-" "-"
193.41.206.246 - - [23/Feb/2025:05:05:10 +0530] "GET /config/settings.prod HTTP/1.1" 404 13148 "-" "-"
193.41.206.246 - - [23/Feb/2025:05:05:11 +0530] "GET /app/config/parameters.yml HTTP/1.1" 404 13141 "-" "-"
193.41.206.246 - - [23/Feb/2025:05:05:11 +0530] "GET /config/parameters.yml HTTP/1.1" 404 13163 "-" "-"
193.41.206.246 - - [23/Feb/2025:05:05:12 +0530] "GET /user/config/config.js HTTP/1.1" 404 13126 "-" "-"
193.41.206.246 - - [23/Feb/2025:05:05:12 +0530] "GET /user/controllers/index.js HTTP/1.1" 404 13142 "-" "-"
193.41.206.246 - - [23/Feb/2025:05:05:13 +0530] "GET /.AWS_/credentials HTTP/1.1" 404 13163 "-" "-"
193.41.206.246 - - [23/Feb/2025:05:05:14 +0530] "GET /config/local.yml HTTP/1.1" 404 13163 "-" "-"
193.41.206.246 - - [23/Feb/2025:05:05:15 +0530] "GET /backend/config/settings.yml HTTP/1.1" 404 13142 "-" "-"
193.41.206.246 - - [23/Feb/2025:05:05:17 +0530] "GET /api/config/config.yml HTTP/1.1" 404 13142 "-" "-"
193.41.206.246 - - [23/Feb/2025:05:05:24 +0530] "GET /admin/config HTTP/1.1" 404 13148 "-" "-"
193.41.206.246 - - [23/Feb/2025:05:05:25 +0530] "GET /appsettings.json HTTP/1.1" 404 13148 "-" "-"
193.41.206.246 - - [23/Feb/2025:05:05:26 +0530] "GET /.travis.yml HTTP/1.1" 404 13148 "-" "-"
193.41.206.246 - - [23/Feb/2025:05:05:26 +0530] "GET /aws.yml HTTP/1.1" 404 13148 "-" "-"
193.41.206.246 - - [23/Feb/2025:05:05:27 +0530] "GET /sms.py HTTP/1.1" 404 13148 "-" "-"
193.41.206.246 - - [23/Feb/2025:05:05:27 +0530] "GET /config/config.json HTTP/1.1" 404 13148 "-" "-"
193.41.206.246 - - [23/Feb/2025:05:05:28 +0530] "GET /main.yml HTTP/1.1" 404 13148 "-" "-"
193.41.206.246 - - [23/Feb/2025:05:05:28 +0530] "GET /helpers/utility.js HTTP/1.1" 404 13148 "-" "-"
193.41.206.246 - - [23/Feb/2025:05:05:29 +0530] "GET /server/s3.js HTTP/1.1" 404 13163 "-" "-"
193.41.206.246 - - [23/Feb/2025:05:05:36 +0530] "GET /s3.js HTTP/1.1" 404 13148 "-" "-"
193.41.206.246 - - [23/Feb/2025:05:05:37 +0530] "GET /debug/default/view HTTP/1.1" 404 13126 "-" "-"
193.41.206.246 - - [23/Feb/2025:05:05:37 +0530] "GET /aws/credentials HTTP/1.1" 404 13148 "-" "-"
193.41.206.246 - - [23/Feb/2025:05:05:37 +0530] "GET /.aws/config HTTP/1.1" 404 13148 "-" "-"
2a06:98c0:3600::103 - - [23/Feb/2025:05:37:37 +0530] "GET /wp-admin/setup-config.php HTTP/1.1" 409 1213 "-" "Mozilla/5.0 (Windows NT 10.0; Win64; x64) AppleWebKit/537.36 (KHTML, like Gecko) Chrome/133.0.0.0 Safari/537.36"
43.153.71.12 - - [23/Feb/2025:05:38:19 +0530] "GET / HTTP/1.1" 200 18062 "-" "Mozilla/5.0 (iPhone; CPU iPhone OS 13_2_3 like Mac OS X) AppleWebKit/605.1.15 (KHTML, like Gecko) Version/13.0.3 Mobile/15E148 Safari/604.1"
2a06:98c0:3600::103 - - [23/Feb/2025:02:41:50 +0530] "GET /wordpress/wp-admin/setup-config.php HTTP/1.1" 404 13126 "-" "Mozilla/5.0 (Windows NT 10.0; Win64; x64) AppleWebKit/537.36 (KHTML, like Gecko) Chrome/133.0.0.0 Safari/537.36"
2a06:98c0:3600::103 - - [23/Feb/2025:02:42:29 +0530] "GET /wp-admin/setup-config.php HTTP/1.1" 409 1213 "-" "Mozilla/5.0 (Windows NT 10.0; Win64; x64) AppleWebKit/537.36 (KHTML, like Gecko) Chrome/133.0.0.0 Safari/537.36"
2a06:98c0:3600::103 - - [23/Feb/2025:05:14:51 +0530] "GET /wp-admin/setup-config.php HTTP/1.1" 409 1213 "-" "Mozilla/5.0 (Windows NT 10.0; Win64; x64) AppleWebKit/537.36 (KHTML, like Gecko) Chrome/133.0.0.0 Safari/537.36"
162.55.100.32 - - [23/Feb/2025:06:02:19 +0530] "POST /wp-cron.php?doing_wp_cron=1740270739.3192319869995117187500 HTTP/1.1" 200 0 "-" "WordPress/6.7.2; https://entertainline.guru"
146.70.205.148 - - [23/Feb/2025:06:11:39 +0530] "GET / HTTP/1.1" 200 89091 "-" "Mozilla/5.0 (Windows NT 10.0; Win64; x64) AppleWebKit/537.36 (KHTML, like Gecko) Chrome/78.0.3904.108 Safari/537.36"
146.70.205.148 - - [23/Feb/2025:06:11:57 +0530] "GET /?author=1 HTTP/1.1" 301 0 "-" "Mozilla/5.0 (Windows NT 10.0; Win64; x64) AppleWebKit/537.36 (KHTML, like Gecko) Chrome/78.0.3904.108 Safari/537.36"
146.70.205.148 - - [23/Feb/2025:06:12:00 +0530] "GET /?author=2 HTTP/1.1" 404 52862 "-" "Mozilla/5.0 (Windows NT 10.0; Win64; x64) AppleWebKit/537.36 (KHTML, like Gecko) Chrome/78.0.3904.108 Safari/537.36"
146.70.205.148 - - [23/Feb/2025:06:12:16 +0530] "GET /wp-json/wp/v2/users/ HTTP/1.1" 200 8007 "-" "Mozilla/5.0 (Windows NT 10.0; Win64; x64) AppleWebKit/537.36 (KHTML, like Gecko) Chrome/78.0.3904.108 Safari/537.36"
146.70.205.148 - - [23/Feb/2025:06:12:20 +0530] "GET /wp-json/oembed/1.0/embed?url=http://entertainline.guru HTTP/1.1" 404 73 "-" "Mozilla/5.0 (Windows NT 10.0; Win64; x64) AppleWebKit/537.36 (KHTML, like Gecko) Chrome/78.0.3904.108 Safari/537.36"
146.70.205.148 - - [23/Feb/2025:06:12:22 +0530] "POST /xmlrpc.php HTTP/1.1" 200 401 "-" "Mozilla/5.0 (Windows NT 10.0; Win64; x64) AppleWebKit/537.36 (KHTML, like Gecko) Chrome/78.0.3904.108 Safari/537.36"
146.70.205.148 - - [23/Feb/2025:06:12:25 +0530] "POST /xmlrpc.php HTTP/1.1" 200 401 "-" "Mozilla/5.0 (Windows NT 10.0; Win64; x64) AppleWebKit/537.36 (KHTML, like Gecko) Chrome/78.0.3904.108 Safari/537.36"
146.70.205.148 - - [23/Feb/2025:06:12:28 +0530] "POST /xmlrpc.php HTTP/1.1" 200 401 "-" "Mozilla/5.0 (Windows NT 10.0; Win64; x64) AppleWebKit/537.36 (KHTML, like Gecko) Chrome/78.0.3904.108 Safari/537.36"
146.70.205.148 - - [23/Feb/2025:06:12:31 +0530] "POST /xmlrpc.php HTTP/1.1" 200 401 "-" "Mozilla/5.0 (Windows NT 10.0; Win64; x64) AppleWebKit/537.36 (KHTML, like Gecko) Chrome/78.0.3904.108 Safari/537.36"
146.70.205.148 - - [23/Feb/2025:06:12:34 +0530] "POST /xmlrpc.php HTTP/1.1" 200 401 "-" "Mozilla/5.0 (Windows NT 10.0; Win64; x64) AppleWebKit/537.36 (KHTML, like Gecko) Chrome/78.0.3904.108 Safari/537.36"
146.70.205.148 - - [23/Feb/2025:06:12:37 +0530] "POST /xmlrpc.php HTTP/1.1" 200 401 "-" "Mozilla/5.0 (Windows NT 10.0; Win64; x64) AppleWebKit/537.36 (KHTML, like Gecko) Chrome/78.0.3904.108 Safari/537.36"
146.70.205.148 - - [23/Feb/2025:06:12:39 +0530] "POST /xmlrpc.php HTTP/1.1" 200 401 "-" "Mozilla/5.0 (Windows NT 10.0; Win64; x64) AppleWebKit/537.36 (KHTML, like Gecko) Chrome/78.0.3904.108 Safari/537.36"
146.70.205.148 - - [23/Feb/2025:06:12:43 +0530] "POST /xmlrpc.php HTTP/1.1" 200 401 "-" "Mozilla/5.0 (Windows NT 10.0; Win64; x64) AppleWebKit/537.36 (KHTML, like Gecko) Chrome/78.0.3904.108 Safari/537.36"
146.70.205.148 - - [23/Feb/2025:06:12:48 +0530] "POST /xmlrpc.php HTTP/1.1" 200 401 "-" "Mozilla/5.0 (Windows NT 10.0; Win64; x64) AppleWebKit/537.36 (KHTML, like Gecko) Chrome/78.0.3904.108 Safari/537.36"
146.70.205.148 - - [23/Feb/2025:06:12:52 +0530] "POST /xmlrpc.php HTTP/1.1" 200 401 "-" "Mozilla/5.0 (Windows NT 10.0; Win64; x64) AppleWebKit/537.36 (KHTML, like Gecko) Chrome/78.0.3904.108 Safari/537.36"
146.70.205.148 - - [23/Feb/2025:06:12:58 +0530] "POST /xmlrpc.php HTTP/1.1" 200 401 "-" "Mozilla/5.0 (Windows NT 10.0; Win64; x64) AppleWebKit/537.36 (KHTML, like Gecko) Chrome/78.0.3904.108 Safari/537.36"
146.70.205.148 - - [23/Feb/2025:06:13:08 +0530] "POST /xmlrpc.php HTTP/1.1" 200 401 "-" "Mozilla/5.0 (Windows NT 10.0; Win64; x64) AppleWebKit/537.36 (KHTML, like Gecko) Chrome/78.0.3904.108 Safari/537.36"
146.70.205.148 - - [23/Feb/2025:06:13:15 +0530] "POST /xmlrpc.php HTTP/1.1" 200 401 "-" "Mozilla/5.0 (Windows NT 10.0; Win64; x64) AppleWebKit/537.36 (KHTML, like Gecko) Chrome/78.0.3904.108 Safari/537.36"
198.235.24.149 - - [23/Feb/2025:06:08:58 +0530] "GET / HTTP/1.1" 200 0 "-" "-"
44.211.245.199 - - [23/Feb/2025:06:10:57 +0530] "GET / HTTP/1.1" 200 18062 "-" "Mozilla/5.0 (X11; Linux x86_64) AppleWebKit/537.36 (KHTML, like Gecko) Chrome/129.0.0.0 Safari/537.36"
44.211.245.199 - - [23/Feb/2025:06:11:04 +0530] "GET /wp-content/plugins/gp-premium/blog/functions/css/featured-images.min.css?ver=2.4.1 HTTP/1.1" 200 487 "http://entertainline.guru/" "Mozilla/5.0 (X11; Linux x86_64) AppleWebKit/537.36 (KHTML, like Gecko) Chrome/129.0.0.0 Safari/537.36"
44.211.245.199 - - [23/Feb/2025:06:11:04 +0530] "GET /wp-content/plugins/contact-form-7/includes/swv/js/index.js?ver=6.0.3 HTTP/1.1" 200 3522 "http://entertainline.guru/" "Mozilla/5.0 (X11; Linux x86_64) AppleWebKit/537.36 (KHTML, like Gecko) Chrome/129.0.0.0 Safari/537.36"
44.211.245.199 - - [23/Feb/2025:06:11:04 +0530] "GET /wp-content/plugins/contact-form-7/includes/css/styles.css?ver=6.0.3 HTTP/1.1" 200 1016 "http://entertainline.guru/" "Mozilla/5.0 (X11; Linux x86_64) AppleWebKit/537.36 (KHTML, like Gecko) Chrome/129.0.0.0 Safari/537.36"
44.211.245.199 - - [23/Feb/2025:06:11:04 +0530] "GET /wp-content/uploads/generatepress/style.min.css?ver=1739527775 HTTP/1.1" 200 2268 "http://entertainline.guru/" "Mozilla/5.0 (X11; Linux x86_64) AppleWebKit/537.36 (KHTML, like Gecko) Chrome/129.0.0.0 Safari/537.36"
44.211.245.199 - - [23/Feb/2025:06:11:04 +0530] "GET /wp-content/plugins/gp-premium/menu-plus/functions/css/navigation-branding-flex.min.css?ver=2.4.1 HTTP/1.1" 200 615 "http://entertainline.guru/" "Mozilla/5.0 (X11; Linux x86_64) AppleWebKit/537.36 (KHTML, like Gecko) Chrome/129.0.0.0 Safari/537.36"
44.211.245.199 - - [23/Feb/2025:06:11:04 +0530] "GET /wp-includes/js/dist/i18n.min.js?ver=5e580eb46a90c2b997e6 HTTP/1.1" 200 3667 "http://entertainline.guru/" "Mozilla/5.0 (X11; Linux x86_64) AppleWebKit/537.36 (KHTML, like Gecko) Chrome/129.0.0.0 Safari/537.36"
44.211.245.199 - - [23/Feb/2025:06:11:04 +0530] "GET /wp-content/plugins/contact-form-7/includes/js/index.js?ver=6.0.3 HTTP/1.1" 200 4236 "http://entertainline.guru/" "Mozilla/5.0 (X11; Linux x86_64) AppleWebKit/537.36 (KHTML, like Gecko) Chrome/129.0.0.0 Safari/537.36"
2a06:98c0:3600::103 - - [23/Feb/2025:06:25:11 +0530] "GET /wordpress/wp-admin/setup-config.php HTTP/1.1" 404 4477 "-" "Mozilla/5.0 (Windows NT 10.0; Win64; x64) AppleWebKit/537.36 (KHTML, like Gecko) Chrome/133.0.0.0 Safari/537.36"
44.211.245.199 - - [23/Feb/2025:06:11:04 +0530] "GET /wp-content/themes/gp-marketer-free/style.css?ver=1739330580 HTTP/1.1" 200 1015 "http://entertainline.guru/" "Mozilla/5.0 (X11; Linux x86_64) AppleWebKit/537.36 (KHTML, like Gecko) Chrome/129.0.0.0 Safari/537.36"
44.211.245.199 - - [23/Feb/2025:06:11:04 +0530] "GET /wp-includes/js/dist/hooks.min.js?ver=4d63a3d491d11ffd8ac6 HTTP/1.1" 200 1644 "http://entertainline.guru/" "Mozilla/5.0 (X11; Linux x86_64) AppleWebKit/537.36 (KHTML, like Gecko) Chrome/129.0.0.0 Safari/537.36"
44.211.245.199 - - [23/Feb/2025:06:11:05 +0530] "GET /wp-content/themes/generatepress/assets/dist/modal.js?ver=3.5.1 HTTP/1.1" 200 1408 "http://entertainline.guru/" "Mozilla/5.0 (X11; Linux x86_64) AppleWebKit/537.36 (KHTML, like Gecko) Chrome/129.0.0.0 Safari/537.36"
44.211.245.199 - - [23/Feb/2025:06:11:05 +0530] "GET /wp-includes/js/wp-emoji-release.min.js?ver=6.7.2 HTTP/1.1" 200 5072 "http://entertainline.guru/" "Mozilla/5.0 (X11; Linux x86_64) AppleWebKit/537.36 (KHTML, like Gecko) Chrome/129.0.0.0 Safari/537.36"
43.130.34.74 - - [23/Feb/2025:06:19:32 +0530] "GET / HTTP/1.1" 200 18062 "-" "Mozilla/5.0 (iPhone; CPU iPhone OS 13_2_3 like Mac OS X) AppleWebKit/605.1.15 (KHTML, like Gecko) Version/13.0.3 Mobile/15E148 Safari/604.1"
2a06:98c0:3600::103 - - [23/Feb/2025:06:03:17 +0530] "GET /wp-admin/setup-config.php HTTP/1.1" 409 1213 "-" "Mozilla/5.0 (Windows NT 10.0; Win64; x64) AppleWebKit/537.36 (KHTML, like Gecko) Chrome/133.0.0.0 Safari/537.36"
44.211.245.199 - - [23/Feb/2025:06:11:04 +0530] "GET /wp-includes/css/dist/block-library/style.min.css?ver=6.7.2 HTTP/1.1" 200 15146 "http://entertainline.guru/" "Mozilla/5.0 (X11; Linux x86_64) AppleWebKit/537.36 (KHTML, like Gecko) Chrome/129.0.0.0 Safari/537.36"
44.211.245.199 - - [23/Feb/2025:06:11:04 +0530] "GET /wp-content/plugins/gp-premium/menu-plus/functions/css/offside.min.css?ver=2.4.1 HTTP/1.1" 200 1493 "http://entertainline.guru/" "Mozilla/5.0 (X11; Linux x86_64) AppleWebKit/537.36 (KHTML, like Gecko) Chrome/129.0.0.0 Safari/537.36"
44.211.245.199 - - [23/Feb/2025:06:11:04 +0530] "GET /wp-content/themes/generatepress/assets/js/menu.min.js?ver=3.5.1 HTTP/1.1" 200 1828 "http://entertainline.guru/" "Mozilla/5.0 (X11; Linux x86_64) AppleWebKit/537.36 (KHTML, like Gecko) Chrome/129.0.0.0 Safari/537.36"
146.70.205.148 - - [23/Feb/2025:06:13:21 +0530] "POST /xmlrpc.php HTTP/1.1" 200 401 "-" "Mozilla/5.0 (Windows NT 10.0; Win64; x64) AppleWebKit/537.36 (KHTML, like Gecko) Chrome/78.0.3904.108 Safari/537.36"
146.70.205.148 - - [23/Feb/2025:06:13:33 +0530] "POST /xmlrpc.php HTTP/1.1" 200 401 "-" "Mozilla/5.0 (Windows NT 10.0; Win64; x64) AppleWebKit/537.36 (KHTML, like Gecko) Chrome/78.0.3904.108 Safari/537.36"
2a06:98c0:3600::103 - - [23/Feb/2025:06:02:16 +0530] "GET /wordpress/wp-admin/setup-config.php HTTP/1.1" 404 13126 "-" "Mozilla/5.0 (Windows NT 10.0; Win64; x64) AppleWebKit/537.36 (KHTML, like Gecko) Chrome/133.0.0.0 Safari/537.36"
44.211.245.199 - - [23/Feb/2025:06:11:04 +0530] "GET /wp-content/themes/generatepress/assets/css/main.min.css?ver=3.5.1 HTTP/1.1" 200 4670 "http://entertainline.guru/" "Mozilla/5.0 (X11; Linux x86_64) AppleWebKit/537.36 (KHTML, like Gecko) Chrome/129.0.0.0 Safari/537.36"
44.211.245.199 - - [23/Feb/2025:06:11:04 +0530] "GET /wp-content/plugins/gp-premium/menu-plus/functions/js/offside.min.js?ver=2.4.1 HTTP/1.1" 200 2173 "http://entertainline.guru/" "Mozilla/5.0 (X11; Linux x86_64) AppleWebKit/537.36 (KHTML, like Gecko) Chrome/129.0.0.0 Safari/537.36"
2a06:98c0:3600::103 - - [23/Feb/2025:06:54:37 +0530] "GET /wp-admin/setup-config.php HTTP/1.1" 409 1213 "-" "Mozilla/5.0 (Windows NT 10.0; Win64; x64) AppleWebKit/537.36 (KHTML, like Gecko) Chrome/133.0.0.0 Safari/537.36"
2a06:98c0:3600::103 - - [23/Feb/2025:07:16:24 +0530] "GET /wp-admin/setup-config.php HTTP/1.1" 409 1213 "-" "Mozilla/5.0 (Windows NT 10.0; Win64; x64) AppleWebKit/537.36 (KHTML, like Gecko) Chrome/133.0.0.0 Safari/537.36"
152.42.209.174 - - [23/Feb/2025:08:35:03 +0530] "GET / HTTP/1.1" 200 89091 "-" "Mozilla/5.0 (Windows NT 10.0; Win64; x64) AppleWebKit/537.36 (KHTML, like Gecko) Chrome/78.0.3904.108 Safari/537.36"
152.42.209.174 - - [23/Feb/2025:08:35:04 +0530] "GET /?author=1 HTTP/1.1" 301 0 "-" "Mozilla/5.0 (Windows NT 10.0; Win64; x64) AppleWebKit/537.36 (KHTML, like Gecko) Chrome/78.0.3904.108 Safari/537.36"
152.42.209.174 - - [23/Feb/2025:08:35:05 +0530] "GET /?author=2 HTTP/1.1" 404 52862 "-" "Mozilla/5.0 (Windows NT 10.0; Win64; x64) AppleWebKit/537.36 (KHTML, like Gecko) Chrome/78.0.3904.108 Safari/537.36"
152.42.209.174 - - [23/Feb/2025:08:35:05 +0530] "GET /wp-json/wp/v2/users/ HTTP/1.1" 200 8007 "-" "Mozilla/5.0 (Windows NT 10.0; Win64; x64) AppleWebKit/537.36 (KHTML, like Gecko) Chrome/78.0.3904.108 Safari/537.36"
152.42.209.174 - - [23/Feb/2025:08:35:06 +0530] "GET /wp-json/oembed/1.0/embed?url=http://entertainline.guru HTTP/1.1" 404 73 "-" "Mozilla/5.0 (Windows NT 10.0; Win64; x64) AppleWebKit/537.36 (KHTML, like Gecko) Chrome/78.0.3904.108 Safari/537.36"
152.42.209.174 - - [23/Feb/2025:08:35:06 +0530] "POST /xmlrpc.php HTTP/1.1" 200 403 "-" "Mozilla/5.0 (Windows NT 10.0; Win64; x64) AppleWebKit/537.36 (KHTML, like Gecko) Chrome/78.0.3904.108 Safari/537.36"
152.42.209.174 - - [23/Feb/2025:08:35:15 +0530] "POST /xmlrpc.php HTTP/1.1" 200 401 "-" "Mozilla/5.0 (Windows NT 10.0; Win64; x64) AppleWebKit/537.36 (KHTML, like Gecko) Chrome/78.0.3904.108 Safari/537.36"
152.42.209.174 - - [23/Feb/2025:08:35:19 +0530] "POST /xmlrpc.php HTTP/1.1" 200 403 "-" "Mozilla/5.0 (Windows NT 10.0; Win64; x64) AppleWebKit/537.36 (KHTML, like Gecko) Chrome/78.0.3904.108 Safari/537.36"
152.42.209.174 - - [23/Feb/2025:08:35:30 +0530] "POST /xmlrpc.php HTTP/1.1" 200 401 "-" "Mozilla/5.0 (Windows NT 10.0; Win64; x64) AppleWebKit/537.36 (KHTML, like Gecko) Chrome/78.0.3904.108 Safari/537.36"
152.42.209.174 - - [23/Feb/2025:08:35:31 +0530] "POST /xmlrpc.php HTTP/1.1" 200 401 "-" "Mozilla/5.0 (Windows NT 10.0; Win64; x64) AppleWebKit/537.36 (KHTML, like Gecko) Chrome/78.0.3904.108 Safari/537.36"
152.42.209.174 - - [23/Feb/2025:08:35:45 +0530] "POST /xmlrpc.php HTTP/1.1" 200 401 "-" "Mozilla/5.0 (Windows NT 10.0; Win64; x64) AppleWebKit/537.36 (KHTML, like Gecko) Chrome/78.0.3904.108 Safari/537.36"
152.42.209.174 - - [23/Feb/2025:08:35:46 +0530] "POST /xmlrpc.php HTTP/1.1" 200 401 "-" "Mozilla/5.0 (Windows NT 10.0; Win64; x64) AppleWebKit/537.36 (KHTML, like Gecko) Chrome/78.0.3904.108 Safari/537.36"
152.42.209.174 - - [23/Feb/2025:08:35:50 +0530] "POST /xmlrpc.php HTTP/1.1" 200 401 "-" "Mozilla/5.0 (Windows NT 10.0; Win64; x64) AppleWebKit/537.36 (KHTML, like Gecko) Chrome/78.0.3904.108 Safari/537.36"
152.42.209.174 - - [23/Feb/2025:08:36:00 +0530] "POST /xmlrpc.php HTTP/1.1" 200 401 "-" "Mozilla/5.0 (Windows NT 10.0; Win64; x64) AppleWebKit/537.36 (KHTML, like Gecko) Chrome/78.0.3904.108 Safari/537.36"
