152.59.84.55 - - [07/Feb/2025:14:06:02 +0530] "POST /wp-admin/post.php HTTP/1.1" 302 0 "https://sarkariyojanaguru.xyz/wp-admin/post.php?post=44&action=edit" "Mozilla/5.0 (Windows NT 10.0; Win64; x64) AppleWebKit/537.36 (KHTML, like Gecko) Chrome/132.0.0.0 Safari/537.36"
152.59.84.55 - - [07/Feb/2025:14:06:05 +0530] "GET /wp-admin/post.php?post=44&action=edit&message=1 HTTP/1.1" 200 669019 "https://sarkariyojanaguru.xyz/wp-admin/post.php?post=44&action=edit" "Mozilla/5.0 (Windows NT 10.0; Win64; x64) AppleWebKit/537.36 (KHTML, like Gecko) Chrome/132.0.0.0 Safari/537.36"
152.59.84.55 - - [07/Feb/2025:14:06:08 +0530] "GET /sarkari-yojana-pension-status-how-to-check/ HTTP/1.1" 200 624823 "https://sarkariyojanaguru.xyz/wp-admin/post.php?post=44&action=edit" "Mozilla/5.0 (Windows NT 10.0; Win64; x64) AppleWebKit/537.36 (KHTML, like Gecko) Chrome/132.0.0.0 Safari/537.36"
152.59.84.55 - - [07/Feb/2025:13:59:15 +0530] "POST /wp-admin/admin-ajax.php HTTP/1.1" 200 51 "https://sarkariyojanaguru.xyz/wp-admin/admin.php?page=wpcode-headers-footers" "Mozilla/5.0 (Windows NT 10.0; Win64; x64) AppleWebKit/537.36 (KHTML, like Gecko) Chrome/132.0.0.0 Safari/537.36"
152.59.84.55 - - [07/Feb/2025:13:59:18 +0530] "GET / HTTP/1.1" 200 11149 "https://sarkariyojanaguru.xyz/wp-admin/admin.php?page=wpcode-headers-footers" "Mozilla/5.0 (Windows NT 10.0; Win64; x64) AppleWebKit/537.36 (KHTML, like Gecko) Chrome/132.0.0.0 Safari/537.36"
152.59.84.55 - - [07/Feb/2025:13:59:28 +0530] "GET /wp-admin/post-new.php HTTP/1.1" 200 48861 "https://sarkariyojanaguru.xyz/" "Mozilla/5.0 (Windows NT 10.0; Win64; x64) AppleWebKit/537.36 (KHTML, like Gecko) Chrome/132.0.0.0 Safari/537.36"
162.55.100.32 - - [07/Feb/2025:13:58:05 +0530] "POST /wp-cron.php?doing_wp_cron=1738916885.5434160232543945312500 HTTP/1.1" 200 0 "-" "WordPress/6.7.1; https://sarkariyojanaguru.xyz"
54.36.149.86 - - [07/Feb/2025:13:51:23 +0530] "GET /wp-comments-post.php HTTP/2" 405 0 "-" "Mozilla/5.0 (compatible; AhrefsBot/7.0; +http://ahrefs.com/robot/)"
152.59.84.55 - - [07/Feb/2025:13:58:04 +0530] "POST /wp-admin/admin-ajax.php HTTP/1.1" 200 68 "https://sarkariyojanaguru.xyz/wp-admin/admin.php?page=wpcode-headers-footers" "Mozilla/5.0 (Windows NT 10.0; Win64; x64) AppleWebKit/537.36 (KHTML, like Gecko) Chrome/132.0.0.0 Safari/537.36"
152.59.84.55 - - [07/Feb/2025:14:00:31 +0530] "POST /wp-admin/admin-ajax.php HTTP/1.1" 200 51 "https://sarkariyojanaguru.xyz/wp-admin/post-new.php" "Mozilla/5.0 (Windows NT 10.0; Win64; x64) AppleWebKit/537.36 (KHTML, like Gecko) Chrome/132.0.0.0 Safari/537.36"
152.59.84.55 - - [07/Feb/2025:14:28:51 +0530] "GET /wp-admin/post.php?post=47&action=edit HTTP/1.1" 200 527257 "https://sarkariyojanaguru.xyz/sarkari-yojana-post-offices-superhit-scheme-you-will-get-rs-9250-every-month/" "Mozilla/5.0 (Windows NT 10.0; Win64; x64) AppleWebKit/537.36 (KHTML, like Gecko) Chrome/132.0.0.0 Safari/537.36"
152.59.84.55 - - [07/Feb/2025:14:28:54 +0530] "POST /wp-admin/admin-ajax.php HTTP/1.1" 200 327 "https://sarkariyojanaguru.xyz/wp-admin/post.php?post=47&action=edit" "Mozilla/5.0 (Windows NT 10.0; Win64; x64) AppleWebKit/537.36 (KHTML, like Gecko) Chrome/132.0.0.0 Safari/537.36"
152.59.84.55 - - [07/Feb/2025:14:29:00 +0530] "POST /wp-admin/admin-ajax.php HTTP/1.1" 200 20 "https://sarkariyojanaguru.xyz/wp-admin/post.php?post=47&action=edit" "Mozilla/5.0 (Windows NT 10.0; Win64; x64) AppleWebKit/537.36 (KHTML, like Gecko) Chrome/132.0.0.0 Safari/537.36"
152.59.84.55 - - [07/Feb/2025:14:29:00 +0530] "POST /wp-admin/admin-ajax.php HTTP/1.1" 200 1237 "https://sarkariyojanaguru.xyz/wp-admin/post.php?post=47&action=edit" "Mozilla/5.0 (Windows NT 10.0; Win64; x64) AppleWebKit/537.36 (KHTML, like Gecko) Chrome/132.0.0.0 Safari/537.36"
152.59.84.55 - - [07/Feb/2025:14:29:03 +0530] "POST /wp-admin/async-upload.php HTTP/1.1" 200 705 "https://sarkariyojanaguru.xyz/wp-admin/post.php?post=47&action=edit" "Mozilla/5.0 (Windows NT 10.0; Win64; x64) AppleWebKit/537.36 (KHTML, like Gecko) Chrome/132.0.0.0 Safari/537.36"
152.59.84.55 - - [07/Feb/2025:14:29:06 +0530] "GET /wp-content/uploads/2025/02/Sarkari-Yojana-Post-Offices-superhit-scheme-you-will-get-Rs-9250-every-month-300x158.jpg HTTP/1.1" 200 17710 "https://sarkariyojanaguru.xyz/wp-admin/post.php?post=47&action=edit" "Mozilla/5.0 (Windows NT 10.0; Win64; x64) AppleWebKit/537.36 (KHTML, like Gecko) Chrome/132.0.0.0 Safari/537.36"
152.59.84.55 - - [07/Feb/2025:14:29:09 +0530] "POST /wp-admin/admin-ajax.php HTTP/1.1" 200 20 "https://sarkariyojanaguru.xyz/wp-admin/post.php?post=47&action=edit" "Mozilla/5.0 (Windows NT 10.0; Win64; x64) AppleWebKit/537.36 (KHTML, like Gecko) Chrome/132.0.0.0 Safari/537.36"
152.59.84.55 - - [07/Feb/2025:14:29:10 +0530] "POST /wp-admin/admin-ajax.php HTTP/1.1" 200 20 "https://sarkariyojanaguru.xyz/wp-admin/post.php?post=47&action=edit" "Mozilla/5.0 (Windows NT 10.0; Win64; x64) AppleWebKit/537.36 (KHTML, like Gecko) Chrome/132.0.0.0 Safari/537.36"
152.59.84.55 - - [07/Feb/2025:14:29:12 +0530] "POST /wp-admin/admin-ajax.php HTTP/1.1" 200 20 "https://sarkariyojanaguru.xyz/wp-admin/post.php?post=47&action=edit" "Mozilla/5.0 (Windows NT 10.0; Win64; x64) AppleWebKit/537.36 (KHTML, like Gecko) Chrome/132.0.0.0 Safari/537.36"
152.59.84.55 - - [07/Feb/2025:14:29:13 +0530] "POST /wp-admin/admin-ajax.php HTTP/1.1" 200 580 "https://sarkariyojanaguru.xyz/wp-admin/post.php?post=47&action=edit" "Mozilla/5.0 (Windows NT 10.0; Win64; x64) AppleWebKit/537.36 (KHTML, like Gecko) Chrome/132.0.0.0 Safari/537.36"
152.59.84.55 - - [07/Feb/2025:14:29:15 +0530] "POST /wp-admin/post.php HTTP/1.1" 302 0 "https://sarkariyojanaguru.xyz/wp-admin/post.php?post=47&action=edit" "Mozilla/5.0 (Windows NT 10.0; Win64; x64) AppleWebKit/537.36 (KHTML, like Gecko) Chrome/132.0.0.0 Safari/537.36"
152.59.84.55 - - [07/Feb/2025:14:29:20 +0530] "GET /wp-admin/post.php?post=47&action=edit&message=1 HTTP/1.1" 200 527419 "https://sarkariyojanaguru.xyz/wp-admin/post.php?post=47&action=edit" "Mozilla/5.0 (Windows NT 10.0; Win64; x64) AppleWebKit/537.36 (KHTML, like Gecko) Chrome/132.0.0.0 Safari/537.36"
152.59.84.55 - - [07/Feb/2025:14:29:22 +0530] "POST /wp-admin/admin-ajax.php HTTP/1.1" 200 327 "https://sarkariyojanaguru.xyz/wp-admin/post.php?post=47&action=edit" "Mozilla/5.0 (Windows NT 10.0; Win64; x64) AppleWebKit/537.36 (KHTML, like Gecko) Chrome/132.0.0.0 Safari/537.36"
64.23.151.246 - - [07/Feb/2025:14:41:01 +0530] "POST /wp-login.php HTTP/1.1" 200 6604 "-" "Mozilla/5.0"
66.220.149.113 - - [07/Feb/2025:14:35:57 +0530] "GET /pradhan-mantri-awas-yojana-how-to-apply-online-pm-awas-yojana-list-eligibility/ HTTP/2" 404 28215 "-" "facebookexternalhit/1.1 (+http://www.facebook.com/externalhit_uatext.php)"
152.59.84.55 - - [07/Feb/2025:14:29:22 +0530] "GET /wp-admin/admin-ajax.php?action=oembed-cache&post=47 HTTP/1.1" 200 5 "https://sarkariyojanaguru.xyz/wp-admin/post.php?post=47&action=edit" "Mozilla/5.0 (Windows NT 10.0; Win64; x64) AppleWebKit/537.36 (KHTML, like Gecko) Chrome/132.0.0.0 Safari/537.36"
152.59.84.55 - - [07/Feb/2025:14:29:27 +0530] "GET /sarkari-yojana-post-offices-superhit-scheme-you-will-get-rs-9250-every-month/ HTTP/1.1" 200 483870 "https://sarkariyojanaguru.xyz/wp-admin/post.php?post=47&action=edit" "Mozilla/5.0 (Windows NT 10.0; Win64; x64) AppleWebKit/537.36 (KHTML, like Gecko) Chrome/132.0.0.0 Safari/537.36"
152.59.84.55 - - [07/Feb/2025:14:29:27 +0530] "GET /wp-content/uploads/2025/02/Sarkari-Yojana-Post-Offices-superhit-scheme-you-will-get-Rs-9250-every-month-1024x540.jpg HTTP/1.1" 200 93192 "https://sarkariyojanaguru.xyz/sarkari-yojana-post-offices-superhit-scheme-you-will-get-rs-9250-every-month/" "Mozilla/5.0 (Windows NT 10.0; Win64; x64) AppleWebKit/537.36 (KHTML, like Gecko) Chrome/132.0.0.0 Safari/537.36"
152.59.84.55 - - [07/Feb/2025:14:29:27 +0530] "POST /wp-admin/admin-ajax.php HTTP/1.1" 200 5 "https://sarkariyojanaguru.xyz/wp-admin/post.php?post=47&action=edit" "Mozilla/5.0 (Windows NT 10.0; Win64; x64) AppleWebKit/537.36 (KHTML, like Gecko) Chrome/132.0.0.0 Safari/537.36"
152.59.84.55 - - [07/Feb/2025:14:29:48 +0530] "GET / HTTP/1.1" 200 11957 "https://sarkariyojanaguru.xyz/sarkari-yojana-post-offices-superhit-scheme-you-will-get-rs-9250-every-month/" "Mozilla/5.0 (Windows NT 10.0; Win64; x64) AppleWebKit/537.36 (KHTML, like Gecko) Chrome/132.0.0.0 Safari/537.36"
152.59.84.55 - - [07/Feb/2025:14:29:49 +0530] "GET /wp-content/uploads/2025/02/Sarkari-Yojana-Post-Offices-superhit-scheme-you-will-get-Rs-9250-every-month-200x140.jpg HTTP/1.1" 200 13529 "https://sarkariyojanaguru.xyz/" "Mozilla/5.0 (Windows NT 10.0; Win64; x64) AppleWebKit/537.36 (KHTML, like Gecko) Chrome/132.0.0.0 Safari/537.36"
152.59.84.55 - - [07/Feb/2025:14:29:51 +0530] "GET /wp-content/uploads/2025/02/Sarkari-Yojana-Post-Offices-superhit-scheme-you-will-get-Rs-9250-every-month-658x300.jpg HTTP/1.1" 200 44016 "https://sarkariyojanaguru.xyz/" "Mozilla/5.0 (Windows NT 10.0; Win64; x64) AppleWebKit/537.36 (KHTML, like Gecko) Chrome/132.0.0.0 Safari/537.36"
66.220.149.113 - - [07/Feb/2025:14:35:56 +0530] "GET /pradhan-mantri-awas-yojana-how-to-apply-online-pm-awas-yojana-list-eligibility/ HTTP/2" 404 28215 "-" "facebookexternalhit/1.1 (+http://www.facebook.com/externalhit_uatext.php)"
66.220.149.6 - - [07/Feb/2025:14:35:56 +0530] "GET /pradhan-mantri-awas-yojana-how-to-apply-online-pm-awas-yojana-list-eligibility/ HTTP/2" 404 28215 "-" "facebookexternalhit/1.1 (+http://www.facebook.com/externalhit_uatext.php)"
152.59.84.55 - - [07/Feb/2025:14:26:49 +0530] "GET /wp-admin/post-new.php HTTP/1.1" 200 48831 "https://sarkariyojanaguru.xyz/" "Mozilla/5.0 (Windows NT 10.0; Win64; x64) AppleWebKit/537.36 (KHTML, like Gecko) Chrome/132.0.0.0 Safari/537.36"
152.59.84.55 - - [07/Feb/2025:14:26:53 +0530] "POST /wp-admin/admin-ajax.php HTTP/1.1" 200 327 "https://sarkariyojanaguru.xyz/wp-admin/post-new.php" "Mozilla/5.0 (Windows NT 10.0; Win64; x64) AppleWebKit/537.36 (KHTML, like Gecko) Chrome/132.0.0.0 Safari/537.36"
152.59.84.55 - - [07/Feb/2025:14:27:07 +0530] "POST /wp-admin/admin-ajax.php HTTP/1.1" 200 98 "https://sarkariyojanaguru.xyz/wp-admin/post-new.php" "Mozilla/5.0 (Windows NT 10.0; Win64; x64) AppleWebKit/537.36 (KHTML, like Gecko) Chrome/132.0.0.0 Safari/537.36"
152.59.84.55 - - [07/Feb/2025:14:27:12 +0530] "POST /wp-admin/admin-ajax.php HTTP/1.1" 200 51 "https://sarkariyojanaguru.xyz/wp-admin/post-new.php" "Mozilla/5.0 (Windows NT 10.0; Win64; x64) AppleWebKit/537.36 (KHTML, like Gecko) Chrome/132.0.0.0 Safari/537.36"
152.59.84.55 - - [07/Feb/2025:14:27:20 +0530] "POST /wp-admin/post.php HTTP/1.1" 302 0 "https://sarkariyojanaguru.xyz/wp-admin/post-new.php?wp-post-new-reload=true" "Mozilla/5.0 (Windows NT 10.0; Win64; x64) AppleWebKit/537.36 (KHTML, like Gecko) Chrome/132.0.0.0 Safari/537.36"
152.59.84.55 - - [07/Feb/2025:14:27:23 +0530] "GET /wp-admin/post.php?post=47&action=edit&message=6 HTTP/1.1" 200 527128 "https://sarkariyojanaguru.xyz/wp-admin/post-new.php?wp-post-new-reload=true" "Mozilla/5.0 (Windows NT 10.0; Win64; x64) AppleWebKit/537.36 (KHTML, like Gecko) Chrome/132.0.0.0 Safari/537.36"
152.59.84.55 - - [07/Feb/2025:14:21:30 +0530] "GET / HTTP/1.1" 200 11562 "https://sarkariyojanaguru.xyz/sarkari-yojana-pension-status-how-to-check/" "Mozilla/5.0 (Windows NT 10.0; Win64; x64) AppleWebKit/537.36 (KHTML, like Gecko) Chrome/132.0.0.0 Safari/537.36"
152.59.84.55 - - [07/Feb/2025:14:21:33 +0530] "GET /wp-content/uploads/2025/02/Sarkari-Yojana-Pension-Status-How-to-Check-200x140.jpg HTTP/1.1" 200 11904 "https://sarkariyojanaguru.xyz/" "Mozilla/5.0 (Windows NT 10.0; Win64; x64) AppleWebKit/537.36 (KHTML, like Gecko) Chrome/132.0.0.0 Safari/537.36"
152.59.84.55 - - [07/Feb/2025:14:21:35 +0530] "GET /wp-content/uploads/2025/02/Sarkari-Yojana-Pension-Status-How-to-Check-658x300.jpg HTTP/1.1" 200 39246 "https://sarkariyojanaguru.xyz/" "Mozilla/5.0 (Windows NT 10.0; Win64; x64) AppleWebKit/537.36 (KHTML, like Gecko) Chrome/132.0.0.0 Safari/537.36"
152.59.84.55 - - [07/Feb/2025:14:27:26 +0530] "POST /wp-admin/admin-ajax.php HTTP/1.1" 200 327 "https://sarkariyojanaguru.xyz/wp-admin/post.php?post=47&action=edit" "Mozilla/5.0 (Windows NT 10.0; Win64; x64) AppleWebKit/537.36 (KHTML, like Gecko) Chrome/132.0.0.0 Safari/537.36"
152.59.84.55 - - [07/Feb/2025:14:27:26 +0530] "GET /wp-admin/admin-ajax.php?action=oembed-cache&post=47 HTTP/1.1" 200 5 "https://sarkariyojanaguru.xyz/wp-admin/post.php?post=47&action=edit" "Mozilla/5.0 (Windows NT 10.0; Win64; x64) AppleWebKit/537.36 (KHTML, like Gecko) Chrome/132.0.0.0 Safari/537.36"
152.59.84.55 - - [07/Feb/2025:14:27:40 +0530] "POST /wp-admin/admin-ajax.php HTTP/1.1" 200 5 "https://sarkariyojanaguru.xyz/wp-admin/post.php?post=47&action=edit" "Mozilla/5.0 (Windows NT 10.0; Win64; x64) AppleWebKit/537.36 (KHTML, like Gecko) Chrome/132.0.0.0 Safari/537.36"
152.59.84.55 - - [07/Feb/2025:14:27:40 +0530] "GET /sarkari-yojana-post-offices-superhit-scheme-you-will-get-rs-9250-every-month/ HTTP/1.1" 200 483670 "https://sarkariyojanaguru.xyz/wp-admin/post.php?post=47&action=edit" "Mozilla/5.0 (Windows NT 10.0; Win64; x64) AppleWebKit/537.36 (KHTML, like Gecko) Chrome/132.0.0.0 Safari/537.36"
152.59.84.55 - - [07/Feb/2025:14:27:41 +0530] "GET /wp-content/uploads/2025/02/Sarkari-Yojana-Pension-Status-How-to-Check-60x42.jpg HTTP/1.1" 200 5109 "https://sarkariyojanaguru.xyz/sarkari-yojana-post-offices-superhit-scheme-you-will-get-rs-9250-every-month/" "Mozilla/5.0 (Windows NT 10.0; Win64; x64) AppleWebKit/537.36 (KHTML, like Gecko) Chrome/132.0.0.0 Safari/537.36"
69.63.189.8 - - [07/Feb/2025:14:34:18 +0530] "GET /wp-content/uploads/2025/01/sarkari-yojana-guru-Pradhan-Mantri-Awas-Yojana-How-to-apply-online-PM-Awas-Yojana-list-eligibility.jpg HTTP/2" 404 28215 "-" "facebookexternalhit/1.1 (+http://www.facebook.com/externalhit_uatext.php)"
162.55.100.32 - - [07/Feb/2025:14:06:05 +0530] "POST /wp-cron.php?doing_wp_cron=1738917365.4903559684753417968750 HTTP/1.1" 200 0 "-" "WordPress/6.7.1; https://sarkariyojanaguru.xyz"
162.55.100.32 - - [07/Feb/2025:14:27:23 +0530] "POST /wp-cron.php?doing_wp_cron=1738918643.6557090282440185546875 HTTP/1.1" 200 0 "-" "WordPress/6.7.1; https://sarkariyojanaguru.xyz"
66.220.149.8 - - [07/Feb/2025:14:35:57 +0530] "GET /pradhan-mantri-awas-yojana-how-to-apply-online-pm-awas-yojana-list-eligibility/ HTTP/2" 404 28215 "-" "facebookexternalhit/1.1 (+http://www.facebook.com/externalhit_uatext.php)"
152.59.84.55 - - [07/Feb/2025:14:06:09 +0530] "GET /wp-content/uploads/2025/02/Sarkari-Yojana-Pension-Status-How-to-Check-1024x540.jpg HTTP/1.1" 200 80069 "https://sarkariyojanaguru.xyz/sarkari-yojana-pension-status-how-to-check/" "Mozilla/5.0 (Windows NT 10.0; Win64; x64) AppleWebKit/537.36 (KHTML, like Gecko) Chrome/132.0.0.0 Safari/537.36"
31.13.115.9 - - [07/Feb/2025:14:07:44 +0530] "GET /wp-content/uploads/2025/01/sarkari-yojana-guru-Pradhan-Mantri-Awas-Yojana-How-to-apply-online-PM-Awas-Yojana-list-eligibility.jpg HTTP/2" 404 27710 "-" "facebookexternalhit/1.1 (+http://www.facebook.com/externalhit_uatext.php)"
162.55.100.32 - - [07/Feb/2025:14:29:20 +0530] "POST /wp-cron.php?doing_wp_cron=1738918760.5350990295410156250000 HTTP/1.1" 200 0 "-" "WordPress/6.7.1; https://sarkariyojanaguru.xyz"
162.55.100.32 - - [07/Feb/2025:14:03:20 +0530] "POST /wp-cron.php?doing_wp_cron=1738917200.7404530048370361328125 HTTP/1.1" 200 0 "-" "WordPress/6.7.1; https://sarkariyojanaguru.xyz"
64.23.151.246 - - [07/Feb/2025:14:06:31 +0530] "POST /wp-login.php HTTP/1.1" 200 6604 "-" "Mozilla/5.0"
152.59.84.55 - - [07/Feb/2025:14:02:32 +0530] "POST /wp-admin/admin-ajax.php HTTP/1.1" 200 51 "https://sarkariyojanaguru.xyz/wp-admin/post-new.php" "Mozilla/5.0 (Windows NT 10.0; Win64; x64) AppleWebKit/537.36 (KHTML, like Gecko) Chrome/132.0.0.0 Safari/537.36"
152.59.84.55 - - [07/Feb/2025:14:02:41 +0530] "POST /wp-admin/admin-ajax.php HTTP/1.1" 200 118 "https://sarkariyojanaguru.xyz/wp-admin/post-new.php" "Mozilla/5.0 (Windows NT 10.0; Win64; x64) AppleWebKit/537.36 (KHTML, like Gecko) Chrome/132.0.0.0 Safari/537.36"
152.59.84.55 - - [07/Feb/2025:14:03:01 +0530] "POST /wp-admin/admin-ajax.php HTTP/1.1" 200 98 "https://sarkariyojanaguru.xyz/wp-admin/post-new.php" "Mozilla/5.0 (Windows NT 10.0; Win64; x64) AppleWebKit/537.36 (KHTML, like Gecko) Chrome/132.0.0.0 Safari/537.36"
152.59.84.55 - - [07/Feb/2025:14:03:08 +0530] "POST /wp-admin/admin-ajax.php HTTP/1.1" 200 51 "https://sarkariyojanaguru.xyz/wp-admin/post-new.php" "Mozilla/5.0 (Windows NT 10.0; Win64; x64) AppleWebKit/537.36 (KHTML, like Gecko) Chrome/132.0.0.0 Safari/537.36"
152.59.84.55 - - [07/Feb/2025:14:03:19 +0530] "POST /wp-admin/post.php HTTP/1.1" 302 0 "https://sarkariyojanaguru.xyz/wp-admin/post-new.php?wp-post-new-reload=true" "Mozilla/5.0 (Windows NT 10.0; Win64; x64) AppleWebKit/537.36 (KHTML, like Gecko) Chrome/132.0.0.0 Safari/537.36"
152.59.84.55 - - [07/Feb/2025:14:03:20 +0530] "GET /wp-admin/post.php?post=44&action=edit&message=6 HTTP/1.1" 200 669082 "https://sarkariyojanaguru.xyz/wp-admin/post-new.php?wp-post-new-reload=true" "Mozilla/5.0 (Windows NT 10.0; Win64; x64) AppleWebKit/537.36 (KHTML, like Gecko) Chrome/132.0.0.0 Safari/537.36"
152.59.84.55 - - [07/Feb/2025:14:03:23 +0530] "POST /wp-admin/admin-ajax.php HTTP/1.1" 200 118 "https://sarkariyojanaguru.xyz/wp-admin/post.php?post=44&action=edit" "Mozilla/5.0 (Windows NT 10.0; Win64; x64) AppleWebKit/537.36 (KHTML, like Gecko) Chrome/132.0.0.0 Safari/537.36"
152.59.84.55 - - [07/Feb/2025:14:03:23 +0530] "GET /wp-admin/admin-ajax.php?action=oembed-cache&post=44 HTTP/1.1" 200 5 "https://sarkariyojanaguru.xyz/wp-admin/post.php?post=44&action=edit" "Mozilla/5.0 (Windows NT 10.0; Win64; x64) AppleWebKit/537.36 (KHTML, like Gecko) Chrome/132.0.0.0 Safari/537.36"
152.59.84.55 - - [07/Feb/2025:14:03:28 +0530] "GET /sarkari-yojana-pension-status-how-to-check/ HTTP/1.1" 200 625099 "https://sarkariyojanaguru.xyz/wp-admin/post.php?post=44&action=edit" "Mozilla/5.0 (Windows NT 10.0; Win64; x64) AppleWebKit/537.36 (KHTML, like Gecko) Chrome/132.0.0.0 Safari/537.36"
152.59.84.55 - - [07/Feb/2025:14:03:29 +0530] "POST /wp-admin/admin-ajax.php HTTP/1.1" 200 5 "https://sarkariyojanaguru.xyz/wp-admin/post.php?post=44&action=edit" "Mozilla/5.0 (Windows NT 10.0; Win64; x64) AppleWebKit/537.36 (KHTML, like Gecko) Chrome/132.0.0.0 Safari/537.36"
152.59.84.55 - - [07/Feb/2025:14:03:29 +0530] "GET /wp-content/uploads/2025/02/download-1-60x42.webp HTTP/1.1" 200 1482 "https://sarkariyojanaguru.xyz/sarkari-yojana-pension-status-how-to-check/" "Mozilla/5.0 (Windows NT 10.0; Win64; x64) AppleWebKit/537.36 (KHTML, like Gecko) Chrome/132.0.0.0 Safari/537.36"
152.59.84.55 - - [07/Feb/2025:14:03:29 +0530] "GET /wp-content/uploads/2025/02/download-60x42.webp HTTP/1.1" 200 2160 "https://sarkariyojanaguru.xyz/sarkari-yojana-pension-status-how-to-check/" "Mozilla/5.0 (Windows NT 10.0; Win64; x64) AppleWebKit/537.36 (KHTML, like Gecko) Chrome/132.0.0.0 Safari/537.36"
51.68.11.223 - - [07/Feb/2025:14:51:27 +0530] "GET /wp-login.php HTTP/1.1" 200 2098 "http://sarkariyojanaguru.xyz/wp-login.php" "GRequests/0.10"
51.68.11.223 - - [07/Feb/2025:14:51:28 +0530] "GET /wp-login.php HTTP/1.1" 200 2098 "http://sarkariyojanaguru.xyz/wp-login.php" "GRequests/0.10"
51.68.11.223 - - [07/Feb/2025:14:51:29 +0530] "GET /wp-admin/ HTTP/1.1" 302 0 "http://sarkariyojanaguru.xyz/wp-admin/" "GRequests/0.10"
51.68.11.223 - - [07/Feb/2025:14:51:29 +0530] "GET /wp-login.php?redirect_to=https%3A%2F%2Fsarkariyojanaguru.xyz%2Fwp-admin%2F&reauth=1 HTTP/1.1" 200 2098 "https://sarkariyojanaguru.xyz/wp-admin/" "GRequests/0.10"
159.223.173.64 - - [07/Feb/2025:14:59:44 +0530] "GET /wp-login.php HTTP/1.1" 200 2098 "-" "Mozilla/5.0"
159.223.173.64 - - [07/Feb/2025:14:59:45 +0530] "GET /?author=1 HTTP/1.1" 301 0 "-" "Mozilla/5.0"
159.223.173.64 - - [07/Feb/2025:14:59:45 +0530] "GET /?author=2 HTTP/1.1" 404 7451 "-" "Mozilla/5.0"
31.13.103.2 - - [07/Feb/2025:14:54:47 +0530] "GET /wp-content/uploads/2025/01/sarkari-yojana-guru-Pradhan-Mantri-Awas-Yojana-How-to-apply-online-PM-Awas-Yojana-list-eligibility.jpg HTTP/2" 404 28215 "-" "facebookexternalhit/1.1 (+http://www.facebook.com/externalhit_uatext.php)"
159.223.173.64 - - [07/Feb/2025:15:39:48 +0530] "POST /wp-login.php HTTP/1.1" 200 6604 "-" "Mozilla/5.0"
64.23.151.246 - - [07/Feb/2025:15:15:42 +0530] "POST /wp-login.php HTTP/1.1" 200 6604 "-" "Mozilla/5.0"
66.220.149.18 - - [07/Feb/2025:15:42:19 +0530] "GET /wp-content/uploads/2025/01/sarkari-yojana-guru-Pradhan-Mantri-Awas-Yojana-How-to-apply-online-PM-Awas-Yojana-list-eligibility.jpg HTTP/2" 404 28215 "-" "facebookexternalhit/1.1 (+http://www.facebook.com/externalhit_uatext.php)"
162.55.100.32 - - [07/Feb/2025:15:54:46 +0530] "POST /wp-cron.php?doing_wp_cron=1738923886.8507020473480224609375 HTTP/1.1" 200 0 "-" "WordPress/6.7.1; https://sarkariyojanaguru.xyz"
159.223.173.64 - - [07/Feb/2025:15:54:46 +0530] "POST /wp-login.php HTTP/1.1" 200 6604 "-" "Mozilla/5.0"
64.23.151.246 - - [07/Feb/2025:15:49:56 +0530] "POST /wp-login.php HTTP/1.1" 200 6604 "-" "Mozilla/5.0"
31.13.127.31 - - [07/Feb/2025:16:15:27 +0530] "GET /wp-content/uploads/2025/01/sarkari-yojana-guru-Pradhan-Mantri-Awas-Yojana-How-to-apply-online-PM-Awas-Yojana-list-eligibility.jpg HTTP/2" 404 28215 "-" "facebookexternalhit/1.1 (+http://www.facebook.com/externalhit_uatext.php)"
64.23.151.246 - - [07/Feb/2025:16:24:23 +0530] "POST /wp-login.php HTTP/1.1" 200 6604 "-" "Mozilla/5.0"
159.223.173.64 - - [07/Feb/2025:16:17:06 +0530] "POST /wp-login.php HTTP/1.1" 200 6604 "-" "Mozilla/5.0"
159.223.173.64 - - [07/Feb/2025:16:32:28 +0530] "POST /wp-login.php HTTP/1.1" 200 6604 "-" "Mozilla/5.0"
52.159.118.201 - - [07/Feb/2025:16:43:52 +0530] "GET /wp-login.php HTTP/1.1" 200 2098 "http://sarkariyojanaguru.xyz/wp-login.php" "GRequests/0.10"
52.159.118.201 - - [07/Feb/2025:16:43:53 +0530] "GET /wp-login.php HTTP/1.1" 200 2098 "http://sarkariyojanaguru.xyz/wp-login.php" "GRequests/0.10"
52.159.118.201 - - [07/Feb/2025:16:43:54 +0530] "GET /wp-admin/ HTTP/1.1" 302 0 "http://sarkariyojanaguru.xyz/wp-admin/" "GRequests/0.10"
52.159.118.201 - - [07/Feb/2025:16:43:54 +0530] "GET /wp-login.php?redirect_to=https%3A%2F%2Fsarkariyojanaguru.xyz%2Fwp-admin%2F&reauth=1 HTTP/1.1" 200 2098 "https://sarkariyojanaguru.xyz/wp-admin/" "GRequests/0.10"
173.252.127.12 - - [07/Feb/2025:16:48:14 +0530] "GET /wp-content/uploads/2025/01/sarkari-yojana-guru-Pradhan-Mantri-Awas-Yojana-How-to-apply-online-PM-Awas-Yojana-list-eligibility.jpg HTTP/2" 404 28215 "-" "facebookexternalhit/1.1 (+http://www.facebook.com/externalhit_uatext.php)"
31.13.103.116 - - [07/Feb/2025:16:46:46 +0530] "GET /wp-content/uploads/2025/01/sarkari-yojana-guru-Pradhan-Mantri-Awas-Yojana-How-to-apply-online-PM-Awas-Yojana-list-eligibility.jpg HTTP/2" 404 28215 "-" "facebookexternalhit/1.1 (+http://www.facebook.com/externalhit_uatext.php)"
217.71.200.128 - - [07/Feb/2025:16:59:09 +0530] "GET /wp-login.php HTTP/1.1" 200 2098 "http://sarkariyojanaguru.xyz/wp-login.php" "GRequests/0.10"
217.71.200.128 - - [07/Feb/2025:16:59:10 +0530] "GET /wp-admin/ HTTP/1.1" 302 0 "http://sarkariyojanaguru.xyz/wp-admin/" "GRequests/0.10"
217.71.200.128 - - [07/Feb/2025:16:59:10 +0530] "GET /wp-login.php?redirect_to=https%3A%2F%2Fsarkariyojanaguru.xyz%2Fwp-admin%2F&reauth=1 HTTP/1.1" 200 2098 "https://sarkariyojanaguru.xyz/wp-admin/" "GRequests/0.10"
152.59.84.55 - - [07/Feb/2025:16:58:50 +0530] "GET / HTTP/1.1" 200 11957 "https://www.google.com/" "Mozilla/5.0 (Windows NT 10.0; Win64; x64) AppleWebKit/537.36 (KHTML, like Gecko) Chrome/132.0.0.0 Safari/537.36"
152.59.84.55 - - [07/Feb/2025:16:58:54 +0530] "GET /sarkari-yojana-post-offices-superhit-scheme-you-will-get-rs-9250-every-month/ HTTP/1.1" 200 483870 "https://sarkariyojanaguru.xyz/" "Mozilla/5.0 (Windows NT 10.0; Win64; x64) AppleWebKit/537.36 (KHTML, like Gecko) Chrome/132.0.0.0 Safari/537.36"
64.23.151.246 - - [07/Feb/2025:16:59:25 +0530] "POST /wp-login.php HTTP/1.1" 200 6604 "-" "Mozilla/5.0"
69.63.184.11 - - [07/Feb/2025:16:53:58 +0530] "GET /pradhan-mantri-awas-yojana-how-to-apply-online-pm-awas-yojana-list-eligibility/ HTTP/2" 404 28215 "-" "facebookexternalhit/1.1 (+http://www.facebook.com/externalhit_uatext.php)"
159.223.173.64 - - [07/Feb/2025:16:55:11 +0530] "POST /wp-login.php HTTP/1.1" 200 6604 "-" "Mozilla/5.0"
159.223.173.64 - - [07/Feb/2025:17:10:50 +0530] "POST /wp-login.php HTTP/1.1" 200 6604 "-" "Mozilla/5.0"
54.36.148.73 - - [07/Feb/2025:17:11:00 +0530] "GET /category/sarkari-yojana/feed/ HTTP/2" 200 2240465 "-" "Mozilla/5.0 (compatible; AhrefsBot/7.0; +http://ahrefs.com/robot/)"
69.63.184.22 - - [07/Feb/2025:16:53:58 +0530] "GET /pradhan-mantri-awas-yojana-how-to-apply-online-pm-awas-yojana-list-eligibility/ HTTP/2" 404 28215 "-" "facebookexternalhit/1.1 (+http://www.facebook.com/externalhit_uatext.php)"
162.55.100.32 - - [07/Feb/2025:16:53:59 +0530] "POST /wp-cron.php?doing_wp_cron=1738927438.9027709960937500000000 HTTP/1.1" 200 0 "-" "WordPress/6.7.1; https://sarkariyojanaguru.xyz"
217.71.200.128 - - [07/Feb/2025:16:59:09 +0530] "GET /wp-login.php HTTP/1.1" 200 2098 "http://sarkariyojanaguru.xyz/wp-login.php" "GRequests/0.10"
69.63.184.112 - - [07/Feb/2025:16:53:58 +0530] "GET /pradhan-mantri-awas-yojana-how-to-apply-online-pm-awas-yojana-list-eligibility/ HTTP/2" 404 28215 "-" "facebookexternalhit/1.1 (+http://www.facebook.com/externalhit_uatext.php)"
69.63.184.113 - - [07/Feb/2025:16:53:58 +0530] "GET /pradhan-mantri-awas-yojana-how-to-apply-online-pm-awas-yojana-list-eligibility/ HTTP/2" 404 28215 "-" "facebookexternalhit/1.1 (+http://www.facebook.com/externalhit_uatext.php)"
152.59.84.55 - - [07/Feb/2025:17:00:11 +0530] "GET / HTTP/1.1" 200 11958 "https://sarkariyojanaguru.xyz/sarkari-yojana-post-offices-superhit-scheme-you-will-get-rs-9250-every-month/" "Mozilla/5.0 (Windows NT 10.0; Win64; x64) AppleWebKit/537.36 (KHTML, like Gecko) Chrome/132.0.0.0 Safari/537.36"
147.185.132.22 - - [07/Feb/2025:17:02:31 +0530] "GET / HTTP/1.1" 200 54076 "-" "Expanse, a Palo Alto Networks company, searches across the global IPv4 space multiple times per day to identify customers' presences on the Internet. If you would like to be excluded from our scans, please send IP addresses/domains to: scaninfo@paloaltonetworks.com"
173.252.107.17 - - [07/Feb/2025:17:31:30 +0530] "GET /wp-content/uploads/2025/01/Sarkari-Yojana-Government-will-give-houses-to-the-homeless-know-who-will-be-eligible-for-the-schem.jpg HTTP/2" 404 28215 "-" "facebookexternalhit/1.1 (+http://www.facebook.com/externalhit_uatext.php)"
173.252.107.115 - - [07/Feb/2025:17:31:33 +0530] "GET /wp-content/uploads/2025/01/Sarkari-Yojana-Government-will-give-houses-to-the-homeless-know-who-will-be-eligible-for-the-schem.jpg HTTP/2" 404 28215 "-" "facebookexternalhit/1.1 (+http://www.facebook.com/externalhit_uatext.php)"
162.55.100.32 - - [07/Feb/2025:17:55:58 +0530] "POST /wp-cron.php?doing_wp_cron=1738931158.5964689254760742187500 HTTP/1.1" 200 0 "-" "WordPress/6.7.1; https://sarkariyojanaguru.xyz"
173.252.127.113 - - [07/Feb/2025:17:55:58 +0530] "GET /wp-content/uploads/2025/01/Post-Office-PPF-Scheme.png HTTP/2" 404 28215 "-" "facebookexternalhit/1.1 (+http://www.facebook.com/externalhit_uatext.php)"
159.223.173.64 - - [07/Feb/2025:17:49:03 +0530] "POST /wp-login.php HTTP/1.1" 200 6604 "-" "Mozilla/5.0"
159.223.173.64 - - [07/Feb/2025:17:33:27 +0530] "POST /wp-login.php HTTP/1.1" 200 6604 "-" "Mozilla/5.0"
64.23.151.246 - - [07/Feb/2025:17:34:54 +0530] "POST /wp-login.php HTTP/1.1" 200 6604 "-" "Mozilla/5.0"
64.23.151.246 - - [07/Feb/2025:18:09:40 +0530] "POST /wp-login.php HTTP/1.1" 200 6604 "-" "Mozilla/5.0"
31.13.127.32 - - [07/Feb/2025:18:16:43 +0530] "GET /wp-content/uploads/2025/01/sarkari-yojana-guru-Pradhan-Mantri-Awas-Yojana-How-to-apply-online-PM-Awas-Yojana-list-eligibility.jpg HTTP/2" 404 28215 "-" "facebookexternalhit/1.1 (+http://www.facebook.com/externalhit_uatext.php)"
159.223.173.64 - - [07/Feb/2025:18:11:59 +0530] "POST /wp-login.php HTTP/1.1" 200 6604 "-" "Mozilla/5.0"
69.171.251.6 - - [07/Feb/2025:18:34:41 +0530] "GET /pradhan-mantri-awas-yojana-how-to-apply-online-pm-awas-yojana-list-eligibility/ HTTP/2" 404 28215 "-" "facebookexternalhit/1.1 (+http://www.facebook.com/externalhit_uatext.php)"
69.171.251.115 - - [07/Feb/2025:18:34:41 +0530] "GET /pradhan-mantri-awas-yojana-how-to-apply-online-pm-awas-yojana-list-eligibility/ HTTP/2" 404 28215 "-" "facebookexternalhit/1.1 (+http://www.facebook.com/externalhit_uatext.php)"
66.220.149.20 - - [07/Feb/2025:18:45:04 +0530] "GET /wp-content/uploads/2025/01/sarkari-yojana-guru-Pradhan-Mantri-Awas-Yojana-How-to-apply-online-PM-Awas-Yojana-list-eligibility.jpg HTTP/2" 404 28215 "-" "facebookexternalhit/1.1 (+http://www.facebook.com/externalhit_uatext.php)"
162.55.100.32 - - [07/Feb/2025:18:50:59 +0530] "POST /wp-cron.php?doing_wp_cron=1738934459.1801359653472900390625 HTTP/1.1" 200 0 "-" "WordPress/6.7.1; https://sarkariyojanaguru.xyz"
31.13.127.35 - - [07/Feb/2025:18:33:59 +0530] "GET /wp-content/uploads/2025/01/sarkari-yojana-guru-Pradhan-Mantri-Awas-Yojana-How-to-apply-online-PM-Awas-Yojana-list-eligibility.jpg HTTP/2" 404 28215 "-" "facebookexternalhit/1.1 (+http://www.facebook.com/externalhit_uatext.php)"
152.59.84.55 - - [07/Feb/2025:18:38:13 +0530] "GET / HTTP/1.1" 200 9387 "https://sarkariyojanaguru.xyz/" "Mozilla/5.0 (Windows NT 10.0; Win64; x64) AppleWebKit/537.36 (KHTML, like Gecko) Chrome/132.0.0.0 Safari/537.36"
159.223.173.64 - - [07/Feb/2025:18:27:27 +0530] "POST /wp-login.php HTTP/1.1" 200 6604 "-" "Mozilla/5.0"
64.23.151.246 - - [07/Feb/2025:18:45:00 +0530] "POST /wp-login.php HTTP/1.1" 200 6604 "-" "Mozilla/5.0"
159.223.173.64 - - [07/Feb/2025:18:50:58 +0530] "POST /wp-login.php HTTP/1.1" 200 6604 "-" "Mozilla/5.0"
69.171.251.10 - - [07/Feb/2025:18:34:41 +0530] "GET /pradhan-mantri-awas-yojana-how-to-apply-online-pm-awas-yojana-list-eligibility/ HTTP/2" 404 28215 "-" "facebookexternalhit/1.1 (+http://www.facebook.com/externalhit_uatext.php)"
159.223.173.64 - - [07/Feb/2025:19:06:45 +0530] "POST /wp-login.php HTTP/1.1" 200 6604 "-" "Mozilla/5.0"
57.141.0.12 - - [07/Feb/2025:19:03:32 +0530] "GET /list-of-all-indian-government-schemes-for-upsc/ HTTP/2" 404 28215 "-" "meta-externalagent/1.1 (+https://developers.facebook.com/docs/sharing/webmasters/crawler)"
64.23.151.246 - - [07/Feb/2025:19:20:27 +0530] "POST /wp-login.php HTTP/1.1" 200 6604 "-" "Mozilla/5.0"
159.223.173.64 - - [07/Feb/2025:19:29:52 +0530] "POST /wp-login.php HTTP/1.1" 200 6564 "-" "Mozilla/5.0"
159.223.173.64 - - [07/Feb/2025:19:45:48 +0530] "POST /wp-login.php HTTP/1.1" 200 6564 "-" "Mozilla/5.0"
162.55.100.32 - - [07/Feb/2025:19:56:09 +0530] "POST /wp-cron.php?doing_wp_cron=1738938369.3975350856781005859375 HTTP/1.1" 200 0 "-" "WordPress/6.7.1; https://sarkariyojanaguru.xyz"
64.23.151.246 - - [07/Feb/2025:19:56:08 +0530] "POST /wp-login.php HTTP/1.1" 200 6604 "-" "Mozilla/5.0"
159.223.173.64 - - [07/Feb/2025:20:25:55 +0530] "POST /wp-login.php HTTP/1.1" 200 6564 "-" "Mozilla/5.0"
159.223.173.64 - - [07/Feb/2025:20:09:55 +0530] "POST /wp-login.php HTTP/1.1" 200 6564 "-" "Mozilla/5.0"
45.148.10.90 - - [07/Feb/2025:20:19:39 +0530] "GET / HTTP/1.1" 200 10896 "-" "Mozilla/5.0"
45.148.10.90 - - [07/Feb/2025:20:08:46 +0530] "GET / HTTP/1.1" 200 10896 "-" "Mozilla/5.0"
64.23.151.246 - - [07/Feb/2025:20:32:09 +0530] "POST /wp-login.php HTTP/1.1" 200 6604 "-" "Mozilla/5.0"
49.51.36.179 - - [07/Feb/2025:20:57:47 +0530] "GET /sarkari-yojana-pension-status-how-to-check/ HTTP/1.1" 200 623324 "-" "Mozilla/5.0 (iPhone; CPU iPhone OS 13_2_3 like Mac OS X) AppleWebKit/605.1.15 (KHTML, like Gecko) Version/13.0.3 Mobile/15E148 Safari/604.1"
173.252.87.7 - - [07/Feb/2025:20:51:44 +0530] "GET /pradhan-mantri-awas-yojana-how-to-apply-online-pm-awas-yojana-list-eligibility/ HTTP/2" 404 28215 "-" "facebookexternalhit/1.1 (+http://www.facebook.com/externalhit_uatext.php)"
69.63.184.13 - - [07/Feb/2025:20:51:23 +0530] "GET /wp-content/uploads/2025/01/sarkari-yojana-guru-Pradhan-Mantri-Awas-Yojana-How-to-apply-online-PM-Awas-Yojana-list-eligibility.jpg HTTP/2" 404 28215 "-" "facebookexternalhit/1.1 (+http://www.facebook.com/externalhit_uatext.php)"
159.223.173.64 - - [07/Feb/2025:20:49:29 +0530] "POST /wp-login.php HTTP/1.1" 200 6564 "-" "Mozilla/5.0"
162.55.100.32 - - [07/Feb/2025:20:51:23 +0530] "POST /wp-cron.php?doing_wp_cron=1738941683.9108960628509521484375 HTTP/1.1" 200 0 "-" "WordPress/6.7.1; https://sarkariyojanaguru.xyz"
167.99.119.158 - - [07/Feb/2025:21:10:39 +0530] "GET /wp-admin/network/ HTTP/1.1" 302 0 "binance.com" "Mozilla/5.0 (Windows NT 10.0; Win64; x64) AppleWebKit/537.36 (KHTML, like Gecko) Chrome/90.0.4430.85 Safari/537.36"
167.99.119.158 - - [07/Feb/2025:21:10:39 +0530] "GET /wp-login.php?redirect_to=https%3A%2F%2Fsarkariyojanaguru.xyz%2Fwp-admin%2Fnetwork%2F&reauth=1 HTTP/1.1" 200 2103 "binance.com" "Mozilla/5.0 (Windows NT 10.0; Win64; x64) AppleWebKit/537.36 (KHTML, like Gecko) Chrome/90.0.4430.85 Safari/537.36"
54.36.148.191 - - [07/Feb/2025:21:14:20 +0530] "GET /sarkari-yojana-pension-status-how-to-check/ HTTP/2" 200 622650 "-" "Mozilla/5.0 (compatible; AhrefsBot/7.0; +http://ahrefs.com/robot/)"
167.99.119.158 - - [07/Feb/2025:21:10:41 +0530] "GET /wp-admin/user/ HTTP/1.1" 302 0 "binance.com" "Mozilla/5.0 (Windows NT 10.0; Win64; x64) AppleWebKit/537.36 (KHTML, like Gecko) Chrome/90.0.4430.85 Safari/537.36"
167.99.119.158 - - [07/Feb/2025:21:10:41 +0530] "GET /wp-login.php?redirect_to=https%3A%2F%2Fsarkariyojanaguru.xyz%2Fwp-admin%2Fuser%2F&reauth=1 HTTP/1.1" 200 2100 "binance.com" "Mozilla/5.0 (Windows NT 10.0; Win64; x64) AppleWebKit/537.36 (KHTML, like Gecko) Chrome/90.0.4430.85 Safari/537.36"
66.249.74.167 - - [07/Feb/2025:21:16:10 +0530] "GET /wp-content/uploads/2025/01/cropped-Capture-192x192.png HTTP/1.1" 404 6715 "-" "Googlebot-Image/1.0"
64.23.151.246 - - [07/Feb/2025:21:08:11 +0530] "POST /wp-login.php HTTP/1.1" 200 6564 "-" "Mozilla/5.0"
69.171.231.8 - - [07/Feb/2025:21:15:00 +0530] "GET /wp-content/uploads/2025/01/sarkari-yojana-guru-Pradhan-Mantri-Awas-Yojana-How-to-apply-online-PM-Awas-Yojana-list-eligibility.jpg HTTP/2" 404 28215 "-" "facebookexternalhit/1.1 (+http://www.facebook.com/externalhit_uatext.php)"
66.249.74.167 - - [07/Feb/2025:21:16:29 +0530] "GET /wp-content/uploads/2025/01/cropped-Capture-180x180.png HTTP/1.1" 404 6715 "-" "Googlebot-Image/1.0"
159.223.173.64 - - [07/Feb/2025:21:05:29 +0530] "POST /wp-login.php HTTP/1.1" 200 6564 "-" "Mozilla/5.0"
66.249.74.167 - - [07/Feb/2025:21:16:08 +0530] "GET /robots.txt HTTP/1.1" 200 61 "-" "Mozilla/5.0 (compatible; Googlebot/2.1; +http://www.google.com/bot.html)"
66.249.74.168 - - [07/Feb/2025:21:16:11 +0530] "GET /wp-content/uploads/2025/01/cropped-Capture-32x32.png HTTP/1.1" 404 6715 "-" "Googlebot-Image/1.0"
195.178.110.163 - - [07/Feb/2025:21:17:54 +0530] "GET /ch7-mytodo/.env HTTP/1.1" 404 7451 "-" "Uzbl (Webkit 1.3) (Linux i686 [i686])"
205.169.39.43 - - [07/Feb/2025:21:25:45 +0530] "GET /wp-content/uploads/2025/02/Capture.png HTTP/2" 200 15211 "http://sarkariyojanaguru.xyz/" "Mozilla/5.0 (Windows NT 10.0; Win64; x64) AppleWebKit/537.36 (KHTML, like Gecko) Chrome/117.0.5938.132 Safari/537.36"
205.169.39.43 - - [07/Feb/2025:21:25:45 +0530] "GET /wp-content/uploads/2025/02/Sarkari-Yojana-Post-Offices-superhit-scheme-you-will-get-Rs-9250-every-month-200x140.jpg HTTP/2" 200 13529 "http://sarkariyojanaguru.xyz/" "Mozilla/5.0 (Windows NT 10.0; Win64; x64) AppleWebKit/537.36 (KHTML, like Gecko) Chrome/117.0.5938.132 Safari/537.36"
205.169.39.43 - - [07/Feb/2025:21:25:46 +0530] "GET /wp-content/uploads/2025/02/Sarkari-Yojana-Pension-Status-How-to-Check-200x140.jpg HTTP/2" 200 11904 "http://sarkariyojanaguru.xyz/" "Mozilla/5.0 (Windows NT 10.0; Win64; x64) AppleWebKit/537.36 (KHTML, like Gecko) Chrome/117.0.5938.132 Safari/537.36"
205.169.39.43 - - [07/Feb/2025:21:25:46 +0530] "GET /wp-content/uploads/2025/02/download-1-200x140.webp HTTP/2" 200 6668 "http://sarkariyojanaguru.xyz/" "Mozilla/5.0 (Windows NT 10.0; Win64; x64) AppleWebKit/537.36 (KHTML, like Gecko) Chrome/117.0.5938.132 Safari/537.36"
205.169.39.43 - - [07/Feb/2025:21:25:46 +0530] "GET /wp-content/uploads/2025/02/download-200x140.webp HTTP/2" 200 11482 "http://sarkariyojanaguru.xyz/" "Mozilla/5.0 (Windows NT 10.0; Win64; x64) AppleWebKit/537.36 (KHTML, like Gecko) Chrome/117.0.5938.132 Safari/537.36"
205.169.39.43 - - [07/Feb/2025:21:25:58 +0530] "GET /wp-content/uploads/2025/02/Sarkari-Yojana-Post-Offices-superhit-scheme-you-will-get-Rs-9250-every-month-658x300.jpg HTTP/2" 200 44016 "http://sarkariyojanaguru.xyz/" "Mozilla/5.0 (Windows NT 10.0; Win64; x64) AppleWebKit/537.36 (KHTML, like Gecko) Chrome/117.0.5938.132 Safari/537.36"
205.169.39.43 - - [07/Feb/2025:21:25:58 +0530] "GET /wp-content/uploads/2025/02/Sarkari-Yojana-Pension-Status-How-to-Check-658x300.jpg HTTP/2" 200 39246 "http://sarkariyojanaguru.xyz/" "Mozilla/5.0 (Windows NT 10.0; Win64; x64) AppleWebKit/537.36 (KHTML, like Gecko) Chrome/117.0.5938.132 Safari/537.36"
205.169.39.43 - - [07/Feb/2025:21:25:58 +0530] "GET /wp-content/uploads/2025/02/download-1-658x300.webp HTTP/2" 200 35954 "http://sarkariyojanaguru.xyz/" "Mozilla/5.0 (Windows NT 10.0; Win64; x64) AppleWebKit/537.36 (KHTML, like Gecko) Chrome/117.0.5938.132 Safari/537.36"
205.169.39.43 - - [07/Feb/2025:21:25:58 +0530] "GET /wp-content/uploads/2025/02/download-658x300.webp HTTP/2" 200 49996 "http://sarkariyojanaguru.xyz/" "Mozilla/5.0 (Windows NT 10.0; Win64; x64) AppleWebKit/537.36 (KHTML, like Gecko) Chrome/117.0.5938.132 Safari/537.36"
205.169.39.43 - - [07/Feb/2025:21:26:06 +0530] "GET /wp-content/uploads/2025/02/Sarkari-Yojana-Post-Offices-superhit-scheme-you-will-get-Rs-9250-every-month-658x300.jpg HTTP/2" 200 44016 "http://sarkariyojanaguru.xyz/" "Mozilla/5.0 (Windows NT 10.0; Win64; x64) AppleWebKit/537.36 (KHTML, like Gecko) Chrome/117.0.5938.132 Safari/537.36"
205.169.39.112 - - [07/Feb/2025:21:26:42 +0530] "GET /wp-content/uploads/2025/02/Capture.png HTTP/2" 200 15211 "http://sarkariyojanaguru.xyz/" "Mozilla/5.0 (Windows NT 10.0; Win64; x64) AppleWebKit/537.36 (KHTML, like Gecko) Chrome/79.0.3945.79 Safari/537.36"
205.169.39.112 - - [07/Feb/2025:21:26:42 +0530] "GET /wp-content/uploads/2025/02/Sarkari-Yojana-Post-Offices-superhit-scheme-you-will-get-Rs-9250-every-month-200x140.jpg HTTP/2" 200 13529 "http://sarkariyojanaguru.xyz/" "Mozilla/5.0 (Windows NT 10.0; Win64; x64) AppleWebKit/537.36 (KHTML, like Gecko) Chrome/79.0.3945.79 Safari/537.36"
205.169.39.112 - - [07/Feb/2025:21:26:42 +0530] "GET /wp-content/uploads/2025/02/Sarkari-Yojana-Pension-Status-How-to-Check-200x140.jpg HTTP/2" 200 11904 "http://sarkariyojanaguru.xyz/" "Mozilla/5.0 (Windows NT 10.0; Win64; x64) AppleWebKit/537.36 (KHTML, like Gecko) Chrome/79.0.3945.79 Safari/537.36"
34.122.147.229 - - [07/Feb/2025:21:25:47 +0530] "GET /wp-content/uploads/2025/02/Capture.png HTTP/2" 200 15211 "http://sarkariyojanaguru.xyz/" "Mozilla/5.0 (X11; Linux x86_64) AppleWebKit/537.36 (KHTML, like Gecko) HeadlessChrome/125.0.6422.60 Safari/537.36"
34.122.147.229 - - [07/Feb/2025:21:25:47 +0530] "GET /wp-content/uploads/2025/02/Sarkari-Yojana-Post-Offices-superhit-scheme-you-will-get-Rs-9250-every-month-200x140.jpg HTTP/2" 200 13529 "http://sarkariyojanaguru.xyz/" "Mozilla/5.0 (X11; Linux x86_64) AppleWebKit/537.36 (KHTML, like Gecko) HeadlessChrome/125.0.6422.60 Safari/537.36"
34.122.147.229 - - [07/Feb/2025:21:25:47 +0530] "GET /wp-content/uploads/2025/02/Sarkari-Yojana-Pension-Status-How-to-Check-200x140.jpg HTTP/2" 200 11904 "http://sarkariyojanaguru.xyz/" "Mozilla/5.0 (X11; Linux x86_64) AppleWebKit/537.36 (KHTML, like Gecko) HeadlessChrome/125.0.6422.60 Safari/537.36"
34.122.147.229 - - [07/Feb/2025:21:25:48 +0530] "GET /wp-content/uploads/2025/02/download-1-200x140.webp HTTP/2" 200 6668 "http://sarkariyojanaguru.xyz/" "Mozilla/5.0 (X11; Linux x86_64) AppleWebKit/537.36 (KHTML, like Gecko) HeadlessChrome/125.0.6422.60 Safari/537.36"
34.122.147.229 - - [07/Feb/2025:21:25:48 +0530] "GET /wp-content/uploads/2025/02/download-200x140.webp HTTP/2" 200 11482 "http://sarkariyojanaguru.xyz/" "Mozilla/5.0 (X11; Linux x86_64) AppleWebKit/537.36 (KHTML, like Gecko) HeadlessChrome/125.0.6422.60 Safari/537.36"
34.122.147.229 - - [07/Feb/2025:21:25:48 +0530] "GET /wp-content/uploads/2025/02/Sarkari-Yojana-Post-Offices-superhit-scheme-you-will-get-Rs-9250-every-month-658x300.jpg HTTP/2" 200 44016 "http://sarkariyojanaguru.xyz/" "Mozilla/5.0 (X11; Linux x86_64) AppleWebKit/537.36 (KHTML, like Gecko) HeadlessChrome/125.0.6422.60 Safari/537.36"
34.122.147.229 - - [07/Feb/2025:21:25:48 +0530] "GET /wp-content/uploads/2025/02/Sarkari-Yojana-Pension-Status-How-to-Check-658x300.jpg HTTP/2" 200 39246 "http://sarkariyojanaguru.xyz/" "Mozilla/5.0 (X11; Linux x86_64) AppleWebKit/537.36 (KHTML, like Gecko) HeadlessChrome/125.0.6422.60 Safari/537.36"
34.122.147.229 - - [07/Feb/2025:21:25:48 +0530] "GET /wp-content/uploads/2025/02/download-1-658x300.webp HTTP/2" 200 35954 "http://sarkariyojanaguru.xyz/" "Mozilla/5.0 (X11; Linux x86_64) AppleWebKit/537.36 (KHTML, like Gecko) HeadlessChrome/125.0.6422.60 Safari/537.36"
34.122.147.229 - - [07/Feb/2025:21:25:48 +0530] "GET /wp-content/uploads/2025/02/download-658x300.webp HTTP/2" 200 49996 "http://sarkariyojanaguru.xyz/" "Mozilla/5.0 (X11; Linux x86_64) AppleWebKit/537.36 (KHTML, like Gecko) HeadlessChrome/125.0.6422.60 Safari/537.36"
43.157.156.190 - - [07/Feb/2025:21:27:21 +0530] "GET /sarkari-yojana-post-offices-superhit-scheme-you-will-get-rs-9250-every-month/ HTTP/1.1" 200 458752 "-" "Mozilla/5.0 (iPhone; CPU iPhone OS 13_2_3 like Mac OS X) AppleWebKit/605.1.15 (KHTML, like Gecko) Version/13.0.3 Mobile/15E148 Safari/604.1"
159.223.173.64 - - [07/Feb/2025:21:28:54 +0530] "POST /wp-login.php HTTP/1.1" 200 6564 "-" "Mozilla/5.0"
205.169.39.112 - - [07/Feb/2025:21:26:42 +0530] "GET /wp-content/uploads/2025/02/download-1-200x140.webp HTTP/2" 200 6668 "http://sarkariyojanaguru.xyz/" "Mozilla/5.0 (Windows NT 10.0; Win64; x64) AppleWebKit/537.36 (KHTML, like Gecko) Chrome/79.0.3945.79 Safari/537.36"
205.169.39.112 - - [07/Feb/2025:21:26:43 +0530] "GET /wp-content/uploads/2025/02/download-200x140.webp HTTP/2" 200 11482 "http://sarkariyojanaguru.xyz/" "Mozilla/5.0 (Windows NT 10.0; Win64; x64) AppleWebKit/537.36 (KHTML, like Gecko) Chrome/79.0.3945.79 Safari/537.36"
205.169.39.112 - - [07/Feb/2025:21:26:49 +0530] "GET /wp-content/uploads/2025/02/Sarkari-Yojana-Post-Offices-superhit-scheme-you-will-get-Rs-9250-every-month-658x300.jpg HTTP/2" 200 44016 "http://sarkariyojanaguru.xyz/" "Mozilla/5.0 (Windows NT 10.0; Win64; x64) AppleWebKit/537.36 (KHTML, like Gecko) Chrome/79.0.3945.79 Safari/537.36"
205.169.39.112 - - [07/Feb/2025:21:26:49 +0530] "GET /wp-content/uploads/2025/02/Sarkari-Yojana-Pension-Status-How-to-Check-658x300.jpg HTTP/2" 200 39246 "http://sarkariyojanaguru.xyz/" "Mozilla/5.0 (Windows NT 10.0; Win64; x64) AppleWebKit/537.36 (KHTML, like Gecko) Chrome/79.0.3945.79 Safari/537.36"
104.197.69.115 - - [07/Feb/2025:21:31:08 +0530] "GET /wp-content/uploads/2025/02/Capture.png HTTP/2" 200 15211 "http://sarkariyojanaguru.xyz/" "Mozilla/5.0 (X11; Linux x86_64) AppleWebKit/537.36 (KHTML, like Gecko) HeadlessChrome/125.0.6422.60 Safari/537.36"
104.197.69.115 - - [07/Feb/2025:21:31:08 +0530] "GET /wp-content/uploads/2025/02/Sarkari-Yojana-Post-Offices-superhit-scheme-you-will-get-Rs-9250-every-month-200x140.jpg HTTP/2" 200 13529 "http://sarkariyojanaguru.xyz/" "Mozilla/5.0 (X11; Linux x86_64) AppleWebKit/537.36 (KHTML, like Gecko) HeadlessChrome/125.0.6422.60 Safari/537.36"
104.197.69.115 - - [07/Feb/2025:21:31:08 +0530] "GET /wp-content/uploads/2025/02/Sarkari-Yojana-Pension-Status-How-to-Check-200x140.jpg HTTP/2" 200 11904 "http://sarkariyojanaguru.xyz/" "Mozilla/5.0 (X11; Linux x86_64) AppleWebKit/537.36 (KHTML, like Gecko) HeadlessChrome/125.0.6422.60 Safari/537.36"
104.197.69.115 - - [07/Feb/2025:21:31:08 +0530] "GET /wp-content/uploads/2025/02/download-1-200x140.webp HTTP/2" 200 6668 "http://sarkariyojanaguru.xyz/" "Mozilla/5.0 (X11; Linux x86_64) AppleWebKit/537.36 (KHTML, like Gecko) HeadlessChrome/125.0.6422.60 Safari/537.36"
104.197.69.115 - - [07/Feb/2025:21:31:09 +0530] "GET /wp-content/uploads/2025/02/download-200x140.webp HTTP/2" 200 11482 "http://sarkariyojanaguru.xyz/" "Mozilla/5.0 (X11; Linux x86_64) AppleWebKit/537.36 (KHTML, like Gecko) HeadlessChrome/125.0.6422.60 Safari/537.36"
104.197.69.115 - - [07/Feb/2025:21:31:09 +0530] "GET /wp-content/uploads/2025/02/Sarkari-Yojana-Post-Offices-superhit-scheme-you-will-get-Rs-9250-every-month-658x300.jpg HTTP/2" 200 44016 "http://sarkariyojanaguru.xyz/" "Mozilla/5.0 (X11; Linux x86_64) AppleWebKit/537.36 (KHTML, like Gecko) HeadlessChrome/125.0.6422.60 Safari/537.36"
104.197.69.115 - - [07/Feb/2025:21:31:09 +0530] "GET /wp-content/uploads/2025/02/Sarkari-Yojana-Pension-Status-How-to-Check-658x300.jpg HTTP/2" 200 39246 "http://sarkariyojanaguru.xyz/" "Mozilla/5.0 (X11; Linux x86_64) AppleWebKit/537.36 (KHTML, like Gecko) HeadlessChrome/125.0.6422.60 Safari/537.36"
104.197.69.115 - - [07/Feb/2025:21:31:09 +0530] "GET /wp-content/uploads/2025/02/download-1-658x300.webp HTTP/2" 200 35954 "http://sarkariyojanaguru.xyz/" "Mozilla/5.0 (X11; Linux x86_64) AppleWebKit/537.36 (KHTML, like Gecko) HeadlessChrome/125.0.6422.60 Safari/537.36"
104.197.69.115 - - [07/Feb/2025:21:31:09 +0530] "GET /wp-content/uploads/2025/02/download-658x300.webp HTTP/2" 200 49996 "http://sarkariyojanaguru.xyz/" "Mozilla/5.0 (X11; Linux x86_64) AppleWebKit/537.36 (KHTML, like Gecko) HeadlessChrome/125.0.6422.60 Safari/537.36"
64.23.151.246 - - [07/Feb/2025:21:43:46 +0530] "POST /wp-login.php HTTP/1.1" 200 6564 "-" "Mozilla/5.0"
159.223.173.64 - - [07/Feb/2025:21:44:31 +0530] "POST /wp-login.php HTTP/1.1" 200 6564 "-" "Mozilla/5.0"
43.153.119.119 - - [07/Feb/2025:21:38:26 +0530] "GET /sarkari-yojana-pension-status-how-to-check/ HTTP/1.1" 200 458752 "-" "Mozilla/5.0 (iPhone; CPU iPhone OS 13_2_3 like Mac OS X) AppleWebKit/605.1.15 (KHTML, like Gecko) Version/13.0.3 Mobile/15E148 Safari/604.1"
43.157.148.38 - - [07/Feb/2025:22:24:35 +0530] "GET /sarkari-yojana-post-offices-superhit-scheme-you-will-get-rs-9250-every-month/ HTTP/1.1" 200 327680 "-" "Mozilla/5.0 (iPhone; CPU iPhone OS 13_2_3 like Mac OS X) AppleWebKit/605.1.15 (KHTML, like Gecko) Version/13.0.3 Mobile/15E148 Safari/604.1"
159.223.173.64 - - [07/Feb/2025:22:07:36 +0530] "POST /wp-login.php HTTP/1.1" 200 6564 "-" "Mozilla/5.0"
173.252.79.7 - - [07/Feb/2025:21:53:13 +0530] "GET /pradhan-mantri-awas-yojana-how-to-apply-online-pm-awas-yojana-list-eligibility/ HTTP/2" 404 28215 "-" "facebookexternalhit/1.1 (+http://www.facebook.com/externalhit_uatext.php)"
162.55.100.32 - - [07/Feb/2025:21:51:57 +0530] "POST /wp-cron.php?doing_wp_cron=1738945317.3227910995483398437500 HTTP/1.1" 200 0 "-" "WordPress/6.7.1; https://sarkariyojanaguru.xyz"
31.13.115.114 - - [07/Feb/2025:21:51:56 +0530] "GET /wp-content/uploads/2025/01/sarkari-yojana-guru-Pradhan-Mantri-Awas-Yojana-How-to-apply-online-PM-Awas-Yojana-list-eligibility.jpg HTTP/2" 404 28215 "-" "facebookexternalhit/1.1 (+http://www.facebook.com/externalhit_uatext.php)"
173.252.79.1 - - [07/Feb/2025:21:53:13 +0530] "GET /pradhan-mantri-awas-yojana-how-to-apply-online-pm-awas-yojana-list-eligibility/ HTTP/2" 404 28215 "-" "facebookexternalhit/1.1 (+http://www.facebook.com/externalhit_uatext.php)"
173.252.79.4 - - [07/Feb/2025:21:53:13 +0530] "GET /pradhan-mantri-awas-yojana-how-to-apply-online-pm-awas-yojana-list-eligibility/ HTTP/2" 404 28215 "-" "facebookexternalhit/1.1 (+http://www.facebook.com/externalhit_uatext.php)"
64.23.151.246 - - [07/Feb/2025:22:19:42 +0530] "POST /wp-login.php HTTP/1.1" 200 6564 "-" "Mozilla/5.0"
43.130.3.122 - - [07/Feb/2025:22:20:35 +0530] "GET /author/admin/ HTTP/1.1" 200 10041 "-" "Mozilla/5.0 (iPhone; CPU iPhone OS 13_2_3 like Mac OS X) AppleWebKit/605.1.15 (KHTML, like Gecko) Version/13.0.3 Mobile/15E148 Safari/604.1"
173.252.79.1 - - [07/Feb/2025:21:53:13 +0530] "GET /pradhan-mantri-awas-yojana-how-to-apply-online-pm-awas-yojana-list-eligibility/ HTTP/2" 404 28215 "-" "facebookexternalhit/1.1 (+http://www.facebook.com/externalhit_uatext.php)"
43.135.133.241 - - [07/Feb/2025:22:06:42 +0530] "GET /sarkari-yojana-post-offices-superhit-scheme-you-will-get-rs-9250-every-month/ HTTP/1.1" 200 458752 "-" "Mozilla/5.0 (iPhone; CPU iPhone OS 13_2_3 like Mac OS X) AppleWebKit/605.1.15 (KHTML, like Gecko) Version/13.0.3 Mobile/15E148 Safari/604.1"
159.223.173.64 - - [07/Feb/2025:22:23:22 +0530] "POST /wp-login.php HTTP/1.1" 200 6564 "-" "Mozilla/5.0"
158.220.123.112 - - [07/Feb/2025:22:39:52 +0530] "GET /robots.txt HTTP/1.1" 200 67 "-" "Mozilla/5.0 (compatible; MJ12bot/v1.4.8; http://mj12bot.com/)"
158.220.123.112 - - [07/Feb/2025:22:39:59 +0530] "GET /post-office-yojana-every-month-you-will-get-a-profit-of-%E2%82%B9-9250-in-the-mis-scheme-of-the-post-office/feed/ HTTP/1.1" 200 516 "-" "Mozilla/5.0 (compatible; MJ12bot/v1.4.8; http://mj12bot.com/)"
185.98.5.103 - - [07/Feb/2025:23:41:17 +0530] "GET /wp-login.php HTTP/1.1" 200 2097 "http://sarkariyojanaguru.xyz/wp-login.php" "GRequests/0.10"
43.153.76.247 - - [07/Feb/2025:23:20:06 +0530] "GET /wp-json/oembed/1.0/embed?url=https%3A%2F%2Fsarkariyojanaguru.xyz%2Fsarkari-yojana-post-offices-superhit-scheme-you-will-get-rs-9250-every-month%2F HTTP/1.1" 200 1276 "-" "Mozilla/5.0 (iPhone; CPU iPhone OS 13_2_3 like Mac OS X) AppleWebKit/605.1.15 (KHTML, like Gecko) Version/13.0.3 Mobile/15E148 Safari/604.1"
124.156.193.7 - - [07/Feb/2025:23:31:02 +0530] "GET /wp-json/oembed/1.0/embed?url=https%3A%2F%2Fsarkariyojanaguru.xyz%2Fsarkari-yojana-post-offices-superhit-scheme-you-will-get-rs-9250-every-month%2F&format=xml HTTP/1.1" 200 1316 "-" "Mozilla/5.0 (iPhone; CPU iPhone OS 13_2_3 like Mac OS X) AppleWebKit/605.1.15 (KHTML, like Gecko) Version/13.0.3 Mobile/15E148 Safari/604.1"
185.98.5.103 - - [07/Feb/2025:23:41:17 +0530] "GET /wp-login.php HTTP/1.1" 200 2097 "http://sarkariyojanaguru.xyz/wp-login.php" "GRequests/0.10"
