156.59.175.137 - - [19/Feb/2025:11:24:31 +0530] "GET /wp-includes/js/imagesloaded.min.js?ver=5.0.0 HTTP/1.1" 200 1801 "http://www.freejobalerts.guru/" "Mozilla/5.0 (Windows NT 10.0; Win64; x64) AppleWebKit/537.36 (KHTML, like Gecko) Chrome/122.0.0.0 Safari/537.36"
156.59.175.137 - - [19/Feb/2025:11:24:31 +0530] "GET /wp-content/plugins/gp-premium/blog/functions/js/scripts.min.js?ver=2.0.2 HTTP/1.1" 200 608 "http://www.freejobalerts.guru/" "Mozilla/5.0 (Windows NT 10.0; Win64; x64) AppleWebKit/537.36 (KHTML, like Gecko) Chrome/122.0.0.0 Safari/537.36"
156.59.175.137 - - [19/Feb/2025:11:24:31 +0530] "GET /wp-includes/js/wp-emoji-release.min.js?ver=6.7.2 HTTP/1.1" 200 5072 "http://www.freejobalerts.guru/" "Mozilla/5.0 (Windows NT 10.0; Win64; x64) AppleWebKit/537.36 (KHTML, like Gecko) Chrome/122.0.0.0 Safari/537.36"
156.59.175.137 - - [19/Feb/2025:11:24:32 +0530] "GET /favicon.ico HTTP/1.1" 404 1251 "http://www.freejobalerts.guru/" "Mozilla/5.0 (Windows NT 10.0; Win64; x64) AppleWebKit/537.36 (KHTML, like Gecko) Chrome/122.0.0.0 Safari/537.36"
162.55.100.32 - - [19/Feb/2025:11:18:39 +0530] "POST /wp-cron.php?doing_wp_cron=1739944119.8089718818664550781250 HTTP/1.1" 200 0 "-" "WordPress/6.7.2; https://www.freejobalerts.guru"
156.59.175.132 - - [19/Feb/2025:11:18:37 +0530] "GET / HTTP/1.1" 301 0 "http://freejobalerts.guru" "Mozilla/5.0 (Windows NT 10.0; Win64; x64) AppleWebKit/537.36 (KHTML, like Gecko) Chrome/90.0.4430.212 Safari/537.36"
107.155.39.179 - - [19/Feb/2025:11:18:46 +0530] "GET / HTTP/1.1" 301 0 "http://freejobalerts.guru" "Mozilla/5.0+(compatible;+Googlebot/2.1;++http://www.google.com/bot.html)"
156.59.175.142 - - [19/Feb/2025:11:24:26 +0530] "GET /wp-content/plugins/related-posts-thumbnails/assets/css/front.css?ver=4.2.1 HTTP/1.1" 200 1198 "http://www.freejobalerts.guru/" "Mozilla/5.0 (Windows NT 10.0; Win64; x64) AppleWebKit/537.36 (KHTML, like Gecko) Chrome/122.0.0.0 Safari/537.36"
156.59.175.142 - - [19/Feb/2025:11:24:27 +0530] "GET /wp-content/themes/generatepress/assets/css/main.min.css?ver=3.5.1 HTTP/1.1" 200 4670 "http://www.freejobalerts.guru/" "Mozilla/5.0 (Windows NT 10.0; Win64; x64) AppleWebKit/537.36 (KHTML, like Gecko) Chrome/122.0.0.0 Safari/537.36"
156.59.175.141 - - [19/Feb/2025:11:24:29 +0530] "GET /wp-includes/js/dist/hooks.min.js?ver=4d63a3d491d11ffd8ac6 HTTP/1.1" 200 1644 "http://www.freejobalerts.guru/" "Mozilla/5.0 (Windows NT 10.0; Win64; x64) AppleWebKit/537.36 (KHTML, like Gecko) Chrome/122.0.0.0 Safari/537.36"
156.59.175.141 - - [19/Feb/2025:11:24:30 +0530] "GET /wp-content/plugins/contact-form-7/includes/swv/js/index.js?ver=6.0.3 HTTP/1.1" 200 3522 "http://www.freejobalerts.guru/" "Mozilla/5.0 (Windows NT 10.0; Win64; x64) AppleWebKit/537.36 (KHTML, like Gecko) Chrome/122.0.0.0 Safari/537.36"
156.59.175.141 - - [19/Feb/2025:11:24:30 +0530] "GET /wp-content/plugins/contact-form-7/includes/js/index.js?ver=6.0.3 HTTP/1.1" 200 4236 "http://www.freejobalerts.guru/" "Mozilla/5.0 (Windows NT 10.0; Win64; x64) AppleWebKit/537.36 (KHTML, like Gecko) Chrome/122.0.0.0 Safari/537.36"
156.59.175.141 - - [19/Feb/2025:11:24:31 +0530] "GET /wp-includes/js/masonry.min.js?ver=4.2.2 HTTP/1.1" 200 7376 "http://www.freejobalerts.guru/" "Mozilla/5.0 (Windows NT 10.0; Win64; x64) AppleWebKit/537.36 (KHTML, like Gecko) Chrome/122.0.0.0 Safari/537.36"
107.155.39.42 - - [19/Feb/2025:11:24:25 +0530] "GET / HTTP/1.1" 200 13758 "http://www.openurls.com.cn/" "Mozilla/5.0 (Windows NT 10.0; Win64; x64) AppleWebKit/537.36 (KHTML, like Gecko) Chrome/122.0.0.0 Safari/537.36"
156.59.175.134 - - [19/Feb/2025:11:24:19 +0530] "GET / HTTP/1.1" 301 0 "http://www.openurls.com.cn/" "Mozilla/5.0 (Windows NT 10.0; Win64; x64) AppleWebKit/537.36 (KHTML, like Gecko) Chrome/122.0.0.0 Safari/537.36"
156.59.175.137 - - [19/Feb/2025:11:24:26 +0530] "GET /wp-content/plugins/contact-form-7/includes/css/styles.css?ver=6.0.3 HTTP/1.1" 200 1016 "http://www.freejobalerts.guru/" "Mozilla/5.0 (Windows NT 10.0; Win64; x64) AppleWebKit/537.36 (KHTML, like Gecko) Chrome/122.0.0.0 Safari/537.36"
156.59.175.137 - - [19/Feb/2025:11:24:27 +0530] "GET /wp-content/plugins/contextual-related-posts/css/rounded-thumbs.min.css?ver=3.6.2 HTTP/1.1" 200 454 "http://www.freejobalerts.guru/" "Mozilla/5.0 (Windows NT 10.0; Win64; x64) AppleWebKit/537.36 (KHTML, like Gecko) Chrome/122.0.0.0 Safari/537.36"
156.59.175.137 - - [19/Feb/2025:11:24:27 +0530] "GET /wp-content/plugins/gp-premium/blog/functions/css/style.min.css?ver=2.0.2 HTTP/1.1" 200 1112 "http://www.freejobalerts.guru/" "Mozilla/5.0 (Windows NT 10.0; Win64; x64) AppleWebKit/537.36 (KHTML, like Gecko) Chrome/122.0.0.0 Safari/537.36"
162.55.100.32 - - [19/Feb/2025:11:56:34 +0530] "POST /wp-cron.php?doing_wp_cron=1739946393.6687290668487548828125 HTTP/1.1" 200 0 "-" "WordPress/6.7.2; https://www.freejobalerts.guru"
2a06:98c0:3600::103 - - [19/Feb/2025:11:58:51 +0530] "GET /wp-admin/setup-config.php HTTP/1.1" 409 1213 "-" "Mozilla/5.0 (Windows NT 10.0; Win64; x64) AppleWebKit/537.36 (KHTML, like Gecko) Chrome/133.0.0.0 Safari/537.36"
176.53.222.129 - - [19/Feb/2025:11:49:34 +0530] "GET /favicon.ico HTTP/1.1" 404 1251 "-" "Mozilla/5.0 (Windows NT 10.0; Win64; x64) AppleWebKit/537.36 (KHTML, like Gecko) Chrome/94.0.4606.61 Safari/537.36"
2a06:98c0:3600::103 - - [19/Feb/2025:11:56:32 +0530] "GET /wordpress/wp-admin/setup-config.php HTTP/1.1" 301 0 "-" "Mozilla/5.0 (Windows NT 10.0; Win64; x64) AppleWebKit/537.36 (KHTML, like Gecko) Chrome/133.0.0.0 Safari/537.36"
45.90.63.233 - - [19/Feb/2025:11:49:31 +0530] "GET / HTTP/1.1" 200 13767 "-" "Mozilla/5.0 (Windows NT 10.0; Win64; x64) AppleWebKit/537.36 (KHTML, like Gecko) Chrome/94.0.4606.61 Safari/537.36"
2a06:98c0:3600::103 - - [19/Feb/2025:11:33:06 +0530] "GET /wp-admin/setup-config.php HTTP/1.1" 409 1213 "-" "Mozilla/5.0 (Windows NT 10.0; Win64; x64) AppleWebKit/537.36 (KHTML, like Gecko) Chrome/133.0.0.0 Safari/537.36"
162.55.100.32 - - [19/Feb/2025:11:49:30 +0530] "POST /wp-cron.php?doing_wp_cron=1739945970.6958160400390625000000 HTTP/1.1" 200 0 "-" "WordPress/6.7.2; https://www.freejobalerts.guru"
173.208.148.34 - - [19/Feb/2025:11:58:35 +0530] "GET /?params=1 HTTP/1.1" 200 55974 "-" "Mozilla/5.0 (Windows NT 10.0; Win64; x64) AppleWebKit/537.36 (KHTML, like Gecko) Chrome/91.0.4472.106 Safari/537.36"
2a06:98c0:3600::103 - - [19/Feb/2025:11:33:11 +0530] "GET /wordpress/wp-admin/setup-config.php HTTP/1.1" 301 0 "-" "Mozilla/5.0 (Windows NT 10.0; Win64; x64) AppleWebKit/537.36 (KHTML, like Gecko) Chrome/133.0.0.0 Safari/537.36"
176.53.222.141 - - [19/Feb/2025:11:49:34 +0530] "GET /favicon.ico HTTP/1.1" 404 1251 "-" "Mozilla/5.0 (Windows NT 10.0; Win64; x64) AppleWebKit/537.36 (KHTML, like Gecko) Chrome/94.0.4606.61 Safari/537.36"
162.55.100.32 - - [19/Feb/2025:11:33:13 +0530] "POST /wp-cron.php?doing_wp_cron=1739944993.1969370841979980468750 HTTP/1.1" 200 0 "-" "WordPress/6.7.2; https://www.freejobalerts.guru"
89.104.111.68 - - [19/Feb/2025:11:49:30 +0530] "GET / HTTP/1.1" 301 0 "-" "Mozilla/5.0 (Windows NT 10.0; Win64; x64) AppleWebKit/537.36 (KHTML, like Gecko) Chrome/94.0.4606.61 Safari/537.36"
2a06:98c0:3600::103 - - [19/Feb/2025:11:56:34 +0530] "GET /wordpress/wp-admin/setup-config.php HTTP/1.1" 404 10295 "-" "Mozilla/5.0 (Windows NT 10.0; Win64; x64) AppleWebKit/537.36 (KHTML, like Gecko) Chrome/133.0.0.0 Safari/537.36"
156.59.175.136 - - [19/Feb/2025:11:27:20 +0530] "GET / HTTP/1.1" 301 0 "http://www.openurls.com.cn/" "Mozilla/5.0 (Windows NT 10.0; Win64; x64) AppleWebKit/537.36 (KHTML, like Gecko) Chrome/122.0.0.0 Safari/537.36"
2a06:98c0:3600::103 - - [19/Feb/2025:11:57:34 +0530] "GET /wp-admin/setup-config.php HTTP/1.1" 409 1213 "-" "Mozilla/5.0 (Windows NT 10.0; Win64; x64) AppleWebKit/537.36 (KHTML, like Gecko) Chrome/133.0.0.0 Safari/537.36"
173.208.148.34 - - [19/Feb/2025:11:58:33 +0530] "GET /index.php?params=1 HTTP/1.1" 301 0 "-" "Mozilla/5.0 (Windows NT 10.0; Win64; x64) AppleWebKit/537.36 (KHTML, like Gecko) Chrome/91.0.4472.106 Safari/537.36"
162.55.100.32 - - [19/Feb/2025:12:12:15 +0530] "POST /wp-cron.php?doing_wp_cron=1739947335.7031168937683105468750 HTTP/1.1" 200 0 "-" "WordPress/6.7.2; https://www.freejobalerts.guru"
165.140.119.186 - - [19/Feb/2025:12:12:12 +0530] "GET / HTTP/1.1" 301 0 "-" "-"
165.140.119.186 - - [19/Feb/2025:12:12:17 +0530] "GET / HTTP/1.1" 200 56012 "-" "-"
165.232.115.32 - - [19/Feb/2025:12:16:52 +0530] "GET /favicon.ico HTTP/1.1" 404 1251 "http://www.freejobalerts.guru/" "Mozilla/5.0 (compatible)"
165.232.115.32 - - [19/Feb/2025:12:16:50 +0530] "GET / HTTP/1.1" 200 13758 "-" "Mozilla/5.0 (compatible)"
162.55.100.32 - - [19/Feb/2025:12:16:51 +0530] "POST /wp-cron.php?doing_wp_cron=1739947611.4217140674591064453125 HTTP/1.1" 200 0 "-" "WordPress/6.7.2; https://www.freejobalerts.guru"
217.198.191.215 - - [19/Feb/2025:12:25:58 +0530] "GET / HTTP/1.1" 301 0 "-" "Mozilla/5.0 (Macintosh; Intel Mac OS X 10_9_4) AppleWebKit/537.36 (KHTML, like Gecko) Chrome/36.0.1985.125 Safari/537.36"
2a06:98c0:3600::103 - - [19/Feb/2025:12:48:27 +0530] "GET /wordpress/wp-admin/setup-config.php HTTP/1.1" 404 10305 "-" "Mozilla/5.0 (Windows NT 10.0; Win64; x64) AppleWebKit/537.36 (KHTML, like Gecko) Chrome/133.0.0.0 Safari/537.36"
2a06:98c0:3600::103 - - [19/Feb/2025:12:26:11 +0530] "GET /wordpress/wp-admin/setup-config.php HTTP/1.1" 301 0 "-" "Mozilla/5.0 (Windows NT 10.0; Win64; x64) AppleWebKit/537.36 (KHTML, like Gecko) Chrome/133.0.0.0 Safari/537.36"
162.55.100.32 - - [19/Feb/2025:12:26:49 +0530] "POST /wp-cron.php?doing_wp_cron=1739948209.3853259086608886718750 HTTP/1.1" 200 0 "-" "WordPress/6.7.2; https://www.freejobalerts.guru"
2a06:98c0:3600::103 - - [19/Feb/2025:12:48:25 +0530] "GET /wordpress/wp-admin/setup-config.php HTTP/1.1" 301 0 "-" "Mozilla/5.0 (Windows NT 10.0; Win64; x64) AppleWebKit/537.36 (KHTML, like Gecko) Chrome/133.0.0.0 Safari/537.36"
217.198.191.215 - - [19/Feb/2025:12:26:48 +0530] "GET / HTTP/1.1" 200 13758 "-" "Mozilla/5.0 (Macintosh; Intel Mac OS X 10_9_4) AppleWebKit/537.36 (KHTML, like Gecko) Chrome/36.0.1985.125 Safari/537.36"
217.198.191.215 - - [19/Feb/2025:12:26:59 +0530] "GET /test_404_page/ HTTP/1.1" 404 9462 "-" "Mozilla/5.0 (Macintosh; Intel Mac OS X 10_9_4) AppleWebKit/537.36 (KHTML, like Gecko) Chrome/36.0.1985.125 Safari/537.36"
162.55.100.32 - - [19/Feb/2025:12:25:39 +0530] "POST /wp-cron.php?doing_wp_cron=1739948139.9663770198822021484375 HTTP/1.1" 200 0 "-" "WordPress/6.7.2; https://www.freejobalerts.guru"
162.55.100.32 - - [19/Feb/2025:12:48:26 +0530] "POST /wp-cron.php?doing_wp_cron=1739949506.1032640933990478515625 HTTP/1.1" 200 0 "-" "WordPress/6.7.2; https://www.freejobalerts.guru"
217.198.191.215 - - [19/Feb/2025:12:25:19 +0530] "GET /robots.txt HTTP/1.1" 301 0 "-" "Mozilla/5.0 (Macintosh; Intel Mac OS X 10_9_4) AppleWebKit/537.36 (KHTML, like Gecko) Chrome/36.0.1985.125 Safari/537.36"
217.198.191.215 - - [19/Feb/2025:12:25:39 +0530] "GET /robots.txt HTTP/1.1" 200 119 "-" "Mozilla/5.0 (Macintosh; Intel Mac OS X 10_9_4) AppleWebKit/537.36 (KHTML, like Gecko) Chrome/36.0.1985.125 Safari/537.36"
2a06:98c0:3600::103 - - [19/Feb/2025:12:25:31 +0530] "GET /wp-admin/setup-config.php HTTP/1.1" 409 1213 "-" "Mozilla/5.0 (Windows NT 10.0; Win64; x64) AppleWebKit/537.36 (KHTML, like Gecko) Chrome/133.0.0.0 Safari/537.36"
2a06:98c0:3600::103 - - [19/Feb/2025:13:12:44 +0530] "GET /wp-admin/setup-config.php HTTP/1.1" 409 1213 "-" "Mozilla/5.0 (Windows NT 10.0; Win64; x64) AppleWebKit/537.36 (KHTML, like Gecko) Chrome/133.0.0.0 Safari/537.36"
162.55.100.32 - - [19/Feb/2025:13:13:44 +0530] "POST /wp-cron.php?doing_wp_cron=1739951024.0968339443206787109375 HTTP/1.1" 200 0 "-" "WordPress/6.7.2; https://www.freejobalerts.guru"
2a06:98c0:3600::103 - - [19/Feb/2025:13:13:37 +0530] "GET /wordpress/wp-admin/setup-config.php HTTP/1.1" 200 0 "-" "Mozilla/5.0 (Windows NT 10.0; Win64; x64) AppleWebKit/537.36 (KHTML, like Gecko) Chrome/133.0.0.0 Safari/537.36"
162.55.100.32 - - [19/Feb/2025:13:36:27 +0530] "POST /wp-cron.php?doing_wp_cron=1739952387.2449350357055664062500 HTTP/1.1" 200 0 "-" "WordPress/6.7.2; https://www.freejobalerts.guru"
2a06:98c0:3600::103 - - [19/Feb/2025:13:36:25 +0530] "GET /wordpress/wp-admin/setup-config.php HTTP/1.1" 301 0 "-" "Mozilla/5.0 (Windows NT 10.0; Win64; x64) AppleWebKit/537.36 (KHTML, like Gecko) Chrome/133.0.0.0 Safari/537.36"
2a06:98c0:3600::103 - - [19/Feb/2025:13:35:44 +0530] "GET /wp-admin/setup-config.php HTTP/1.1" 409 1213 "-" "Mozilla/5.0 (Windows NT 10.0; Win64; x64) AppleWebKit/537.36 (KHTML, like Gecko) Chrome/133.0.0.0 Safari/537.36"
154.205.8.214 - - [19/Feb/2025:13:48:39 +0530] "GET /wp-includes/js/dist/hooks.min.js?ver=4d63a3d491d11ffd8ac6 HTTP/1.1" 200 1644 "http://www.freejobalerts.guru/" "Mozilla/5.0 (Windows NT 10.0; Win64; x64) AppleWebKit/537.36 (KHTML, like Gecko) Chrome/133.0.0.0 Safari/537.36"
154.205.8.214 - - [19/Feb/2025:13:48:40 +0530] "GET /wp-includes/js/dist/i18n.min.js?ver=5e580eb46a90c2b997e6 HTTP/1.1" 200 3667 "http://www.freejobalerts.guru/" "Mozilla/5.0 (Windows NT 10.0; Win64; x64) AppleWebKit/537.36 (KHTML, like Gecko) Chrome/133.0.0.0 Safari/537.36"
154.205.8.214 - - [19/Feb/2025:13:48:40 +0530] "GET /wp-content/plugins/contact-form-7/includes/js/index.js?ver=6.0.3 HTTP/1.1" 200 4236 "http://www.freejobalerts.guru/" "Mozilla/5.0 (Windows NT 10.0; Win64; x64) AppleWebKit/537.36 (KHTML, like Gecko) Chrome/133.0.0.0 Safari/537.36"
154.205.8.214 - - [19/Feb/2025:13:48:41 +0530] "GET /wp-includes/js/imagesloaded.min.js?ver=5.0.0 HTTP/1.1" 200 1801 "http://www.freejobalerts.guru/" "Mozilla/5.0 (Windows NT 10.0; Win64; x64) AppleWebKit/537.36 (KHTML, like Gecko) Chrome/133.0.0.0 Safari/537.36"
154.205.8.214 - - [19/Feb/2025:13:48:41 +0530] "GET /wp-includes/js/masonry.min.js?ver=4.2.2 HTTP/1.1" 200 7376 "http://www.freejobalerts.guru/" "Mozilla/5.0 (Windows NT 10.0; Win64; x64) AppleWebKit/537.36 (KHTML, like Gecko) Chrome/133.0.0.0 Safari/537.36"
162.55.100.32 - - [19/Feb/2025:13:48:30 +0530] "POST /wp-cron.php?doing_wp_cron=1739953109.9492828845977783203125 HTTP/1.1" 200 0 "-" "WordPress/6.7.2; https://www.freejobalerts.guru"
154.205.8.214 - - [19/Feb/2025:13:48:40 +0530] "GET /wp-content/plugins/contact-form-7/includes/swv/js/index.js?ver=6.0.3 HTTP/1.1" 200 3522 "http://www.freejobalerts.guru/" "Mozilla/5.0 (Windows NT 10.0; Win64; x64) AppleWebKit/537.36 (KHTML, like Gecko) Chrome/133.0.0.0 Safari/537.36"
154.205.8.214 - - [19/Feb/2025:13:48:40 +0530] "GET /wp-content/themes/generatepress/assets/js/menu.min.js?ver=3.5.1 HTTP/1.1" 200 1828 "http://www.freejobalerts.guru/" "Mozilla/5.0 (Windows NT 10.0; Win64; x64) AppleWebKit/537.36 (KHTML, like Gecko) Chrome/133.0.0.0 Safari/537.36"
154.205.8.214 - - [19/Feb/2025:13:48:42 +0530] "GET /wp-content/plugins/gp-premium/blog/functions/js/scripts.min.js?ver=2.0.2 HTTP/1.1" 200 608 "http://www.freejobalerts.guru/" "Mozilla/5.0 (Windows NT 10.0; Win64; x64) AppleWebKit/537.36 (KHTML, like Gecko) Chrome/133.0.0.0 Safari/537.36"
154.205.8.214 - - [19/Feb/2025:13:48:42 +0530] "GET /wp-includes/js/wp-emoji-release.min.js?ver=6.7.2 HTTP/1.1" 200 5072 "http://www.freejobalerts.guru/" "Mozilla/5.0 (Windows NT 10.0; Win64; x64) AppleWebKit/537.36 (KHTML, like Gecko) Chrome/133.0.0.0 Safari/537.36"
154.205.8.214 - - [19/Feb/2025:13:48:36 +0530] "GET /wp-content/plugins/related-posts-thumbnails/assets/css/front.css?ver=4.2.1 HTTP/1.1" 200 1198 "http://www.freejobalerts.guru/" "Mozilla/5.0 (Windows NT 10.0; Win64; x64) AppleWebKit/537.36 (KHTML, like Gecko) Chrome/133.0.0.0 Safari/537.36"
154.205.8.214 - - [19/Feb/2025:13:48:37 +0530] "GET /wp-includes/css/dist/block-library/style.min.css?ver=6.7.2 HTTP/1.1" 200 15146 "http://www.freejobalerts.guru/" "Mozilla/5.0 (Windows NT 10.0; Win64; x64) AppleWebKit/537.36 (KHTML, like Gecko) Chrome/133.0.0.0 Safari/537.36"
154.205.8.214 - - [19/Feb/2025:13:48:37 +0530] "GET /wp-content/themes/generatepress/assets/css/main.min.css?ver=3.5.1 HTTP/1.1" 200 4670 "http://www.freejobalerts.guru/" "Mozilla/5.0 (Windows NT 10.0; Win64; x64) AppleWebKit/537.36 (KHTML, like Gecko) Chrome/133.0.0.0 Safari/537.36"
154.205.8.214 - - [19/Feb/2025:13:48:43 +0530] "GET /favicon.ico HTTP/1.1" 404 1251 "http://www.freejobalerts.guru/" "Mozilla/5.0 (Windows NT 10.0; Win64; x64) AppleWebKit/537.36 (KHTML, like Gecko) Chrome/133.0.0.0 Safari/537.36"
154.205.8.214 - - [19/Feb/2025:13:48:36 +0530] "GET /wp-content/plugins/contact-form-7/includes/css/styles.css?ver=6.0.3 HTTP/1.1" 200 1016 "http://www.freejobalerts.guru/" "Mozilla/5.0 (Windows NT 10.0; Win64; x64) AppleWebKit/537.36 (KHTML, like Gecko) Chrome/133.0.0.0 Safari/537.36"
154.205.8.214 - - [19/Feb/2025:13:48:36 +0530] "GET /wp-content/plugins/contextual-related-posts/css/rounded-thumbs.min.css?ver=3.6.2 HTTP/1.1" 200 454 "http://www.freejobalerts.guru/" "Mozilla/5.0 (Windows NT 10.0; Win64; x64) AppleWebKit/537.36 (KHTML, like Gecko) Chrome/133.0.0.0 Safari/537.36"
154.205.8.214 - - [19/Feb/2025:13:48:37 +0530] "GET /wp-content/plugins/gp-premium/blog/functions/css/style.min.css?ver=2.0.2 HTTP/1.1" 200 1112 "http://www.freejobalerts.guru/" "Mozilla/5.0 (Windows NT 10.0; Win64; x64) AppleWebKit/537.36 (KHTML, like Gecko) Chrome/133.0.0.0 Safari/537.36"
154.205.8.214 - - [19/Feb/2025:13:48:23 +0530] "GET / HTTP/1.1" 200 13826 "-" "Mozilla/5.0 (Windows NT 10.0; Win64; x64) AppleWebKit/537.36 (KHTML, like Gecko) Chrome/133.0.0.0 Safari/537.36"
88.217.180.91 - - [19/Feb/2025:13:54:38 +0530] "GET / HTTP/1.1" 301 0 "-" "Mozilla/5.0 (iPhone; CPU iPhone OS 17_5_1 like Mac OS X) AppleWebKit/605.1.15 (KHTML, like Gecko) Version/17.5 Mobile/15E148 Safari/604.1"
196.240.60.206 - - [19/Feb/2025:13:54:40 +0530] "GET / HTTP/1.1" 301 0 "-" "Mozilla/5.0 (Windows NT 10.0; Win64; x64) AppleWebKit/537.36 (KHTML, like Gecko) Chrome/130.0.0.0 Safari/537.36 Edg/130.0.0.0"
3.70.220.204 - - [19/Feb/2025:13:54:38 +0530] "GET / HTTP/1.1" 301 0 "-" "Mozilla/5.0 (iPhone; CPU iPhone OS 18_1_1 like Mac OS X) AppleWebKit/605.1.15 (KHTML, like Gecko) Version/18.1.1 Mobile/15E148 Safari/604.1"
45.33.153.96 - - [19/Feb/2025:13:52:27 +0530] "GET / HTTP/1.1" 301 0 "-" "Mozilla/5.0 (iPhone; CPU iPhone OS 17_4_1 like Mac OS X) AppleWebKit/605.1.15 (KHTML, like Gecko) CriOS/123.0.6312.52 Mobile/15E148 Safari/604.1"
162.55.100.32 - - [19/Feb/2025:14:03:25 +0530] "POST /wp-cron.php?doing_wp_cron=1739954005.7673540115356445312500 HTTP/1.1" 200 0 "-" "WordPress/6.7.2; https://www.freejobalerts.guru"
2a06:98c0:3600::103 - - [19/Feb/2025:14:03:24 +0530] "GET /wordpress/wp-admin/setup-config.php HTTP/1.1" 301 0 "-" "Mozilla/5.0 (Windows NT 10.0; Win64; x64) AppleWebKit/537.36 (KHTML, like Gecko) Chrome/133.0.0.0 Safari/537.36"
3.70.220.204 - - [19/Feb/2025:14:02:52 +0530] "GET / HTTP/1.1" 301 0 "-" "Mozilla/5.0 (iPhone; CPU iPhone OS 18_1_1 like Mac OS X) AppleWebKit/605.1.15 (KHTML, like Gecko) Version/18.1.1 Mobile/15E148 Safari/604.1"
2a06:98c0:3600::103 - - [19/Feb/2025:14:03:26 +0530] "GET /wordpress/wp-admin/setup-config.php HTTP/1.1" 404 6953 "-" "Mozilla/5.0 (Windows NT 10.0; Win64; x64) AppleWebKit/537.36 (KHTML, like Gecko) Chrome/133.0.0.0 Safari/537.36"
162.55.100.32 - - [19/Feb/2025:14:02:54 +0530] "POST /wp-cron.php?doing_wp_cron=1739953974.6982820034027099609375 HTTP/1.1" 200 0 "-" "WordPress/6.7.2; https://www.freejobalerts.guru"
18.184.173.237 - - [19/Feb/2025:14:06:01 +0530] "GET /favicon.ico HTTP/1.1" 404 1251 "-" "Mozilla/5.0 (iPhone; CPU iPhone OS 18_1_1 like Mac OS X) AppleWebKit/605.1.15 (KHTML, like Gecko) Version/18.1.1 Mobile/15E148 Safari/604.1"
45.148.10.172 - - [19/Feb/2025:14:07:11 +0530] "GET /.env HTTP/1.1" 301 0 "-" "Mozilla/5.0 (X11; NetBSD amd64; rv:16.0) Gecko/20121102 Firefox/16.0"
45.148.10.172 - - [19/Feb/2025:14:07:11 +0530] "GET /.env HTTP/1.1" 404 9493 "-" "Mozilla/5.0 (Macintosh; Intel Mac OS X 10_14_3) AppleWebKit/537.36 (KHTML, like Gecko) Chrome/74.0.3729.157 Safari/537.36"
196.240.60.206 - - [19/Feb/2025:14:13:19 +0530] "GET / HTTP/1.1" 200 13758 "http://freejobalerts.guru/" "Mozilla/5.0 (Macintosh; Intel Mac OS X 10_15_7) AppleWebKit/605.1.15 (KHTML, like Gecko) Version/17.6 Safari/605.1.15"
162.55.100.32 - - [19/Feb/2025:14:16:50 +0530] "POST /wp-cron.php?doing_wp_cron=1739954810.4500620365142822265625 HTTP/1.1" 200 0 "-" "WordPress/6.7.2; https://www.freejobalerts.guru"
146.70.101.42 - - [19/Feb/2025:14:18:37 +0530] "GET /favicon.ico HTTP/1.1" 404 1251 "http://freejobalerts.guru/" "Mozilla/5.0 (iPhone; CPU iPhone OS 18_1_1 like Mac OS X) AppleWebKit/605.1.15 (KHTML, like Gecko) Version/18.1.1 Mobile/15E148 Safari/604.1"
103.149.27.148 - - [19/Feb/2025:14:13:08 +0530] "GET / HTTP/1.1" 301 0 "http://freejobalerts.guru/" "Mozilla/5.0 (Linux; Android 11; vivo 1906; wv) AppleWebKit/537.36 (KHTML, like Gecko) Version/4.0 Chrome/87.0.4280.141 Mobile Safari/537.36 VivoBrowser/8.9.0.0 uni-app Html5Plus/1.0"
162.55.100.32 - - [19/Feb/2025:14:13:14 +0530] "POST /wp-cron.php?doing_wp_cron=1739954594.1604650020599365234375 HTTP/1.1" 200 0 "-" "WordPress/6.7.2; https://www.freejobalerts.guru"
103.149.27.148 - - [19/Feb/2025:14:13:17 +0530] "GET /api/ping HTTP/1.1" 301 0 "http://freejobalerts.guru/api/ping" "Mozilla/5.0 (Linux; Android 11; vivo 1906; wv) AppleWebKit/537.36 (KHTML, like Gecko) Version/4.0 Chrome/87.0.4280.141 Mobile Safari/537.36 VivoBrowser/8.9.0.0 uni-app Html5Plus/1.0"
162.55.100.32 - - [19/Feb/2025:14:13:28 +0530] "POST /wp-cron.php?doing_wp_cron=1739954608.6014258861541748046875 HTTP/1.1" 200 0 "-" "WordPress/6.7.2; https://www.freejobalerts.guru"
103.149.27.148 - - [19/Feb/2025:14:13:27 +0530] "GET / HTTP/1.1" 301 0 "http://freejobalerts.guru/" "Mozilla/5.0 (Linux; Android 11; vivo 1906; wv) AppleWebKit/537.36 (KHTML, like Gecko) Version/4.0 Chrome/87.0.4280.141 Mobile Safari/537.36 VivoBrowser/8.9.0.0 uni-app Html5Plus/1.0"
162.55.100.32 - - [19/Feb/2025:14:19:38 +0530] "POST /wp-cron.php?doing_wp_cron=1739954978.5033171176910400390625 HTTP/1.1" 200 0 "-" "WordPress/6.7.2; https://www.freejobalerts.guru"
134.209.84.192 - - [19/Feb/2025:14:19:39 +0530] "GET / HTTP/1.1" 200 13758 "-" "Mozilla/5.0 (X11; Linux x86_64) AppleWebKit/537.36 (KHTML, like Gecko) Chrome/132.0.6834.84 Safari/537.36"
103.149.27.148 - - [19/Feb/2025:14:13:21 +0530] "GET /api/ping HTTP/1.1" 404 9487 "http://freejobalerts.guru/api/ping" "Mozilla/5.0 (Linux; Android 11; vivo 1906; wv) AppleWebKit/537.36 (KHTML, like Gecko) Version/4.0 Chrome/87.0.4280.141 Mobile Safari/537.36 VivoBrowser/8.9.0.0 uni-app Html5Plus/1.0"
103.149.27.148 - - [19/Feb/2025:14:13:31 +0530] "GET / HTTP/1.1" 200 13767 "http://freejobalerts.guru/" "Mozilla/5.0 (Linux; Android 11; vivo 1906; wv) AppleWebKit/537.36 (KHTML, like Gecko) Version/4.0 Chrome/87.0.4280.141 Mobile Safari/537.36 VivoBrowser/8.9.0.0 uni-app Html5Plus/1.0"
146.70.101.42 - - [19/Feb/2025:14:13:19 +0530] "GET / HTTP/1.1" 200 13767 "http://freejobalerts.guru/" "Mozilla/5.0 (iPhone; CPU iPhone OS 18_1_1 like Mac OS X) AppleWebKit/605.1.15 (KHTML, like Gecko) Version/18.1.1 Mobile/15E148 Safari/604.1"
134.209.84.192 - - [19/Feb/2025:14:16:48 +0530] "GET /main.js HTTP/1.1" 301 0 "-" "Mozilla/5.0 (X11; Linux x86_64) AppleWebKit/537.36 (KHTML, like Gecko) Chrome/132.0.6834.84 Safari/537.36"
134.209.84.192 - - [19/Feb/2025:14:19:36 +0530] "GET / HTTP/1.1" 301 0 "-" "Mozilla/5.0 (X11; Linux x86_64) AppleWebKit/537.36 (KHTML, like Gecko) Chrome/132.0.6834.84 Safari/537.36"
196.240.60.206 - - [19/Feb/2025:14:13:19 +0530] "GET / HTTP/1.1" 200 13767 "http://freejobalerts.guru/" "Mozilla/5.0 (iPhone; CPU iPhone OS 18_1_1 like Mac OS X) AppleWebKit/605.1.15 (KHTML, like Gecko) Version/18.1.1 Mobile/15E148 Safari/604.1"
134.209.84.192 - - [19/Feb/2025:14:16:53 +0530] "GET /main.js HTTP/1.1" 404 9487 "-" "Mozilla/5.0 (X11; Linux x86_64) AppleWebKit/537.36 (KHTML, like Gecko) Chrome/132.0.6834.84 Safari/537.36"
2a06:98c0:3600::103 - - [19/Feb/2025:14:25:07 +0530] "GET /wordpress/wp-admin/setup-config.php HTTP/1.1" 301 0 "-" "Mozilla/5.0 (Windows NT 10.0; Win64; x64) AppleWebKit/537.36 (KHTML, like Gecko) Chrome/133.0.0.0 Safari/537.36"
2a06:98c0:3600::103 - - [19/Feb/2025:14:26:18 +0530] "GET /wp-admin/setup-config.php HTTP/1.1" 409 1213 "-" "Mozilla/5.0 (Windows NT 10.0; Win64; x64) AppleWebKit/537.36 (KHTML, like Gecko) Chrome/133.0.0.0 Safari/537.36"
2a06:98c0:3600::103 - - [19/Feb/2025:14:25:08 +0530] "GET /wordpress/wp-admin/setup-config.php HTTP/1.1" 404 10295 "-" "Mozilla/5.0 (Windows NT 10.0; Win64; x64) AppleWebKit/537.36 (KHTML, like Gecko) Chrome/133.0.0.0 Safari/537.36"
51.159.14.99 - - [19/Feb/2025:14:40:47 +0530] "GET /wp-content/plugins/contact-form-7/includes/css/styles.css?ver=6.0.3 HTTP/1.1" 200 1016 "http://www.freejobalerts.guru/" "Mozilla/5.0 (X11; Linux x86_64) AppleWebKit/537.36 (KHTML, like Gecko) Chrome/131.0.0.0 Safari/537.3"
51.159.14.99 - - [19/Feb/2025:14:40:48 +0530] "GET /wp-content/plugins/related-posts-thumbnails/assets/css/front.css?ver=4.2.1 HTTP/1.1" 200 1198 "http://www.freejobalerts.guru/" "Mozilla/5.0 (X11; Linux x86_64) AppleWebKit/537.36 (KHTML, like Gecko) Chrome/131.0.0.0 Safari/537.3"
51.159.14.99 - - [19/Feb/2025:14:40:52 +0530] "GET /favicon.ico HTTP/1.1" 404 1251 "-" "python-requests/2.32.3"
69.160.160.58 - - [19/Feb/2025:14:36:26 +0530] "GET /wp-content/themes/generatepress/assets/css/main.min.css?ver=3.5.1 HTTP/1.1" 200 4670 "http://www.freejobalerts.guru/" "Mozilla/5.0 (X11; Linux x86_64) AppleWebKit/537.36 (KHTML, like Gecko) HeadlessChrome/80.0.3987.163 Safari/537.36"
69.160.160.58 - - [19/Feb/2025:14:36:22 +0530] "GET / HTTP/1.1" 200 13758 "-" "Mozilla/5.0 (X11; Linux x86_64) AppleWebKit/537.36 (KHTML, like Gecko) HeadlessChrome/80.0.3987.163 Safari/537.36"
69.160.160.58 - - [19/Feb/2025:14:36:26 +0530] "GET /wp-includes/js/dist/hooks.min.js?ver=4d63a3d491d11ffd8ac6 HTTP/1.1" 200 1644 "http://www.freejobalerts.guru/" "Mozilla/5.0 (X11; Linux x86_64) AppleWebKit/537.36 (KHTML, like Gecko) HeadlessChrome/80.0.3987.163 Safari/537.36"
69.160.160.58 - - [19/Feb/2025:14:36:26 +0530] "GET /wp-content/themes/generatepress/assets/js/menu.min.js?ver=3.5.1 HTTP/1.1" 200 1828 "http://www.freejobalerts.guru/" "Mozilla/5.0 (X11; Linux x86_64) AppleWebKit/537.36 (KHTML, like Gecko) HeadlessChrome/80.0.3987.163 Safari/537.36"
69.160.160.58 - - [19/Feb/2025:14:36:26 +0530] "GET /wp-includes/js/masonry.min.js?ver=4.2.2 HTTP/1.1" 200 7376 "http://www.freejobalerts.guru/" "Mozilla/5.0 (X11; Linux x86_64) AppleWebKit/537.36 (KHTML, like Gecko) HeadlessChrome/80.0.3987.163 Safari/537.36"
51.159.14.99 - - [19/Feb/2025:14:40:30 +0530] "HEAD / HTTP/1.1" 301 0 "-" "curl/7.81.0"
51.159.14.99 - - [19/Feb/2025:14:40:50 +0530] "GET /wp-content/plugins/contact-form-7/includes/js/index.js?ver=6.0.3 HTTP/1.1" 200 4236 "http://www.freejobalerts.guru/" "Mozilla/5.0 (X11; Linux x86_64) AppleWebKit/537.36 (KHTML, like Gecko) Chrome/131.0.0.0 Safari/537.3"
51.159.14.99 - - [19/Feb/2025:14:40:50 +0530] "GET /wp-includes/js/imagesloaded.min.js?ver=5.0.0 HTTP/1.1" 200 1801 "http://www.freejobalerts.guru/" "Mozilla/5.0 (X11; Linux x86_64) AppleWebKit/537.36 (KHTML, like Gecko) Chrome/131.0.0.0 Safari/537.3"
51.159.14.99 - - [19/Feb/2025:14:40:50 +0530] "GET /wp-content/themes/generatepress/assets/js/menu.min.js?ver=3.5.1 HTTP/1.1" 200 1828 "http://www.freejobalerts.guru/" "Mozilla/5.0 (X11; Linux x86_64) AppleWebKit/537.36 (KHTML, like Gecko) Chrome/131.0.0.0 Safari/537.3"
51.159.14.99 - - [19/Feb/2025:14:40:57 +0530] "GET /sellers.json HTTP/1.1" 404 8585 "-" "Mozilla/5.0 (X11; Linux x86_64) AppleWebKit/537.36 (KHTML, like Gecko) Chrome/132.0.0.0 Safari/537.3"
162.55.100.32 - - [19/Feb/2025:14:36:14 +0530] "POST /wp-cron.php?doing_wp_cron=1739955974.8120260238647460937500 HTTP/1.1" 200 0 "-" "WordPress/6.7.2; https://www.freejobalerts.guru"
69.160.160.58 - - [19/Feb/2025:14:36:26 +0530] "GET /wp-content/plugins/contextual-related-posts/css/rounded-thumbs.min.css?ver=3.6.2 HTTP/1.1" 200 454 "http://www.freejobalerts.guru/" "Mozilla/5.0 (X11; Linux x86_64) AppleWebKit/537.36 (KHTML, like Gecko) HeadlessChrome/80.0.3987.163 Safari/537.36"
69.160.160.58 - - [19/Feb/2025:14:36:26 +0530] "GET /wp-content/plugins/contact-form-7/includes/swv/js/index.js?ver=6.0.3 HTTP/1.1" 200 3522 "http://www.freejobalerts.guru/" "Mozilla/5.0 (X11; Linux x86_64) AppleWebKit/537.36 (KHTML, like Gecko) HeadlessChrome/80.0.3987.163 Safari/537.36"
51.159.14.99 - - [19/Feb/2025:14:40:49 +0530] "GET /wp-includes/js/dist/hooks.min.js?ver=4d63a3d491d11ffd8ac6 HTTP/1.1" 200 1644 "http://www.freejobalerts.guru/" "Mozilla/5.0 (X11; Linux x86_64) AppleWebKit/537.36 (KHTML, like Gecko) Chrome/131.0.0.0 Safari/537.3"
51.159.14.99 - - [19/Feb/2025:14:40:50 +0530] "GET /wp-content/plugins/contact-form-7/includes/swv/js/index.js?ver=6.0.3 HTTP/1.1" 200 3522 "http://www.freejobalerts.guru/" "Mozilla/5.0 (X11; Linux x86_64) AppleWebKit/537.36 (KHTML, like Gecko) Chrome/131.0.0.0 Safari/537.3"
51.159.14.99 - - [19/Feb/2025:14:40:50 +0530] "GET /wp-content/plugins/gp-premium/blog/functions/js/scripts.min.js?ver=2.0.2 HTTP/1.1" 200 608 "http://www.freejobalerts.guru/" "Mozilla/5.0 (X11; Linux x86_64) AppleWebKit/537.36 (KHTML, like Gecko) Chrome/131.0.0.0 Safari/537.3"
51.159.14.99 - - [19/Feb/2025:14:40:51 +0530] "GET /wp-includes/js/wp-emoji-release.min.js?ver=6.7.2 HTTP/1.1" 200 5072 "http://www.freejobalerts.guru/" "Mozilla/5.0 (X11; Linux x86_64) AppleWebKit/537.36 (KHTML, like Gecko) Chrome/131.0.0.0 Safari/537.3"
51.159.14.99 - - [19/Feb/2025:14:40:51 +0530] "GET /favicon.ico HTTP/1.1" 404 1251 "http://www.freejobalerts.guru/" "Mozilla/5.0 (X11; Linux x86_64) AppleWebKit/537.36 (KHTML, like Gecko) Chrome/131.0.0.0 Safari/537.3"
162.55.100.32 - - [19/Feb/2025:14:36:24 +0530] "POST /wp-cron.php?doing_wp_cron=1739955984.1799631118774414062500 HTTP/1.1" 200 0 "-" "WordPress/6.7.2; https://www.freejobalerts.guru"
69.160.160.58 - - [19/Feb/2025:14:36:25 +0530] "GET /wp-includes/css/dist/block-library/style.min.css?ver=6.7.2 HTTP/1.1" 200 15146 "http://www.freejobalerts.guru/" "Mozilla/5.0 (X11; Linux x86_64) AppleWebKit/537.36 (KHTML, like Gecko) HeadlessChrome/80.0.3987.163 Safari/537.36"
69.160.160.58 - - [19/Feb/2025:14:36:26 +0530] "GET /wp-content/plugins/related-posts-thumbnails/assets/css/front.css?ver=4.2.1 HTTP/1.1" 200 1198 "http://www.freejobalerts.guru/" "Mozilla/5.0 (X11; Linux x86_64) AppleWebKit/537.36 (KHTML, like Gecko) HeadlessChrome/80.0.3987.163 Safari/537.36"
69.160.160.58 - - [19/Feb/2025:14:36:26 +0530] "GET /wp-content/plugins/gp-premium/blog/functions/css/style.min.css?ver=2.0.2 HTTP/1.1" 200 1112 "http://www.freejobalerts.guru/" "Mozilla/5.0 (X11; Linux x86_64) AppleWebKit/537.36 (KHTML, like Gecko) HeadlessChrome/80.0.3987.163 Safari/537.36"
69.160.160.58 - - [19/Feb/2025:14:36:26 +0530] "GET /wp-includes/js/dist/i18n.min.js?ver=5e580eb46a90c2b997e6 HTTP/1.1" 200 3667 "http://www.freejobalerts.guru/" "Mozilla/5.0 (X11; Linux x86_64) AppleWebKit/537.36 (KHTML, like Gecko) HeadlessChrome/80.0.3987.163 Safari/537.36"
69.160.160.58 - - [19/Feb/2025:14:36:26 +0530] "GET /wp-includes/js/imagesloaded.min.js?ver=5.0.0 HTTP/1.1" 200 1801 "http://www.freejobalerts.guru/" "Mozilla/5.0 (X11; Linux x86_64) AppleWebKit/537.36 (KHTML, like Gecko) HeadlessChrome/80.0.3987.163 Safari/537.36"
69.160.160.58 - - [19/Feb/2025:14:36:26 +0530] "GET /wp-content/plugins/gp-premium/blog/functions/js/scripts.min.js?ver=2.0.2 HTTP/1.1" 200 608 "http://www.freejobalerts.guru/" "Mozilla/5.0 (X11; Linux x86_64) AppleWebKit/537.36 (KHTML, like Gecko) HeadlessChrome/80.0.3987.163 Safari/537.36"
69.160.160.58 - - [19/Feb/2025:14:36:27 +0530] "GET /wp-includes/js/wp-emoji-release.min.js?ver=6.7.2 HTTP/1.1" 200 5072 "http://www.freejobalerts.guru/" "Mozilla/5.0 (X11; Linux x86_64) AppleWebKit/537.36 (KHTML, like Gecko) HeadlessChrome/80.0.3987.163 Safari/537.36"
51.159.14.99 - - [19/Feb/2025:14:40:45 +0530] "GET / HTTP/1.1" 301 0 "-" "Mozilla/5.0 (X11; Linux x86_64) AppleWebKit/537.36 (KHTML, like Gecko) Chrome/131.0.0.0 Safari/537.3"
51.159.14.99 - - [19/Feb/2025:14:40:50 +0530] "GET /wp-includes/js/masonry.min.js?ver=4.2.2 HTTP/1.1" 200 7376 "http://www.freejobalerts.guru/" "Mozilla/5.0 (X11; Linux x86_64) AppleWebKit/537.36 (KHTML, like Gecko) Chrome/131.0.0.0 Safari/537.3"
51.159.14.99 - - [19/Feb/2025:14:40:55 +0530] "GET /ads.txt HTTP/1.1" 404 8611 "-" "Mozilla/5.0 (X11; Linux x86_64) AppleWebKit/537.36 (KHTML, like Gecko) Chrome/132.0.0.0 Safari/537.3"
69.160.160.58 - - [19/Feb/2025:14:36:15 +0530] "GET / HTTP/1.1" 200 13758 "http://freejobalerts.guru" "Mozilla/5.0 AppleWebKit/537.36 (KHTML, like Gecko; compatible; Nicecrawler/1.1; +http://www.nicecrawler.com/) Chrome/90.0.4430.97 Safari/537.36"
51.159.14.99 - - [19/Feb/2025:14:40:48 +0530] "GET /wp-content/plugins/gp-premium/blog/functions/css/style.min.css?ver=2.0.2 HTTP/1.1" 200 1112 "http://www.freejobalerts.guru/" "Mozilla/5.0 (X11; Linux x86_64) AppleWebKit/537.36 (KHTML, like Gecko) Chrome/131.0.0.0 Safari/537.3"
51.159.14.99 - - [19/Feb/2025:14:40:48 +0530] "GET /wp-content/plugins/contextual-related-posts/css/rounded-thumbs.min.css?ver=3.6.2 HTTP/1.1" 200 454 "http://www.freejobalerts.guru/" "Mozilla/5.0 (X11; Linux x86_64) AppleWebKit/537.36 (KHTML, like Gecko) Chrome/131.0.0.0 Safari/537.3"
69.160.160.58 - - [19/Feb/2025:14:36:20 +0530] "GET / HTTP/1.1" 301 0 "-" "Mozilla/5.0 (X11; Linux x86_64) AppleWebKit/537.36 (KHTML, like Gecko) HeadlessChrome/80.0.3987.163 Safari/537.36"
69.160.160.58 - - [19/Feb/2025:14:37:14 +0530] "GET /robots.txt HTTP/1.1" 200 351 "-" "Mozilla/5.0 (Windows NT 10.0; Win64; x64) AppleWebKit/537.36 (KHTML, like Gecko) Chrome/58.0.3029.110 Safari/537.3"
51.159.14.99 - - [19/Feb/2025:14:40:48 +0530] "GET /wp-content/themes/generatepress/assets/css/main.min.css?ver=3.5.1 HTTP/1.1" 200 4670 "http://www.freejobalerts.guru/" "Mozilla/5.0 (X11; Linux x86_64) AppleWebKit/537.36 (KHTML, like Gecko) Chrome/131.0.0.0 Safari/537.3"
51.159.14.99 - - [19/Feb/2025:14:40:49 +0530] "GET /wp-includes/js/dist/i18n.min.js?ver=5e580eb46a90c2b997e6 HTTP/1.1" 200 3667 "http://www.freejobalerts.guru/" "Mozilla/5.0 (X11; Linux x86_64) AppleWebKit/537.36 (KHTML, like Gecko) Chrome/131.0.0.0 Safari/537.3"
69.160.160.58 - - [19/Feb/2025:14:36:12 +0530] "GET / HTTP/1.1" 301 0 "http://freejobalerts.guru" "Mozilla/5.0 AppleWebKit/537.36 (KHTML, like Gecko; compatible; Nicecrawler/1.1; +http://www.nicecrawler.com/) Chrome/90.0.4430.97 Safari/537.36"
69.160.160.58 - - [19/Feb/2025:14:36:26 +0530] "GET /wp-content/plugins/contact-form-7/includes/css/styles.css?ver=6.0.3 HTTP/1.1" 200 1016 "http://www.freejobalerts.guru/" "Mozilla/5.0 (X11; Linux x86_64) AppleWebKit/537.36 (KHTML, like Gecko) HeadlessChrome/80.0.3987.163 Safari/537.36"
69.160.160.58 - - [19/Feb/2025:14:36:26 +0530] "GET /wp-content/plugins/contact-form-7/includes/js/index.js?ver=6.0.3 HTTP/1.1" 200 4236 "http://www.freejobalerts.guru/" "Mozilla/5.0 (X11; Linux x86_64) AppleWebKit/537.36 (KHTML, like Gecko) HeadlessChrome/80.0.3987.163 Safari/537.36"
162.55.100.32 - - [19/Feb/2025:14:40:33 +0530] "POST /wp-cron.php?doing_wp_cron=1739956233.0128378868103027343750 HTTP/1.1" 200 0 "-" "WordPress/6.7.2; https://www.freejobalerts.guru"
51.159.14.99 - - [19/Feb/2025:14:40:46 +0530] "GET / HTTP/1.1" 200 13758 "-" "Mozilla/5.0 (X11; Linux x86_64) AppleWebKit/537.36 (KHTML, like Gecko) Chrome/131.0.0.0 Safari/537.3"
51.159.14.99 - - [19/Feb/2025:14:40:47 +0530] "GET /wp-includes/css/dist/block-library/style.min.css?ver=6.7.2 HTTP/1.1" 200 15146 "http://www.freejobalerts.guru/" "Mozilla/5.0 (X11; Linux x86_64) AppleWebKit/537.36 (KHTML, like Gecko) Chrome/131.0.0.0 Safari/537.3"
51.159.14.99 - - [19/Feb/2025:14:40:56 +0530] "GET /app-ads.txt HTTP/1.1" 404 8611 "-" "Mozilla/5.0 (X11; Linux x86_64) AppleWebKit/537.36 (KHTML, like Gecko) Chrome/132.0.0.0 Safari/537.3"
2a06:98c0:3600::103 - - [19/Feb/2025:14:50:07 +0530] "GET /wordpress/wp-admin/setup-config.php HTTP/1.1" 301 0 "-" "Mozilla/5.0 (Windows NT 10.0; Win64; x64) AppleWebKit/537.36 (KHTML, like Gecko) Chrome/133.0.0.0 Safari/537.36"
2a06:98c0:3600::103 - - [19/Feb/2025:15:13:20 +0530] "GET /wp-admin/setup-config.php HTTP/1.1" 409 1213 "-" "Mozilla/5.0 (Windows NT 10.0; Win64; x64) AppleWebKit/537.36 (KHTML, like Gecko) Chrome/133.0.0.0 Safari/537.36"
162.55.100.32 - - [19/Feb/2025:15:14:01 +0530] "POST /wp-cron.php?doing_wp_cron=1739958241.6463999748229980468750 HTTP/1.1" 200 0 "-" "WordPress/6.7.2; https://www.freejobalerts.guru"
193.41.206.202 - - [19/Feb/2025:15:23:14 +0530] "GET / HTTP/1.1" 200 56034 "-" "-"
193.41.206.202 - - [19/Feb/2025:15:23:25 +0530] "GET /.env HTTP/1.1" 404 34893 "-" "-"
193.41.206.202 - - [19/Feb/2025:15:23:32 +0530] "GET /.env_example HTTP/1.1" 404 34893 "-" "-"
193.41.206.202 - - [19/Feb/2025:15:23:40 +0530] "GET /core/.env HTTP/1.1" 404 34893 "-" "-"
193.41.206.202 - - [19/Feb/2025:15:23:43 +0530] "GET /app/.env HTTP/1.1" 404 34893 "-" "-"
193.41.206.202 - - [19/Feb/2025:15:23:48 +0530] "GET /laravel/.env HTTP/1.1" 404 34893 "-" "-"
193.41.206.202 - - [19/Feb/2025:15:23:51 +0530] "GET /web/.env HTTP/1.1" 404 34893 "-" "-"
193.41.206.202 - - [19/Feb/2025:15:23:53 +0530] "GET /crm/.env HTTP/1.1" 404 34893 "-" "-"
193.41.206.202 - - [19/Feb/2025:15:23:55 +0530] "GET /backend/.env HTTP/1.1" 404 34893 "-" "-"
193.41.206.202 - - [19/Feb/2025:15:23:57 +0530] "GET /backend HTTP/1.1" 404 34893 "-" "-"
193.41.206.202 - - [19/Feb/2025:15:23:59 +0530] "GET /local/.env HTTP/1.1" 404 34893 "-" "-"
193.41.206.202 - - [19/Feb/2025:15:24:02 +0530] "GET /api/.env HTTP/1.1" 404 34893 "-" "-"
193.41.206.202 - - [19/Feb/2025:15:24:09 +0530] "GET /admin/.env HTTP/1.1" 404 34893 "-" "-"
193.41.206.202 - - [19/Feb/2025:15:24:11 +0530] "GET /application/.env HTTP/1.1" 404 34893 "-" "-"
193.41.206.202 - - [19/Feb/2025:15:24:12 +0530] "GET /env.bak HTTP/1.1" 404 34893 "-" "-"
193.41.206.202 - - [19/Feb/2025:15:24:19 +0530] "GET /phpinfo HTTP/1.1" 404 34893 "-" "-"
193.41.206.202 - - [19/Feb/2025:15:24:29 +0530] "GET /_profiler/phpinfo HTTP/1.1" 404 34893 "-" "-"
193.41.206.202 - - [19/Feb/2025:15:24:30 +0530] "GET /phpinfo.php HTTP/1.1" 404 34893 "-" "-"
193.41.206.202 - - [19/Feb/2025:15:24:35 +0530] "GET /.env.bak HTTP/1.1" 404 34893 "-" "-"
193.41.206.202 - - [19/Feb/2025:15:24:37 +0530] "GET /.env.backup HTTP/1.1" 404 34893 "-" "-"
193.41.206.202 - - [19/Feb/2025:15:24:40 +0530] "GET /.env_sample HTTP/1.1" 404 34893 "-" "-"
193.41.206.202 - - [19/Feb/2025:15:24:43 +0530] "GET /.env.old HTTP/1.1" 404 34893 "-" "-"
193.41.206.202 - - [19/Feb/2025:15:24:46 +0530] "GET /.env.www HTTP/1.1" 404 34893 "-" "-"
193.41.206.202 - - [19/Feb/2025:15:24:48 +0530] "GET /.docker/.env HTTP/1.1" 404 34893 "-" "-"
193.41.206.202 - - [19/Feb/2025:15:24:52 +0530] "GET /.env.dev HTTP/1.1" 404 34893 "-" "-"
193.41.206.202 - - [19/Feb/2025:15:24:56 +0530] "GET /.env.example HTTP/1.1" 404 34893 "-" "-"
193.41.206.202 - - [19/Feb/2025:15:24:58 +0530] "GET /config.env HTTP/1.1" 404 34893 "-" "-"
193.41.206.202 - - [19/Feb/2025:15:25:00 +0530] "GET /.environment HTTP/1.1" 404 34893 "-" "-"
193.41.206.202 - - [19/Feb/2025:15:25:03 +0530] "GET /.env.production HTTP/1.1" 404 34893 "-" "-"
193.41.206.202 - - [19/Feb/2025:15:25:04 +0530] "GET /.env.production.local HTTP/1.1" 404 34893 "-" "-"
193.41.206.202 - - [19/Feb/2025:15:25:07 +0530] "GET /.env.prod HTTP/1.1" 404 34893 "-" "-"
193.41.206.202 - - [19/Feb/2025:15:25:08 +0530] "GET /.env.test HTTP/1.1" 404 34893 "-" "-"
193.41.206.202 - - [19/Feb/2025:15:25:12 +0530] "GET /.env.sample.php HTTP/1.1" 404 34893 "-" "-"
193.41.206.202 - - [19/Feb/2025:15:25:18 +0530] "GET /.env.php HTTP/1.1" 404 34893 "-" "-"
193.41.206.202 - - [19/Feb/2025:15:25:23 +0530] "GET /.env1 HTTP/1.1" 404 34893 "-" "-"
193.41.206.202 - - [19/Feb/2025:15:25:26 +0530] "GET /.venv HTTP/1.1" 404 34893 "-" "-"
193.41.206.202 - - [19/Feb/2025:15:25:29 +0530] "GET /env.prod.js HTTP/1.1" 404 34893 "-" "-"
193.41.206.202 - - [19/Feb/2025:15:25:34 +0530] "GET /config/settings.ini HTTP/1.1" 404 34893 "-" "-"
193.41.206.202 - - [19/Feb/2025:15:25:37 +0530] "GET /info HTTP/1.1" 404 34893 "-" "-"
193.41.206.202 - - [19/Feb/2025:15:25:38 +0530] "GET /env.test.js HTTP/1.1" 404 34893 "-" "-"
193.41.206.202 - - [19/Feb/2025:15:25:40 +0530] "GET /info.php HTTP/1.1" 404 34893 "-" "-"
193.41.206.202 - - [19/Feb/2025:15:25:43 +0530] "GET /portal/.env HTTP/1.1" 404 34893 "-" "-"
193.41.206.202 - - [19/Feb/2025:15:25:45 +0530] "GET /env/.env HTTP/1.1" 404 34893 "-" "-"
193.41.206.202 - - [19/Feb/2025:15:25:47 +0530] "GET /dev/.env HTTP/1.1" 404 34893 "-" "-"
193.41.206.202 - - [19/Feb/2025:15:25:49 +0530] "GET /new/.env HTTP/1.1" 404 34893 "-" "-"
193.41.206.202 - - [19/Feb/2025:15:25:51 +0530] "GET /new/.env.local HTTP/1.1" 404 34893 "-" "-"
193.41.206.202 - - [19/Feb/2025:15:25:53 +0530] "GET /new/.env.production HTTP/1.1" 404 34893 "-" "-"
193.41.206.202 - - [19/Feb/2025:15:25:54 +0530] "GET /new/.env.staging HTTP/1.1" 404 34893 "-" "-"
193.41.206.202 - - [19/Feb/2025:15:25:55 +0530] "GET /_phpinfo.php HTTP/1.1" 404 34893 "-" "-"
193.41.206.202 - - [19/Feb/2025:15:25:57 +0530] "GET /_profiler/phpinfo/info.php HTTP/1.1" 404 37473 "-" "-"
193.41.206.202 - - [19/Feb/2025:15:25:58 +0530] "GET /_profiler/phpinfo/phpinfo.php HTTP/1.1" 404 37473 "-" "-"
193.41.206.202 - - [19/Feb/2025:15:26:00 +0530] "GET /wp-config HTTP/1.1" 404 34893 "-" "-"
193.41.206.202 - - [19/Feb/2025:15:26:03 +0530] "GET /env.php HTTP/1.1" 404 34893 "-" "-"
193.41.206.202 - - [19/Feb/2025:15:26:04 +0530] "GET /aws-secret.yaml HTTP/1.1" 404 34893 "-" "-"
193.41.206.202 - - [19/Feb/2025:15:26:06 +0530] "GET /awstats/.env HTTP/1.1" 404 34893 "-" "-"
193.41.206.202 - - [19/Feb/2025:15:26:08 +0530] "GET /conf/.env HTTP/1.1" 404 34893 "-" "-"
193.41.206.202 - - [19/Feb/2025:15:26:13 +0530] "GET /cron/.env HTTP/1.1" 404 34893 "-" "-"
193.41.206.202 - - [19/Feb/2025:15:26:14 +0530] "GET /www/.env HTTP/1.1" 404 34893 "-" "-"
193.41.206.202 - - [19/Feb/2025:15:26:16 +0530] "GET /docker/.env HTTP/1.1" 404 34893 "-" "-"
193.41.206.202 - - [19/Feb/2025:15:26:18 +0530] "GET /docker/app/.env HTTP/1.1" 404 37473 "-" "-"
193.41.206.202 - - [19/Feb/2025:15:26:20 +0530] "GET /env.backup HTTP/1.1" 404 34893 "-" "-"
193.41.206.202 - - [19/Feb/2025:15:26:27 +0530] "GET /xampp/phpinfo.php HTTP/1.1" 404 34893 "-" "-"
193.41.206.202 - - [19/Feb/2025:15:26:30 +0530] "GET /lara/info.php HTTP/1.1" 404 34893 "-" "-"
193.41.206.202 - - [19/Feb/2025:15:26:33 +0530] "GET /lara/phpinfo.php HTTP/1.1" 404 34893 "-" "-"
193.41.206.202 - - [19/Feb/2025:15:26:35 +0530] "GET /laravel/info.php HTTP/1.1" 404 34893 "-" "-"
193.41.206.202 - - [19/Feb/2025:15:26:36 +0530] "GET /.vscode/.env HTTP/1.1" 404 34893 "-" "-"
5.196.160.191 - - [19/Feb/2025:15:26:39 +0530] "GET / HTTP/1.1" 301 0 "-" "Mozilla/5.0 (Windows NT 10.0; WOW64) AppleWebKit/537.36 (KHTML, like Gecko) Chrome/114.0.0.0 Safari/537.36"
193.41.206.202 - - [19/Feb/2025:15:26:40 +0530] "GET /js/.env HTTP/1.1" 404 34893 "-" "-"
193.41.206.202 - - [19/Feb/2025:15:26:45 +0530] "GET /laravel/core/.env HTTP/1.1" 404 37473 "-" "-"
193.41.206.202 - - [19/Feb/2025:15:26:49 +0530] "GET /mail/.env HTTP/1.1" 404 34893 "-" "-"
193.41.206.202 - - [19/Feb/2025:15:26:53 +0530] "GET /mailer/.env HTTP/1.1" 404 34893 "-" "-"
193.41.206.202 - - [19/Feb/2025:15:26:57 +0530] "GET /nginx/.env HTTP/1.1" 404 34893 "-" "-"
193.41.206.202 - - [19/Feb/2025:15:27:00 +0530] "GET /public/.env HTTP/1.1" 404 34893 "-" "-"
193.41.206.202 - - [19/Feb/2025:15:27:04 +0530] "GET /site/.env HTTP/1.1" 404 34893 "-" "-"
193.41.206.202 - - [19/Feb/2025:15:27:07 +0530] "GET /xampp/.env HTTP/1.1" 404 34893 "-" "-"
193.41.206.202 - - [19/Feb/2025:15:27:08 +0530] "GET /.docker/laravel/app/.env HTTP/1.1" 404 37473 "-" "-"
193.41.206.202 - - [19/Feb/2025:15:27:18 +0530] "GET /laravel/.env.local HTTP/1.1" 404 34893 "-" "-"
193.41.206.202 - - [19/Feb/2025:15:27:30 +0530] "GET /laravel/.env.production HTTP/1.1" 404 34893 "-" "-"
193.41.206.202 - - [19/Feb/2025:15:27:31 +0530] "GET /laravel/.env.staging HTTP/1.1" 404 34893 "-" "-"
193.41.206.202 - - [19/Feb/2025:15:27:39 +0530] "GET /laravel/core/.env.local HTTP/1.1" 404 37473 "-" "-"
193.41.206.202 - - [19/Feb/2025:15:27:41 +0530] "GET /laravel/core/.env.production HTTP/1.1" 404 37473 "-" "-"
193.41.206.202 - - [19/Feb/2025:15:27:47 +0530] "GET /laravel/core/.env.staging HTTP/1.1" 404 37473 "-" "-"
3.87.250.175 - - [19/Feb/2025:15:27:51 +0530] "GET / HTTP/1.1" 301 0 "-" "Mozilla/5.0 (Windows NT 10.0; Win64; x64) AppleWebKit/537.36 (KHTML, like Gecko) Chrome/103.0.5060.66 Safari/537.36 Edg/103.0.1264.44"
193.41.206.202 - - [19/Feb/2025:15:27:53 +0530] "GET /main/.env HTTP/1.1" 404 34893 "-" "-"
3.87.250.175 - - [19/Feb/2025:15:27:59 +0530] "GET /wp-content/plugins/related-posts-thumbnails/assets/css/front.css?ver=4.2.1 HTTP/1.1" 200 1198 "http://www.freejobalerts.guru/" "Mozilla/5.0 (Windows NT 10.0; Win64; x64) AppleWebKit/537.36 (KHTML, like Gecko) Chrome/103.0.5060.66 Safari/537.36 Edg/103.0.1264.44"
3.87.250.175 - - [19/Feb/2025:15:27:59 +0530] "GET /wp-content/themes/generatepress/assets/css/main.min.css?ver=3.5.1 HTTP/1.1" 200 4670 "http://www.freejobalerts.guru/" "Mozilla/5.0 (Windows NT 10.0; Win64; x64) AppleWebKit/537.36 (KHTML, like Gecko) Chrome/103.0.5060.66 Safari/537.36 Edg/103.0.1264.44"
193.41.206.202 - - [19/Feb/2025:15:27:58 +0530] "GET /.aws/credentials HTTP/1.1" 404 34893 "-" "-"
3.87.250.175 - - [19/Feb/2025:15:28:01 +0530] "GET /wp-content/plugins/contact-form-7/includes/swv/js/index.js?ver=6.0.3 HTTP/1.1" 200 3522 "http://www.freejobalerts.guru/" "Mozilla/5.0 (Windows NT 10.0; Win64; x64) AppleWebKit/537.36 (KHTML, like Gecko) Chrome/103.0.5060.66 Safari/537.36 Edg/103.0.1264.44"
3.87.250.175 - - [19/Feb/2025:15:28:01 +0530] "GET /wp-content/themes/generatepress/assets/js/menu.min.js?ver=3.5.1 HTTP/1.1" 200 1828 "http://www.freejobalerts.guru/" "Mozilla/5.0 (Windows NT 10.0; Win64; x64) AppleWebKit/537.36 (KHTML, like Gecko) Chrome/103.0.5060.66 Safari/537.36 Edg/103.0.1264.44"
54.158.197.164 - - [19/Feb/2025:15:28:03 +0530] "GET /favicon.ico HTTP/1.1" 404 1251 "-" "Mozilla/5.0 (Windows NT 6.3; WOW64; rv:38.0) Gecko/20100101 Firefox/38.0"
193.41.206.202 - - [19/Feb/2025:15:28:01 +0530] "GET /config.php HTTP/1.1" 404 34893 "-" "-"
193.41.206.202 - - [19/Feb/2025:15:28:07 +0530] "GET /sendgrid.json HTTP/1.1" 404 34893 "-" "-"
3.89.80.116 - - [19/Feb/2025:15:28:17 +0530] "GET /wp-content/plugins/contact-form-7/includes/css/styles.css?ver=6.0.3 HTTP/1.1" 200 1016 "http://www.freejobalerts.guru/" "Mozilla/5.0 (iPhone; CPU iPhone OS 12_2 like Mac OS X) AppleWebKit/605.1.15 (KHTML, like Gecko) Mobile/15E148"
3.89.80.116 - - [19/Feb/2025:15:28:18 +0530] "GET /wp-content/plugins/contextual-related-posts/css/rounded-thumbs.min.css?ver=3.6.2 HTTP/1.1" 200 454 "http://www.freejobalerts.guru/" "Mozilla/5.0 (iPhone; CPU iPhone OS 12_2 like Mac OS X) AppleWebKit/605.1.15 (KHTML, like Gecko) Mobile/15E148"
3.89.80.116 - - [19/Feb/2025:15:28:18 +0530] "GET /wp-content/plugins/gp-premium/blog/functions/css/style.min.css?ver=2.0.2 HTTP/1.1" 200 1112 "http://www.freejobalerts.guru/" "Mozilla/5.0 (iPhone; CPU iPhone OS 12_2 like Mac OS X) AppleWebKit/605.1.15 (KHTML, like Gecko) Mobile/15E148"
3.89.80.116 - - [19/Feb/2025:15:28:18 +0530] "GET /wp-includes/js/dist/i18n.min.js?ver=5e580eb46a90c2b997e6 HTTP/1.1" 200 3667 "http://www.freejobalerts.guru/" "Mozilla/5.0 (iPhone; CPU iPhone OS 12_2 like Mac OS X) AppleWebKit/605.1.15 (KHTML, like Gecko) Mobile/15E148"
3.89.80.116 - - [19/Feb/2025:15:28:18 +0530] "GET /wp-content/plugins/contact-form-7/includes/js/index.js?ver=6.0.3 HTTP/1.1" 200 4236 "http://www.freejobalerts.guru/" "Mozilla/5.0 (iPhone; CPU iPhone OS 12_2 like Mac OS X) AppleWebKit/605.1.15 (KHTML, like Gecko) Mobile/15E148"
3.89.80.116 - - [19/Feb/2025:15:28:18 +0530] "GET /wp-includes/js/imagesloaded.min.js?ver=5.0.0 HTTP/1.1" 200 1801 "http://www.freejobalerts.guru/" "Mozilla/5.0 (iPhone; CPU iPhone OS 12_2 like Mac OS X) AppleWebKit/605.1.15 (KHTML, like Gecko) Mobile/15E148"
3.89.80.116 - - [19/Feb/2025:15:28:18 +0530] "GET /wp-content/plugins/gp-premium/blog/functions/js/scripts.min.js?ver=2.0.2 HTTP/1.1" 200 608 "http://www.freejobalerts.guru/" "Mozilla/5.0 (iPhone; CPU iPhone OS 12_2 like Mac OS X) AppleWebKit/605.1.15 (KHTML, like Gecko) Mobile/15E148"
193.41.206.202 - - [19/Feb/2025:15:28:09 +0530] "GET /bootstrap/cache/config.php HTTP/1.1" 404 37473 "-" "-"
193.41.206.202 - - [19/Feb/2025:15:28:19 +0530] "GET /storage/app/private/.env HTTP/1.1" 404 37473 "-" "-"
193.41.206.202 - - [19/Feb/2025:15:28:23 +0530] "GET /storage/logs/laravel.log HTTP/1.1" 404 37473 "-" "-"
3.87.250.175 - - [19/Feb/2025:15:27:53 +0530] "GET / HTTP/1.1" 200 13783 "-" "Mozilla/5.0 (Windows NT 10.0; Win64; x64) AppleWebKit/537.36 (KHTML, like Gecko) Chrome/103.0.5060.66 Safari/537.36 Edg/103.0.1264.44"
3.87.250.175 - - [19/Feb/2025:15:28:01 +0530] "GET /wp-includes/js/dist/hooks.min.js?ver=4d63a3d491d11ffd8ac6 HTTP/1.1" 200 1644 "http://www.freejobalerts.guru/" "Mozilla/5.0 (Windows NT 10.0; Win64; x64) AppleWebKit/537.36 (KHTML, like Gecko) Chrome/103.0.5060.66 Safari/537.36 Edg/103.0.1264.44"
3.87.250.175 - - [19/Feb/2025:15:28:01 +0530] "GET /wp-includes/js/imagesloaded.min.js?ver=5.0.0 HTTP/1.1" 200 1801 "http://www.freejobalerts.guru/" "Mozilla/5.0 (Windows NT 10.0; Win64; x64) AppleWebKit/537.36 (KHTML, like Gecko) Chrome/103.0.5060.66 Safari/537.36 Edg/103.0.1264.44"
3.87.250.175 - - [19/Feb/2025:15:28:01 +0530] "GET /wp-includes/js/wp-emoji-release.min.js?ver=6.7.2 HTTP/1.1" 200 5072 "http://www.freejobalerts.guru/" "Mozilla/5.0 (Windows NT 10.0; Win64; x64) AppleWebKit/537.36 (KHTML, like Gecko) Chrome/103.0.5060.66 Safari/537.36 Edg/103.0.1264.44"
3.87.250.175 - - [19/Feb/2025:15:27:59 +0530] "GET /wp-content/plugins/contextual-related-posts/css/rounded-thumbs.min.css?ver=3.6.2 HTTP/1.1" 200 454 "http://www.freejobalerts.guru/" "Mozilla/5.0 (Windows NT 10.0; Win64; x64) AppleWebKit/537.36 (KHTML, like Gecko) Chrome/103.0.5060.66 Safari/537.36 Edg/103.0.1264.44"
