207.102.138.19 - - [18/Feb/2025:18:58:31 +0530] "GET /wp-includes/js/dist/hooks.min.js?ver=4d63a3d491d11ffd8ac6 HTTP/1.1" 200 1644 "http://www.freejobalerts.guru/" "Mozilla/5.0 (Windows NT 10.0; Win64; x64) AppleWebKit/537.36 (KHTML, like Gecko) Chrome/122.0.0.0 Safari/537.36 Edg/122.0.0.0"
207.102.138.19 - - [18/Feb/2025:18:58:31 +0530] "GET /wp-includes/js/dist/i18n.min.js?ver=5e580eb46a90c2b997e6 HTTP/1.1" 200 3667 "http://www.freejobalerts.guru/" "Mozilla/5.0 (Windows NT 10.0; Win64; x64) AppleWebKit/537.36 (KHTML, like Gecko) Chrome/122.0.0.0 Safari/537.36 Edg/122.0.0.0"
204.101.161.19 - - [18/Feb/2025:18:58:31 +0530] "GET /wp-content/plugins/contact-form-7/includes/js/index.js?ver=6.0.3 HTTP/1.1" 200 4236 "http://www.freejobalerts.guru/" "Mozilla/5.0 (Windows NT 10.0; Win64; x64) AppleWebKit/537.36 (KHTML, like Gecko) Chrome/122.0.0.0 Safari/537.36 Edg/122.0.0.0"
207.102.138.19 - - [18/Feb/2025:18:58:31 +0530] "GET /wp-content/themes/generatepress/assets/js/menu.min.js?ver=3.5.1 HTTP/1.1" 200 1828 "http://www.freejobalerts.guru/" "Mozilla/5.0 (Windows NT 10.0; Win64; x64) AppleWebKit/537.36 (KHTML, like Gecko) Chrome/122.0.0.0 Safari/537.36 Edg/122.0.0.0"
207.102.138.19 - - [18/Feb/2025:18:58:31 +0530] "GET /wp-includes/js/imagesloaded.min.js?ver=5.0.0 HTTP/1.1" 200 1801 "http://www.freejobalerts.guru/" "Mozilla/5.0 (Windows NT 10.0; Win64; x64) AppleWebKit/537.36 (KHTML, like Gecko) Chrome/122.0.0.0 Safari/537.36 Edg/122.0.0.0"
207.102.138.19 - - [18/Feb/2025:18:58:31 +0530] "GET /wp-includes/js/masonry.min.js?ver=4.2.2 HTTP/1.1" 200 7376 "http://www.freejobalerts.guru/" "Mozilla/5.0 (Windows NT 10.0; Win64; x64) AppleWebKit/537.36 (KHTML, like Gecko) Chrome/122.0.0.0 Safari/537.36 Edg/122.0.0.0"
207.102.138.19 - - [18/Feb/2025:18:58:31 +0530] "GET /wp-content/plugins/gp-premium/blog/functions/js/scripts.min.js?ver=2.0.2 HTTP/1.1" 200 608 "http://www.freejobalerts.guru/" "Mozilla/5.0 (Windows NT 10.0; Win64; x64) AppleWebKit/537.36 (KHTML, like Gecko) Chrome/122.0.0.0 Safari/537.36 Edg/122.0.0.0"
204.101.161.19 - - [18/Feb/2025:18:58:37 +0530] "GET /wp-includes/js/wp-emoji-release.min.js?ver=6.7.2 HTTP/1.1" 200 5072 "http://www.freejobalerts.guru/" "Mozilla/5.0 (Windows NT 10.0; Win64; x64) AppleWebKit/537.36 (KHTML, like Gecko) Chrome/122.0.0.0 Safari/537.36 Edg/122.0.0.0"
205.169.39.23 - - [18/Feb/2025:18:59:16 +0530] "GET /wp-content/plugins/related-posts-thumbnails/assets/css/front.css?ver=4.2.1 HTTP/1.1" 200 1198 "http://www.freejobalerts.guru/" "Mozilla/5.0 (Windows NT 10.0; Win64; x64) AppleWebKit/537.36 (KHTML, like Gecko) Chrome/117.0.5938.132 Safari/537.36"
205.169.39.23 - - [18/Feb/2025:18:59:17 +0530] "GET /wp-includes/js/dist/i18n.min.js?ver=5e580eb46a90c2b997e6 HTTP/1.1" 200 3667 "http://www.freejobalerts.guru/" "Mozilla/5.0 (Windows NT 10.0; Win64; x64) AppleWebKit/537.36 (KHTML, like Gecko) Chrome/117.0.5938.132 Safari/537.36"
207.102.138.19 - - [18/Feb/2025:18:58:20 +0530] "GET / HTTP/1.1" 301 0 "-" "Mozilla/5.0 (Windows NT 10.0; Win64; x64) AppleWebKit/537.36 (KHTML, like Gecko) Chrome/122.0.0.0 Safari/537.36 Edg/122.0.0.0"
205.169.39.23 - - [18/Feb/2025:18:59:16 +0530] "GET /wp-content/plugins/contact-form-7/includes/css/styles.css?ver=6.0.3 HTTP/1.1" 200 1016 "http://www.freejobalerts.guru/" "Mozilla/5.0 (Windows NT 10.0; Win64; x64) AppleWebKit/537.36 (KHTML, like Gecko) Chrome/117.0.5938.132 Safari/537.36"
205.169.39.23 - - [18/Feb/2025:18:59:17 +0530] "GET /wp-includes/js/imagesloaded.min.js?ver=5.0.0 HTTP/1.1" 200 1801 "http://www.freejobalerts.guru/" "Mozilla/5.0 (Windows NT 10.0; Win64; x64) AppleWebKit/537.36 (KHTML, like Gecko) Chrome/117.0.5938.132 Safari/537.36"
204.101.161.19 - - [18/Feb/2025:18:58:30 +0530] "GET / HTTP/1.1" 200 13248 "-" "Mozilla/5.0 (Windows NT 10.0; Win64; x64) AppleWebKit/537.36 (KHTML, like Gecko) Chrome/122.0.0.0 Safari/537.36 Edg/122.0.0.0"
204.101.161.19 - - [18/Feb/2025:18:58:31 +0530] "GET /wp-content/plugins/contact-form-7/includes/css/styles.css?ver=6.0.3 HTTP/1.1" 200 1016 "http://www.freejobalerts.guru/" "Mozilla/5.0 (Windows NT 10.0; Win64; x64) AppleWebKit/537.36 (KHTML, like Gecko) Chrome/122.0.0.0 Safari/537.36 Edg/122.0.0.0"
204.101.161.19 - - [18/Feb/2025:18:58:31 +0530] "GET /wp-content/plugins/contact-form-7/includes/swv/js/index.js?ver=6.0.3 HTTP/1.1" 200 3522 "http://www.freejobalerts.guru/" "Mozilla/5.0 (Windows NT 10.0; Win64; x64) AppleWebKit/537.36 (KHTML, like Gecko) Chrome/122.0.0.0 Safari/537.36 Edg/122.0.0.0"
207.102.138.19 - - [18/Feb/2025:19:22:37 +0530] "GET /wp-content/themes/generatepress/assets/js/menu.min.js?ver=3.5.1 HTTP/1.1" 200 7333 "-" "-"
204.101.161.19 - - [18/Feb/2025:19:22:42 +0530] "GET /wp-content/plugins/gp-premium/blog/functions/js/scripts.min.js?ver=2.0.2 HTTP/1.1" 200 1490 "-" "-"
207.102.138.19 - - [18/Feb/2025:19:17:51 +0530] "GET /wp-includes/js/imagesloaded.min.js?ver=5.0.0 HTTP/1.1" 200 5520 "-" "-"
204.101.161.19 - - [18/Feb/2025:19:21:57 +0530] "GET /favicon.ico HTTP/1.1" 404 1251 "-" "-"
204.101.161.19 - - [18/Feb/2025:19:22:35 +0530] "GET /wp-includes/js/dist/i18n.min.js?ver=5e580eb46a90c2b997e6 HTTP/1.1" 200 9141 "-" "-"
207.102.138.19 - - [18/Feb/2025:19:22:42 +0530] "GET /wp-content/plugins/contact-form-7/includes/js/index.js?ver=6.0.3 HTTP/1.1" 200 13452 "-" "-"
207.102.138.19 - - [18/Feb/2025:19:01:56 +0530] "GET /wp-content/plugins/contextual-related-posts/css/rounded-thumbs.min.css?ver=3.6.2 HTTP/1.1" 200 454 "http://www.freejobalerts.guru/" "Mozilla/5.0 (Windows NT 10.0; Win64; x64) AppleWebKit/537.36 (KHTML, like Gecko) Chrome/122.0.0.0 Safari/537.36 Edg/122.0.0.0"
207.102.138.19 - - [18/Feb/2025:19:01:56 +0530] "GET /wp-content/plugins/contact-form-7/includes/swv/js/index.js?ver=6.0.3 HTTP/1.1" 200 3522 "http://www.freejobalerts.guru/" "Mozilla/5.0 (Windows NT 10.0; Win64; x64) AppleWebKit/537.36 (KHTML, like Gecko) Chrome/122.0.0.0 Safari/537.36 Edg/122.0.0.0"
207.102.138.19 - - [18/Feb/2025:19:22:30 +0530] "GET /wp-includes/js/dist/hooks.min.js?ver=4d63a3d491d11ffd8ac6 HTTP/1.1" 200 4776 "-" "-"
204.101.161.19 - - [18/Feb/2025:19:22:40 +0530] "GET /wp-includes/js/imagesloaded.min.js?ver=5.0.0 HTTP/1.1" 200 5520 "-" "-"
204.101.161.19 - - [18/Feb/2025:19:22:47 +0530] "GET /wp-includes/js/wp-emoji-release.min.js?ver=6.7.2 HTTP/1.1" 200 18726 "-" "-"
162.55.100.32 - - [18/Feb/2025:19:01:55 +0530] "POST /wp-cron.php?doing_wp_cron=1739885515.6684179306030273437500 HTTP/1.1" 200 0 "-" "WordPress/6.7.2; https://www.freejobalerts.guru"
207.102.138.19 - - [18/Feb/2025:19:01:56 +0530] "GET /wp-content/plugins/contact-form-7/includes/css/styles.css?ver=6.0.3 HTTP/1.1" 200 1016 "http://www.freejobalerts.guru/" "Mozilla/5.0 (Windows NT 10.0; Win64; x64) AppleWebKit/537.36 (KHTML, like Gecko) Chrome/122.0.0.0 Safari/537.36 Edg/122.0.0.0"
207.102.138.19 - - [18/Feb/2025:19:01:56 +0530] "GET /wp-content/themes/generatepress/assets/js/menu.min.js?ver=3.5.1 HTTP/1.1" 200 1828 "http://www.freejobalerts.guru/" "Mozilla/5.0 (Windows NT 10.0; Win64; x64) AppleWebKit/537.36 (KHTML, like Gecko) Chrome/122.0.0.0 Safari/537.36 Edg/122.0.0.0"
207.102.138.19 - - [18/Feb/2025:19:01:56 +0530] "GET /wp-includes/js/masonry.min.js?ver=4.2.2 HTTP/1.1" 200 7376 "http://www.freejobalerts.guru/" "Mozilla/5.0 (Windows NT 10.0; Win64; x64) AppleWebKit/537.36 (KHTML, like Gecko) Chrome/122.0.0.0 Safari/537.36 Edg/122.0.0.0"
207.102.138.19 - - [18/Feb/2025:19:17:46 +0530] "GET /wp-includes/js/dist/hooks.min.js?ver=4d63a3d491d11ffd8ac6 HTTP/1.1" 200 4776 "-" "-"
207.102.138.19 - - [18/Feb/2025:19:17:51 +0530] "GET /wp-content/plugins/contact-form-7/includes/swv/js/index.js?ver=6.0.3 HTTP/1.1" 200 12512 "-" "-"
207.102.138.19 - - [18/Feb/2025:19:01:55 +0530] "GET / HTTP/1.1" 200 13242 "-" "Mozilla/5.0 (Windows NT 10.0; Win64; x64) AppleWebKit/537.36 (KHTML, like Gecko) Chrome/122.0.0.0 Safari/537.36 Edg/122.0.0.0"
207.102.138.19 - - [18/Feb/2025:19:01:56 +0530] "GET /wp-includes/css/dist/block-library/style.min.css?ver=6.7.2 HTTP/1.1" 200 15146 "http://www.freejobalerts.guru/" "Mozilla/5.0 (Windows NT 10.0; Win64; x64) AppleWebKit/537.36 (KHTML, like Gecko) Chrome/122.0.0.0 Safari/537.36 Edg/122.0.0.0"
207.102.138.19 - - [18/Feb/2025:19:01:56 +0530] "GET /wp-includes/js/dist/hooks.min.js?ver=4d63a3d491d11ffd8ac6 HTTP/1.1" 200 1644 "http://www.freejobalerts.guru/" "Mozilla/5.0 (Windows NT 10.0; Win64; x64) AppleWebKit/537.36 (KHTML, like Gecko) Chrome/122.0.0.0 Safari/537.36 Edg/122.0.0.0"
207.102.138.19 - - [18/Feb/2025:19:01:56 +0530] "GET /wp-includes/js/imagesloaded.min.js?ver=5.0.0 HTTP/1.1" 200 1801 "http://www.freejobalerts.guru/" "Mozilla/5.0 (Windows NT 10.0; Win64; x64) AppleWebKit/537.36 (KHTML, like Gecko) Chrome/122.0.0.0 Safari/537.36 Edg/122.0.0.0"
204.101.161.19 - - [18/Feb/2025:19:17:59 +0530] "GET /wp-content/plugins/gp-premium/blog/functions/js/scripts.min.js?ver=2.0.2 HTTP/1.1" 200 1490 "-" "-"
207.102.138.19 - - [18/Feb/2025:19:18:00 +0530] "GET /wp-includes/js/wp-emoji-release.min.js?ver=6.7.2 HTTP/1.1" 200 18726 "-" "-"
204.101.161.19 - - [18/Feb/2025:19:22:42 +0530] "GET /wp-includes/js/masonry.min.js?ver=4.2.2 HTTP/1.1" 200 24138 "-" "-"
207.102.138.19 - - [18/Feb/2025:19:01:56 +0530] "GET /wp-content/themes/generatepress/assets/css/main.min.css?ver=3.5.1 HTTP/1.1" 200 4670 "http://www.freejobalerts.guru/" "Mozilla/5.0 (Windows NT 10.0; Win64; x64) AppleWebKit/537.36 (KHTML, like Gecko) Chrome/122.0.0.0 Safari/537.36 Edg/122.0.0.0"
204.101.161.19 - - [18/Feb/2025:19:17:43 +0530] "GET /favicon.ico HTTP/1.1" 404 1251 "-" "-"
207.102.138.19 - - [18/Feb/2025:19:01:56 +0530] "GET /wp-content/plugins/gp-premium/blog/functions/css/style.min.css?ver=2.0.2 HTTP/1.1" 200 1112 "http://www.freejobalerts.guru/" "Mozilla/5.0 (Windows NT 10.0; Win64; x64) AppleWebKit/537.36 (KHTML, like Gecko) Chrome/122.0.0.0 Safari/537.36 Edg/122.0.0.0"
207.102.138.19 - - [18/Feb/2025:19:01:56 +0530] "GET /wp-includes/js/dist/i18n.min.js?ver=5e580eb46a90c2b997e6 HTTP/1.1" 200 3667 "http://www.freejobalerts.guru/" "Mozilla/5.0 (Windows NT 10.0; Win64; x64) AppleWebKit/537.36 (KHTML, like Gecko) Chrome/122.0.0.0 Safari/537.36 Edg/122.0.0.0"
207.102.138.19 - - [18/Feb/2025:19:01:56 +0530] "GET /wp-content/plugins/gp-premium/blog/functions/js/scripts.min.js?ver=2.0.2 HTTP/1.1" 200 608 "http://www.freejobalerts.guru/" "Mozilla/5.0 (Windows NT 10.0; Win64; x64) AppleWebKit/537.36 (KHTML, like Gecko) Chrome/122.0.0.0 Safari/537.36 Edg/122.0.0.0"
204.101.161.19 - - [18/Feb/2025:19:17:59 +0530] "GET /wp-includes/js/masonry.min.js?ver=4.2.2 HTTP/1.1" 200 24138 "-" "-"
204.101.161.19 - - [18/Feb/2025:19:22:47 +0530] "GET /wp-content/plugins/contact-form-7/includes/swv/js/index.js?ver=6.0.3 HTTP/1.1" 200 12512 "-" "-"
207.102.138.19 - - [18/Feb/2025:19:01:56 +0530] "GET /wp-content/plugins/related-posts-thumbnails/assets/css/front.css?ver=4.2.1 HTTP/1.1" 200 1198 "http://www.freejobalerts.guru/" "Mozilla/5.0 (Windows NT 10.0; Win64; x64) AppleWebKit/537.36 (KHTML, like Gecko) Chrome/122.0.0.0 Safari/537.36 Edg/122.0.0.0"
207.102.138.19 - - [18/Feb/2025:19:01:56 +0530] "GET /wp-content/plugins/contact-form-7/includes/js/index.js?ver=6.0.3 HTTP/1.1" 200 4236 "http://www.freejobalerts.guru/" "Mozilla/5.0 (Windows NT 10.0; Win64; x64) AppleWebKit/537.36 (KHTML, like Gecko) Chrome/122.0.0.0 Safari/537.36 Edg/122.0.0.0"
204.101.161.19 - - [18/Feb/2025:19:02:12 +0530] "GET /wp-includes/js/wp-emoji-release.min.js?ver=6.7.2 HTTP/1.1" 200 5072 "http://www.freejobalerts.guru/" "Mozilla/5.0 (Windows NT 10.0; Win64; x64) AppleWebKit/537.36 (KHTML, like Gecko) Chrome/122.0.0.0 Safari/537.36 Edg/122.0.0.0"
207.102.138.19 - - [18/Feb/2025:19:17:46 +0530] "GET /wp-content/plugins/contact-form-7/includes/js/index.js?ver=6.0.3 HTTP/1.1" 200 13452 "-" "-"
204.101.161.19 - - [18/Feb/2025:19:17:48 +0530] "GET /wp-includes/js/dist/i18n.min.js?ver=5e580eb46a90c2b997e6 HTTP/1.1" 200 9141 "-" "-"
204.101.161.19 - - [18/Feb/2025:19:17:53 +0530] "GET /wp-content/themes/generatepress/assets/js/menu.min.js?ver=3.5.1 HTTP/1.1" 200 7333 "-" "-"
45.148.10.86 - - [18/Feb/2025:20:24:50 +0530] "GET /.git/config HTTP/1.1" 403 1242 "-" "Mozilla/5.0 (X11; Linux x86_64) AppleWebKit/537.36 (KHTML, like Gecko) Chrome/46.0.2490.86 Safari/537.36"
170.106.143.6 - - [18/Feb/2025:20:39:06 +0530] "GET / HTTP/1.1" 200 13242 "-" "Mozilla/5.0 (iPhone; CPU iPhone OS 13_2_3 like Mac OS X) AppleWebKit/605.1.15 (KHTML, like Gecko) Version/13.0.3 Mobile/15E148 Safari/604.1"
157.245.70.112 - - [18/Feb/2025:20:39:55 +0530] "GET / HTTP/1.1" 200 13248 "-" "Mozilla/5.0 (Windows NT 10.0; Win64; x64; rv:65.0) Gecko/20100101 Firefox/65.0"
157.245.70.112 - - [18/Feb/2025:20:39:55 +0530] "GET /favicon.ico HTTP/1.1" 404 1251 "-" "Mozilla/5.0 (Windows NT 10.0; Win64; x64; rv:65.0) Gecko/20100101 Firefox/65.0"
162.55.100.32 - - [18/Feb/2025:20:39:07 +0530] "POST /wp-cron.php?doing_wp_cron=1739891347.3415040969848632812500 HTTP/1.1" 200 0 "-" "WordPress/6.7.2; https://www.freejobalerts.guru"
157.245.70.112 - - [18/Feb/2025:20:39:55 +0530] "GET / HTTP/1.1" 200 13248 "-" "Mozilla/5.0 (Windows NT 10.0; Win64; x64; rv:65.0) Gecko/20100101 Firefox/65.0"
157.245.70.112 - - [18/Feb/2025:20:39:55 +0530] "GET /favicon.ico HTTP/1.1" 404 1251 "-" "Mozilla/5.0 (Windows NT 10.0; Win64; x64; rv:65.0) Gecko/20100101 Firefox/65.0"
162.55.100.32 - - [18/Feb/2025:20:39:55 +0530] "POST /wp-cron.php?doing_wp_cron=1739891395.7611579895019531250000 HTTP/1.1" 200 0 "-" "WordPress/6.7.2; https://www.freejobalerts.guru"
45.148.10.86 - - [18/Feb/2025:20:59:31 +0530] "GET /.git/config HTTP/1.1" 403 1242 "-" "Peach/1.01 (Ubuntu 8.04 LTS; U; en)"
162.55.100.32 - - [18/Feb/2025:21:58:11 +0530] "POST /wp-cron.php?doing_wp_cron=1739896091.2740108966827392578125 HTTP/1.1" 200 0 "-" "WordPress/6.7.2; https://www.freejobalerts.guru"
157.245.70.112 - - [18/Feb/2025:21:58:10 +0530] "GET / HTTP/1.1" 200 13248 "-" "Mozilla/5.0 (Windows NT 10.0; Win64; x64; rv:65.0) Gecko/20100101 Firefox/65.0"
157.245.70.112 - - [18/Feb/2025:21:58:11 +0530] "GET /favicon.ico HTTP/1.1" 404 1251 "-" "Mozilla/5.0 (Windows NT 10.0; Win64; x64; rv:65.0) Gecko/20100101 Firefox/65.0"
157.245.70.112 - - [18/Feb/2025:21:58:11 +0530] "GET / HTTP/1.1" 200 13242 "http://freejobalerts.guru/" "Mozilla/5.0 (Windows NT 10.0; Win64; x64; rv:65.0) Gecko/20100101 Firefox/65.0"
157.245.70.112 - - [18/Feb/2025:21:58:11 +0530] "GET /favicon.ico HTTP/1.1" 404 1251 "-" "Mozilla/5.0 (Windows NT 10.0; Win64; x64; rv:65.0) Gecko/20100101 Firefox/65.0"
162.55.100.32 - - [18/Feb/2025:22:16:54 +0530] "POST /wp-cron.php?doing_wp_cron=1739897214.1145250797271728515625 HTTP/1.1" 200 0 "-" "WordPress/6.7.2; https://www.freejobalerts.guru"
52.205.183.147 - - [18/Feb/2025:21:48:44 +0530] "GET / HTTP/1.1" 301 0 "-" "Mozilla/5.0 (Windows NT 10.0; Win64; x64) AppleWebKit/537.36 (KHTML, like Gecko) Chrome/83.0.4103.97 Safari/537.36"
162.55.100.32 - - [18/Feb/2025:21:58:11 +0530] "POST /wp-cron.php?doing_wp_cron=1739896091.2740099430084228515625 HTTP/1.1" 200 0 "-" "WordPress/6.7.2; https://www.freejobalerts.guru"
162.55.100.32 - - [18/Feb/2025:21:58:13 +0530] "POST /wp-cron.php HTTP/1.1" 200 0 "-" "WordPress/6.7.2; https://www.freejobalerts.guru"
3.234.237.138 - - [18/Feb/2025:21:48:48 +0530] "GET / HTTP/1.1" 200 13242 "-" "Mozilla/5.0 (Macintosh; Intel Mac OS X 10_9_3) AppleWebKit/537.36 (KHTML, like Gecko) Chrome/35.0.1916.47 Safari/537.36"
110.172.98.2 - - [18/Feb/2025:22:16:53 +0530] "GET / HTTP/1.1" 200 13242 "-" "Mozilla/5.0 (Windows NT 10.0; Win64; x64) AppleWebKit/537.36 (KHTML, like Gecko) Chrome/79.0.3945.130 Safari/537.36"
3.234.237.138 - - [18/Feb/2025:21:48:48 +0530] "GET / HTTP/1.1" 301 0 "-" "Mozilla/5.0 (Macintosh; Intel Mac OS X 10_9_3) AppleWebKit/537.36 (KHTML, like Gecko) Chrome/35.0.1916.47 Safari/537.36"
162.55.100.32 - - [18/Feb/2025:21:48:44 +0530] "POST /wp-cron.php?doing_wp_cron=1739895524.7060880661010742187500 HTTP/1.1" 200 0 "-" "WordPress/6.7.2; https://www.freejobalerts.guru"
52.205.183.147 - - [18/Feb/2025:21:48:45 +0530] "GET / HTTP/1.1" 200 13242 "-" "Mozilla/5.0 (Windows NT 10.0; Win64; x64) AppleWebKit/537.36 (KHTML, like Gecko) Chrome/83.0.4103.97 Safari/537.36"
3.234.237.138 - - [18/Feb/2025:21:48:49 +0530] "HEAD /favicon.ico HTTP/1.1" 404 0 "-" "Mozilla/5.0 (Macintosh; Intel Mac OS X 10_9_3) AppleWebKit/537.36 (KHTML, like Gecko) Chrome/35.0.1916.47 Safari/537.36"
157.245.70.112 - - [18/Feb/2025:21:58:10 +0530] "GET / HTTP/1.1" 301 0 "-" "Mozilla/5.0 (Windows NT 10.0; Win64; x64; rv:65.0) Gecko/20100101 Firefox/65.0"
185.126.239.61 - - [18/Feb/2025:22:49:39 +0530] "GET /cgi-sys/defaultwebpage.cgi HTTP/1.1" 200 2008 "http://www.freejobalerts.sarkariyojanaguru.xyz/" "Mozilla/5.0 (iPhone; CPU iPhone OS 17_6_1 like Mac OS X) AppleWebKit/605.1.15 (KHTML, like Gecko) Version/17.6 Mobile/15E148 Safari/604.1"
167.88.60.250 - - [18/Feb/2025:22:51:48 +0530] "GET /favicon.ico HTTP/1.1" 404 1251 "http://www.freejobalerts.sarkariyojanaguru.xyz/" "Mozilla/5.0 (Macintosh; Intel Mac OS X 10_15_7) AppleWebKit/605.1.15 (KHTML, like Gecko) Version/17.6 Safari/605.1.15"
185.126.239.61 - - [18/Feb/2025:22:29:10 +0530] "GET /favicon.ico HTTP/1.1" 404 1251 "-" "Mozilla/5.0 (Windows NT 10.0; Win64; x64) AppleWebKit/537.36 (KHTML, like Gecko) Chrome/130.0.0.0 Safari/537.36 Edg/130.0.0.0"
162.55.100.32 - - [18/Feb/2025:22:22:34 +0530] "POST /wp-cron.php?doing_wp_cron=1739897554.2187728881835937500000 HTTP/1.1" 200 0 "-" "WordPress/6.7.2; https://www.freejobalerts.guru"
45.87.212.92 - - [18/Feb/2025:22:49:39 +0530] "GET /cgi-sys/defaultwebpage.cgi HTTP/1.1" 200 2008 "http://www.freejobalerts.sarkariyojanaguru.xyz/" "Mozilla/5.0 (iPhone; CPU iPhone OS 17_5_1 like Mac OS X) AppleWebKit/605.1.15 (KHTML, like Gecko) Version/17.5 Mobile/15E148 Safari/604.1"
88.217.180.91 - - [18/Feb/2025:22:22:33 +0530] "GET / HTTP/1.1" 200 13256 "-" "Mozilla/5.0 (iPhone; CPU iPhone OS 17_4_1 like Mac OS X) AppleWebKit/605.1.15 (KHTML, like Gecko) Version/17.4.1 Mobile/15E148 Safari/604.1"
185.126.239.61 - - [18/Feb/2025:22:49:39 +0530] "GET /cgi-sys/defaultwebpage.cgi HTTP/1.1" 200 2008 "http://www.freejobalerts.sarkariyojanaguru.xyz/" "Mozilla/5.0 (Macintosh; Intel Mac OS X 10_15_7) AppleWebKit/605.1.15 (KHTML, like Gecko) Version/17.6 Safari/605.1.15"
35.178.167.254 - - [18/Feb/2025:22:22:34 +0530] "GET / HTTP/1.1" 200 13248 "-" "Mozilla/5.0 (Windows NT 10.0; Win64; x64) AppleWebKit/537.36 (KHTML, like Gecko) Chrome/132.0.0.0 Safari/537.36 Edg/132.0.0.0"
162.55.100.32 - - [18/Feb/2025:22:18:31 +0530] "POST /wp-cron.php?doing_wp_cron=1739897311.2744939327239990234375 HTTP/1.1" 200 0 "-" "WordPress/6.7.2; https://www.freejobalerts.guru"
104.248.24.53 - - [18/Feb/2025:22:18:31 +0530] "GET / HTTP/1.1" 301 0 "-" "Mozilla/5.0 (Windows NT 6.1; WOW64; rv:40.0) Gecko/20100101 Firefox/40.1"
104.248.24.53 - - [18/Feb/2025:22:18:32 +0530] "GET / HTTP/1.1" 200 51244 "-" "Mozilla/5.0 (Windows NT 6.1; WOW64; rv:40.0) Gecko/20100101 Firefox/40.1"
167.88.60.250 - - [18/Feb/2025:22:49:40 +0530] "GET /cgi-sys/defaultwebpage.cgi HTTP/1.1" 200 2008 "http://www.freejobalerts.sarkariyojanaguru.xyz/" "Mozilla/5.0 (Macintosh; Intel Mac OS X 10_15_7) AppleWebKit/605.1.15 (KHTML, like Gecko) Version/17.6 Safari/605.1.15"
162.55.100.32 - - [18/Feb/2025:23:38:24 +0530] "POST /wp-cron.php?doing_wp_cron=1739902104.7026360034942626953125 HTTP/1.1" 200 0 "-" "WordPress/6.7.2; https://www.freejobalerts.guru"
49.51.233.95 - - [18/Feb/2025:23:38:26 +0530] "GET / HTTP/1.1" 200 13242 "http://freejobalerts.guru" "Mozilla/5.0 (iPhone; CPU iPhone OS 13_2_3 like Mac OS X) AppleWebKit/605.1.15 (KHTML, like Gecko) Version/13.0.3 Mobile/15E148 Safari/604.1"
185.247.137.81 - - [18/Feb/2025:23:14:13 +0530] "GET / HTTP/1.1" 200 13242 "-" "Mozilla/5.0 (compatible; InternetMeasurement/1.0; +https://internet-measurement.com/)"
162.55.100.32 - - [18/Feb/2025:23:14:13 +0530] "POST /wp-cron.php?doing_wp_cron=1739900653.7865710258483886718750 HTTP/1.1" 200 0 "-" "WordPress/6.7.2; https://www.freejobalerts.guru"
49.51.233.95 - - [18/Feb/2025:23:38:24 +0530] "GET / HTTP/1.1" 301 0 "-" "Mozilla/5.0 (iPhone; CPU iPhone OS 13_2_3 like Mac OS X) AppleWebKit/605.1.15 (KHTML, like Gecko) Version/13.0.3 Mobile/15E148 Safari/604.1"
51.159.103.27 - - [19/Feb/2025:00:26:47 +0530] "GET /wp-content/themes/generatepress/assets/css/main.min.css?ver=3.5.1 HTTP/1.1" 200 4670 "http://www.freejobalerts.guru/" "Mozilla/5.0 (X11; Linux x86_64) AppleWebKit/537.36 (KHTML, like Gecko) Chrome/131.0.0.0 Safari/537.3"
51.159.103.27 - - [19/Feb/2025:00:26:47 +0530] "GET /wp-content/plugins/contact-form-7/includes/css/styles.css?ver=6.0.3 HTTP/1.1" 200 1016 "http://www.freejobalerts.guru/" "Mozilla/5.0 (X11; Linux x86_64) AppleWebKit/537.36 (KHTML, like Gecko) Chrome/131.0.0.0 Safari/537.3"
51.159.103.27 - - [19/Feb/2025:00:26:47 +0530] "GET /wp-content/plugins/contact-form-7/includes/swv/js/index.js?ver=6.0.3 HTTP/1.1" 200 3522 "http://www.freejobalerts.guru/" "Mozilla/5.0 (X11; Linux x86_64) AppleWebKit/537.36 (KHTML, like Gecko) Chrome/131.0.0.0 Safari/537.3"
51.159.103.27 - - [19/Feb/2025:00:26:48 +0530] "GET /wp-content/themes/generatepress/assets/js/menu.min.js?ver=3.5.1 HTTP/1.1" 200 1828 "http://www.freejobalerts.guru/" "Mozilla/5.0 (X11; Linux x86_64) AppleWebKit/537.36 (KHTML, like Gecko) Chrome/131.0.0.0 Safari/537.3"
51.159.103.27 - - [19/Feb/2025:00:26:55 +0530] "GET /app-ads.txt HTTP/1.1" 404 9487 "-" "Mozilla/5.0 (X11; Linux x86_64) AppleWebKit/537.36 (KHTML, like Gecko) Chrome/132.0.0.0 Safari/537.3"
51.159.103.27 - - [19/Feb/2025:00:26:47 +0530] "GET / HTTP/1.1" 200 13242 "-" "Mozilla/5.0 (X11; Linux x86_64) AppleWebKit/537.36 (KHTML, like Gecko) Chrome/131.0.0.0 Safari/537.3"
51.159.103.27 - - [19/Feb/2025:00:26:47 +0530] "GET /wp-includes/css/dist/block-library/style.min.css?ver=6.7.2 HTTP/1.1" 200 15146 "http://www.freejobalerts.guru/" "Mozilla/5.0 (X11; Linux x86_64) AppleWebKit/537.36 (KHTML, like Gecko) Chrome/131.0.0.0 Safari/537.3"
51.159.103.27 - - [19/Feb/2025:00:26:47 +0530] "GET /wp-includes/js/dist/hooks.min.js?ver=4d63a3d491d11ffd8ac6 HTTP/1.1" 200 1644 "http://www.freejobalerts.guru/" "Mozilla/5.0 (X11; Linux x86_64) AppleWebKit/537.36 (KHTML, like Gecko) Chrome/131.0.0.0 Safari/537.3"
51.159.103.27 - - [19/Feb/2025:00:26:48 +0530] "GET /wp-includes/js/imagesloaded.min.js?ver=5.0.0 HTTP/1.1" 200 1801 "http://www.freejobalerts.guru/" "Mozilla/5.0 (X11; Linux x86_64) AppleWebKit/537.36 (KHTML, like Gecko) Chrome/131.0.0.0 Safari/537.3"
51.159.103.27 - - [19/Feb/2025:00:26:48 +0530] "GET /wp-includes/js/wp-emoji-release.min.js?ver=6.7.2 HTTP/1.1" 200 5072 "http://www.freejobalerts.guru/" "Mozilla/5.0 (X11; Linux x86_64) AppleWebKit/537.36 (KHTML, like Gecko) Chrome/131.0.0.0 Safari/537.3"
51.159.103.27 - - [19/Feb/2025:00:26:48 +0530] "GET /favicon.ico HTTP/1.1" 404 1251 "http://www.freejobalerts.guru/" "Mozilla/5.0 (X11; Linux x86_64) AppleWebKit/537.36 (KHTML, like Gecko) Chrome/131.0.0.0 Safari/537.3"
51.159.103.27 - - [19/Feb/2025:00:26:49 +0530] "GET /favicon.ico HTTP/1.1" 404 1251 "-" "python-requests/2.25.1"
162.55.100.32 - - [19/Feb/2025:00:26:41 +0530] "POST /wp-cron.php?doing_wp_cron=1739905001.0633630752563476562500 HTTP/1.1" 200 0 "-" "WordPress/6.7.2; https://www.freejobalerts.guru"
51.159.103.27 - - [19/Feb/2025:00:26:40 +0530] "HEAD / HTTP/1.1" 301 0 "-" "curl/7.81.0"
51.159.103.27 - - [19/Feb/2025:00:26:55 +0530] "GET /sellers.json HTTP/1.1" 404 9487 "-" "Mozilla/5.0 (X11; Linux x86_64) AppleWebKit/537.36 (KHTML, like Gecko) Chrome/132.0.0.0 Safari/537.3"
51.159.103.27 - - [19/Feb/2025:00:26:47 +0530] "GET /wp-content/plugins/contextual-related-posts/css/rounded-thumbs.min.css?ver=3.6.2 HTTP/1.1" 200 454 "http://www.freejobalerts.guru/" "Mozilla/5.0 (X11; Linux x86_64) AppleWebKit/537.36 (KHTML, like Gecko) Chrome/131.0.0.0 Safari/537.3"
51.159.103.27 - - [19/Feb/2025:00:26:47 +0530] "GET /wp-content/plugins/gp-premium/blog/functions/css/style.min.css?ver=2.0.2 HTTP/1.1" 200 1112 "http://www.freejobalerts.guru/" "Mozilla/5.0 (X11; Linux x86_64) AppleWebKit/537.36 (KHTML, like Gecko) Chrome/131.0.0.0 Safari/537.3"
51.159.103.27 - - [19/Feb/2025:00:26:47 +0530] "GET /wp-includes/js/dist/i18n.min.js?ver=5e580eb46a90c2b997e6 HTTP/1.1" 200 3667 "http://www.freejobalerts.guru/" "Mozilla/5.0 (X11; Linux x86_64) AppleWebKit/537.36 (KHTML, like Gecko) Chrome/131.0.0.0 Safari/537.3"
51.159.103.27 - - [19/Feb/2025:00:26:48 +0530] "GET /wp-content/plugins/gp-premium/blog/functions/js/scripts.min.js?ver=2.0.2 HTTP/1.1" 200 608 "http://www.freejobalerts.guru/" "Mozilla/5.0 (X11; Linux x86_64) AppleWebKit/537.36 (KHTML, like Gecko) Chrome/131.0.0.0 Safari/537.3"
51.159.103.27 - - [19/Feb/2025:00:26:48 +0530] "GET /wp-includes/js/masonry.min.js?ver=4.2.2 HTTP/1.1" 200 7376 "http://www.freejobalerts.guru/" "Mozilla/5.0 (X11; Linux x86_64) AppleWebKit/537.36 (KHTML, like Gecko) Chrome/131.0.0.0 Safari/537.3"
51.159.103.27 - - [19/Feb/2025:00:26:55 +0530] "GET /ads.txt HTTP/1.1" 404 9487 "-" "Mozilla/5.0 (X11; Linux x86_64) AppleWebKit/537.36 (KHTML, like Gecko) Chrome/132.0.0.0 Safari/537.3"
51.159.103.27 - - [19/Feb/2025:00:26:47 +0530] "GET / HTTP/1.1" 301 0 "-" "Mozilla/5.0 (X11; Linux x86_64) AppleWebKit/537.36 (KHTML, like Gecko) Chrome/131.0.0.0 Safari/537.3"
51.159.103.27 - - [19/Feb/2025:00:26:47 +0530] "GET /wp-content/plugins/related-posts-thumbnails/assets/css/front.css?ver=4.2.1 HTTP/1.1" 200 1198 "http://www.freejobalerts.guru/" "Mozilla/5.0 (X11; Linux x86_64) AppleWebKit/537.36 (KHTML, like Gecko) Chrome/131.0.0.0 Safari/537.3"
51.159.103.27 - - [19/Feb/2025:00:26:48 +0530] "GET /wp-content/plugins/contact-form-7/includes/js/index.js?ver=6.0.3 HTTP/1.1" 200 4236 "http://www.freejobalerts.guru/" "Mozilla/5.0 (X11; Linux x86_64) AppleWebKit/537.36 (KHTML, like Gecko) Chrome/131.0.0.0 Safari/537.3"
3.249.92.254 - - [19/Feb/2025:01:36:11 +0530] "GET /robots.txt HTTP/1.1" 200 119 "-" "Pandalytics/2.0 (https://domainsbot.com/pandalytics/)"
3.249.92.254 - - [19/Feb/2025:01:36:11 +0530] "GET / HTTP/1.1" 301 0 "-" "Pandalytics/2.0 (https://domainsbot.com/pandalytics/)"
162.55.100.32 - - [19/Feb/2025:02:40:10 +0530] "POST /wp-cron.php?doing_wp_cron=1739913009.8984680175781250000000 HTTP/1.1" 200 0 "-" "WordPress/6.7.2; https://www.freejobalerts.guru"
3.249.92.254 - - [19/Feb/2025:01:36:11 +0530] "GET / HTTP/1.1" 200 13242 "-" "Pandalytics/2.0 (https://domainsbot.com/pandalytics/)"
3.249.92.254 - - [19/Feb/2025:01:36:09 +0530] "GET /robots.txt HTTP/1.1" 301 0 "-" "Pandalytics/2.0 (https://domainsbot.com/pandalytics/)"
162.55.100.32 - - [19/Feb/2025:01:36:10 +0530] "POST /wp-cron.php?doing_wp_cron=1739909170.5616528987884521484375 HTTP/1.1" 200 0 "-" "WordPress/6.7.2; https://www.freejobalerts.guru"
43.130.53.252 - - [19/Feb/2025:02:40:04 +0530] "GET / HTTP/1.1" 200 13312 "-" "Mozilla/5.0 (iPhone; CPU iPhone OS 13_2_3 like Mac OS X) AppleWebKit/605.1.15 (KHTML, like Gecko) Version/13.0.3 Mobile/15E148 Safari/604.1"
193.41.206.202 - - [19/Feb/2025:03:11:38 +0530] "GET / HTTP/1.1" 200 51244 "-" "-"
193.41.206.202 - - [19/Feb/2025:03:11:40 +0530] "GET /.env HTTP/1.1" 404 34833 "-" "-"
193.41.206.202 - - [19/Feb/2025:03:11:40 +0530] "GET /.env_example HTTP/1.1" 404 34833 "-" "-"
193.41.206.202 - - [19/Feb/2025:03:11:41 +0530] "GET /core/.env HTTP/1.1" 404 34833 "-" "-"
193.41.206.202 - - [19/Feb/2025:03:11:41 +0530] "GET /app/.env HTTP/1.1" 404 34833 "-" "-"
193.41.206.202 - - [19/Feb/2025:03:11:41 +0530] "GET /laravel/.env HTTP/1.1" 404 34833 "-" "-"
193.41.206.202 - - [19/Feb/2025:03:11:42 +0530] "GET /web/.env HTTP/1.1" 404 34833 "-" "-"
193.41.206.202 - - [19/Feb/2025:03:11:42 +0530] "GET /crm/.env HTTP/1.1" 404 34833 "-" "-"
193.41.206.202 - - [19/Feb/2025:03:11:42 +0530] "GET /backend/.env HTTP/1.1" 404 34833 "-" "-"
193.41.206.202 - - [19/Feb/2025:03:11:42 +0530] "GET /backend HTTP/1.1" 404 34833 "-" "-"
193.41.206.202 - - [19/Feb/2025:03:11:42 +0530] "GET /local/.env HTTP/1.1" 404 34833 "-" "-"
193.41.206.202 - - [19/Feb/2025:03:11:43 +0530] "GET /api/.env HTTP/1.1" 404 34833 "-" "-"
193.41.206.202 - - [19/Feb/2025:03:11:43 +0530] "GET /admin/.env HTTP/1.1" 404 34833 "-" "-"
193.41.206.202 - - [19/Feb/2025:03:11:44 +0530] "GET /application/.env HTTP/1.1" 404 34833 "-" "-"
193.41.206.202 - - [19/Feb/2025:03:11:44 +0530] "GET /env.bak HTTP/1.1" 404 34833 "-" "-"
193.41.206.202 - - [19/Feb/2025:03:11:44 +0530] "GET /phpinfo HTTP/1.1" 404 34833 "-" "-"
193.41.206.202 - - [19/Feb/2025:03:11:44 +0530] "GET /_profiler/phpinfo HTTP/1.1" 404 34833 "-" "-"
193.41.206.202 - - [19/Feb/2025:03:11:44 +0530] "GET /phpinfo.php HTTP/1.1" 404 34833 "-" "-"
193.41.206.202 - - [19/Feb/2025:03:11:45 +0530] "GET /.env.bak HTTP/1.1" 404 34833 "-" "-"
193.41.206.202 - - [19/Feb/2025:03:11:45 +0530] "GET /.env.backup HTTP/1.1" 404 34833 "-" "-"
193.41.206.202 - - [19/Feb/2025:03:11:46 +0530] "GET /.env_sample HTTP/1.1" 404 34833 "-" "-"
193.41.206.202 - - [19/Feb/2025:03:11:46 +0530] "GET /.env.old HTTP/1.1" 404 34833 "-" "-"
193.41.206.202 - - [19/Feb/2025:03:11:47 +0530] "GET /.env.www HTTP/1.1" 404 34833 "-" "-"
193.41.206.202 - - [19/Feb/2025:03:11:47 +0530] "GET /.docker/.env HTTP/1.1" 404 34833 "-" "-"
193.41.206.202 - - [19/Feb/2025:03:11:47 +0530] "GET /.env.dev HTTP/1.1" 404 34833 "-" "-"
193.41.206.202 - - [19/Feb/2025:03:11:47 +0530] "GET /.env.example HTTP/1.1" 404 34833 "-" "-"
193.41.206.202 - - [19/Feb/2025:03:11:48 +0530] "GET /config.env HTTP/1.1" 404 34833 "-" "-"
193.41.206.202 - - [19/Feb/2025:03:11:48 +0530] "GET /.environment HTTP/1.1" 404 34833 "-" "-"
193.41.206.202 - - [19/Feb/2025:03:11:48 +0530] "GET /.env.production HTTP/1.1" 404 34833 "-" "-"
193.41.206.202 - - [19/Feb/2025:03:11:48 +0530] "GET /.env.production.local HTTP/1.1" 404 34833 "-" "-"
193.41.206.202 - - [19/Feb/2025:03:11:49 +0530] "GET /.env.prod HTTP/1.1" 404 34833 "-" "-"
193.41.206.202 - - [19/Feb/2025:03:11:49 +0530] "GET /.env.test HTTP/1.1" 404 34833 "-" "-"
193.41.206.202 - - [19/Feb/2025:03:11:49 +0530] "GET /.env.sample.php HTTP/1.1" 404 34833 "-" "-"
193.41.206.202 - - [19/Feb/2025:03:11:49 +0530] "GET /.env.php HTTP/1.1" 404 34833 "-" "-"
193.41.206.202 - - [19/Feb/2025:03:11:49 +0530] "GET /.env1 HTTP/1.1" 404 34833 "-" "-"
193.41.206.202 - - [19/Feb/2025:03:11:50 +0530] "GET /.venv HTTP/1.1" 404 34833 "-" "-"
193.41.206.202 - - [19/Feb/2025:03:11:50 +0530] "GET /env.prod.js HTTP/1.1" 404 34833 "-" "-"
193.41.206.202 - - [19/Feb/2025:03:11:51 +0530] "GET /config/settings.ini HTTP/1.1" 404 34833 "-" "-"
193.41.206.202 - - [19/Feb/2025:03:11:51 +0530] "GET /info HTTP/1.1" 404 34833 "-" "-"
193.41.206.202 - - [19/Feb/2025:03:11:52 +0530] "GET /env.test.js HTTP/1.1" 404 34833 "-" "-"
193.41.206.202 - - [19/Feb/2025:03:11:52 +0530] "GET /info.php HTTP/1.1" 404 34833 "-" "-"
193.41.206.202 - - [19/Feb/2025:03:11:52 +0530] "GET /portal/.env HTTP/1.1" 404 34833 "-" "-"
193.41.206.202 - - [19/Feb/2025:03:11:52 +0530] "GET /env/.env HTTP/1.1" 404 34833 "-" "-"
193.41.206.202 - - [19/Feb/2025:03:11:53 +0530] "GET /dev/.env HTTP/1.1" 404 34833 "-" "-"
193.41.206.202 - - [19/Feb/2025:03:11:53 +0530] "GET /new/.env HTTP/1.1" 404 34833 "-" "-"
193.41.206.202 - - [19/Feb/2025:03:11:53 +0530] "GET /new/.env.local HTTP/1.1" 404 34833 "-" "-"
193.41.206.202 - - [19/Feb/2025:03:11:54 +0530] "GET /new/.env.production HTTP/1.1" 404 34833 "-" "-"
193.41.206.202 - - [19/Feb/2025:03:11:54 +0530] "GET /new/.env.staging HTTP/1.1" 404 34833 "-" "-"
193.41.206.202 - - [19/Feb/2025:03:11:55 +0530] "GET /_phpinfo.php HTTP/1.1" 404 34833 "-" "-"
193.41.206.202 - - [19/Feb/2025:03:11:55 +0530] "GET /_profiler/phpinfo/info.php HTTP/1.1" 404 37413 "-" "-"
193.41.206.202 - - [19/Feb/2025:03:11:55 +0530] "GET /_profiler/phpinfo/phpinfo.php HTTP/1.1" 404 37413 "-" "-"
193.41.206.202 - - [19/Feb/2025:03:11:56 +0530] "GET /wp-config HTTP/1.1" 404 34833 "-" "-"
193.41.206.202 - - [19/Feb/2025:03:11:56 +0530] "GET /env.php HTTP/1.1" 404 34833 "-" "-"
193.41.206.202 - - [19/Feb/2025:03:11:56 +0530] "GET /aws-secret.yaml HTTP/1.1" 404 34833 "-" "-"
193.41.206.202 - - [19/Feb/2025:03:11:56 +0530] "GET /awstats/.env HTTP/1.1" 404 34833 "-" "-"
193.41.206.202 - - [19/Feb/2025:03:11:56 +0530] "GET /conf/.env HTTP/1.1" 404 34833 "-" "-"
193.41.206.202 - - [19/Feb/2025:03:11:56 +0530] "GET /cron/.env HTTP/1.1" 404 34833 "-" "-"
193.41.206.202 - - [19/Feb/2025:03:11:57 +0530] "GET /www/.env HTTP/1.1" 404 34833 "-" "-"
193.41.206.202 - - [19/Feb/2025:03:11:57 +0530] "GET /docker/.env HTTP/1.1" 404 34833 "-" "-"
193.41.206.202 - - [19/Feb/2025:03:11:57 +0530] "GET /docker/app/.env HTTP/1.1" 404 37413 "-" "-"
193.41.206.202 - - [19/Feb/2025:03:11:57 +0530] "GET /env.backup HTTP/1.1" 404 34833 "-" "-"
193.41.206.202 - - [19/Feb/2025:03:11:58 +0530] "GET /xampp/phpinfo.php HTTP/1.1" 404 34833 "-" "-"
193.41.206.202 - - [19/Feb/2025:03:11:58 +0530] "GET /lara/info.php HTTP/1.1" 404 34833 "-" "-"
193.41.206.202 - - [19/Feb/2025:03:11:58 +0530] "GET /lara/phpinfo.php HTTP/1.1" 404 34833 "-" "-"
193.41.206.202 - - [19/Feb/2025:03:11:58 +0530] "GET /laravel/info.php HTTP/1.1" 404 34833 "-" "-"
193.41.206.202 - - [19/Feb/2025:03:11:59 +0530] "GET /.vscode/.env HTTP/1.1" 404 34833 "-" "-"
193.41.206.202 - - [19/Feb/2025:03:11:59 +0530] "GET /js/.env HTTP/1.1" 404 34833 "-" "-"
193.41.206.202 - - [19/Feb/2025:03:12:01 +0530] "GET /laravel/core/.env HTTP/1.1" 404 37413 "-" "-"
193.41.206.202 - - [19/Feb/2025:03:12:02 +0530] "GET /mail/.env HTTP/1.1" 404 34833 "-" "-"
193.41.206.202 - - [19/Feb/2025:03:12:02 +0530] "GET /mailer/.env HTTP/1.1" 404 34833 "-" "-"
193.41.206.202 - - [19/Feb/2025:03:12:03 +0530] "GET /nginx/.env HTTP/1.1" 404 34833 "-" "-"
193.41.206.202 - - [19/Feb/2025:03:12:04 +0530] "GET /public/.env HTTP/1.1" 404 34833 "-" "-"
193.41.206.202 - - [19/Feb/2025:03:12:04 +0530] "GET /site/.env HTTP/1.1" 404 34833 "-" "-"
193.41.206.202 - - [19/Feb/2025:03:12:04 +0530] "GET /xampp/.env HTTP/1.1" 404 34833 "-" "-"
193.41.206.202 - - [19/Feb/2025:03:12:05 +0530] "GET /.docker/laravel/app/.env HTTP/1.1" 404 37413 "-" "-"
193.41.206.202 - - [19/Feb/2025:03:12:05 +0530] "GET /laravel/.env.local HTTP/1.1" 404 34833 "-" "-"
193.41.206.202 - - [19/Feb/2025:03:12:06 +0530] "GET /laravel/.env.production HTTP/1.1" 404 34833 "-" "-"
193.41.206.202 - - [19/Feb/2025:03:12:06 +0530] "GET /laravel/.env.staging HTTP/1.1" 404 34833 "-" "-"
193.41.206.202 - - [19/Feb/2025:03:12:08 +0530] "GET /laravel/core/.env.local HTTP/1.1" 404 37413 "-" "-"
193.41.206.202 - - [19/Feb/2025:03:12:08 +0530] "GET /laravel/core/.env.production HTTP/1.1" 404 37413 "-" "-"
193.41.206.202 - - [19/Feb/2025:03:12:09 +0530] "GET /laravel/core/.env.staging HTTP/1.1" 404 37413 "-" "-"
193.41.206.202 - - [19/Feb/2025:03:12:09 +0530] "GET /main/.env HTTP/1.1" 404 34833 "-" "-"
193.41.206.202 - - [19/Feb/2025:03:12:10 +0530] "GET /.aws/credentials HTTP/1.1" 404 34833 "-" "-"
193.41.206.202 - - [19/Feb/2025:03:12:11 +0530] "GET /config.php HTTP/1.1" 404 34833 "-" "-"
193.41.206.202 - - [19/Feb/2025:03:12:13 +0530] "GET /sendgrid.json HTTP/1.1" 404 34833 "-" "-"
162.55.100.32 - - [19/Feb/2025:02:55:39 +0530] "POST /wp-cron.php?doing_wp_cron=1739913939.6085200309753417968750 HTTP/1.1" 200 0 "-" "WordPress/6.7.2; https://www.freejobalerts.guru"
2a06:98c0:3600::103 - - [19/Feb/2025:03:00:12 +0530] "GET /wp-admin/setup-config.php HTTP/1.1" 409 1213 "-" "Mozilla/5.0 (Windows NT 10.0; Win64; x64) AppleWebKit/537.36 (KHTML, like Gecko) Chrome/133.0.0.0 Safari/537.36"
2a06:98c0:3600::103 - - [19/Feb/2025:03:00:38 +0530] "GET /wordpress/wp-admin/setup-config.php HTTP/1.1" 404 10339 "-" "Mozilla/5.0 (Windows NT 10.0; Win64; x64) AppleWebKit/537.36 (KHTML, like Gecko) Chrome/133.0.0.0 Safari/537.36"
162.55.100.32 - - [19/Feb/2025:03:12:21 +0530] "POST /wp-cron.php?doing_wp_cron=1739914941.3270070552825927734375 HTTP/1.1" 200 0 "-" "WordPress/6.7.2; https://www.freejobalerts.guru"
2a06:98c0:3600::103 - - [19/Feb/2025:03:00:36 +0530] "GET /wordpress/wp-admin/setup-config.php HTTP/1.1" 301 0 "-" "Mozilla/5.0 (Windows NT 10.0; Win64; x64) AppleWebKit/537.36 (KHTML, like Gecko) Chrome/133.0.0.0 Safari/537.36"
162.55.100.32 - - [19/Feb/2025:03:11:40 +0530] "POST /wp-cron.php?doing_wp_cron=1739914900.1362559795379638671875 HTTP/1.1" 200 0 "-" "WordPress/6.7.2; https://www.freejobalerts.guru"
193.41.206.202 - - [19/Feb/2025:03:12:13 +0530] "GET /bootstrap/cache/config.php HTTP/1.1" 404 37413 "-" "-"
193.41.206.202 - - [19/Feb/2025:03:12:14 +0530] "GET /storage/app/private/.env HTTP/1.1" 404 37413 "-" "-"
193.41.206.202 - - [19/Feb/2025:03:12:14 +0530] "GET /storage/logs/laravel.log HTTP/1.1" 404 37413 "-" "-"
193.41.206.202 - - [19/Feb/2025:03:12:15 +0530] "GET /composer.lock HTTP/1.1" 404 34833 "-" "-"
193.41.206.202 - - [19/Feb/2025:03:12:17 +0530] "GET /server.key HTTP/1.1" 404 34833 "-" "-"
193.41.206.202 - - [19/Feb/2025:03:12:18 +0530] "GET /dump.sh HTTP/1.1" 404 34833 "-" "-"
193.41.206.202 - - [19/Feb/2025:03:12:18 +0530] "GET /php5.ini HTTP/1.1" 404 34833 "-" "-"
193.41.206.202 - - [19/Feb/2025:03:12:19 +0530] "GET /config.php.bak HTTP/1.1" 404 34833 "-" "-"
193.41.206.202 - - [19/Feb/2025:03:12:20 +0530] "GET /src/app.js HTTP/1.1" 404 34833 "-" "-"
193.41.206.202 - - [19/Feb/2025:03:12:22 +0530] "GET /server-info HTTP/1.1" 404 34833 "-" "-"
193.41.206.202 - - [19/Feb/2025:03:12:24 +0530] "GET /docker.sh HTTP/1.1" 404 34833 "-" "-"
193.41.206.202 - - [19/Feb/2025:03:12:24 +0530] "GET /config.php.save HTTP/1.1" 404 34833 "-" "-"
193.41.206.202 - - [19/Feb/2025:03:12:25 +0530] "GET /config.ini.old HTTP/1.1" 404 34833 "-" "-"
193.41.206.202 - - [19/Feb/2025:03:12:25 +0530] "GET /~backup HTTP/1.1" 301 795 "-" "-"
185.247.137.65 - - [19/Feb/2025:02:55:38 +0530] "GET / HTTP/1.1" 200 13256 "-" "Mozilla/5.0 (compatible; InternetMeasurement/1.0; +https://internet-measurement.com/)"
162.55.100.32 - - [19/Feb/2025:03:22:26 +0530] "POST /wp-cron.php?doing_wp_cron=1739915546.8987879753112792968750 HTTP/1.1" 200 0 "-" "WordPress/6.7.2; https://www.freejobalerts.guru"
2a06:98c0:3600::103 - - [19/Feb/2025:03:24:28 +0530] "GET /wordpress/wp-admin/setup-config.php HTTP/1.1" 404 10339 "-" "Mozilla/5.0 (Windows NT 10.0; Win64; x64) AppleWebKit/537.36 (KHTML, like Gecko) Chrome/133.0.0.0 Safari/537.36"
2a06:98c0:3600::103 - - [19/Feb/2025:03:22:18 +0530] "GET /wordpress/wp-admin/setup-config.php HTTP/1.1" 301 0 "-" "Mozilla/5.0 (Windows NT 10.0; Win64; x64) AppleWebKit/537.36 (KHTML, like Gecko) Chrome/133.0.0.0 Safari/537.36"
2a06:98c0:3600::103 - - [19/Feb/2025:03:22:41 +0530] "GET /wp-admin/setup-config.php HTTP/1.1" 409 1213 "-" "Mozilla/5.0 (Windows NT 10.0; Win64; x64) AppleWebKit/537.36 (KHTML, like Gecko) Chrome/133.0.0.0 Safari/537.36"
185.126.239.61 - - [19/Feb/2025:03:37:38 +0530] "GET /favicon.ico HTTP/1.1" 404 1251 "-" "Mozilla/5.0 (Windows NT 10.0; Win64; x64) AppleWebKit/537.36 (KHTML, like Gecko) Chrome/130.0.0.0 Safari/537.36 Edg/130.0.0.0"
3.70.95.87 - - [19/Feb/2025:03:31:58 +0530] "GET / HTTP/1.1" 200 13242 "-" "Mozilla/5.0 (iPhone; CPU iPhone OS 17_5_1 like Mac OS X) AppleWebKit/605.1.15 (KHTML, like Gecko) Version/17.5 Mobile/15E148 Safari/604.1"
146.70.107.17 - - [19/Feb/2025:03:31:57 +0530] "GET / HTTP/1.1" 200 13320 "-" "Mozilla/5.0 (iPhone; CPU iPhone OS 18_1_1 like Mac OS X) AppleWebKit/605.1.15 (KHTML, like Gecko) Version/18.1.1 Mobile/15E148 Safari/604.1"
162.55.100.32 - - [19/Feb/2025:03:31:59 +0530] "POST /wp-cron.php?doing_wp_cron=1739916118.9744689464569091796875 HTTP/1.1" 200 0 "-" "WordPress/6.7.2; https://www.freejobalerts.guru"
162.55.100.32 - - [19/Feb/2025:03:24:28 +0530] "POST /wp-cron.php?doing_wp_cron=1739915668.7130720615386962890625 HTTP/1.1" 200 0 "-" "WordPress/6.7.2; https://www.freejobalerts.guru"
2a06:98c0:3600::103 - - [19/Feb/2025:03:24:28 +0530] "GET /wordpress/wp-admin/setup-config.php HTTP/1.1" 301 0 "-" "Mozilla/5.0 (Windows NT 10.0; Win64; x64) AppleWebKit/537.36 (KHTML, like Gecko) Chrome/133.0.0.0 Safari/537.36"
54.196.247.85 - - [19/Feb/2025:03:42:52 +0530] "GET / HTTP/1.1" 200 13248 "-" "Mozilla/4.0 (compatible; MSIE 8.0; Windows NT 6.1; WOW64; Trident/4.0; SLCC2; .NET CLR 2.0.50727; .NET CLR 3.5.30729; .NET CLR 3.0.30729; Media Center PC 6.0; .NET4.0C; .NET4.0E; InfoPath.2)"
129.227.97.104 - - [19/Feb/2025:03:44:23 +0530] "GET /wp-content/themes/generatepress/assets/css/main.min.css?ver=3.5.1 HTTP/1.1" 200 4670 "http://www.freejobalerts.sarkariyojanaguru.xyz/" "Mozilla/5.0 (iPhone; CPU iPhone OS 18_1_1 like Mac OS X) AppleWebKit/605.1.15 (KHTML, like Gecko) Version/18.1.1 Mobile/15E148 Safari/604.1"
129.227.97.104 - - [19/Feb/2025:03:44:23 +0530] "GET /wp-includes/css/dist/block-library/style.min.css?ver=6.7.2 HTTP/1.1" 200 15146 "http://www.freejobalerts.sarkariyojanaguru.xyz/" "Mozilla/5.0 (iPhone; CPU iPhone OS 18_1_1 like Mac OS X) AppleWebKit/605.1.15 (KHTML, like Gecko) Version/18.1.1 Mobile/15E148 Safari/604.1"
129.227.97.104 - - [19/Feb/2025:03:44:23 +0530] "GET /wp-content/themes/generatepress/assets/js/menu.min.js?ver=3.5.1 HTTP/1.1" 200 1828 "http://www.freejobalerts.sarkariyojanaguru.xyz/" "Mozilla/5.0 (iPhone; CPU iPhone OS 18_1_1 like Mac OS X) AppleWebKit/605.1.15 (KHTML, like Gecko) Version/18.1.1 Mobile/15E148 Safari/604.1"
129.227.97.104 - - [19/Feb/2025:03:44:24 +0530] "GET /wp-includes/js/masonry.min.js?ver=4.2.2 HTTP/1.1" 200 7376 "http://www.freejobalerts.sarkariyojanaguru.xyz/" "Mozilla/5.0 (iPhone; CPU iPhone OS 18_1_1 like Mac OS X) AppleWebKit/605.1.15 (KHTML, like Gecko) Version/18.1.1 Mobile/15E148 Safari/604.1"
54.196.247.85 - - [19/Feb/2025:03:49:00 +0530] "GET //www.freejobalerts.guru/wp-content/plugins/contact-form-7/includes/swv/js/index.js HTTP/1.1" 301 0 "-" "Mediapartners-Google"
54.196.247.85 - - [19/Feb/2025:03:49:00 +0530] "GET //www.freejobalerts.guru/wp-content/themes/generatepress/assets/js/menu.min.js HTTP/1.1" 301 0 "-" "Opera/9.64 (Macintosh; PPC Mac OS X; U; en) Presto/2.1.1"
54.196.247.85 - - [19/Feb/2025:03:49:00 +0530] "GET //www.freejobalerts.guru/wp-content/themes/generatepress/assets/js/classList.min.js HTTP/1.1" 301 0 "-" "Opera/9.80 (Android 4.0.4; Linux; Opera Mobi/ADR-1205181138; U; pl) Presto/2.10.254 Version/12.00"
54.196.247.85 - - [19/Feb/2025:03:49:00 +0530] "GET //www.freejobalerts.guru/wp-includes/js/imagesloaded.min.js HTTP/1.1" 301 0 "-" "Mozilla/5.0 (Linux; Android 9; ONEPLUS A5010) AppleWebKit/537.36 (KHTML, like Gecko) Chrome/75.0.3770.143 Mobile Safari/537.36"
162.55.100.32 - - [19/Feb/2025:03:51:22 +0530] "POST /wp-cron.php?doing_wp_cron=1739917282.9217009544372558593750 HTTP/1.1" 200 0 "-" "WordPress/6.7.2; https://www.freejobalerts.guru"
2a06:98c0:3600::103 - - [19/Feb/2025:03:51:23 +0530] "GET /wordpress/wp-admin/setup-config.php HTTP/1.1" 404 10339 "-" "Mozilla/5.0 (Windows NT 10.0; Win64; x64) AppleWebKit/537.36 (KHTML, like Gecko) Chrome/133.0.0.0 Safari/537.36"
2a06:98c0:3600::103 - - [19/Feb/2025:03:51:41 +0530] "GET /wp-admin/setup-config.php HTTP/1.1" 409 1213 "-" "Mozilla/5.0 (Windows NT 10.0; Win64; x64) AppleWebKit/537.36 (KHTML, like Gecko) Chrome/133.0.0.0 Safari/537.36"
154.223.139.134 - - [19/Feb/2025:03:51:50 +0530] "GET / HTTP/1.1" 301 0 "-" "Mozilla/5.0 (Windows NT 10.0; Win64; x64) AppleWebKit/537.36 (KHTML, like Gecko) Chrome/94.0.4606.61 Safari/537.36"
139.59.248.197 - - [19/Feb/2025:04:08:34 +0530] "GET /wp-login.php HTTP/1.1" 302 0 "-" "Mozilla/5.0"
129.227.97.104 - - [19/Feb/2025:03:44:23 +0530] "GET /wp-content/plugins/contact-form-7/includes/css/styles.css?ver=6.0.3 HTTP/1.1" 200 1016 "http://www.freejobalerts.sarkariyojanaguru.xyz/" "Mozilla/5.0 (iPhone; CPU iPhone OS 18_1_1 like Mac OS X) AppleWebKit/605.1.15 (KHTML, like Gecko) Version/18.1.1 Mobile/15E148 Safari/604.1"
129.227.97.104 - - [19/Feb/2025:03:44:23 +0530] "GET /wp-content/plugins/contextual-related-posts/css/rounded-thumbs.min.css?ver=3.6.2 HTTP/1.1" 200 454 "http://www.freejobalerts.sarkariyojanaguru.xyz/" "Mozilla/5.0 (iPhone; CPU iPhone OS 18_1_1 like Mac OS X) AppleWebKit/605.1.15 (KHTML, like Gecko) Version/18.1.1 Mobile/15E148 Safari/604.1"
129.227.97.104 - - [19/Feb/2025:03:44:23 +0530] "GET /wp-includes/js/dist/i18n.min.js?ver=5e580eb46a90c2b997e6 HTTP/1.1" 200 3667 "http://www.freejobalerts.sarkariyojanaguru.xyz/" "Mozilla/5.0 (iPhone; CPU iPhone OS 18_1_1 like Mac OS X) AppleWebKit/605.1.15 (KHTML, like Gecko) Version/18.1.1 Mobile/15E148 Safari/604.1"
129.227.97.104 - - [19/Feb/2025:03:44:23 +0530] "GET /wp-includes/js/dist/hooks.min.js?ver=4d63a3d491d11ffd8ac6 HTTP/1.1" 200 1644 "http://www.freejobalerts.sarkariyojanaguru.xyz/" "Mozilla/5.0 (iPhone; CPU iPhone OS 18_1_1 like Mac OS X) AppleWebKit/605.1.15 (KHTML, like Gecko) Version/18.1.1 Mobile/15E148 Safari/604.1"
129.227.97.104 - - [19/Feb/2025:03:44:24 +0530] "GET /wp-includes/js/imagesloaded.min.js?ver=5.0.0 HTTP/1.1" 200 1801 "http://www.freejobalerts.sarkariyojanaguru.xyz/" "Mozilla/5.0 (iPhone; CPU iPhone OS 18_1_1 like Mac OS X) AppleWebKit/605.1.15 (KHTML, like Gecko) Version/18.1.1 Mobile/15E148 Safari/604.1"
162.55.100.32 - - [19/Feb/2025:04:13:08 +0530] "POST /wp-cron.php?doing_wp_cron=1739918588.0689990520477294921875 HTTP/1.1" 200 0 "-" "WordPress/6.7.2; https://www.freejobalerts.guru"
2a06:98c0:3600::103 - - [19/Feb/2025:04:13:07 +0530] "GET /wordpress/wp-admin/setup-config.php HTTP/1.1" 301 0 "-" "Mozilla/5.0 (Windows NT 10.0; Win64; x64) AppleWebKit/537.36 (KHTML, like Gecko) Chrome/133.0.0.0 Safari/537.36"
162.55.100.32 - - [19/Feb/2025:04:08:35 +0530] "POST /wp-cron.php?doing_wp_cron=1739918315.5837221145629882812500 HTTP/1.1" 200 0 "-" "WordPress/6.7.2; https://www.freejobalerts.guru"
54.196.247.85 - - [19/Feb/2025:03:49:00 +0530] "GET //www.freejobalerts.guru/wp-includes/js/dist/i18n.min.js HTTP/1.1" 301 0 "-" "iTunes/9.0.3 (Macintosh; U; Intel Mac OS X 10_6_2; en-ca)"
54.196.247.85 - - [19/Feb/2025:03:49:00 +0530] "GET //www.freejobalerts.guru/wp-content/plugins/gp-premium/blog/functions/js/scripts.min.js HTTP/1.1" 301 0 "-" "Mozilla/5.0 (Linux; U; Android 6.0; he-il; Redmi Note 4X Build/MRA58K) AppleWebKit/537.36 (KHTML, like Gecko) Version/4.0 Chrome/71.0.3578.141 Mobile Safari/537.36 XiaoMi/MiuiBrowser/10.9.7-g"
2a06:98c0:3600::103 - - [19/Feb/2025:04:37:45 +0530] "GET /wp-admin/setup-config.php HTTP/1.1" 409 1213 "-" "Mozilla/5.0 (Windows NT 10.0; Win64; x64) AppleWebKit/537.36 (KHTML, like Gecko) Chrome/133.0.0.0 Safari/537.36"
2a06:98c0:3600::103 - - [19/Feb/2025:04:38:18 +0530] "GET /wordpress/wp-admin/setup-config.php HTTP/1.1" 301 0 "-" "Mozilla/5.0 (Windows NT 10.0; Win64; x64) AppleWebKit/537.36 (KHTML, like Gecko) Chrome/133.0.0.0 Safari/537.36"
162.55.100.32 - - [19/Feb/2025:04:39:06 +0530] "POST /wp-cron.php?doing_wp_cron=1739920146.9250869750976562500000 HTTP/1.1" 200 0 "-" "WordPress/6.7.2; https://www.freejobalerts.guru"
45.74.51.70 - - [19/Feb/2025:04:42:37 +0530] "GET / HTTP/1.1" 200 13227 "-" "Mozilla/5.0 (compatible; MSIE 10.0; Windows NT 6.1; Trident/6.0)"
2a06:98c0:3600::103 - - [19/Feb/2025:05:01:59 +0530] "GET /wp-admin/setup-config.php HTTP/1.1" 409 1213 "-" "Mozilla/5.0 (Windows NT 10.0; Win64; x64) AppleWebKit/537.36 (KHTML, like Gecko) Chrome/133.0.0.0 Safari/537.36"
45.90.62.113 - - [19/Feb/2025:05:02:38 +0530] "GET /favicon.ico HTTP/1.1" 404 1251 "-" "Mozilla/5.0 (Windows NT 10.0; Win64; x64) AppleWebKit/537.36 (KHTML, like Gecko) Chrome/94.0.4606.61 Safari/537.36"
162.55.100.32 - - [19/Feb/2025:04:38:18 +0530] "POST /wp-cron.php?doing_wp_cron=1739920098.5603039264678955078125 HTTP/1.1" 200 0 "-" "WordPress/6.7.2; https://www.freejobalerts.guru"
2a06:98c0:3600::103 - - [19/Feb/2025:04:38:18 +0530] "GET /wordpress/wp-admin/setup-config.php HTTP/1.1" 404 10339 "-" "Mozilla/5.0 (Windows NT 10.0; Win64; x64) AppleWebKit/537.36 (KHTML, like Gecko) Chrome/133.0.0.0 Safari/537.36"
176.53.221.84 - - [19/Feb/2025:05:02:37 +0530] "GET / HTTP/1.1" 200 13248 "-" "Mozilla/5.0 (Windows NT 10.0; Win64; x64) AppleWebKit/537.36 (KHTML, like Gecko) Chrome/94.0.4606.61 Safari/537.36"
195.201.41.238 - - [19/Feb/2025:04:39:06 +0530] "GET / HTTP/1.1" 301 0 "-" "Mozilla/5.0 (X11; Linux x86_64) AppleWebKit/536.5 (KHTML, like Gecko) Chrome/19.0.1084.9 Safari/536.5"
195.201.41.238 - - [19/Feb/2025:04:39:06 +0530] "GET / HTTP/1.1" 200 51244 "-" "Mozilla/5.0 (X11; Linux x86_64) AppleWebKit/536.5 (KHTML, like Gecko) Chrome/19.0.1084.9 Safari/536.5"
162.55.100.32 - - [19/Feb/2025:04:40:42 +0530] "POST /wp-cron.php?doing_wp_cron=1739920242.8057630062103271484375 HTTP/1.1" 200 0 "-" "WordPress/6.7.2; https://www.freejobalerts.guru"
37.59.165.81 - - [19/Feb/2025:04:47:18 +0530] "GET / HTTP/1.1" 200 51244 "-" "Mozilla/5.0 (X11; Ubuntu; Linux x86_64; rv:130.0) Gecko/20100101 Firefox/130.0"
5.135.58.198 - - [19/Feb/2025:04:54:07 +0530] "GET /favicon.ico HTTP/1.1" 404 1251 "-" "Mozilla/5.0 (X11; Ubuntu; Linux x86_64; rv:130.0) Gecko/20100101 Firefox/130.0"
188.165.87.106 - - [19/Feb/2025:04:40:42 +0530] "GET / HTTP/1.1" 200 51244 "-" "Mozilla/5.0 (X11; Ubuntu; Linux x86_64; rv:130.0) Gecko/20100101 Firefox/130.0"
54.196.247.85 - - [19/Feb/2025:03:49:00 +0530] "GET //www.freejobalerts.guru/wp-includes/js/dist/hooks.min.js HTTP/1.1" 301 0 "-" "Mozilla/5.0 (Windows NT 10.0; WOW64) AppleWebKit/537.36 (KHTML, like Gecko) Chrome/71.0.3578.80 Safari/537.36"
188.165.87.104 - - [19/Feb/2025:04:40:43 +0530] "GET / HTTP/1.1" 301 0 "-" "Mozilla/5.0 (X11; Ubuntu; Linux x86_64; rv:130.0) Gecko/20100101 Firefox/130.0"
2a06:98c0:3600::103 - - [19/Feb/2025:05:02:23 +0530] "GET /wordpress/wp-admin/setup-config.php HTTP/1.1" 301 0 "-" "Mozilla/5.0 (Windows NT 10.0; Win64; x64) AppleWebKit/537.36 (KHTML, like Gecko) Chrome/133.0.0.0 Safari/537.36"
129.227.97.104 - - [19/Feb/2025:03:44:23 +0530] "GET /wp-content/plugins/related-posts-thumbnails/assets/css/front.css?ver=4.2.1 HTTP/1.1" 200 1198 "http://www.freejobalerts.sarkariyojanaguru.xyz/" "Mozilla/5.0 (iPhone; CPU iPhone OS 18_1_1 like Mac OS X) AppleWebKit/605.1.15 (KHTML, like Gecko) Version/18.1.1 Mobile/15E148 Safari/604.1"
