????

Your IP : 3.15.7.20


Current Path : /proc/thread-self/root/home2/sarkar82/logs/
Upload File :
Current File : //proc/thread-self/root/home2/sarkar82/logs/freejobalerts.sarkariyojanaguru.xyz.bkup

185.126.239.61 - - [17/Feb/2025:20:53:19 +0530] "GET /favicon.ico HTTP/1.1" 404 1251 "-" "Mozilla/5.0 (Macintosh; Intel Mac OS X 10_15_7) AppleWebKit/605.1.15 (KHTML, like Gecko) Version/17.5 Safari/605.1.15"
185.126.239.61 - - [17/Feb/2025:20:53:31 +0530] "GET /favicon.ico HTTP/1.1" 404 1251 "-" "Mozilla/5.0 (Windows NT 10.0; Win64; x64) AppleWebKit/537.36 (KHTML, like Gecko) Chrome/130.0.0.0 Safari/537.36 Edg/130.0.0.0"
64.15.129.126 - - [17/Feb/2025:21:01:48 +0530] "GET /favicon.ico HTTP/1.1" 404 1251 "-" "Mozilla/5.0 (Windows NT 10.0; Win64; x64) AppleWebKit/537.36 (KHTML, like Gecko) Chrome/132.0.0.0 Safari/537.36"
162.55.100.32 - - [17/Feb/2025:21:03:57 +0530] "GET /.well-known/acme-challenge/KEP5SH2XXX-8RY_14_LZAS7I2-TLFGT1 HTTP/1.1" 200 64 "-" "Cpanel-HTTP-Client/1.0"
193.27.14.182 - - [17/Feb/2025:20:59:57 +0530] "GET /cgi-sys/defaultwebpage.cgi HTTP/1.1" 200 2008 "http://freejobalerts.sarkariyojanaguru.xyz/" "Mozilla/5.0 (iPhone; CPU iPhone OS 17_6_1 like Mac OS X) AppleWebKit/605.1.15 (KHTML, like Gecko) Version/17.6 Mobile/15E148 Safari/604.1"
192.175.111.241 - - [17/Feb/2025:21:01:49 +0530] "GET / HTTP/1.1" 200 1386 "-" "Mozilla/5.0 (Windows NT 10.0; Win64; x64) AppleWebKit/537.36 (KHTML, like Gecko) Chrome/132.0.0.0 Safari/537.36"
185.126.239.61 - - [17/Feb/2025:20:59:03 +0530] "GET /cgi-sys/defaultwebpage.cgi HTTP/1.1" 200 2008 "http://www.freejobalerts.sarkariyojanaguru.xyz/" "Mozilla/5.0 (Windows NT 10.0; Win64; x64) AppleWebKit/537.36 (KHTML, like Gecko) Chrome/132.0.0.0 Safari/537.36 Edg/132.0.0.0"
64.15.129.104 - - [17/Feb/2025:21:01:49 +0530] "GET / HTTP/1.1" 200 1386 "-" "Mozilla/5.0 (Windows NT 10.0; Win64; x64) AppleWebKit/537.36 (KHTML, like Gecko) Chrome/132.0.0.0 Safari/537.36"
64.15.129.122 - - [17/Feb/2025:21:01:51 +0530] "GET / HTTP/1.1" 200 1390 "-" "Mozilla/5.0 (Windows NT 10.0; Win64; x64) AppleWebKit/537.36 (KHTML, like Gecko) Chrome/132.0.0.0 Safari/537.36"
64.15.129.119 - - [17/Feb/2025:21:01:49 +0530] "GET / HTTP/1.1" 200 1390 "-" "Mozilla/5.0 (Windows NT 10.0; Win64; x64) AppleWebKit/537.36 (KHTML, like Gecko) Chrome/132.0.0.0 Safari/537.36"
162.55.100.32 - - [17/Feb/2025:21:03:57 +0530] "GET /.well-known/acme-challenge/K7NBMDA4OK8W1SZ365XL-5OV_U983TXN HTTP/1.1" 200 64 "-" "Cpanel-HTTP-Client/1.0"
31.13.127.11 - - [17/Feb/2025:21:13:10 +0530] "GET / HTTP/1.1" 200 1386 "-" "facebookexternalhit/1.1 (+http://www.facebook.com/externalhit_uatext.php)"
192.175.111.251 - - [17/Feb/2025:21:01:50 +0530] "GET / HTTP/1.1" 200 1390 "-" "Mozilla/5.0 (Windows NT 10.0; Win64; x64) AppleWebKit/537.36 (KHTML, like Gecko) Chrome/132.0.0.0 Safari/537.36"
185.126.239.61 - - [17/Feb/2025:20:59:57 +0530] "GET /cgi-sys/defaultwebpage.cgi HTTP/1.1" 200 2008 "http://freejobalerts.sarkariyojanaguru.xyz/" "Mozilla/5.0 (Windows NT 10.0; Win64; x64) AppleWebKit/537.36 (KHTML, like Gecko) Chrome/130.0.0.0 Safari/537.36 Edg/130.0.0.0"
72.195.188.18 - - [17/Feb/2025:20:59:57 +0530] "GET /cgi-sys/defaultwebpage.cgi HTTP/1.1" 200 2008 "http://freejobalerts.sarkariyojanaguru.xyz/" "Mozilla/5.0 (Macintosh; Intel Mac OS X 10_15_7) AppleWebKit/605.1.15 (KHTML, like Gecko) Version/17.6 Safari/605.1.15"
64.15.129.114 - - [17/Feb/2025:21:01:50 +0530] "GET /favicon.ico HTTP/1.1" 404 1251 "-" "Mozilla/5.0 (Windows NT 10.0; Win64; x64) AppleWebKit/537.36 (KHTML, like Gecko) Chrome/132.0.0.0 Safari/537.36"
102.129.153.170 - - [17/Feb/2025:21:05:39 +0530] "GET /favicon.ico HTTP/1.1" 404 1251 "http://www.freejobalerts.sarkariyojanaguru.xyz/" "Mozilla/5.0 (Macintosh; Intel Mac OS X 10_15_7) AppleWebKit/605.1.15 (KHTML, like Gecko) Version/17.5 Safari/605.1.15"
72.195.188.18 - - [17/Feb/2025:21:06:13 +0530] "GET /favicon.ico HTTP/1.1" 404 1251 "http://freejobalerts.sarkariyojanaguru.xyz/" "Mozilla/5.0 (Macintosh; Intel Mac OS X 10_15_7) AppleWebKit/605.1.15 (KHTML, like Gecko) Version/17.6 Safari/605.1.15"
162.55.100.32 - - [17/Feb/2025:21:07:13 +0530] "GET /.well-known/acme-challenge/WKYB08D_BP-V0L1J7CSKB_UMFU1V-SRM HTTP/1.1" 200 64 "-" "Cpanel-HTTP-Client/1.0"
192.175.111.234 - - [17/Feb/2025:21:01:47 +0530] "GET / HTTP/1.1" 200 1386 "-" "Mozilla/5.0 (Windows NT 10.0; Win64; x64) AppleWebKit/537.36 (KHTML, like Gecko) Chrome/132.0.0.0 Safari/537.36"
162.55.100.32 - - [17/Feb/2025:21:07:13 +0530] "GET /.well-known/acme-challenge/UJT3V6-JXQ5TUL3S346J-7UP81MK6H8K HTTP/1.1" 200 64 "-" "Cpanel-HTTP-Client/1.0"
102.129.153.170 - - [17/Feb/2025:20:59:04 +0530] "GET /cgi-sys/defaultwebpage.cgi HTTP/1.1" 200 2008 "http://www.freejobalerts.sarkariyojanaguru.xyz/" "Mozilla/5.0 (Macintosh; Intel Mac OS X 10_15_7) AppleWebKit/605.1.15 (KHTML, like Gecko) Version/17.5 Safari/605.1.15"
192.175.111.239 - - [17/Feb/2025:21:01:48 +0530] "GET / HTTP/1.1" 200 1386 "-" "Mozilla/5.0 (Windows NT 10.0; Win64; x64) AppleWebKit/537.36 (KHTML, like Gecko) Chrome/132.0.0.0 Safari/537.36"
192.175.111.236 - - [17/Feb/2025:21:01:50 +0530] "GET / HTTP/1.1" 200 1390 "-" "Mozilla/5.0 (Windows NT 10.0; Win64; x64) AppleWebKit/537.36 (KHTML, like Gecko) Chrome/132.0.0.0 Safari/537.36"
34.55.132.167 - - [17/Feb/2025:21:33:17 +0530] "GET / HTTP/1.1" 200 0 "-" "Mozilla/5.0 (Windows NT 6.2) AppleWebKit/537.36 (KHTML, like Gecko) Chrome/28.0.1467.0 Safari/537.36"
162.55.100.32 - - [17/Feb/2025:21:46:54 +0530] "GET /.well-known/acme-challenge/2OQ0GHYUXZBFTM9LSFL8YEPL4GZ6MPWN HTTP/1.1" 200 64 "-" "Cpanel-HTTP-Client/1.0"
162.55.100.32 - - [17/Feb/2025:21:46:54 +0530] "GET /.well-known/acme-challenge/PLTPHZK2TV5LODQU7RC0067Q6FVV539Z HTTP/1.1" 200 64 "-" "Cpanel-HTTP-Client/1.0"
34.55.132.167 - - [17/Feb/2025:21:33:19 +0530] "GET / HTTP/1.1" 200 0 "-" "Mozilla/5.0 (X11; OpenBSD i386) AppleWebKit/537.36 (KHTML, like Gecko) Chrome/36.0.1985.125 Safari/537.36"
162.55.100.32 - - [17/Feb/2025:21:35:04 +0530] "GET /.well-known/acme-challenge/Q23BH8ESK6XLA8RAUYN__VI4J_14G34C HTTP/1.1" 200 64 "-" "Cpanel-HTTP-Client/1.0"
35.165.215.140 - - [17/Feb/2025:21:43:39 +0530] "GET / HTTP/1.1" 200 0 "-" "Mozilla/5.0 (X11; Linux x86_64) AppleWebKit/537.36 (KHTML, like Gecko) HeadlessChrome/130.0.0.0 Safari/537.36"
162.55.100.32 - - [17/Feb/2025:21:46:54 +0530] "GET /.well-known/acme-challenge/YY5SA5C1GOT1F0F5SL42BSZU1WP1MDNM HTTP/1.1" 200 64 "-" "Cpanel-HTTP-Client/1.0"
162.55.100.32 - - [17/Feb/2025:21:35:04 +0530] "GET /.well-known/acme-challenge/4OLN0DXP__P82ED38_5N0AZWWMT31-8N HTTP/1.1" 200 64 "-" "Cpanel-HTTP-Client/1.0"
162.55.100.32 - - [17/Feb/2025:21:35:04 +0530] "GET /.well-known/acme-challenge/T4IW58YKJCOE-0WABDDKZ8G5RMMIA_W3 HTTP/1.1" 200 64 "-" "Cpanel-HTTP-Client/1.0"
162.55.100.32 - - [17/Feb/2025:21:46:54 +0530] "GET /.well-known/acme-challenge/G7HMWO4WBG-2-P0MX8-W51C636TBLEYP HTTP/1.1" 200 64 "-" "Cpanel-HTTP-Client/1.0"
44.244.224.110 - - [17/Feb/2025:21:47:00 +0530] "GET /.well-known/acme-challenge/cVxUidk3cR17yEUK1ZkMbKr2wK3Kc-3XqaUvPXhglMU HTTP/1.1" 200 87 "-" "Mozilla/5.0 (compatible; Let's Encrypt validation server; +https://www.letsencrypt.org)"
47.128.79.10 - - [17/Feb/2025:21:47:00 +0530] "GET /.well-known/acme-challenge/cVxUidk3cR17yEUK1ZkMbKr2wK3Kc-3XqaUvPXhglMU HTTP/1.1" 200 87 "-" "Mozilla/5.0 (compatible; Let's Encrypt validation server; +https://www.letsencrypt.org)"
162.55.100.32 - - [17/Feb/2025:21:35:04 +0530] "GET /.well-known/acme-challenge/B-H1AJ-FUM05QAA4GW5B5R3D-H7XIDON HTTP/1.1" 200 64 "-" "Cpanel-HTTP-Client/1.0"
162.55.100.32 - - [17/Feb/2025:21:46:54 +0530] "GET /.well-known/acme-challenge/23X1AHFEB7IZ5EKN8T64DDEZ4EXCT507 HTTP/1.1" 200 64 "-" "Cpanel-HTTP-Client/1.0"
64.225.76.151 - - [17/Feb/2025:21:58:14 +0530] "GET / HTTP/1.1" 503 1085 "-" "Mozilla/5.0 (Windows NT 10.0; Win64; x64; rv:65.0) Gecko/20100101 Firefox/65.0"
64.225.76.151 - - [17/Feb/2025:21:58:14 +0530] "GET /favicon.ico HTTP/1.1" 404 1251 "-" "Mozilla/5.0 (Windows NT 10.0; Win64; x64; rv:65.0) Gecko/20100101 Firefox/65.0"
157.245.70.112 - - [17/Feb/2025:21:58:12 +0530] "GET / HTTP/1.1" 503 1085 "-" "Mozilla/5.0 (Windows NT 10.0; Win64; x64; rv:65.0) Gecko/20100101 Firefox/65.0"
157.245.70.112 - - [17/Feb/2025:21:58:13 +0530] "GET /favicon.ico HTTP/1.1" 404 1251 "-" "Mozilla/5.0 (Windows NT 10.0; Win64; x64; rv:65.0) Gecko/20100101 Firefox/65.0"
162.55.100.32 - - [17/Feb/2025:21:35:04 +0530] "GET /.well-known/acme-challenge/5_TG3QS8CLVJRYSA120I6XFVKTE74C0K HTTP/1.1" 200 64 "-" "Cpanel-HTTP-Client/1.0"
23.178.112.212 - - [17/Feb/2025:21:46:59 +0530] "GET /.well-known/acme-challenge/cVxUidk3cR17yEUK1ZkMbKr2wK3Kc-3XqaUvPXhglMU HTTP/1.1" 200 87 "-" "Mozilla/5.0 (compatible; Let's Encrypt validation server; +https://www.letsencrypt.org)"
16.171.52.75 - - [17/Feb/2025:21:47:00 +0530] "GET /.well-known/acme-challenge/cVxUidk3cR17yEUK1ZkMbKr2wK3Kc-3XqaUvPXhglMU HTTP/1.1" 200 87 "-" "Mozilla/5.0 (compatible; Let's Encrypt validation server; +https://www.letsencrypt.org)"
18.216.157.223 - - [17/Feb/2025:21:47:00 +0530] "GET /.well-known/acme-challenge/cVxUidk3cR17yEUK1ZkMbKr2wK3Kc-3XqaUvPXhglMU HTTP/1.1" 200 87 "-" "Mozilla/5.0 (compatible; Let's Encrypt validation server; +https://www.letsencrypt.org)"
64.225.76.151 - - [17/Feb/2025:22:20:43 +0530] "GET / HTTP/1.1" 200 12413 "http://freejobalerts.guru/" "Mozilla/5.0 (Windows NT 10.0; Win64; x64; rv:65.0) Gecko/20100101 Firefox/65.0"
64.225.76.151 - - [17/Feb/2025:22:20:43 +0530] "GET /favicon.ico HTTP/1.1" 404 1251 "-" "Mozilla/5.0 (Windows NT 10.0; Win64; x64; rv:65.0) Gecko/20100101 Firefox/65.0"
64.225.76.151 - - [17/Feb/2025:22:20:43 +0530] "GET / HTTP/1.1" 301 0 "-" "Mozilla/5.0 (Windows NT 10.0; Win64; x64; rv:65.0) Gecko/20100101 Firefox/65.0"
64.225.76.151 - - [17/Feb/2025:22:20:45 +0530] "GET / HTTP/1.1" 200 12413 "-" "Mozilla/5.0 (Windows NT 10.0; Win64; x64; rv:65.0) Gecko/20100101 Firefox/65.0"
64.225.76.151 - - [17/Feb/2025:22:20:45 +0530] "GET /favicon.ico HTTP/1.1" 404 1251 "-" "Mozilla/5.0 (Windows NT 10.0; Win64; x64; rv:65.0) Gecko/20100101 Firefox/65.0"
44.244.54.179 - - [17/Feb/2025:22:25:19 +0530] "GET / HTTP/1.1" 200 12435 "-" "Mozilla/5.0 (iPhone; CPU iPhone OS 14_4 like Mac OS X) AppleWebKit/605.1.15 (KHTML, like Gecko) Version/15.4 Mobile/15E148 Safari/604.1"
44.244.54.179 - - [17/Feb/2025:22:25:19 +0530] "GET / HTTP/1.1" 200 12407 "-" "Mozilla/5.0 (Macintosh; Intel Mac OS X 10_15_7) AppleWebKit/537.36 (KHTML, like Gecko) Chrome/113.0.0.0 Safari/537.36"
35.95.37.160 - - [17/Feb/2025:22:25:21 +0530] "GET / HTTP/1.1" 200 12407 "-" "Mozilla/5.0 (iPhone; CPU iPhone OS 14_4 like Mac OS X) AppleWebKit/605.1.15 (KHTML, like Gecko) Version/15.4 Mobile/15E148 Safari/604.1"
35.95.37.160 - - [17/Feb/2025:22:25:19 +0530] "GET / HTTP/1.1" 200 12435 "-" "Mozilla/5.0 (Macintosh; Intel Mac OS X 10_15_7) AppleWebKit/537.36 (KHTML, like Gecko) Chrome/113.0.0.0 Safari/537.36"
35.95.37.160 - - [17/Feb/2025:22:25:20 +0530] "GET / HTTP/1.1" 200 12435 "-" "Mozilla/5.0 (Macintosh; Intel Mac OS X 10_15_7) AppleWebKit/537.36 (KHTML, like Gecko) Chrome/113.0.0.0 Safari/537.36"
35.163.210.11 - - [17/Feb/2025:22:35:27 +0530] "GET / HTTP/1.1" 200 12413 "http://freejobalerts.guru" "Mozilla/5.0 (Linux; Android 8.0.0; SM-G965U Build/R16NW) AppleWebKit/537.36 (KHTML, like Gecko) Chrome/63.0.3239.111 Mobile Safari/537.36"
35.163.210.11 - - [17/Feb/2025:22:35:25 +0530] "GET / HTTP/1.1" 301 0 "-" "Mozilla/5.0 (Linux; Android 8.0.0; SM-G965U Build/R16NW) AppleWebKit/537.36 (KHTML, like Gecko) Chrome/63.0.3239.111 Mobile Safari/537.36"
35.163.210.11 - - [17/Feb/2025:22:35:27 +0530] "GET / HTTP/1.1" 200 12413 "http://freejobalerts.guru" "Mozilla/5.0 (Windows NT 10.0; Win64; x64) AppleWebKit/537.36 (KHTML, like Gecko) Chrome/70.0.3538.102 Safari/537.36 Edge/18.19582"
54.213.164.107 - - [17/Feb/2025:22:35:27 +0530] "GET / HTTP/1.1" 200 12413 "http://freejobalerts.guru" "Mozilla/5.0 (iPhone; CPU iPhone OS 14_4 like Mac OS X) AppleWebKit/605.1.15 (KHTML, like Gecko) Version/15.4 Mobile/15E148 Safari/604.1"
54.213.164.107 - - [17/Feb/2025:22:35:25 +0530] "GET / HTTP/1.1" 301 0 "-" "Mozilla/5.0 (iPhone; CPU iPhone OS 14_4 like Mac OS X) AppleWebKit/605.1.15 (KHTML, like Gecko) Version/15.4 Mobile/15E148 Safari/604.1"
35.163.210.11 - - [17/Feb/2025:22:35:25 +0530] "GET / HTTP/1.1" 200 12413 "-" "Mozilla/5.0 (Windows NT 10.0; Win64; x64) AppleWebKit/537.36 (KHTML, like Gecko) Chrome/70.0.3538.102 Safari/537.36 Edge/18.19582"
35.163.210.11 - - [17/Feb/2025:22:35:27 +0530] "GET / HTTP/1.1" 301 0 "-" "Mozilla/5.0 (Windows NT 10.0; Win64; x64) AppleWebKit/537.36 (KHTML, like Gecko) Chrome/70.0.3538.102 Safari/537.36 Edge/18.19582"
54.213.164.107 - - [17/Feb/2025:22:35:27 +0530] "GET / HTTP/1.1" 200 12413 "http://freejobalerts.guru" "Mozilla/5.0 (Macintosh; Intel Mac OS X 10_15_7) AppleWebKit/537.36 (KHTML, like Gecko) Chrome/113.0.0.0 Safari/537.36"
35.163.210.11 - - [17/Feb/2025:22:35:25 +0530] "GET / HTTP/1.1" 301 0 "-" "Mozilla/5.0 (Windows NT 10.0; Win64; x64) AppleWebKit/537.36 (KHTML, like Gecko) Chrome/70.0.3538.102 Safari/537.36 Edge/18.19582"
54.213.164.107 - - [17/Feb/2025:22:35:25 +0530] "GET / HTTP/1.1" 301 0 "-" "Mozilla/5.0 (Macintosh; Intel Mac OS X 10_15_7) AppleWebKit/537.36 (KHTML, like Gecko) Chrome/113.0.0.0 Safari/537.36"
35.163.210.11 - - [17/Feb/2025:22:35:28 +0530] "GET / HTTP/1.1" 200 12387 "-" "Mozilla/5.0 (iPhone; CPU iPhone OS 14_4 like Mac OS X) AppleWebKit/605.1.15 (KHTML, like Gecko) Version/15.4 Mobile/15E148 Safari/604.1"
35.163.210.11 - - [17/Feb/2025:22:35:27 +0530] "GET / HTTP/1.1" 200 12413 "http://freejobalerts.guru" "Mozilla/5.0 (Windows NT 10.0; Win64; x64) AppleWebKit/537.36 (KHTML, like Gecko) Chrome/70.0.3538.102 Safari/537.36 Edge/18.19582"
34.41.206.12 - - [17/Feb/2025:23:55:32 +0530] "GET / HTTP/1.1" 200 12407 "-" "Mozilla/5.0 (Windows NT 6.1; WOW64) AppleWebKit/537.36 (KHTML, like Gecko) Chrome/36.0.1985.67 Safari/537.36"
162.55.100.32 - - [17/Feb/2025:23:55:33 +0530] "POST /wp-cron.php?doing_wp_cron=1739816733.0753109455108642578125 HTTP/1.1" 200 0 "-" "WordPress/6.7.2; https://www.freejobalerts.guru"
34.222.24.232 - - [18/Feb/2025:01:14:30 +0530] "GET /wp-includes/blocks/navigation/style.min.css?ver=6.7.2 HTTP/1.1" 200 2275 "http://freejobalerts.sarkariyojanaguru.xyz/" "Mozilla/5.0 (Linux; Android 8.0.0; SM-G965U Build/R16NW) AppleWebKit/537.36 (KHTML, like Gecko) Chrome/63.0.3239.111 Mobile Safari/537.36"
34.222.24.232 - - [18/Feb/2025:01:14:30 +0530] "GET /wp-includes/js/wp-emoji-release.min.js?ver=6.7.2 HTTP/1.1" 200 5072 "http://freejobalerts.sarkariyojanaguru.xyz/" "Mozilla/5.0 (Linux; Android 8.0.0; SM-G965U Build/R16NW) AppleWebKit/537.36 (KHTML, like Gecko) Chrome/63.0.3239.111 Mobile Safari/537.36"
44.245.236.41 - - [18/Feb/2025:01:15:59 +0530] "GET / HTTP/1.1" 200 12435 "-" "Mozilla/5.0 (Macintosh; Intel Mac OS X 10_15_7) AppleWebKit/537.36 (KHTML, like Gecko) Chrome/113.0.0.0 Safari/537.36"
35.163.53.217 - - [18/Feb/2025:01:16:01 +0530] "GET /wp-includes/blocks/navigation/style.min.css?ver=6.7.2 HTTP/1.1" 200 2275 "http://freejobalerts.sarkariyojanaguru.xyz/" "Mozilla/5.0 (iPhone; CPU iPhone OS 14_4 like Mac OS X) AppleWebKit/605.1.15 (KHTML, like Gecko) Version/15.4 Mobile/15E148 Safari/604.1"
44.245.236.41 - - [18/Feb/2025:01:16:02 +0530] "GET /wp-includes/blocks/navigation/style.min.css?ver=6.7.2 HTTP/1.1" 200 2275 "http://www.freejobalerts.sarkariyojanaguru.xyz/" "Mozilla/5.0 (iPhone; CPU iPhone OS 14_4 like Mac OS X) AppleWebKit/605.1.15 (KHTML, like Gecko) Version/15.4 Mobile/15E148 Safari/604.1"
44.245.236.41 - - [18/Feb/2025:01:16:02 +0530] "GET /wp-content/themes/twentytwentyfive/style.css?ver=1.0 HTTP/1.1" 200 1159 "http://www.freejobalerts.sarkariyojanaguru.xyz/" "Mozilla/5.0 (iPhone; CPU iPhone OS 14_4 like Mac OS X) AppleWebKit/605.1.15 (KHTML, like Gecko) Version/15.4 Mobile/15E148 Safari/604.1"
44.245.236.41 - - [18/Feb/2025:01:16:02 +0530] "GET /wp-includes/js/wp-emoji-release.min.js?ver=6.7.2 HTTP/1.1" 200 5072 "http://www.freejobalerts.sarkariyojanaguru.xyz/" "Mozilla/5.0 (iPhone; CPU iPhone OS 14_4 like Mac OS X) AppleWebKit/605.1.15 (KHTML, like Gecko) Version/15.4 Mobile/15E148 Safari/604.1"
34.222.116.159 - - [18/Feb/2025:01:22:22 +0530] "GET /wp-content/themes/twentytwentyfive/style.css?ver=1.0 HTTP/1.1" 200 1159 "http://www.freejobalerts.guru/" "Mozilla/5.0 (Windows NT 10.0; Win64; x64) AppleWebKit/537.36 (KHTML, like Gecko) Chrome/70.0.3538.102 Safari/537.36 Edge/18.19582"
34.222.24.232 - - [18/Feb/2025:01:22:23 +0530] "GET /wp-includes/js/dist/script-modules/block-library/navigation/view.min.js?ver=8ff192874fc8910a284c HTTP/1.1" 200 1129 "http://www.freejobalerts.guru/" "Mozilla/5.0 (Macintosh; Intel Mac OS X 10_15_7) AppleWebKit/537.36 (KHTML, like Gecko) Chrome/113.0.0.0 Safari/537.36"
34.222.24.232 - - [18/Feb/2025:01:22:23 +0530] "GET /wp-content/themes/twentytwentyfive/assets/fonts/manrope/Manrope-VariableFont_wght.woff2 HTTP/1.1" 200 53600 "http://www.freejobalerts.guru/" "Mozilla/5.0 (Macintosh; Intel Mac OS X 10_15_7) AppleWebKit/537.36 (KHTML, like Gecko) Chrome/113.0.0.0 Safari/537.36"
34.222.116.159 - - [18/Feb/2025:01:22:25 +0530] "GET /wp-includes/js/dist/script-modules/block-library/navigation/view.min.js?ver=8ff192874fc8910a284c HTTP/1.1" 200 1129 "http://www.freejobalerts.guru/" "Mozilla/5.0 (Linux; Android 8.0.0; SM-G965U Build/R16NW) AppleWebKit/537.36 (KHTML, like Gecko) Chrome/63.0.3239.111 Mobile Safari/537.36"
34.222.116.159 - - [18/Feb/2025:01:22:25 +0530] "GET /wp-content/themes/twentytwentyfive/assets/fonts/manrope/Manrope-VariableFont_wght.woff2 HTTP/1.1" 200 53600 "http://www.freejobalerts.guru/" "Mozilla/5.0 (Linux; Android 8.0.0; SM-G965U Build/R16NW) AppleWebKit/537.36 (KHTML, like Gecko) Chrome/63.0.3239.111 Mobile Safari/537.36"
34.222.24.232 - - [18/Feb/2025:01:22:26 +0530] "GET /wp-includes/js/dist/script-modules/interactivity/index.min.js?ver=907ea3b2f317a78b7b9b HTTP/1.1" 200 13693 "http://www.freejobalerts.guru/" "Mozilla/5.0 (iPhone; CPU iPhone OS 14_4 like Mac OS X) AppleWebKit/605.1.15 (KHTML, like Gecko) Version/15.4 Mobile/15E148 Safari/604.1"
35.163.53.217 - - [18/Feb/2025:01:15:58 +0530] "GET /wp-includes/js/dist/script-modules/interactivity/index.min.js?ver=907ea3b2f317a78b7b9b HTTP/1.1" 200 13693 "http://freejobalerts.sarkariyojanaguru.xyz/" "Mozilla/5.0 (Macintosh; Intel Mac OS X 10_15_7) AppleWebKit/537.36 (KHTML, like Gecko) Chrome/113.0.0.0 Safari/537.36"
44.245.236.41 - - [18/Feb/2025:01:15:59 +0530] "GET /wp-includes/js/dist/script-modules/interactivity/index.min.js?ver=907ea3b2f317a78b7b9b HTTP/1.1" 200 13693 "http://www.freejobalerts.sarkariyojanaguru.xyz/" "Mozilla/5.0 (Macintosh; Intel Mac OS X 10_15_7) AppleWebKit/537.36 (KHTML, like Gecko) Chrome/113.0.0.0 Safari/537.36"
44.245.236.41 - - [18/Feb/2025:01:15:59 +0530] "GET /wp-includes/js/dist/script-modules/block-library/navigation/view.min.js?ver=8ff192874fc8910a284c HTTP/1.1" 200 1129 "http://www.freejobalerts.sarkariyojanaguru.xyz/" "Mozilla/5.0 (Macintosh; Intel Mac OS X 10_15_7) AppleWebKit/537.36 (KHTML, like Gecko) Chrome/113.0.0.0 Safari/537.36"
44.245.236.41 - - [18/Feb/2025:01:16:00 +0530] "GET /wp-content/themes/twentytwentyfive/assets/fonts/manrope/Manrope-VariableFont_wght.woff2 HTTP/1.1" 200 53600 "http://www.freejobalerts.sarkariyojanaguru.xyz/" "Mozilla/5.0 (Macintosh; Intel Mac OS X 10_15_7) AppleWebKit/537.36 (KHTML, like Gecko) Chrome/113.0.0.0 Safari/537.36"
44.245.236.41 - - [18/Feb/2025:01:16:02 +0530] "GET / HTTP/1.1" 200 12435 "-" "Mozilla/5.0 (iPhone; CPU iPhone OS 14_4 like Mac OS X) AppleWebKit/605.1.15 (KHTML, like Gecko) Version/15.4 Mobile/15E148 Safari/604.1"
82.64.198.149 - - [18/Feb/2025:01:19:01 +0530] "GET /favicon.ico HTTP/1.1" 404 1251 "-" "Mozilla/5.0 (Windows NT 10.0; Win64; x64) AppleWebKit/537.36 (KHTML, like Gecko) Chrome/126.0.0.0 Safari/537.36 Edg/126.0.0.0"
18.184.78.207 - - [18/Feb/2025:01:19:05 +0530] "GET / HTTP/1.1" 200 12435 "-" "Mozilla/5.0 (iPhone; CPU iPhone OS 18_1_1 like Mac OS X) AppleWebKit/605.1.15 (KHTML, like Gecko) Version/18.1.1 Mobile/15E148 Safari/604.1"
34.222.24.232 - - [18/Feb/2025:01:22:23 +0530] "GET /wp-includes/js/dist/script-modules/interactivity/index.min.js?ver=907ea3b2f317a78b7b9b HTTP/1.1" 200 13693 "http://www.freejobalerts.guru/" "Mozilla/5.0 (Macintosh; Intel Mac OS X 10_15_7) AppleWebKit/537.36 (KHTML, like Gecko) Chrome/113.0.0.0 Safari/537.36"
34.222.24.232 - - [18/Feb/2025:01:22:23 +0530] "GET /wp-includes/js/wp-emoji-release.min.js?ver=6.7.2 HTTP/1.1" 200 5072 "http://www.freejobalerts.guru/" "Mozilla/5.0 (Macintosh; Intel Mac OS X 10_15_7) AppleWebKit/537.36 (KHTML, like Gecko) Chrome/113.0.0.0 Safari/537.36"
54.245.147.62 - - [18/Feb/2025:01:27:31 +0530] "GET /wp-content/themes/twentytwentyfive/style.css?ver=1.0 HTTP/1.1" 200 1159 "http://www.freejobalerts.guru/" "Mozilla/5.0 (Windows NT 10.0; Win64; x64) AppleWebKit/537.36 (KHTML, like Gecko) Chrome/70.0.3538.102 Safari/537.36 Edge/18.19582"
54.245.147.62 - - [18/Feb/2025:01:27:31 +0530] "GET /wp-includes/js/dist/script-modules/block-library/navigation/view.min.js?ver=8ff192874fc8910a284c HTTP/1.1" 200 1129 "http://www.freejobalerts.guru/" "Mozilla/5.0 (Windows NT 10.0; Win64; x64) AppleWebKit/537.36 (KHTML, like Gecko) Chrome/70.0.3538.102 Safari/537.36 Edge/18.19582"
54.245.147.62 - - [18/Feb/2025:01:27:32 +0530] "GET /wp-content/themes/twentytwentyfive/assets/fonts/manrope/Manrope-VariableFont_wght.woff2 HTTP/1.1" 200 53600 "http://www.freejobalerts.guru/" "Mozilla/5.0 (Windows NT 10.0; Win64; x64) AppleWebKit/537.36 (KHTML, like Gecko) Chrome/70.0.3538.102 Safari/537.36 Edge/18.19582"
54.245.147.62 - - [18/Feb/2025:01:27:32 +0530] "GET /wp-includes/js/wp-emoji-release.min.js?ver=6.7.2 HTTP/1.1" 200 5072 "http://www.freejobalerts.guru/" "Mozilla/5.0 (Windows NT 10.0; Win64; x64) AppleWebKit/537.36 (KHTML, like Gecko) Chrome/70.0.3538.102 Safari/537.36 Edge/18.19582"
54.245.147.62 - - [18/Feb/2025:01:27:34 +0530] "GET / HTTP/1.1" 200 12413 "-" "Mozilla/5.0 (iPhone; CPU iPhone OS 14_4 like Mac OS X) AppleWebKit/605.1.15 (KHTML, like Gecko) Version/15.4 Mobile/15E148 Safari/604.1"
34.222.24.232 - - [18/Feb/2025:01:14:30 +0530] "GET /wp-content/themes/twentytwentyfive/style.css?ver=1.0 HTTP/1.1" 200 1159 "http://freejobalerts.sarkariyojanaguru.xyz/" "Mozilla/5.0 (Linux; Android 8.0.0; SM-G965U Build/R16NW) AppleWebKit/537.36 (KHTML, like Gecko) Chrome/63.0.3239.111 Mobile Safari/537.36"
34.222.24.232 - - [18/Feb/2025:01:14:30 +0530] "GET /wp-includes/js/dist/script-modules/interactivity/index.min.js?ver=907ea3b2f317a78b7b9b HTTP/1.1" 200 13693 "http://freejobalerts.sarkariyojanaguru.xyz/" "Mozilla/5.0 (Linux; Android 8.0.0; SM-G965U Build/R16NW) AppleWebKit/537.36 (KHTML, like Gecko) Chrome/63.0.3239.111 Mobile Safari/537.36"
35.163.53.217 - - [18/Feb/2025:01:15:58 +0530] "GET /wp-includes/js/dist/script-modules/block-library/navigation/view.min.js?ver=8ff192874fc8910a284c HTTP/1.1" 200 1129 "http://freejobalerts.sarkariyojanaguru.xyz/" "Mozilla/5.0 (Macintosh; Intel Mac OS X 10_15_7) AppleWebKit/537.36 (KHTML, like Gecko) Chrome/113.0.0.0 Safari/537.36"
35.163.53.217 - - [18/Feb/2025:01:15:58 +0530] "GET /wp-includes/blocks/navigation/style.min.css?ver=6.7.2 HTTP/1.1" 200 2275 "http://freejobalerts.sarkariyojanaguru.xyz/" "Mozilla/5.0 (Macintosh; Intel Mac OS X 10_15_7) AppleWebKit/537.36 (KHTML, like Gecko) Chrome/113.0.0.0 Safari/537.36"
35.163.53.217 - - [18/Feb/2025:01:15:58 +0530] "GET /wp-includes/js/wp-emoji-release.min.js?ver=6.7.2 HTTP/1.1" 200 5072 "http://freejobalerts.sarkariyojanaguru.xyz/" "Mozilla/5.0 (Macintosh; Intel Mac OS X 10_15_7) AppleWebKit/537.36 (KHTML, like Gecko) Chrome/113.0.0.0 Safari/537.36"
35.163.53.217 - - [18/Feb/2025:01:15:58 +0530] "GET /wp-content/themes/twentytwentyfive/assets/fonts/manrope/Manrope-VariableFont_wght.woff2 HTTP/1.1" 200 53600 "http://freejobalerts.sarkariyojanaguru.xyz/" "Mozilla/5.0 (Macintosh; Intel Mac OS X 10_15_7) AppleWebKit/537.36 (KHTML, like Gecko) Chrome/113.0.0.0 Safari/537.36"
44.245.236.41 - - [18/Feb/2025:01:15:59 +0530] "GET /wp-content/themes/twentytwentyfive/style.css?ver=1.0 HTTP/1.1" 200 1159 "http://www.freejobalerts.sarkariyojanaguru.xyz/" "Mozilla/5.0 (Macintosh; Intel Mac OS X 10_15_7) AppleWebKit/537.36 (KHTML, like Gecko) Chrome/113.0.0.0 Safari/537.36"
44.245.236.41 - - [18/Feb/2025:01:15:59 +0530] "GET /wp-includes/blocks/navigation/style.min.css?ver=6.7.2 HTTP/1.1" 200 2275 "http://www.freejobalerts.sarkariyojanaguru.xyz/" "Mozilla/5.0 (Macintosh; Intel Mac OS X 10_15_7) AppleWebKit/537.36 (KHTML, like Gecko) Chrome/113.0.0.0 Safari/537.36"
44.245.236.41 - - [18/Feb/2025:01:16:00 +0530] "GET /wp-includes/js/wp-emoji-release.min.js?ver=6.7.2 HTTP/1.1" 200 5072 "http://www.freejobalerts.sarkariyojanaguru.xyz/" "Mozilla/5.0 (Macintosh; Intel Mac OS X 10_15_7) AppleWebKit/537.36 (KHTML, like Gecko) Chrome/113.0.0.0 Safari/537.36"
35.163.53.217 - - [18/Feb/2025:01:16:01 +0530] "GET /wp-includes/js/dist/script-modules/interactivity/index.min.js?ver=907ea3b2f317a78b7b9b HTTP/1.1" 200 13693 "http://freejobalerts.sarkariyojanaguru.xyz/" "Mozilla/5.0 (iPhone; CPU iPhone OS 14_4 like Mac OS X) AppleWebKit/605.1.15 (KHTML, like Gecko) Version/15.4 Mobile/15E148 Safari/604.1"
35.163.53.217 - - [18/Feb/2025:01:16:02 +0530] "GET /wp-content/themes/twentytwentyfive/assets/fonts/manrope/Manrope-VariableFont_wght.woff2 HTTP/1.1" 200 53600 "http://freejobalerts.sarkariyojanaguru.xyz/" "Mozilla/5.0 (iPhone; CPU iPhone OS 14_4 like Mac OS X) AppleWebKit/605.1.15 (KHTML, like Gecko) Version/15.4 Mobile/15E148 Safari/604.1"
54.245.147.62 - - [18/Feb/2025:01:27:35 +0530] "GET /wp-content/themes/twentytwentyfive/style.css?ver=1.0 HTTP/1.1" 200 1159 "http://www.freejobalerts.guru/" "Mozilla/5.0 (iPhone; CPU iPhone OS 14_4 like Mac OS X) AppleWebKit/605.1.15 (KHTML, like Gecko) Version/15.4 Mobile/15E148 Safari/604.1"
54.245.147.62 - - [18/Feb/2025:01:27:35 +0530] "GET /wp-includes/js/dist/script-modules/block-library/navigation/view.min.js?ver=8ff192874fc8910a284c HTTP/1.1" 200 1129 "http://www.freejobalerts.guru/" "Mozilla/5.0 (iPhone; CPU iPhone OS 14_4 like Mac OS X) AppleWebKit/605.1.15 (KHTML, like Gecko) Version/15.4 Mobile/15E148 Safari/604.1"
54.245.147.62 - - [18/Feb/2025:01:27:35 +0530] "GET /wp-content/themes/twentytwentyfive/assets/fonts/manrope/Manrope-VariableFont_wght.woff2 HTTP/1.1" 200 53600 "http://www.freejobalerts.guru/" "Mozilla/5.0 (iPhone; CPU iPhone OS 14_4 like Mac OS X) AppleWebKit/605.1.15 (KHTML, like Gecko) Version/15.4 Mobile/15E148 Safari/604.1"
164.90.241.135 - - [18/Feb/2025:01:14:11 +0530] "GET / HTTP/1.1" 200 12435 "-" "Mozilla/5.0 (iPhone; CPU iPhone OS 17_5_1 like Mac OS X) AppleWebKit/605.1.15 (KHTML, like Gecko) Version/17.5 Mobile/15E148 Safari/604.1"
82.64.198.149 - - [18/Feb/2025:01:14:13 +0530] "GET / HTTP/1.1" 200 12430 "-" "Mozilla/5.0 (Windows NT 10.0; Win64; x64) AppleWebKit/537.36 (KHTML, like Gecko) Chrome/126.0.0.0 Safari/537.36 Edg/126.0.0.0"
34.222.24.232 - - [18/Feb/2025:01:14:27 +0530] "GET /wp-includes/js/dist/script-modules/block-library/navigation/view.min.js?ver=8ff192874fc8910a284c HTTP/1.1" 200 1129 "http://freejobalerts.sarkariyojanaguru.xyz/" "Mozilla/5.0 (Windows NT 10.0; Win64; x64) AppleWebKit/537.36 (KHTML, like Gecko) Chrome/70.0.3538.102 Safari/537.36 Edge/18.19582"
34.222.24.232 - - [18/Feb/2025:01:14:27 +0530] "GET /wp-content/themes/twentytwentyfive/assets/fonts/manrope/Manrope-VariableFont_wght.woff2 HTTP/1.1" 200 53600 "http://freejobalerts.sarkariyojanaguru.xyz/" "Mozilla/5.0 (Windows NT 10.0; Win64; x64) AppleWebKit/537.36 (KHTML, like Gecko) Chrome/70.0.3538.102 Safari/537.36 Edge/18.19582"
34.222.24.232 - - [18/Feb/2025:01:14:30 +0530] "GET /wp-includes/js/dist/script-modules/block-library/navigation/view.min.js?ver=8ff192874fc8910a284c HTTP/1.1" 200 1129 "http://freejobalerts.sarkariyojanaguru.xyz/" "Mozilla/5.0 (Linux; Android 8.0.0; SM-G965U Build/R16NW) AppleWebKit/537.36 (KHTML, like Gecko) Chrome/63.0.3239.111 Mobile Safari/537.36"
34.222.24.232 - - [18/Feb/2025:01:14:30 +0530] "GET /wp-content/themes/twentytwentyfive/assets/fonts/manrope/Manrope-VariableFont_wght.woff2 HTTP/1.1" 200 53600 "http://freejobalerts.sarkariyojanaguru.xyz/" "Mozilla/5.0 (Linux; Android 8.0.0; SM-G965U Build/R16NW) AppleWebKit/537.36 (KHTML, like Gecko) Chrome/63.0.3239.111 Mobile Safari/537.36"
35.163.53.217 - - [18/Feb/2025:01:15:58 +0530] "GET /wp-content/themes/twentytwentyfive/style.css?ver=1.0 HTTP/1.1" 200 1159 "http://freejobalerts.sarkariyojanaguru.xyz/" "Mozilla/5.0 (Macintosh; Intel Mac OS X 10_15_7) AppleWebKit/537.36 (KHTML, like Gecko) Chrome/113.0.0.0 Safari/537.36"
34.222.116.159 - - [18/Feb/2025:01:22:25 +0530] "GET /wp-includes/js/dist/script-modules/interactivity/index.min.js?ver=907ea3b2f317a78b7b9b HTTP/1.1" 200 13693 "http://www.freejobalerts.guru/" "Mozilla/5.0 (Linux; Android 8.0.0; SM-G965U Build/R16NW) AppleWebKit/537.36 (KHTML, like Gecko) Chrome/63.0.3239.111 Mobile Safari/537.36"
34.222.116.159 - - [18/Feb/2025:01:22:25 +0530] "GET /wp-includes/js/wp-emoji-release.min.js?ver=6.7.2 HTTP/1.1" 200 5072 "http://www.freejobalerts.guru/" "Mozilla/5.0 (Linux; Android 8.0.0; SM-G965U Build/R16NW) AppleWebKit/537.36 (KHTML, like Gecko) Chrome/63.0.3239.111 Mobile Safari/537.36"
34.222.24.232 - - [18/Feb/2025:01:22:26 +0530] "GET / HTTP/1.1" 200 12413 "-" "Mozilla/5.0 (iPhone; CPU iPhone OS 14_4 like Mac OS X) AppleWebKit/605.1.15 (KHTML, like Gecko) Version/15.4 Mobile/15E148 Safari/604.1"
34.222.24.232 - - [18/Feb/2025:01:22:26 +0530] "GET /wp-content/themes/twentytwentyfive/style.css?ver=1.0 HTTP/1.1" 200 1159 "http://www.freejobalerts.guru/" "Mozilla/5.0 (iPhone; CPU iPhone OS 14_4 like Mac OS X) AppleWebKit/605.1.15 (KHTML, like Gecko) Version/15.4 Mobile/15E148 Safari/604.1"
54.245.147.62 - - [18/Feb/2025:01:27:31 +0530] "GET / HTTP/1.1" 200 12413 "-" "Mozilla/5.0 (Windows NT 10.0; Win64; x64) AppleWebKit/537.36 (KHTML, like Gecko) Chrome/70.0.3538.102 Safari/537.36 Edge/18.19582"
54.245.147.62 - - [18/Feb/2025:01:27:31 +0530] "GET /wp-includes/blocks/navigation/style.min.css?ver=6.7.2 HTTP/1.1" 200 2275 "http://www.freejobalerts.guru/" "Mozilla/5.0 (Windows NT 10.0; Win64; x64) AppleWebKit/537.36 (KHTML, like Gecko) Chrome/70.0.3538.102 Safari/537.36 Edge/18.19582"
206.217.134.119 - - [18/Feb/2025:01:31:51 +0530] "GET /cgi-sys/defaultwebpage.cgi HTTP/1.1" 200 2008 "http://www.freejobalerts.sarkariyojanaguru.xyz/" "Mozilla/5.0 (Windows NT 10.0; Win64; x64) AppleWebKit/537.36 (KHTML, like Gecko) Chrome/132.0.0.0 Safari/537.36 Edg/132.0.0.0"
35.163.53.217 - - [18/Feb/2025:01:15:57 +0530] "GET / HTTP/1.1" 200 12435 "-" "Mozilla/5.0 (Macintosh; Intel Mac OS X 10_15_7) AppleWebKit/537.36 (KHTML, like Gecko) Chrome/113.0.0.0 Safari/537.36"
34.222.24.232 - - [18/Feb/2025:01:22:23 +0530] "GET / HTTP/1.1" 200 12413 "-" "Mozilla/5.0 (Macintosh; Intel Mac OS X 10_15_7) AppleWebKit/537.36 (KHTML, like Gecko) Chrome/113.0.0.0 Safari/537.36"
34.222.24.232 - - [18/Feb/2025:01:22:23 +0530] "GET /wp-includes/blocks/navigation/style.min.css?ver=6.7.2 HTTP/1.1" 200 2275 "http://www.freejobalerts.guru/" "Mozilla/5.0 (Macintosh; Intel Mac OS X 10_15_7) AppleWebKit/537.36 (KHTML, like Gecko) Chrome/113.0.0.0 Safari/537.36"
34.222.116.159 - - [18/Feb/2025:01:22:25 +0530] "GET /wp-includes/blocks/navigation/style.min.css?ver=6.7.2 HTTP/1.1" 200 2275 "http://www.freejobalerts.guru/" "Mozilla/5.0 (Linux; Android 8.0.0; SM-G965U Build/R16NW) AppleWebKit/537.36 (KHTML, like Gecko) Chrome/63.0.3239.111 Mobile Safari/537.36"
34.222.24.232 - - [18/Feb/2025:01:14:26 +0530] "GET / HTTP/1.1" 200 12435 "-" "Mozilla/5.0 (Windows NT 10.0; Win64; x64) AppleWebKit/537.36 (KHTML, like Gecko) Chrome/70.0.3538.102 Safari/537.36 Edge/18.19582"
34.222.24.232 - - [18/Feb/2025:01:14:27 +0530] "GET /wp-includes/js/dist/script-modules/interactivity/index.min.js?ver=907ea3b2f317a78b7b9b HTTP/1.1" 200 13693 "http://freejobalerts.sarkariyojanaguru.xyz/" "Mozilla/5.0 (Windows NT 10.0; Win64; x64) AppleWebKit/537.36 (KHTML, like Gecko) Chrome/70.0.3538.102 Safari/537.36 Edge/18.19582"
34.222.24.232 - - [18/Feb/2025:01:14:29 +0530] "GET / HTTP/1.1" 200 12435 "-" "Mozilla/5.0 (Linux; Android 8.0.0; SM-G965U Build/R16NW) AppleWebKit/537.36 (KHTML, like Gecko) Chrome/63.0.3239.111 Mobile Safari/537.36"
35.163.53.217 - - [18/Feb/2025:01:16:00 +0530] "GET / HTTP/1.1" 200 12407 "-" "Mozilla/5.0 (iPhone; CPU iPhone OS 14_4 like Mac OS X) AppleWebKit/605.1.15 (KHTML, like Gecko) Version/15.4 Mobile/15E148 Safari/604.1"
35.163.53.217 - - [18/Feb/2025:01:16:01 +0530] "GET /wp-includes/js/dist/script-modules/block-library/navigation/view.min.js?ver=8ff192874fc8910a284c HTTP/1.1" 200 1129 "http://freejobalerts.sarkariyojanaguru.xyz/" "Mozilla/5.0 (iPhone; CPU iPhone OS 14_4 like Mac OS X) AppleWebKit/605.1.15 (KHTML, like Gecko) Version/15.4 Mobile/15E148 Safari/604.1"
34.222.116.159 - - [18/Feb/2025:01:22:22 +0530] "GET /wp-includes/js/dist/script-modules/block-library/navigation/view.min.js?ver=8ff192874fc8910a284c HTTP/1.1" 200 1129 "http://www.freejobalerts.guru/" "Mozilla/5.0 (Windows NT 10.0; Win64; x64) AppleWebKit/537.36 (KHTML, like Gecko) Chrome/70.0.3538.102 Safari/537.36 Edge/18.19582"
34.222.116.159 - - [18/Feb/2025:01:22:22 +0530] "GET /wp-content/themes/twentytwentyfive/assets/fonts/manrope/Manrope-VariableFont_wght.woff2 HTTP/1.1" 200 53600 "http://www.freejobalerts.guru/" "Mozilla/5.0 (Windows NT 10.0; Win64; x64) AppleWebKit/537.36 (KHTML, like Gecko) Chrome/70.0.3538.102 Safari/537.36 Edge/18.19582"
34.222.24.232 - - [18/Feb/2025:01:22:26 +0530] "GET /wp-includes/js/dist/script-modules/block-library/navigation/view.min.js?ver=8ff192874fc8910a284c HTTP/1.1" 200 1129 "http://www.freejobalerts.guru/" "Mozilla/5.0 (iPhone; CPU iPhone OS 14_4 like Mac OS X) AppleWebKit/605.1.15 (KHTML, like Gecko) Version/15.4 Mobile/15E148 Safari/604.1"
34.222.24.232 - - [18/Feb/2025:01:22:26 +0530] "GET /wp-content/themes/twentytwentyfive/assets/fonts/manrope/Manrope-VariableFont_wght.woff2 HTTP/1.1" 200 53600 "http://www.freejobalerts.guru/" "Mozilla/5.0 (iPhone; CPU iPhone OS 14_4 like Mac OS X) AppleWebKit/605.1.15 (KHTML, like Gecko) Version/15.4 Mobile/15E148 Safari/604.1"
34.222.24.232 - - [18/Feb/2025:01:22:26 +0530] "GET /wp-includes/js/wp-emoji-release.min.js?ver=6.7.2 HTTP/1.1" 200 5072 "http://www.freejobalerts.guru/" "Mozilla/5.0 (iPhone; CPU iPhone OS 14_4 like Mac OS X) AppleWebKit/605.1.15 (KHTML, like Gecko) Version/15.4 Mobile/15E148 Safari/604.1"
54.245.147.62 - - [18/Feb/2025:01:27:31 +0530] "GET /wp-includes/js/dist/script-modules/interactivity/index.min.js?ver=907ea3b2f317a78b7b9b HTTP/1.1" 200 13693 "http://www.freejobalerts.guru/" "Mozilla/5.0 (Windows NT 10.0; Win64; x64) AppleWebKit/537.36 (KHTML, like Gecko) Chrome/70.0.3538.102 Safari/537.36 Edge/18.19582"
44.245.236.41 - - [18/Feb/2025:01:16:02 +0530] "GET /wp-includes/js/dist/script-modules/interactivity/index.min.js?ver=907ea3b2f317a78b7b9b HTTP/1.1" 200 13693 "http://www.freejobalerts.sarkariyojanaguru.xyz/" "Mozilla/5.0 (iPhone; CPU iPhone OS 14_4 like Mac OS X) AppleWebKit/605.1.15 (KHTML, like Gecko) Version/15.4 Mobile/15E148 Safari/604.1"
34.222.116.159 - - [18/Feb/2025:01:22:22 +0530] "GET /wp-includes/js/dist/script-modules/interactivity/index.min.js?ver=907ea3b2f317a78b7b9b HTTP/1.1" 200 13693 "http://www.freejobalerts.guru/" "Mozilla/5.0 (Windows NT 10.0; Win64; x64) AppleWebKit/537.36 (KHTML, like Gecko) Chrome/70.0.3538.102 Safari/537.36 Edge/18.19582"
34.222.116.159 - - [18/Feb/2025:01:22:22 +0530] "GET /wp-includes/js/wp-emoji-release.min.js?ver=6.7.2 HTTP/1.1" 200 5072 "http://www.freejobalerts.guru/" "Mozilla/5.0 (Windows NT 10.0; Win64; x64) AppleWebKit/537.36 (KHTML, like Gecko) Chrome/70.0.3538.102 Safari/537.36 Edge/18.19582"
34.222.24.232 - - [18/Feb/2025:01:22:26 +0530] "GET /wp-includes/blocks/navigation/style.min.css?ver=6.7.2 HTTP/1.1" 200 2275 "http://www.freejobalerts.guru/" "Mozilla/5.0 (iPhone; CPU iPhone OS 14_4 like Mac OS X) AppleWebKit/605.1.15 (KHTML, like Gecko) Version/15.4 Mobile/15E148 Safari/604.1"
54.245.147.62 - - [18/Feb/2025:01:27:35 +0530] "GET /wp-includes/js/dist/script-modules/interactivity/index.min.js?ver=907ea3b2f317a78b7b9b HTTP/1.1" 200 13693 "http://www.freejobalerts.guru/" "Mozilla/5.0 (iPhone; CPU iPhone OS 14_4 like Mac OS X) AppleWebKit/605.1.15 (KHTML, like Gecko) Version/15.4 Mobile/15E148 Safari/604.1"
54.245.147.62 - - [18/Feb/2025:01:27:35 +0530] "GET /wp-includes/js/wp-emoji-release.min.js?ver=6.7.2 HTTP/1.1" 200 5072 "http://www.freejobalerts.guru/" "Mozilla/5.0 (iPhone; CPU iPhone OS 14_4 like Mac OS X) AppleWebKit/605.1.15 (KHTML, like Gecko) Version/15.4 Mobile/15E148 Safari/604.1"
34.222.24.232 - - [18/Feb/2025:01:14:27 +0530] "GET /wp-includes/blocks/navigation/style.min.css?ver=6.7.2 HTTP/1.1" 200 2275 "http://freejobalerts.sarkariyojanaguru.xyz/" "Mozilla/5.0 (Windows NT 10.0; Win64; x64) AppleWebKit/537.36 (KHTML, like Gecko) Chrome/70.0.3538.102 Safari/537.36 Edge/18.19582"
34.222.24.232 - - [18/Feb/2025:01:14:27 +0530] "GET /wp-content/themes/twentytwentyfive/style.css?ver=1.0 HTTP/1.1" 200 1159 "http://freejobalerts.sarkariyojanaguru.xyz/" "Mozilla/5.0 (Windows NT 10.0; Win64; x64) AppleWebKit/537.36 (KHTML, like Gecko) Chrome/70.0.3538.102 Safari/537.36 Edge/18.19582"
34.222.24.232 - - [18/Feb/2025:01:14:27 +0530] "GET /wp-includes/js/wp-emoji-release.min.js?ver=6.7.2 HTTP/1.1" 200 5072 "http://freejobalerts.sarkariyojanaguru.xyz/" "Mozilla/5.0 (Windows NT 10.0; Win64; x64) AppleWebKit/537.36 (KHTML, like Gecko) Chrome/70.0.3538.102 Safari/537.36 Edge/18.19582"
35.163.53.217 - - [18/Feb/2025:01:16:01 +0530] "GET /wp-content/themes/twentytwentyfive/style.css?ver=1.0 HTTP/1.1" 200 1159 "http://freejobalerts.sarkariyojanaguru.xyz/" "Mozilla/5.0 (iPhone; CPU iPhone OS 14_4 like Mac OS X) AppleWebKit/605.1.15 (KHTML, like Gecko) Version/15.4 Mobile/15E148 Safari/604.1"
35.163.53.217 - - [18/Feb/2025:01:16:01 +0530] "GET /wp-includes/js/wp-emoji-release.min.js?ver=6.7.2 HTTP/1.1" 200 5072 "http://freejobalerts.sarkariyojanaguru.xyz/" "Mozilla/5.0 (iPhone; CPU iPhone OS 14_4 like Mac OS X) AppleWebKit/605.1.15 (KHTML, like Gecko) Version/15.4 Mobile/15E148 Safari/604.1"
44.245.236.41 - - [18/Feb/2025:01:16:02 +0530] "GET /wp-includes/js/dist/script-modules/block-library/navigation/view.min.js?ver=8ff192874fc8910a284c HTTP/1.1" 200 1129 "http://www.freejobalerts.sarkariyojanaguru.xyz/" "Mozilla/5.0 (iPhone; CPU iPhone OS 14_4 like Mac OS X) AppleWebKit/605.1.15 (KHTML, like Gecko) Version/15.4 Mobile/15E148 Safari/604.1"
44.245.236.41 - - [18/Feb/2025:01:16:02 +0530] "GET /wp-content/themes/twentytwentyfive/assets/fonts/manrope/Manrope-VariableFont_wght.woff2 HTTP/1.1" 200 53600 "http://www.freejobalerts.sarkariyojanaguru.xyz/" "Mozilla/5.0 (iPhone; CPU iPhone OS 14_4 like Mac OS X) AppleWebKit/605.1.15 (KHTML, like Gecko) Version/15.4 Mobile/15E148 Safari/604.1"
34.222.116.159 - - [18/Feb/2025:01:22:21 +0530] "GET / HTTP/1.1" 200 12413 "-" "Mozilla/5.0 (Windows NT 10.0; Win64; x64) AppleWebKit/537.36 (KHTML, like Gecko) Chrome/70.0.3538.102 Safari/537.36 Edge/18.19582"
34.222.116.159 - - [18/Feb/2025:01:22:22 +0530] "GET /wp-includes/blocks/navigation/style.min.css?ver=6.7.2 HTTP/1.1" 200 2275 "http://www.freejobalerts.guru/" "Mozilla/5.0 (Windows NT 10.0; Win64; x64) AppleWebKit/537.36 (KHTML, like Gecko) Chrome/70.0.3538.102 Safari/537.36 Edge/18.19582"
34.222.24.232 - - [18/Feb/2025:01:22:23 +0530] "GET /wp-content/themes/twentytwentyfive/style.css?ver=1.0 HTTP/1.1" 200 1159 "http://www.freejobalerts.guru/" "Mozilla/5.0 (Macintosh; Intel Mac OS X 10_15_7) AppleWebKit/537.36 (KHTML, like Gecko) Chrome/113.0.0.0 Safari/537.36"
34.222.116.159 - - [18/Feb/2025:01:22:25 +0530] "GET / HTTP/1.1" 200 12413 "-" "Mozilla/5.0 (Linux; Android 8.0.0; SM-G965U Build/R16NW) AppleWebKit/537.36 (KHTML, like Gecko) Chrome/63.0.3239.111 Mobile Safari/537.36"
34.222.116.159 - - [18/Feb/2025:01:22:25 +0530] "GET /wp-content/themes/twentytwentyfive/style.css?ver=1.0 HTTP/1.1" 200 1159 "http://www.freejobalerts.guru/" "Mozilla/5.0 (Linux; Android 8.0.0; SM-G965U Build/R16NW) AppleWebKit/537.36 (KHTML, like Gecko) Chrome/63.0.3239.111 Mobile Safari/537.36"
54.245.147.62 - - [18/Feb/2025:01:27:35 +0530] "GET /wp-includes/blocks/navigation/style.min.css?ver=6.7.2 HTTP/1.1" 200 2275 "http://www.freejobalerts.guru/" "Mozilla/5.0 (iPhone; CPU iPhone OS 14_4 like Mac OS X) AppleWebKit/605.1.15 (KHTML, like Gecko) Version/15.4 Mobile/15E148 Safari/604.1"
185.126.239.61 - - [18/Feb/2025:01:31:51 +0530] "GET /cgi-sys/defaultwebpage.cgi HTTP/1.1" 200 2008 "http://www.freejobalerts.sarkariyojanaguru.xyz/" "Mozilla/5.0 (Windows NT 10.0; Win64; x64) AppleWebKit/537.36 (KHTML, like Gecko) Chrome/126.0.0.0 Safari/537.36 Edg/126.0.0.0"
84.17.42.49 - - [18/Feb/2025:01:37:23 +0530] "GET /favicon.ico HTTP/1.1" 404 1251 "http://www.freejobalerts.sarkariyojanaguru.xyz/" "Mozilla/5.0 (Macintosh; Intel Mac OS X 10_15_7) AppleWebKit/605.1.15 (KHTML, like Gecko) Version/17.6 Safari/605.1.15"
51.195.91.122 - - [18/Feb/2025:01:53:52 +0530] "GET / HTTP/1.1" 200 51923 "-" "Mozilla/5.0 (iPhone; CPU iPhone OS 16_2 like Mac OS X) AppleWebKit/605.1.15 (KHTML, like Gecko) Version/16.2 Mobile/15E148 Safari/604"
51.195.91.122 - - [18/Feb/2025:01:53:23 +0530] "GET / HTTP/1.1" 301 0 "-" "Mozilla/5.0 (iPhone; CPU iPhone OS 16_2 like Mac OS X) AppleWebKit/605.1.15 (KHTML, like Gecko) Version/16.2 Mobile/15E148 Safari/604"
51.195.91.122 - - [18/Feb/2025:01:53:33 +0530] "HEAD / HTTP/1.1" 301 0 "-" "Mozilla/5.0 (Windows NT 10.0; Win64; x64) AppleWebKit/537.36 (KHTML, like Gecko) Chrome/42.0.2311.135 Safari/537.36 Edge/12.246"
51.195.91.122 - - [18/Feb/2025:01:53:37 +0530] "GET / HTTP/1.1" 301 0 "-" "Mozilla/5.0 (iPhone; CPU iPhone OS 16_2 like Mac OS X) AppleWebKit/605.1.15 (KHTML, like Gecko) Version/16.2 Mobile/15E148 Safari/604"
51.195.91.122 - - [18/Feb/2025:01:53:49 +0530] "GET / HTTP/1.1" 301 0 "-" "Mozilla/5.0 (iPhone; CPU iPhone OS 16_2 like Mac OS X) AppleWebKit/605.1.15 (KHTML, like Gecko) Version/16.2 Mobile/15E148 Safari/604"
51.195.91.122 - - [18/Feb/2025:01:53:26 +0530] "GET / HTTP/1.1" 200 51923 "-" "Mozilla/5.0 (iPhone; CPU iPhone OS 16_2 like Mac OS X) AppleWebKit/605.1.15 (KHTML, like Gecko) Version/16.2 Mobile/15E148 Safari/604"
51.195.91.122 - - [18/Feb/2025:01:53:38 +0530] "GET / HTTP/1.1" 200 51923 "-" "Mozilla/5.0 (iPhone; CPU iPhone OS 16_2 like Mac OS X) AppleWebKit/605.1.15 (KHTML, like Gecko) Version/16.2 Mobile/15E148 Safari/604"
51.195.91.122 - - [18/Feb/2025:01:53:51 +0530] "GET / HTTP/1.1" 200 51923 "-" "Mozilla/5.0 (iPhone; CPU iPhone OS 16_2 like Mac OS X) AppleWebKit/605.1.15 (KHTML, like Gecko) Version/16.2 Mobile/15E148 Safari/604"
51.195.91.122 - - [18/Feb/2025:01:53:33 +0530] "HEAD / HTTP/1.1" 200 0 "-" "Mozilla/5.0 (Windows NT 10.0; Win64; x64) AppleWebKit/537.36 (KHTML, like Gecko) Chrome/42.0.2311.135 Safari/537.36 Edge/12.246"
51.195.91.122 - - [18/Feb/2025:01:53:33 +0530] "GET / HTTP/1.1" 200 51923 "-" "Mozilla/5.0 (Windows NT 10.0; Win64; x64) AppleWebKit/537.36 (KHTML, like Gecko) Chrome/42.0.2311.135 Safari/537.36 Edge/12.246"
51.195.91.122 - - [18/Feb/2025:01:53:57 +0530] "GET /favicon.ico HTTP/1.1" 404 1251 "-" "Mozilla/5.0 (iPhone; CPU iPhone OS 16_2 like Mac OS X) AppleWebKit/605.1.15 (KHTML, like Gecko) Version/16.2 Mobile/15E148 Safari/604"
51.195.91.122 - - [18/Feb/2025:01:53:49 +0530] "GET / HTTP/1.1" 200 51923 "-" "Mozilla/5.0 (iPhone; CPU iPhone OS 16_2 like Mac OS X) AppleWebKit/605.1.15 (KHTML, like Gecko) Version/16.2 Mobile/15E148 Safari/604"
206.168.34.222 - - [18/Feb/2025:02:28:10 +0530] "GET /favicon.ico HTTP/1.1" 404 1251 "-" "Mozilla/5.0 (compatible; CensysInspect/1.1; +https://about.censys.io/)"
162.55.100.32 - - [18/Feb/2025:02:28:03 +0530] "POST /wp-cron.php?doing_wp_cron=1739825882.9811959266662597656250 HTTP/1.1" 200 0 "-" "WordPress/6.7.2; https://www.freejobalerts.guru"
206.168.34.222 - - [18/Feb/2025:02:28:02 +0530] "GET / HTTP/1.1" 200 12435 "-" "Mozilla/5.0 (compatible; CensysInspect/1.1; +https://about.censys.io/)"
89.104.101.86 - - [18/Feb/2025:05:03:27 +0530] "GET / HTTP/1.1" 200 12435 "-" "Mozilla/5.0 (Windows NT 10.0; Win64; x64) AppleWebKit/537.36 (KHTML, like Gecko) Chrome/94.0.4606.61 Safari/537.36"
64.225.76.151 - - [18/Feb/2025:04:39:58 +0530] "GET / HTTP/1.1" 200 12435 "-" "Mozilla/5.0 (Windows NT 10.0; Win64; x64; rv:65.0) Gecko/20100101 Firefox/65.0"
64.225.76.151 - - [18/Feb/2025:04:39:59 +0530] "GET /favicon.ico HTTP/1.1" 404 1251 "-" "Mozilla/5.0 (Windows NT 10.0; Win64; x64; rv:65.0) Gecko/20100101 Firefox/65.0"
162.55.100.32 - - [18/Feb/2025:05:03:28 +0530] "POST /wp-cron.php?doing_wp_cron=1739835208.1065969467163085937500 HTTP/1.1" 200 0 "-" "WordPress/6.7.2; https://www.freejobalerts.guru"
176.53.222.33 - - [18/Feb/2025:05:03:28 +0530] "GET /favicon.ico HTTP/1.1" 404 1251 "-" "Mozilla/5.0 (Windows NT 10.0; Win64; x64) AppleWebKit/537.36 (KHTML, like Gecko) Chrome/94.0.4606.61 Safari/537.36"
64.225.76.151 - - [18/Feb/2025:04:39:58 +0530] "GET / HTTP/1.1" 200 12435 "-" "Mozilla/5.0 (Windows NT 10.0; Win64; x64; rv:65.0) Gecko/20100101 Firefox/65.0"
64.225.76.151 - - [18/Feb/2025:04:39:59 +0530] "GET /favicon.ico HTTP/1.1" 404 1251 "-" "Mozilla/5.0 (Windows NT 10.0; Win64; x64; rv:65.0) Gecko/20100101 Firefox/65.0"
94.247.172.129 - - [18/Feb/2025:05:20:10 +0530] "GET / HTTP/1.1" 200 12413 "-" "Mozilla/5.0 (Macintosh; Intel Mac OS X 10_9_2)"
176.53.219.176 - - [18/Feb/2025:05:43:59 +0530] "GET / HTTP/1.1" 200 12435 "-" "Mozilla/5.0 (Windows NT 10.0; Win64; x64) AppleWebKit/537.36 (KHTML, like Gecko) Chrome/94.0.4606.61 Safari/537.36"
64.225.76.151 - - [18/Feb/2025:05:58:03 +0530] "GET / HTTP/1.1" 200 12387 "http://freejobalerts.guru/" "Mozilla/5.0 (Windows NT 10.0; Win64; x64; rv:65.0) Gecko/20100101 Firefox/65.0"
64.225.76.151 - - [18/Feb/2025:05:58:04 +0530] "GET /favicon.ico HTTP/1.1" 404 1251 "-" "Mozilla/5.0 (Windows NT 10.0; Win64; x64; rv:65.0) Gecko/20100101 Firefox/65.0"
162.55.100.32 - - [18/Feb/2025:05:58:03 +0530] "POST /wp-cron.php?doing_wp_cron=1739838483.6132020950317382812500 HTTP/1.1" 200 0 "-" "WordPress/6.7.2; https://www.freejobalerts.guru"
64.225.76.151 - - [18/Feb/2025:05:58:02 +0530] "GET / HTTP/1.1" 301 0 "-" "Mozilla/5.0 (Windows NT 10.0; Win64; x64; rv:65.0) Gecko/20100101 Firefox/65.0"
64.225.76.151 - - [18/Feb/2025:05:58:02 +0530] "GET / HTTP/1.1" 200 12413 "-" "Mozilla/5.0 (Windows NT 10.0; Win64; x64; rv:65.0) Gecko/20100101 Firefox/65.0"
64.225.76.151 - - [18/Feb/2025:05:58:04 +0530] "GET /favicon.ico HTTP/1.1" 404 1251 "-" "Mozilla/5.0 (Windows NT 10.0; Win64; x64; rv:65.0) Gecko/20100101 Firefox/65.0"
45.90.60.241 - - [18/Feb/2025:05:43:51 +0530] "GET / HTTP/1.1" 200 12435 "-" "Mozilla/5.0 (Windows NT 10.0; Win64; x64) AppleWebKit/537.36 (KHTML, like Gecko) Chrome/94.0.4606.61 Safari/537.36"
176.53.219.253 - - [18/Feb/2025:05:44:01 +0530] "GET /favicon.ico HTTP/1.1" 404 1251 "-" "Mozilla/5.0 (Windows NT 10.0; Win64; x64) AppleWebKit/537.36 (KHTML, like Gecko) Chrome/94.0.4606.61 Safari/537.36"
162.55.100.32 - - [18/Feb/2025:05:58:03 +0530] "POST /wp-cron.php?doing_wp_cron=1739838483.6131010055541992187500 HTTP/1.1" 200 0 "-" "WordPress/6.7.2; https://www.freejobalerts.guru"
162.19.25.136 - - [18/Feb/2025:07:52:06 +0530] "HEAD / HTTP/1.1" 200 0 "-" "Mozilla/5.0 (Windows NT 10.0; Win64; x64) AppleWebKit/537.36 (KHTML, like Gecko) Chrome/42.0.2311.135 Safari/537.36 Edge/12.246"
162.19.25.136 - - [18/Feb/2025:07:52:06 +0530] "GET / HTTP/1.1" 200 51923 "-" "Mozilla/5.0 (Windows NT 10.0; Win64; x64) AppleWebKit/537.36 (KHTML, like Gecko) Chrome/42.0.2311.135 Safari/537.36 Edge/12.246"
162.19.25.136 - - [18/Feb/2025:07:52:35 +0530] "GET / HTTP/1.1" 200 51923 "-" "Mozilla/5.0 (Linux; Android 10; K) AppleWebKit/537.36 (KHTML, like Gecko) Chrome/117.0.0.0 Mobile Safari/537.3"
162.19.25.136 - - [18/Feb/2025:07:53:02 +0530] "GET / HTTP/1.1" 200 51923 "-" "Mozilla/5.0 (Linux; Android 10; K) AppleWebKit/537.36 (KHTML, like Gecko) Chrome/117.0.0.0 Mobile Safari/537.3"
162.19.25.136 - - [18/Feb/2025:07:52:05 +0530] "GET / HTTP/1.1" 200 51923 "-" "Mozilla/5.0 (Linux; Android 10; K) AppleWebKit/537.36 (KHTML, like Gecko) Chrome/117.0.0.0 Mobile Safari/537.3"
162.19.25.136 - - [18/Feb/2025:07:52:06 +0530] "HEAD / HTTP/1.1" 301 0 "-" "Mozilla/5.0 (Windows NT 10.0; Win64; x64) AppleWebKit/537.36 (KHTML, like Gecko) Chrome/42.0.2311.135 Safari/537.36 Edge/12.246"
162.19.25.136 - - [18/Feb/2025:07:52:09 +0530] "GET / HTTP/1.1" 200 51923 "-" "Mozilla/5.0 (Linux; Android 10; K) AppleWebKit/537.36 (KHTML, like Gecko) Chrome/117.0.0.0 Mobile Safari/537.3"
65.108.62.161 - - [18/Feb/2025:08:19:58 +0530] "GET / HTTP/1.1" 301 0 "-" "Mozilla/5.0 (Macintosh; Intel Mac OS X 10_15_7) AppleWebKit/537.36 (KHTML, like Gecko) Chrome/131.0.0.0 Safari/537.36"
162.19.25.136 - - [18/Feb/2025:07:52:16 +0530] "GET / HTTP/1.1" 200 51923 "-" "Mozilla/5.0 (Linux; Android 10; K) AppleWebKit/537.36 (KHTML, like Gecko) Chrome/117.0.0.0 Mobile Safari/537.3"
162.19.25.136 - - [18/Feb/2025:07:55:20 +0530] "GET /favicon.ico HTTP/1.1" 404 1251 "-" "Mozilla/5.0 (Linux; Android 10; K) AppleWebKit/537.36 (KHTML, like Gecko) Chrome/117.0.0.0 Mobile Safari/537.3"
162.19.25.136 - - [18/Feb/2025:07:52:04 +0530] "GET / HTTP/1.1" 301 0 "-" "Mozilla/5.0 (Linux; Android 10; K) AppleWebKit/537.36 (KHTML, like Gecko) Chrome/117.0.0.0 Mobile Safari/537.3"
162.19.25.136 - - [18/Feb/2025:07:52:08 +0530] "GET / HTTP/1.1" 301 0 "-" "Mozilla/5.0 (Linux; Android 10; K) AppleWebKit/537.36 (KHTML, like Gecko) Chrome/117.0.0.0 Mobile Safari/537.3"
162.55.100.32 - - [18/Feb/2025:08:19:58 +0530] "POST /wp-cron.php?doing_wp_cron=1739846998.9723029136657714843750 HTTP/1.1" 200 0 "-" "WordPress/6.7.2; https://www.freejobalerts.guru"
