86.119.25.98 - - [18/Feb/2025:08:24:03 +0530] "GET / HTTP/1.1" 200 51923 "-" "Mozilla/5.0 (Windows NT 10.0; Win64; x64; Xbox; Xbox One) AppleWebKit/537.36 (KHTML, like Gecko) Chrome/131.0.0.0 Safari/537.36 Edge/44.18363.8131"
162.19.25.136 - - [18/Feb/2025:07:52:15 +0530] "GET / HTTP/1.1" 301 0 "-" "Mozilla/5.0 (Linux; Android 10; K) AppleWebKit/537.36 (KHTML, like Gecko) Chrome/117.0.0.0 Mobile Safari/537.3"
178.211.57.76 - - [18/Feb/2025:10:14:37 +0530] "GET / HTTP/1.1" 200 10763 "-" "python-requests/2.23.0"
35.205.159.124 - - [18/Feb/2025:10:14:36 +0530] "GET / HTTP/1.1" 200 39191 "-" "python-requests/2.23.0"
3.127.210.174 - - [18/Feb/2025:10:53:18 +0530] "GET /robots.txt HTTP/1.1" 200 117 "-" "CheckMarkNetwork/1.0 (+http://www.checkmarknetwork.com/spider.html)"
3.127.210.174 - - [18/Feb/2025:10:53:18 +0530] "HEAD / HTTP/1.1" 200 0 "-" "CheckMarkNetwork/1.0 (+http://www.checkmarknetwork.com/spider.html)"
3.127.210.174 - - [18/Feb/2025:10:53:18 +0530] "GET /robots.txt HTTP/1.1" 200 117 "-" "CheckMarkNetwork/1.0 (+http://www.checkmarknetwork.com/spider.html)"
3.127.210.174 - - [18/Feb/2025:10:53:19 +0530] "GET /wp-content/plugins/gp-premium/blog/functions/css/featured-images.min.css?ver=2.0.2 HTTP/1.1" 200 501 "-" "CheckMarkNetwork/1.0 (+http://www.checkmarknetwork.com/spider.html)"
3.127.210.174 - - [18/Feb/2025:10:53:19 +0530] "GET /wp-content/themes/generatepress/assets/css/main.min.css?ver=3.5.1 HTTP/1.1" 200 4670 "-" "CheckMarkNetwork/1.0 (+http://www.checkmarknetwork.com/spider.html)"
3.127.210.174 - - [18/Feb/2025:10:53:18 +0530] "GET / HTTP/1.1" 200 10776 "-" "CheckMarkNetwork/1.0 (+http://www.checkmarknetwork.com/spider.html)"
3.127.210.174 - - [18/Feb/2025:10:53:18 +0530] "GET /wp-content/themes/generatepress/assets/js/menu.min.js?ver=3.5.1 HTTP/1.1" 200 1828 "http://www.freejobalerts.guru/" "CheckMarkNetwork/1.0 (+http://www.checkmarknetwork.com/spider.html)"
3.127.210.174 - - [18/Feb/2025:10:53:17 +0530] "GET /robots.txt HTTP/1.1" 301 0 "-" "CheckMarkNetwork/1.0 (+http://www.checkmarknetwork.com/spider.html)"
3.127.210.174 - - [18/Feb/2025:10:53:17 +0530] "HEAD / HTTP/1.1" 301 0 "-" "CheckMarkNetwork/1.0 (+http://www.checkmarknetwork.com/spider.html)"
3.127.210.174 - - [18/Feb/2025:10:53:19 +0530] "GET /wp-includes/css/dist/block-library/style.min.css?ver=6.7.2 HTTP/1.1" 200 15146 "-" "CheckMarkNetwork/1.0 (+http://www.checkmarknetwork.com/spider.html)"
3.127.210.174 - - [18/Feb/2025:10:53:19 +0530] "GET /wp-content/themes/generatepress/assets/js/menu.min.js?ver=3.5.1 HTTP/1.1" 200 1828 "-" "CheckMarkNetwork/1.0 (+http://www.checkmarknetwork.com/spider.html)"
64.29.88.131 - - [18/Feb/2025:12:05:36 +0530] "GET /favicon.ico HTTP/1.1" 404 1251 "-" "Mozilla/5.0 (Macintosh; Intel Mac OS X 10_15_7) AppleWebKit/537.36 (KHTML, like Gecko) Chrome/107.0.0.0 Safari/537.36"
162.55.100.32 - - [18/Feb/2025:12:05:37 +0530] "POST /wp-cron.php?doing_wp_cron=1739860537.3635590076446533203125 HTTP/1.1" 200 0 "-" "WordPress/6.7.2; https://www.freejobalerts.guru"
162.55.100.32 - - [18/Feb/2025:11:39:25 +0530] "POST /wp-cron.php?doing_wp_cron=1739858965.1626570224761962890625 HTTP/1.1" 200 0 "-" "WordPress/6.7.2; https://www.freejobalerts.guru"
176.53.223.102 - - [18/Feb/2025:11:39:26 +0530] "GET /favicon.ico HTTP/1.1" 404 1251 "-" "Mozilla/5.0 (Windows NT 10.0; Win64; x64) AppleWebKit/537.36 (KHTML, like Gecko) Chrome/94.0.4606.61 Safari/537.36"
45.90.63.58 - - [18/Feb/2025:11:39:25 +0530] "GET / HTTP/1.1" 200 12540 "-" "Mozilla/5.0 (Windows NT 10.0; Win64; x64) AppleWebKit/537.36 (KHTML, like Gecko) Chrome/94.0.4606.61 Safari/537.36"
34.234.11.9 - - [18/Feb/2025:12:05:37 +0530] "GET /favicon.ico HTTP/1.1" 404 1251 "-" "Mozilla/5.0 (Macintosh; Intel Mac OS X 10_15_7) AppleWebKit/537.36 (KHTML, like Gecko) Chrome/107.0.0.0 Safari/537.36"
34.234.11.9 - - [18/Feb/2025:12:05:37 +0530] "GET /favicon.png HTTP/1.1" 404 10002 "-" "Mozilla/5.0 (Macintosh; Intel Mac OS X 10_15_7) AppleWebKit/537.36 (KHTML, like Gecko) Chrome/107.0.0.0 Safari/537.36"
176.53.220.136 - - [18/Feb/2025:11:39:26 +0530] "GET /favicon.ico HTTP/1.1" 404 1251 "-" "Mozilla/5.0 (Windows NT 10.0; Win64; x64) AppleWebKit/537.36 (KHTML, like Gecko) Chrome/94.0.4606.61 Safari/537.36"
156.255.6.231 - - [18/Feb/2025:12:05:19 +0530] "GET / HTTP/1.1" 301 0 "-" "Mozilla/5.0 (Macintosh; Intel Mac OS X 10_15_7) AppleWebKit/537.36 (KHTML, like Gecko) Chrome/107.0.0.0 Safari/537.36"
184.73.61.73 - - [18/Feb/2025:12:05:20 +0530] "GET / HTTP/1.1" 301 0 "-" "Mozilla/5.0 (Macintosh; Intel Mac OS X 10_15_7) AppleWebKit/537.36 (KHTML, like Gecko) Chrome/107.0.0.0 Safari/537.36"
45.90.61.204 - - [18/Feb/2025:11:39:25 +0530] "GET / HTTP/1.1" 301 0 "-" "Mozilla/5.0 (Windows NT 10.0; Win64; x64) AppleWebKit/537.36 (KHTML, like Gecko) Chrome/94.0.4606.61 Safari/537.36"
132.255.135.60 - - [18/Feb/2025:12:05:18 +0530] "HEAD / HTTP/1.1" 301 0 "-" "Mozilla/5.0 (Macintosh; Intel Mac OS X 10_15_7) AppleWebKit/537.36 (KHTML, like Gecko) Chrome/107.0.0.0 Safari/537.36"
209.127.107.104 - - [18/Feb/2025:12:05:18 +0530] "GET / HTTP/1.1" 301 0 "-" "Mozilla/5.0 (Macintosh; Intel Mac OS X 10_15_7) AppleWebKit/537.36 (KHTML, like Gecko) Chrome/107.0.0.0 Safari/537.36"
54.91.173.64 - - [18/Feb/2025:12:05:20 +0530] "GET / HTTP/1.1" 200 12831 "-" "Mozilla/5.0 (Macintosh; Intel Mac OS X 10_15_7) AppleWebKit/537.36 (KHTML, like Gecko) Chrome/107.0.0.0 Safari/537.36"
54.221.132.71 - - [18/Feb/2025:12:05:36 +0530] "GET /favicon.ico HTTP/1.1" 404 1251 "-" "Mozilla/5.0 (Macintosh; Intel Mac OS X 10_15_7) AppleWebKit/537.36 (KHTML, like Gecko) Chrome/107.0.0.0 Safari/537.36"
146.190.153.238 - - [18/Feb/2025:12:19:10 +0530] "GET / HTTP/1.1" 200 12834 "-" "Mozilla/5.0 (compatible)"
162.55.100.32 - - [18/Feb/2025:12:28:38 +0530] "POST /wp-cron.php?doing_wp_cron=1739861918.8312671184539794921875 HTTP/1.1" 200 0 "-" "WordPress/6.7.2; https://www.freejobalerts.guru"
104.248.155.204 - - [18/Feb/2025:12:28:39 +0530] "GET /wordpress/wp-admin/setup-config.php?step=1 HTTP/1.1" 404 10002 "http://freejobalerts.guru/wordpress/wp-admin/setup-config.php?step=1" "Mozilla/5.0 (Linux; Android 5.1.1; SM-J111F) AppleWebKit/537.36 (KHTML, like Gecko) Chrome/73.0.3683.90 Mobile Safari/537.36"
162.55.100.32 - - [18/Feb/2025:12:19:11 +0530] "POST /wp-cron.php?doing_wp_cron=1739861351.1556799411773681640625 HTTP/1.1" 200 0 "-" "WordPress/6.7.2; https://www.freejobalerts.guru"
146.190.153.238 - - [18/Feb/2025:12:19:12 +0530] "GET /favicon.ico HTTP/1.1" 404 1251 "http://freejobalerts.sarkariyojanaguru.xyz/" "Mozilla/5.0 (compatible)"
104.248.155.204 - - [18/Feb/2025:12:28:37 +0530] "GET /wp-admin/setup-config.php?step=1 HTTP/1.1" 409 1213 "-" "Mozilla/5.0 (Linux; Android 5.1.1; SM-J111F) AppleWebKit/537.36 (KHTML, like Gecko) Chrome/73.0.3683.90 Mobile Safari/537.36"
104.248.155.204 - - [18/Feb/2025:12:28:38 +0530] "GET /wordpress/wp-admin/setup-config.php?step=1 HTTP/1.1" 301 0 "-" "Mozilla/5.0 (Linux; Android 5.1.1; SM-J111F) AppleWebKit/537.36 (KHTML, like Gecko) Chrome/73.0.3683.90 Mobile Safari/537.36"
104.248.155.204 - - [18/Feb/2025:13:13:50 +0530] "GET /wp-admin/setup-config.php?step=1 HTTP/1.1" 409 1213 "-" "Mozilla/5.0 (Linux; Android 5.1.1; SM-J111F) AppleWebKit/537.36 (KHTML, like Gecko) Chrome/73.0.3683.90 Mobile Safari/537.36"
104.248.155.204 - - [18/Feb/2025:13:13:50 +0530] "GET /wordpress/wp-admin/setup-config.php?step=1 HTTP/1.1" 404 10027 "-" "Mozilla/5.0 (Linux; Android 5.1.1; SM-J111F) AppleWebKit/537.36 (KHTML, like Gecko) Chrome/73.0.3683.90 Mobile Safari/537.36"
162.55.100.32 - - [18/Feb/2025:13:13:51 +0530] "POST /wp-cron.php?doing_wp_cron=1739864631.1149809360504150390625 HTTP/1.1" 200 0 "-" "WordPress/6.7.2; https://www.freejobalerts.guru"
43.153.123.4 - - [18/Feb/2025:13:33:41 +0530] "GET / HTTP/1.1" 200 12831 "http://freejobalerts.guru" "Mozilla/5.0 (iPhone; CPU iPhone OS 13_2_3 like Mac OS X) AppleWebKit/605.1.15 (KHTML, like Gecko) Version/13.0.3 Mobile/15E148 Safari/604.1"
162.55.100.32 - - [18/Feb/2025:13:33:40 +0530] "POST /wp-cron.php?doing_wp_cron=1739865820.8011889457702636718750 HTTP/1.1" 200 0 "-" "WordPress/6.7.2; https://www.freejobalerts.guru"
167.94.138.193 - - [18/Feb/2025:13:24:09 +0530] "GET /favicon.ico HTTP/1.1" 404 1251 "-" "Mozilla/5.0 (compatible; CensysInspect/1.1; +https://about.censys.io/)"
43.153.123.4 - - [18/Feb/2025:13:33:40 +0530] "GET / HTTP/1.1" 301 0 "-" "Mozilla/5.0 (iPhone; CPU iPhone OS 13_2_3 like Mac OS X) AppleWebKit/605.1.15 (KHTML, like Gecko) Version/13.0.3 Mobile/15E148 Safari/604.1"
162.55.100.32 - - [18/Feb/2025:13:23:59 +0530] "POST /wp-cron.php?doing_wp_cron=1739865239.3374130725860595703125 HTTP/1.1" 200 0 "-" "WordPress/6.7.2; https://www.freejobalerts.guru"
167.94.138.193 - - [18/Feb/2025:13:23:58 +0530] "GET / HTTP/1.1" 200 12831 "-" "Mozilla/5.0 (compatible; CensysInspect/1.1; +https://about.censys.io/)"
45.10.215.124 - - [18/Feb/2025:15:08:23 +0530] "GET / HTTP/1.1" 301 0 "-" "Mozilla/5.0 (Windows NT 10.0; Win64; x64) AppleWebKit/537.36 (KHTML, like Gecko) Chrome/86.0.4240.111 Safari/537.36 Edg/86.0.622.51"
162.55.100.32 - - [18/Feb/2025:15:08:24 +0530] "POST /wp-cron.php?doing_wp_cron=1739871504.5442020893096923828125 HTTP/1.1" 200 0 "-" "WordPress/6.7.2; https://www.freejobalerts.guru"
104.232.195.216 - - [18/Feb/2025:15:35:52 +0530] "GET / HTTP/1.1" 301 0 "-" "Mozilla/5.0 (Macintosh; Intel Mac OS X 10_15_7) AppleWebKit/537.36 (KHTML, like Gecko) Chrome/128.0.0.0 Safari/537.36"
136.0.100.127 - - [18/Feb/2025:15:40:26 +0530] "GET / HTTP/1.1" 301 0 "-" "Mozilla/5.0 (Macintosh; Intel Mac OS X 10_15_7) AppleWebKit/537.36 (KHTML, like Gecko) Chrome/128.0.0.0 Safari/537.36"
162.55.100.32 - - [18/Feb/2025:15:40:26 +0530] "POST /wp-cron.php?doing_wp_cron=1739873426.6007449626922607421875 HTTP/1.1" 200 0 "-" "WordPress/6.7.2; https://www.freejobalerts.guru"
104.232.195.216 - - [18/Feb/2025:15:35:53 +0530] "GET / HTTP/1.1" 200 11634 "-" "Mozilla/5.0 (Macintosh; Intel Mac OS X 10_15_7) AppleWebKit/537.36 (KHTML, like Gecko) Chrome/128.0.0.0 Safari/537.36"
162.55.100.32 - - [18/Feb/2025:15:35:52 +0530] "POST /wp-cron.php?doing_wp_cron=1739873152.8202810287475585937500 HTTP/1.1" 200 0 "-" "WordPress/6.7.2; https://www.freejobalerts.guru"
162.55.100.32 - - [18/Feb/2025:15:40:16 +0530] "POST /wp-cron.php?doing_wp_cron=1739873416.8935730457305908203125 HTTP/1.1" 200 0 "-" "WordPress/6.7.2; https://www.freejobalerts.guru"
136.0.100.127 - - [18/Feb/2025:15:40:27 +0530] "GET / HTTP/1.1" 200 11612 "-" "Mozilla/5.0 (Macintosh; Intel Mac OS X 10_15_7) AppleWebKit/537.36 (KHTML, like Gecko) Chrome/128.0.0.0 Safari/537.36"
34.95.185.149 - - [18/Feb/2025:15:40:15 +0530] "GET / HTTP/1.1" 301 0 "-" "Mozilla/5.0 (Windows NT 10.0; Win64; x64) AppleWebKit/537.36 (KHTML, like Gecko) Chrome/102.0.5005.197 Safari/537.36"
87.236.176.141 - - [18/Feb/2025:16:05:21 +0530] "GET / HTTP/1.1" 301 0 "-" "Mozilla/5.0 (compatible; InternetMeasurement/1.0; +https://internet-measurement.com/)"
162.55.100.32 - - [18/Feb/2025:16:16:08 +0530] "POST /wp-cron.php?doing_wp_cron=1739875568.5256450176239013671875 HTTP/1.1" 200 0 "-" "WordPress/6.7.2; https://www.freejobalerts.guru"
107.178.194.38 - - [18/Feb/2025:16:16:07 +0530] "HEAD / HTTP/1.1" 301 0 "http://freejobalerts.guru" "Mozilla/5.0 (X11; Linux x86_64) AppleWebKit/537.36 (KHTML, like Gecko) Chrome/112.0.0.0 Safari/537.36 AppEngine-Google; (+http://code.google.com/appengine; appid: s~virustotalcloud)"
3.145.46.42 - - [18/Feb/2025:16:16:09 +0530] "GET / HTTP/1.1" 200 12831 "-" "Mozilla/5.0 (Windows NT 10.0; Win64; x64) AppleWebKit/537.36 (KHTML, like Gecko) Chrome/114.0.0.0 Safari/537.36 Edg/114.0.1823.51"
107.178.194.37 - - [18/Feb/2025:16:16:42 +0530] "HEAD / HTTP/1.1" 301 0 "http://freejobalerts.guru" "Mozilla/5.0 (Linux; Android 13; Pixel 4a (5G) Build/TQ2A.230505.002; wv) AppleWebKit/537.36 (KHTML, like Gecko) Version/4.0 Chrome/112.0.5615.136 Mobile Safari/537.36 GoogleApp/14.16.27.29.arm64 AppEngine-Google; (+http://code.google.com/appengine; appid: s~virustotalcloud)"
35.187.132.2 - - [18/Feb/2025:16:17:02 +0530] "HEAD /wp-content/themes/generatepress/assets/js/menu.min.js?ver=3.5.1 HTTP/1.1" 200 0 "http://www.freejobalerts.guru" "Mozilla/5.0 (Android 13; Mobile; rv:109.0) Gecko/112.0 Firefox/112.0 AppEngine-Google; (+http://code.google.com/appengine; appid: s~virustotalcloud)"
35.187.132.2 - - [18/Feb/2025:16:17:02 +0530] "HEAD /wp-content/plugins/contact-form-7/includes/swv/js/index.js?ver=6.0.3 HTTP/1.1" 200 0 "http://www.freejobalerts.guru" "Mozilla/5.0 (Macintosh; Intel Mac OS X 10_15_7) AppleWebKit/537.36 (KHTML, like Gecko) Chrome/112.0.0.0 Safari/537.36 AppEngine-Google; (+http://code.google.com/appengine; appid: s~virustotalcloud)"
35.187.132.2 - - [18/Feb/2025:16:17:02 +0530] "GET /wp-content/plugins/contact-form-7/includes/swv/js/index.js?ver=6.0.3 HTTP/1.1" 200 3369 "http://www.freejobalerts.guru" "Mozilla/5.0 (Macintosh; Intel Mac OS X 10_15_7) AppleWebKit/537.36 (KHTML, like Gecko) Chrome/112.0.0.0 Safari/537.36 AppEngine-Google; (+http://code.google.com/appengine; appid: s~virustotalcloud)"
54.71.187.124 - - [18/Feb/2025:16:17:26 +0530] "GET / HTTP/1.1" 200 12831 "-" "Mozilla/5.0 (Windows NT 10.0; Win64; x64) AppleWebKit/537.36 (KHTML, like Gecko) Chrome/131.0.6778.109 Safari/537.36"
54.71.187.124 - - [18/Feb/2025:16:17:27 +0530] "GET /wp-includes/css/dist/block-library/style.min.css?ver=6.7.2 HTTP/1.1" 200 15146 "http://www.freejobalerts.guru/" "Mozilla/5.0 (Windows NT 10.0; Win64; x64) AppleWebKit/537.36 (KHTML, like Gecko) Chrome/131.0.6778.109 Safari/537.36"
54.71.187.124 - - [18/Feb/2025:16:17:27 +0530] "GET /wp-content/plugins/contextual-related-posts/css/rounded-thumbs.min.css?ver=3.6.2 HTTP/1.1" 200 454 "http://www.freejobalerts.guru/" "Mozilla/5.0 (Windows NT 10.0; Win64; x64) AppleWebKit/537.36 (KHTML, like Gecko) Chrome/131.0.6778.109 Safari/537.36"
54.71.187.124 - - [18/Feb/2025:16:17:27 +0530] "GET /wp-includes/js/dist/hooks.min.js?ver=4d63a3d491d11ffd8ac6 HTTP/1.1" 200 1644 "http://www.freejobalerts.guru/" "Mozilla/5.0 (Windows NT 10.0; Win64; x64) AppleWebKit/537.36 (KHTML, like Gecko) Chrome/131.0.6778.109 Safari/537.36"
54.71.187.124 - - [18/Feb/2025:16:17:27 +0530] "GET /wp-content/plugins/contact-form-7/includes/swv/js/index.js?ver=6.0.3 HTTP/1.1" 200 3522 "http://www.freejobalerts.guru/" "Mozilla/5.0 (Windows NT 10.0; Win64; x64) AppleWebKit/537.36 (KHTML, like Gecko) Chrome/131.0.6778.109 Safari/537.36"
54.71.187.124 - - [18/Feb/2025:16:17:27 +0530] "GET /wp-content/themes/generatepress/assets/js/menu.min.js?ver=3.5.1 HTTP/1.1" 200 1828 "http://www.freejobalerts.guru/" "Mozilla/5.0 (Windows NT 10.0; Win64; x64) AppleWebKit/537.36 (KHTML, like Gecko) Chrome/131.0.6778.109 Safari/537.36"
54.71.187.124 - - [18/Feb/2025:16:17:27 +0530] "GET /wp-content/plugins/related-posts-thumbnails/assets/css/front.css?ver=4.2.1 HTTP/1.1" 200 1198 "http://www.freejobalerts.guru/" "Mozilla/5.0 (Windows NT 10.0; Win64; x64) AppleWebKit/537.36 (KHTML, like Gecko) Chrome/131.0.6778.109 Safari/537.36"
54.71.187.124 - - [18/Feb/2025:16:17:27 +0530] "GET /wp-includes/js/dist/i18n.min.js?ver=5e580eb46a90c2b997e6 HTTP/1.1" 200 3667 "http://www.freejobalerts.guru/" "Mozilla/5.0 (Windows NT 10.0; Win64; x64) AppleWebKit/537.36 (KHTML, like Gecko) Chrome/131.0.6778.109 Safari/537.36"
54.71.187.124 - - [18/Feb/2025:16:17:27 +0530] "GET /wp-includes/js/wp-emoji-release.min.js?ver=6.7.2 HTTP/1.1" 200 5072 "http://www.freejobalerts.guru/" "Mozilla/5.0 (Windows NT 10.0; Win64; x64) AppleWebKit/537.36 (KHTML, like Gecko) Chrome/131.0.6778.109 Safari/537.36"
66.249.69.96 - - [18/Feb/2025:16:22:09 +0530] "GET /robots.txt HTTP/1.1" 200 101 "-" "Mozilla/5.0 (compatible; Googlebot/2.1; +http://www.google.com/bot.html)"
3.145.46.42 - - [18/Feb/2025:16:22:08 +0530] "GET / HTTP/1.1" 200 12831 "-" "Mozilla/5.0 (Windows NT 10.0; Win64; x64) AppleWebKit/537.36 (KHTML, like Gecko) Chrome/114.0.0.0 Safari/537.36 Edg/114.0.1823.51"
66.249.69.96 - - [18/Feb/2025:16:22:10 +0530] "GET / HTTP/1.1" 200 11634 "-" "Mozilla/5.0 (Linux; Android 6.0.1; Nexus 5X Build/MMB29P) AppleWebKit/537.36 (KHTML, like Gecko) Chrome/99.0.4844.84 Mobile Safari/537.36 (compatible; Googlebot/2.1; +http://www.google.com/bot.html)"
66.249.69.96 - - [18/Feb/2025:16:22:10 +0530] "GET / HTTP/1.1" 200 11634 "-" "GoogleOther"
66.249.69.96 - - [18/Feb/2025:16:22:10 +0530] "GET /wp-includes/js/dist/i18n.min.js?ver=5e580eb46a90c2b997e6 HTTP/1.1" 200 3542 "http://www.freejobalerts.guru/" "Mozilla/5.0 (Linux; Android 6.0.1; Nexus 5X Build/MMB29P) AppleWebKit/537.36 (KHTML, like Gecko) Chrome/133.0.6943.53 Mobile Safari/537.36 (compatible; Googlebot/2.1; +http://www.google.com/bot.html)"
66.249.69.96 - - [18/Feb/2025:16:22:11 +0530] "GET /wp-content/plugins/contact-form-7/includes/swv/js/index.js?ver=6.0.3 HTTP/1.1" 200 3369 "http://www.freejobalerts.guru/" "Mozilla/5.0 (Linux; Android 6.0.1; Nexus 5X Build/MMB29P) AppleWebKit/537.36 (KHTML, like Gecko) Chrome/133.0.6943.53 Mobile Safari/537.36 (compatible; Googlebot/2.1; +http://www.google.com/bot.html)"
66.249.69.96 - - [18/Feb/2025:16:22:11 +0530] "GET /wp-content/plugins/contextual-related-posts/css/rounded-thumbs.min.css?ver=3.6.2 HTTP/1.1" 200 348 "http://www.freejobalerts.guru/" "Mozilla/5.0 AppleWebKit/537.36 (KHTML, like Gecko; compatible; Googlebot/2.1; +http://www.google.com/bot.html) Chrome/133.0.6943.53 Safari/537.36"
66.249.69.107 - - [18/Feb/2025:16:22:12 +0530] "GET /wp-includes/css/dist/block-library/style.min.css?ver=6.7.2 HTTP/1.1" 200 14225 "http://www.freejobalerts.guru/" "Mozilla/5.0 (Linux; Android 6.0.1; Nexus 5X Build/MMB29P) AppleWebKit/537.36 (KHTML, like Gecko) Chrome/133.0.6943.53 Mobile Safari/537.36 (compatible; Googlebot/2.1; +http://www.google.com/bot.html)"
66.249.69.107 - - [18/Feb/2025:16:22:12 +0530] "GET /wp-includes/js/dist/i18n.min.js?ver=5e580eb46a90c2b997e6 HTTP/1.1" 200 3542 "http://www.freejobalerts.guru/" "Mozilla/5.0 AppleWebKit/537.36 (KHTML, like Gecko; compatible; Googlebot/2.1; +http://www.google.com/bot.html) Chrome/133.0.6943.53 Safari/537.36"
66.249.69.107 - - [18/Feb/2025:16:22:12 +0530] "GET /wp-content/themes/generatepress/assets/css/main.min.css?ver=3.5.1 HTTP/1.1" 200 4410 "http://www.freejobalerts.guru/" "Mozilla/5.0 (Linux; Android 6.0.1; Nexus 5X Build/MMB29P) AppleWebKit/537.36 (KHTML, like Gecko) Chrome/133.0.6943.53 Mobile Safari/537.36 (compatible; Googlebot/2.1; +http://www.google.com/bot.html)"
66.249.69.107 - - [18/Feb/2025:16:22:12 +0530] "GET /wp-content/plugins/contact-form-7/includes/css/styles.css?ver=6.0.3 HTTP/1.1" 200 890 "http://www.freejobalerts.guru/" "Mozilla/5.0 (Linux; Android 6.0.1; Nexus 5X Build/MMB29P) AppleWebKit/537.36 (KHTML, like Gecko) Chrome/133.0.6943.53 Mobile Safari/537.36 (compatible; Googlebot/2.1; +http://www.google.com/bot.html)"
52.34.76.65 - - [18/Feb/2025:16:25:29 +0530] "GET /wp-content/plugins/contextual-related-posts/css/rounded-thumbs.min.css?ver=3.6.2 HTTP/1.1" 200 454 "http://www.freejobalerts.guru/" "Mozilla/5.0 (Windows NT 10.0; Win64; x64) AppleWebKit/537.36 (KHTML, like Gecko) Chrome/131.0.6778.109 Safari/537.36"
52.34.76.65 - - [18/Feb/2025:16:25:29 +0530] "GET /wp-content/plugins/related-posts-thumbnails/assets/css/front.css?ver=4.2.1 HTTP/1.1" 200 1198 "http://www.freejobalerts.guru/" "Mozilla/5.0 (Windows NT 10.0; Win64; x64) AppleWebKit/537.36 (KHTML, like Gecko) Chrome/131.0.6778.109 Safari/537.36"
18.220.179.141 - - [18/Feb/2025:16:16:08 +0530] "GET / HTTP/1.1" 301 0 "-" "Mozilla/5.0 (Windows NT 10.0; Win64; x64) AppleWebKit/537.36 (KHTML, like Gecko) Chrome/114.0.0.0 Safari/537.36 Edg/114.0.1823.51"
35.187.132.2 - - [18/Feb/2025:16:16:09 +0530] "GET / HTTP/1.1" 200 11602 "http://freejobalerts.guru" "Mozilla/5.0 (X11; Linux x86_64) AppleWebKit/537.36 (KHTML, like Gecko) Chrome/112.0.0.0 Safari/537.36 AppEngine-Google; (+http://code.google.com/appengine; appid: s~virustotalcloud)"
35.187.132.12 - - [18/Feb/2025:16:17:02 +0530] "GET /wp-content/plugins/contact-form-7/includes/js/index.js?ver=6.0.3 HTTP/1.1" 200 4008 "http://www.freejobalerts.guru" "Mozilla/5.0 (Windows NT 10.0; Win64; x64) AppleWebKit/537.36 (KHTML, like Gecko) Chrome/112.0.0.0 Safari/537.36 AppEngine-Google; (+http://code.google.com/appengine; appid: s~virustotalcloud)"
87.236.176.141 - - [18/Feb/2025:16:05:23 +0530] "GET / HTTP/1.1" 200 12831 "http://freejobalerts.guru" "Mozilla/5.0 (compatible; InternetMeasurement/1.0; +https://internet-measurement.com/)"
162.55.100.32 - - [18/Feb/2025:16:17:25 +0530] "POST /wp-cron.php?doing_wp_cron=1739875645.8410298824310302734375 HTTP/1.1" 200 0 "-" "WordPress/6.7.2; https://www.freejobalerts.guru"
54.71.187.124 - - [18/Feb/2025:16:17:27 +0530] "GET /wp-content/plugins/gp-premium/blog/functions/css/featured-images.min.css?ver=2.0.2 HTTP/1.1" 200 501 "http://www.freejobalerts.guru/" "Mozilla/5.0 (Windows NT 10.0; Win64; x64) AppleWebKit/537.36 (KHTML, like Gecko) Chrome/131.0.6778.109 Safari/537.36"
54.71.187.124 - - [18/Feb/2025:16:17:27 +0530] "GET /wp-content/plugins/contact-form-7/includes/js/index.js?ver=6.0.3 HTTP/1.1" 200 4236 "http://www.freejobalerts.guru/" "Mozilla/5.0 (Windows NT 10.0; Win64; x64) AppleWebKit/537.36 (KHTML, like Gecko) Chrome/131.0.6778.109 Safari/537.36"
35.187.132.12 - - [18/Feb/2025:16:16:42 +0530] "HEAD / HTTP/1.1" 200 0 "http://freejobalerts.guru" "Mozilla/5.0 (Linux; Android 13; Pixel 4a (5G) Build/TQ2A.230505.002; wv) AppleWebKit/537.36 (KHTML, like Gecko) Version/4.0 Chrome/112.0.5615.136 Mobile Safari/537.36 GoogleApp/14.16.27.29.arm64 AppEngine-Google; (+http://code.google.com/appengine; appid: s~virustotalcloud)"
54.71.187.124 - - [18/Feb/2025:16:17:25 +0530] "GET / HTTP/1.1" 301 0 "-" "Mozilla/5.0 (Windows NT 10.0; Win64; x64) AppleWebKit/537.36 (KHTML, like Gecko) Chrome/131.0.6778.109 Safari/537.36"
162.55.100.32 - - [18/Feb/2025:16:19:04 +0530] "POST /wp-cron.php?doing_wp_cron=1739875744.7724459171295166015625 HTTP/1.1" 200 0 "-" "WordPress/6.7.2; https://www.freejobalerts.guru"
45.84.107.101 - - [18/Feb/2025:16:19:03 +0530] "GET / HTTP/1.1" 301 0 "-" "Mozilla/5.0 (compatible; MSIE 10.0; Windows NT 6.1; Trident/6.0)"
162.55.100.32 - - [18/Feb/2025:16:05:22 +0530] "POST /wp-cron.php?doing_wp_cron=1739874922.6863780021667480468750 HTTP/1.1" 200 0 "-" "WordPress/6.7.2; https://www.freejobalerts.guru"
3.145.46.42 - - [18/Feb/2025:16:16:08 +0530] "GET / HTTP/1.1" 301 0 "-" "Mozilla/5.0 (Windows NT 10.0; Win64; x64) AppleWebKit/537.36 (KHTML, like Gecko) Chrome/114.0.0.0 Safari/537.36 Edg/114.0.1823.51"
35.187.132.12 - - [18/Feb/2025:16:16:09 +0530] "HEAD / HTTP/1.1" 200 0 "http://freejobalerts.guru" "Mozilla/5.0 (X11; Linux x86_64) AppleWebKit/537.36 (KHTML, like Gecko) Chrome/112.0.0.0 Safari/537.36 AppEngine-Google; (+http://code.google.com/appengine; appid: s~virustotalcloud)"
35.187.132.12 - - [18/Feb/2025:16:17:02 +0530] "HEAD /wp-includes/js/dist/i18n.min.js?ver=5e580eb46a90c2b997e6 HTTP/1.1" 200 0 "http://www.freejobalerts.guru" "Mozilla/5.0 (Linux; Android 13; Pixel 4a (5G) Build/TQ2A.230505.002; wv) AppleWebKit/537.36 (KHTML, like Gecko) Version/4.0 Chrome/112.0.5615.136 Mobile Safari/537.36 GoogleApp/14.16.27.29.arm64 AppEngine-Google; (+http://code.google.com/appengine; appid: s~virustotalcloud)"
35.187.132.1 - - [18/Feb/2025:16:17:02 +0530] "HEAD /wp-content/plugins/contact-form-7/includes/js/index.js?ver=6.0.3 HTTP/1.1" 200 0 "http://www.freejobalerts.guru" "Mozilla/5.0 (Windows NT 10.0; Win64; x64) AppleWebKit/537.36 (KHTML, like Gecko) Chrome/112.0.0.0 Safari/537.36 AppEngine-Google; (+http://code.google.com/appengine; appid: s~virustotalcloud)"
35.187.132.12 - - [18/Feb/2025:16:17:02 +0530] "GET /wp-content/themes/generatepress/assets/js/menu.min.js?ver=3.5.1 HTTP/1.1" 200 1678 "http://www.freejobalerts.guru" "Mozilla/5.0 (Android 13; Mobile; rv:109.0) Gecko/112.0 Firefox/112.0 AppEngine-Google; (+http://code.google.com/appengine; appid: s~virustotalcloud)"
35.187.132.1 - - [18/Feb/2025:16:17:02 +0530] "GET /wp-includes/js/dist/i18n.min.js?ver=5e580eb46a90c2b997e6 HTTP/1.1" 200 3542 "http://www.freejobalerts.guru" "Mozilla/5.0 (Linux; Android 13; Pixel 4a (5G) Build/TQ2A.230505.002; wv) AppleWebKit/537.36 (KHTML, like Gecko) Version/4.0 Chrome/112.0.5615.136 Mobile Safari/537.36 GoogleApp/14.16.27.29.arm64 AppEngine-Google; (+http://code.google.com/appengine; appid: s~virustotalcloud)"
35.187.132.12 - - [18/Feb/2025:16:17:02 +0530] "GET /wp-includes/js/dist/hooks.min.js?ver=4d63a3d491d11ffd8ac6 HTTP/1.1" 200 1571 "http://www.freejobalerts.guru" "Mozilla/5.0 (X11; Linux x86_64) AppleWebKit/537.36 (KHTML, like Gecko) Chrome/112.0.0.0 Safari/537.36 AppEngine-Google; (+http://code.google.com/appengine; appid: s~virustotalcloud)"
54.71.187.124 - - [18/Feb/2025:16:17:27 +0530] "GET /wp-content/plugins/contact-form-7/includes/css/styles.css?ver=6.0.3 HTTP/1.1" 200 1016 "http://www.freejobalerts.guru/" "Mozilla/5.0 (Windows NT 10.0; Win64; x64) AppleWebKit/537.36 (KHTML, like Gecko) Chrome/131.0.6778.109 Safari/537.36"
54.71.187.124 - - [18/Feb/2025:16:17:27 +0530] "GET /wp-content/themes/generatepress/assets/css/main.min.css?ver=3.5.1 HTTP/1.1" 200 4670 "http://www.freejobalerts.guru/" "Mozilla/5.0 (Windows NT 10.0; Win64; x64) AppleWebKit/537.36 (KHTML, like Gecko) Chrome/131.0.6778.109 Safari/537.36"
87.236.176.201 - - [18/Feb/2025:16:05:27 +0530] "GET /favicon.ico HTTP/1.1" 404 1251 "-" "Mozilla/5.0 (compatible; InternetMeasurement/1.0; +https://internet-measurement.com/)"
162.243.208.127 - - [18/Feb/2025:16:05:27 +0530] "GET /favicon.ico HTTP/1.1" 404 1251 "-" "Mozilla/5.0 (compatible; InternetMeasurement/1.0; +https://internet-measurement.com/)"
162.55.100.32 - - [18/Feb/2025:16:16:08 +0530] "POST /wp-cron.php?doing_wp_cron=1739875568.5410609245300292968750 HTTP/1.1" 200 0 "-" "WordPress/6.7.2; https://www.freejobalerts.guru"
35.187.132.2 - - [18/Feb/2025:16:16:43 +0530] "GET / HTTP/1.1" 200 11612 "http://freejobalerts.guru" "Mozilla/5.0 (Linux; Android 13; Pixel 4a (5G) Build/TQ2A.230505.002; wv) AppleWebKit/537.36 (KHTML, like Gecko) Version/4.0 Chrome/112.0.5615.136 Mobile Safari/537.36 GoogleApp/14.16.27.29.arm64 AppEngine-Google; (+http://code.google.com/appengine; appid: s~virustotalcloud)"
35.187.132.2 - - [18/Feb/2025:16:17:02 +0530] "HEAD /wp-includes/js/dist/hooks.min.js?ver=4d63a3d491d11ffd8ac6 HTTP/1.1" 200 0 "http://www.freejobalerts.guru" "Mozilla/5.0 (X11; Linux x86_64) AppleWebKit/537.36 (KHTML, like Gecko) Chrome/112.0.0.0 Safari/537.36 AppEngine-Google; (+http://code.google.com/appengine; appid: s~virustotalcloud)"
52.34.76.65 - - [18/Feb/2025:16:25:29 +0530] "GET /wp-content/themes/generatepress/assets/css/main.min.css?ver=3.5.1 HTTP/1.1" 200 4670 "http://www.freejobalerts.guru/" "Mozilla/5.0 (Windows NT 10.0; Win64; x64) AppleWebKit/537.36 (KHTML, like Gecko) Chrome/131.0.6778.109 Safari/537.36"
52.34.76.65 - - [18/Feb/2025:16:25:29 +0530] "GET /wp-content/plugins/contact-form-7/includes/css/styles.css?ver=6.0.3 HTTP/1.1" 200 1016 "http://www.freejobalerts.guru/" "Mozilla/5.0 (Windows NT 10.0; Win64; x64) AppleWebKit/537.36 (KHTML, like Gecko) Chrome/131.0.6778.109 Safari/537.36"
52.34.76.65 - - [18/Feb/2025:16:25:29 +0530] "GET /wp-content/plugins/gp-premium/blog/functions/css/featured-images.min.css?ver=2.0.2 HTTP/1.1" 200 501 "http://www.freejobalerts.guru/" "Mozilla/5.0 (Windows NT 10.0; Win64; x64) AppleWebKit/537.36 (KHTML, like Gecko) Chrome/131.0.6778.109 Safari/537.36"
52.34.76.65 - - [18/Feb/2025:16:25:29 +0530] "GET /wp-includes/js/dist/hooks.min.js?ver=4d63a3d491d11ffd8ac6 HTTP/1.1" 200 1644 "http://www.freejobalerts.guru/" "Mozilla/5.0 (Windows NT 10.0; Win64; x64) AppleWebKit/537.36 (KHTML, like Gecko) Chrome/131.0.6778.109 Safari/537.36"
52.34.76.65 - - [18/Feb/2025:16:25:29 +0530] "GET /wp-content/themes/generatepress/assets/js/menu.min.js?ver=3.5.1 HTTP/1.1" 200 1828 "http://www.freejobalerts.guru/" "Mozilla/5.0 (Windows NT 10.0; Win64; x64) AppleWebKit/537.36 (KHTML, like Gecko) Chrome/131.0.6778.109 Safari/537.36"
52.34.76.65 - - [18/Feb/2025:16:25:29 +0530] "GET /wp-includes/js/wp-emoji-release.min.js?ver=6.7.2 HTTP/1.1" 200 5072 "http://www.freejobalerts.guru/" "Mozilla/5.0 (Windows NT 10.0; Win64; x64) AppleWebKit/537.36 (KHTML, like Gecko) Chrome/131.0.6778.109 Safari/537.36"
18.223.168.123 - - [18/Feb/2025:16:22:08 +0530] "GET / HTTP/1.1" 200 12831 "-" "Mozilla/5.0 (Windows NT 10.0; Win64; x64) AppleWebKit/537.36 (KHTML, like Gecko) Chrome/114.0.0.0 Safari/537.36 Edg/114.0.1823.51"
66.249.69.96 - - [18/Feb/2025:16:22:11 +0530] "GET /wp-content/plugins/gp-premium/blog/functions/css/featured-images.min.css?ver=2.0.2 HTTP/1.1" 200 431 "http://www.freejobalerts.guru/" "Mozilla/5.0 AppleWebKit/537.36 (KHTML, like Gecko; compatible; Googlebot/2.1; +http://www.google.com/bot.html) Chrome/133.0.6943.53 Safari/537.36"
66.249.69.96 - - [18/Feb/2025:16:22:11 +0530] "GET /wp-content/plugins/contact-form-7/includes/css/styles.css?ver=6.0.3 HTTP/1.1" 200 890 "http://www.freejobalerts.guru/" "Mozilla/5.0 AppleWebKit/537.36 (KHTML, like Gecko; compatible; Googlebot/2.1; +http://www.google.com/bot.html) Chrome/133.0.6943.53 Safari/537.36"
66.249.69.96 - - [18/Feb/2025:16:22:12 +0530] "GET /wp-content/plugins/related-posts-thumbnails/assets/css/front.css?ver=4.2.1 HTTP/1.1" 200 1088 "http://www.freejobalerts.guru/" "Mozilla/5.0 AppleWebKit/537.36 (KHTML, like Gecko; compatible; Googlebot/2.1; +http://www.google.com/bot.html) Chrome/133.0.6943.53 Safari/537.36"
66.249.69.96 - - [18/Feb/2025:16:22:12 +0530] "GET /wp-content/plugins/contact-form-7/includes/js/index.js?ver=6.0.3 HTTP/1.1" 200 4008 "http://www.freejobalerts.guru/" "Mozilla/5.0 (Linux; Android 6.0.1; Nexus 5X Build/MMB29P) AppleWebKit/537.36 (KHTML, like Gecko) Chrome/133.0.6943.53 Mobile Safari/537.36 (compatible; Googlebot/2.1; +http://www.google.com/bot.html)"
66.249.69.96 - - [18/Feb/2025:16:22:13 +0530] "GET /wp-content/plugins/gp-premium/blog/functions/css/featured-images.min.css?ver=2.0.2 HTTP/1.1" 200 431 "http://www.freejobalerts.guru/" "Mozilla/5.0 (Linux; Android 6.0.1; Nexus 5X Build/MMB29P) AppleWebKit/537.36 (KHTML, like Gecko) Chrome/133.0.6943.53 Mobile Safari/537.36 (compatible; Googlebot/2.1; +http://www.google.com/bot.html)"
66.249.69.107 - - [18/Feb/2025:16:22:10 +0530] "GET / HTTP/1.1" 200 11602 "-" "Mozilla/5.0 (compatible; Googlebot/2.1; +http://www.google.com/bot.html)"
66.249.69.107 - - [18/Feb/2025:16:22:13 +0530] "GET /favicon.ico HTTP/1.1" 404 1251 "-" "Googlebot-Image/1.0"
199.244.88.224 - - [18/Feb/2025:16:30:48 +0530] "GET / HTTP/1.1" 301 0 "-" "Mozilla/5.0 (X11; Linux x86_64) AppleWebKit/537.36 (KHTML, like Gecko) Chrome/105.0.0.0 Safari/537.36"
52.34.76.65 - - [18/Feb/2025:16:25:29 +0530] "GET /wp-content/plugins/contact-form-7/includes/swv/js/index.js?ver=6.0.3 HTTP/1.1" 200 3522 "http://www.freejobalerts.guru/" "Mozilla/5.0 (Windows NT 10.0; Win64; x64) AppleWebKit/537.36 (KHTML, like Gecko) Chrome/131.0.6778.109 Safari/537.36"
52.34.76.65 - - [18/Feb/2025:16:25:29 +0530] "GET /wp-content/plugins/contact-form-7/includes/js/index.js?ver=6.0.3 HTTP/1.1" 200 4236 "http://www.freejobalerts.guru/" "Mozilla/5.0 (Windows NT 10.0; Win64; x64) AppleWebKit/537.36 (KHTML, like Gecko) Chrome/131.0.6778.109 Safari/537.36"
162.55.100.32 - - [18/Feb/2025:16:30:49 +0530] "POST /wp-cron.php?doing_wp_cron=1739876449.4258968830108642578125 HTTP/1.1" 200 0 "-" "WordPress/6.7.2; https://www.freejobalerts.guru"
199.244.88.226 - - [18/Feb/2025:16:30:51 +0530] "GET / HTTP/1.1" 200 12831 "http://freejobalerts.guru" "Mozilla/5.0 (X11; Linux x86_64) AppleWebKit/537.36 (KHTML, like Gecko) Chrome/105.0.0.0 Safari/537.36"
66.249.69.107 - - [18/Feb/2025:16:22:11 +0530] "GET /wp-content/plugins/contextual-related-posts/css/rounded-thumbs.min.css?ver=3.6.2 HTTP/1.1" 200 348 "http://www.freejobalerts.guru/" "Mozilla/5.0 (Linux; Android 6.0.1; Nexus 5X Build/MMB29P) AppleWebKit/537.36 (KHTML, like Gecko) Chrome/133.0.6943.53 Mobile Safari/537.36 (compatible; Googlebot/2.1; +http://www.google.com/bot.html)"
52.34.76.65 - - [18/Feb/2025:16:25:28 +0530] "GET / HTTP/1.1" 200 12822 "-" "Mozilla/5.0 (Windows NT 10.0; Win64; x64) AppleWebKit/537.36 (KHTML, like Gecko) Chrome/131.0.6778.109 Safari/537.36"
52.34.76.65 - - [18/Feb/2025:16:25:29 +0530] "GET /wp-includes/css/dist/block-library/style.min.css?ver=6.7.2 HTTP/1.1" 200 15146 "http://www.freejobalerts.guru/" "Mozilla/5.0 (Windows NT 10.0; Win64; x64) AppleWebKit/537.36 (KHTML, like Gecko) Chrome/131.0.6778.109 Safari/537.36"
52.34.76.65 - - [18/Feb/2025:16:25:29 +0530] "GET /wp-includes/js/dist/i18n.min.js?ver=5e580eb46a90c2b997e6 HTTP/1.1" 200 3667 "http://www.freejobalerts.guru/" "Mozilla/5.0 (Windows NT 10.0; Win64; x64) AppleWebKit/537.36 (KHTML, like Gecko) Chrome/131.0.6778.109 Safari/537.36"
66.249.69.97 - - [18/Feb/2025:16:22:11 +0530] "GET /wp-content/themes/generatepress/assets/css/main.min.css?ver=3.5.1 HTTP/1.1" 200 4410 "http://www.freejobalerts.guru/" "Mozilla/5.0 AppleWebKit/537.36 (KHTML, like Gecko; compatible; Googlebot/2.1; +http://www.google.com/bot.html) Chrome/133.0.6943.53 Safari/537.36"
66.249.69.97 - - [18/Feb/2025:16:22:11 +0530] "GET /wp-content/themes/generatepress/assets/js/menu.min.js?ver=3.5.1 HTTP/1.1" 200 1678 "http://www.freejobalerts.guru/" "Mozilla/5.0 (Linux; Android 6.0.1; Nexus 5X Build/MMB29P) AppleWebKit/537.36 (KHTML, like Gecko) Chrome/133.0.6943.53 Mobile Safari/537.36 (compatible; Googlebot/2.1; +http://www.google.com/bot.html)"
66.249.69.97 - - [18/Feb/2025:16:22:11 +0530] "GET /wp-content/plugins/contact-form-7/includes/js/index.js?ver=6.0.3 HTTP/1.1" 200 4008 "http://www.freejobalerts.guru/" "Mozilla/5.0 AppleWebKit/537.36 (KHTML, like Gecko; compatible; Googlebot/2.1; +http://www.google.com/bot.html) Chrome/133.0.6943.53 Safari/537.36"
66.249.69.97 - - [18/Feb/2025:16:22:11 +0530] "GET /wp-content/plugins/contact-form-7/includes/swv/js/index.js?ver=6.0.3 HTTP/1.1" 200 3369 "http://www.freejobalerts.guru/" "Mozilla/5.0 AppleWebKit/537.36 (KHTML, like Gecko; compatible; Googlebot/2.1; +http://www.google.com/bot.html) Chrome/133.0.6943.53 Safari/537.36"
66.249.76.2 - - [18/Feb/2025:16:22:12 +0530] "GET /wp-content/themes/generatepress/assets/js/menu.min.js?ver=3.5.1 HTTP/1.1" 200 1678 "http://www.freejobalerts.guru/" "Mozilla/5.0 AppleWebKit/537.36 (KHTML, like Gecko; compatible; Googlebot/2.1; +http://www.google.com/bot.html) Chrome/133.0.6943.53 Safari/537.36"
66.249.69.97 - - [18/Feb/2025:16:22:13 +0530] "GET /wp-content/plugins/related-posts-thumbnails/assets/css/front.css?ver=4.2.1 HTTP/1.1" 200 1088 "http://www.freejobalerts.guru/" "Mozilla/5.0 (Linux; Android 6.0.1; Nexus 5X Build/MMB29P) AppleWebKit/537.36 (KHTML, like Gecko) Chrome/133.0.6943.53 Mobile Safari/537.36 (compatible; Googlebot/2.1; +http://www.google.com/bot.html)"
66.249.69.97 - - [18/Feb/2025:16:22:13 +0530] "GET /wp-includes/js/dist/hooks.min.js?ver=4d63a3d491d11ffd8ac6 HTTP/1.1" 200 1571 "http://www.freejobalerts.guru/" "Mozilla/5.0 (Linux; Android 6.0.1; Nexus 5X Build/MMB29P) AppleWebKit/537.36 (KHTML, like Gecko) Chrome/133.0.6943.53 Mobile Safari/537.36 (compatible; Googlebot/2.1; +http://www.google.com/bot.html)"
35.187.132.12 - - [18/Feb/2025:16:22:15 +0530] "HEAD / HTTP/1.1" 200 0 "http://www.freejobalerts.guru" "Mozilla/5.0 (Windows NT 10.0; Win64; x64) AppleWebKit/537.36 (KHTML, like Gecko) Chrome/112.0.0.0 Safari/537.36 AppEngine-Google; (+http://code.google.com/appengine; appid: s~virustotalcloud)"
35.187.132.12 - - [18/Feb/2025:16:22:15 +0530] "GET / HTTP/1.1" 200 11612 "http://www.freejobalerts.guru" "Mozilla/5.0 (Windows NT 10.0; Win64; x64) AppleWebKit/537.36 (KHTML, like Gecko) Chrome/112.0.0.0 Safari/537.36 AppEngine-Google; (+http://code.google.com/appengine; appid: s~virustotalcloud)"
35.187.132.12 - - [18/Feb/2025:16:22:08 +0530] "HEAD / HTTP/1.1" 200 0 "http://www.freejobalerts.guru" "Mozilla/5.0 (Android 13; Mobile; rv:109.0) Gecko/112.0 Firefox/112.0 AppEngine-Google; (+http://code.google.com/appengine; appid: s~virustotalcloud)"
35.187.132.12 - - [18/Feb/2025:16:22:10 +0530] "GET / HTTP/1.1" 200 11612 "http://www.freejobalerts.guru" "Mozilla/5.0 (Android 13; Mobile; rv:109.0) Gecko/112.0 Firefox/112.0 AppEngine-Google; (+http://code.google.com/appengine; appid: s~virustotalcloud)"
66.249.76.1 - - [18/Feb/2025:16:22:12 +0530] "GET /wp-includes/js/dist/hooks.min.js?ver=4d63a3d491d11ffd8ac6 HTTP/1.1" 200 1571 "http://www.freejobalerts.guru/" "Mozilla/5.0 AppleWebKit/537.36 (KHTML, like Gecko; compatible; Googlebot/2.1; +http://www.google.com/bot.html) Chrome/133.0.6943.53 Safari/537.36"
66.249.76.1 - - [18/Feb/2025:16:22:12 +0530] "GET /wp-includes/css/dist/block-library/style.min.css?ver=6.7.2 HTTP/1.1" 200 14225 "http://www.freejobalerts.guru/" "Mozilla/5.0 AppleWebKit/537.36 (KHTML, like Gecko; compatible; Googlebot/2.1; +http://www.google.com/bot.html) Chrome/133.0.6943.53 Safari/537.36"
162.55.100.32 - - [18/Feb/2025:17:17:03 +0530] "POST /wp-cron.php?doing_wp_cron=1739879223.9343619346618652343750 HTTP/1.1" 200 0 "-" "WordPress/6.7.2; https://www.freejobalerts.guru"
34.123.170.104 - - [18/Feb/2025:17:18:04 +0530] "GET / HTTP/1.1" 200 12831 "-" "Mozilla/5.0 (X11; Linux x86_64) AppleWebKit/537.36 (KHTML, like Gecko) HeadlessChrome/125.0.6422.60 Safari/537.36"
34.123.170.104 - - [18/Feb/2025:17:18:04 +0530] "GET /wp-includes/css/dist/block-library/style.min.css?ver=6.7.2 HTTP/1.1" 200 15146 "http://www.freejobalerts.guru/" "Mozilla/5.0 (X11; Linux x86_64) AppleWebKit/537.36 (KHTML, like Gecko) HeadlessChrome/125.0.6422.60 Safari/537.36"
104.197.69.115 - - [18/Feb/2025:17:18:04 +0530] "GET /wp-content/plugins/related-posts-thumbnails/assets/css/front.css?ver=4.2.1 HTTP/1.1" 200 1198 "http://www.freejobalerts.guru/" "Mozilla/5.0 (X11; Linux x86_64) AppleWebKit/537.36 (KHTML, like Gecko) HeadlessChrome/125.0.6422.60 Safari/537.36"
34.123.170.104 - - [18/Feb/2025:17:18:04 +0530] "GET /wp-includes/js/dist/hooks.min.js?ver=4d63a3d491d11ffd8ac6 HTTP/1.1" 200 1644 "http://www.freejobalerts.guru/" "Mozilla/5.0 (X11; Linux x86_64) AppleWebKit/537.36 (KHTML, like Gecko) HeadlessChrome/125.0.6422.60 Safari/537.36"
34.123.170.104 - - [18/Feb/2025:17:18:04 +0530] "GET /wp-includes/js/dist/i18n.min.js?ver=5e580eb46a90c2b997e6 HTTP/1.1" 200 3667 "http://www.freejobalerts.guru/" "Mozilla/5.0 (X11; Linux x86_64) AppleWebKit/537.36 (KHTML, like Gecko) HeadlessChrome/125.0.6422.60 Safari/537.36"
34.123.170.104 - - [18/Feb/2025:17:18:05 +0530] "GET /wp-content/plugins/contact-form-7/includes/swv/js/index.js?ver=6.0.3 HTTP/1.1" 200 3522 "http://www.freejobalerts.guru/" "Mozilla/5.0 (X11; Linux x86_64) AppleWebKit/537.36 (KHTML, like Gecko) HeadlessChrome/125.0.6422.60 Safari/537.36"
34.123.170.104 - - [18/Feb/2025:17:18:05 +0530] "GET /wp-content/plugins/contact-form-7/includes/js/index.js?ver=6.0.3 HTTP/1.1" 200 4236 "http://www.freejobalerts.guru/" "Mozilla/5.0 (X11; Linux x86_64) AppleWebKit/537.36 (KHTML, like Gecko) HeadlessChrome/125.0.6422.60 Safari/537.36"
34.123.170.104 - - [18/Feb/2025:17:18:05 +0530] "GET /wp-content/themes/generatepress/assets/js/menu.min.js?ver=3.5.1 HTTP/1.1" 200 1828 "http://www.freejobalerts.guru/" "Mozilla/5.0 (X11; Linux x86_64) AppleWebKit/537.36 (KHTML, like Gecko) HeadlessChrome/125.0.6422.60 Safari/537.36"
34.72.176.129 - - [18/Feb/2025:17:18:26 +0530] "GET /wp-content/themes/generatepress/assets/css/main.min.css?ver=3.5.1 HTTP/1.1" 200 4670 "http://www.freejobalerts.guru/" "Mozilla/5.0 (X11; Linux x86_64) AppleWebKit/537.36 (KHTML, like Gecko) HeadlessChrome/125.0.6422.60 Safari/537.36"
34.72.176.129 - - [18/Feb/2025:17:18:26 +0530] "GET /wp-content/themes/generatepress/assets/js/menu.min.js?ver=3.5.1 HTTP/1.1" 200 1828 "http://www.freejobalerts.guru/" "Mozilla/5.0 (X11; Linux x86_64) AppleWebKit/537.36 (KHTML, like Gecko) HeadlessChrome/125.0.6422.60 Safari/537.36"
62.141.44.236 - - [18/Feb/2025:17:21:52 +0530] "GET / HTTP/1.1" 200 12831 "-" "Mozilla/5.0 (Windows NT 10.0; Win64; x64) AppleWebKit/537.36 (KHTML, like Gecko) Chrome/91.0.4472.114 Safari/537.36 Edg/91.0.864.54"
205.169.39.172 - - [18/Feb/2025:17:22:37 +0530] "GET / HTTP/1.1" 301 0 "-" "Mozilla/5.0 (Windows NT 6.1; Win64; x64) AppleWebKit/537.36 (KHTML, like Gecko) Chrome/83.0.4103.61 Safari/537.36"
205.169.39.172 - - [18/Feb/2025:17:22:41 +0530] "GET / HTTP/1.1" 200 11233 "-" "Mozilla/5.0 (Windows NT 6.1; Win64; x64) AppleWebKit/537.36 (KHTML, like Gecko) Chrome/83.0.4103.61 Safari/537.36"
205.169.39.172 - - [18/Feb/2025:17:22:45 +0530] "GET /wp-includes/js/dist/hooks.min.js?ver=4d63a3d491d11ffd8ac6 HTTP/1.1" 200 1571 "http://www.freejobalerts.guru/" "Mozilla/5.0 (Windows NT 6.1; Win64; x64) AppleWebKit/537.36 (KHTML, like Gecko) Chrome/83.0.4103.61 Safari/537.36"
91.220.229.112 - - [18/Feb/2025:17:12:51 +0530] "GET / HTTP/1.1" 301 0 "-" "Mozilla/5.0 (Windows NT 10.0; Win64; x64) AppleWebKit/537.36 (KHTML, like Gecko) Chrome/122.0.0.0 Safari/537.36"
84.54.29.47 - - [18/Feb/2025:17:13:02 +0530] "GET /favicon.ico HTTP/1.1" 404 1251 "-" "Mozilla/5.0 (Windows NT 10.0; Win64; x64) AppleWebKit/537.36 (KHTML, like Gecko) Chrome/121.0.0.0 Safari/537.36 Edg/121.0.0.0 Agency/98.8.8188.80"
103.14.143.67 - - [18/Feb/2025:17:17:10 +0530] "GET / HTTP/1.1" 200 12831 "-" "Mozilla/5.0 (Windows NT 10.0; WOW64) AppleWebKit/537.36 (KHTML, like Gecko) Chrome/90.0.4430.72 Safari/537.36"
103.14.143.67 - - [18/Feb/2025:17:17:11 +0530] "GET /wp-content/plugins/contact-form-7/includes/css/styles.css?ver=6.0.3 HTTP/1.1" 200 1016 "http://www.freejobalerts.guru/" "Mozilla/5.0 (Windows NT 10.0; WOW64) AppleWebKit/537.36 (KHTML, like Gecko) Chrome/90.0.4430.72 Safari/537.36"
103.14.143.67 - - [18/Feb/2025:17:17:11 +0530] "GET /wp-includes/js/dist/hooks.min.js?ver=4d63a3d491d11ffd8ac6 HTTP/1.1" 200 1644 "http://www.freejobalerts.guru/" "Mozilla/5.0 (Windows NT 10.0; WOW64) AppleWebKit/537.36 (KHTML, like Gecko) Chrome/90.0.4430.72 Safari/537.36"
34.123.170.104 - - [18/Feb/2025:17:18:26 +0530] "GET /wp-content/plugins/gp-premium/blog/functions/css/featured-images.min.css?ver=2.0.2 HTTP/1.1" 200 501 "http://www.freejobalerts.guru/" "Mozilla/5.0 (X11; Linux x86_64) AppleWebKit/537.36 (KHTML, like Gecko) HeadlessChrome/125.0.6422.60 Safari/537.36"
34.123.170.104 - - [18/Feb/2025:17:18:26 +0530] "GET /wp-includes/js/dist/i18n.min.js?ver=5e580eb46a90c2b997e6 HTTP/1.1" 200 3667 "http://www.freejobalerts.guru/" "Mozilla/5.0 (X11; Linux x86_64) AppleWebKit/537.36 (KHTML, like Gecko) HeadlessChrome/125.0.6422.60 Safari/537.36"
162.55.100.32 - - [18/Feb/2025:17:22:38 +0530] "POST /wp-cron.php?doing_wp_cron=1739879558.0150659084320068359375 HTTP/1.1" 200 0 "-" "WordPress/6.7.2; https://www.freejobalerts.guru"
205.169.39.172 - - [18/Feb/2025:17:22:48 +0530] "GET /wp-includes/css/dist/block-library/style.min.css?ver=6.7.2 HTTP/1.1" 200 15146 "http://www.freejobalerts.guru/" "Mozilla/5.0 (Windows NT 10.0; Win64; x64) AppleWebKit/537.36 (KHTML, like Gecko) Chrome/79.0.3945.79 Safari/537.36"
205.169.39.172 - - [18/Feb/2025:17:22:48 +0530] "GET /wp-content/plugins/related-posts-thumbnails/assets/css/front.css?ver=4.2.1 HTTP/1.1" 200 1198 "http://www.freejobalerts.guru/" "Mozilla/5.0 (Windows NT 10.0; Win64; x64) AppleWebKit/537.36 (KHTML, like Gecko) Chrome/79.0.3945.79 Safari/537.36"
205.169.39.172 - - [18/Feb/2025:17:22:48 +0530] "GET /wp-includes/js/dist/i18n.min.js?ver=5e580eb46a90c2b997e6 HTTP/1.1" 200 3667 "http://www.freejobalerts.guru/" "Mozilla/5.0 (Windows NT 10.0; Win64; x64) AppleWebKit/537.36 (KHTML, like Gecko) Chrome/79.0.3945.79 Safari/537.36"
205.169.39.172 - - [18/Feb/2025:17:22:49 +0530] "GET /wp-content/themes/generatepress/assets/js/menu.min.js?ver=3.5.1 HTTP/1.1" 200 1828 "http://www.freejobalerts.guru/" "Mozilla/5.0 (Windows NT 10.0; Win64; x64) AppleWebKit/537.36 (KHTML, like Gecko) Chrome/79.0.3945.79 Safari/537.36"
205.169.39.172 - - [18/Feb/2025:17:22:49 +0530] "GET /wp-includes/js/wp-emoji-release.min.js?ver=6.7.2 HTTP/1.1" 200 5072 "http://www.freejobalerts.guru/" "Mozilla/5.0 (Windows NT 10.0; Win64; x64) AppleWebKit/537.36 (KHTML, like Gecko) Chrome/79.0.3945.79 Safari/537.36"
205.169.39.187 - - [18/Feb/2025:17:23:11 +0530] "GET / HTTP/1.1" 200 11233 "-" "Mozilla/5.0 (Windows NT 6.1; Win64; x64) AppleWebKit/537.36 (KHTML, like Gecko) Chrome/83.0.4103.61 Safari/537.36"
205.169.39.187 - - [18/Feb/2025:17:23:20 +0530] "GET /wp-includes/js/dist/hooks.min.js?ver=4d63a3d491d11ffd8ac6 HTTP/1.1" 200 1571 "http://www.freejobalerts.guru/" "Mozilla/5.0 (Windows NT 6.1; Win64; x64) AppleWebKit/537.36 (KHTML, like Gecko) Chrome/83.0.4103.61 Safari/537.36"
205.169.39.172 - - [18/Feb/2025:17:22:45 +0530] "GET /wp-includes/js/dist/i18n.min.js?ver=5e580eb46a90c2b997e6 HTTP/1.1" 200 3542 "http://www.freejobalerts.guru/" "Mozilla/5.0 (Windows NT 6.1; Win64; x64) AppleWebKit/537.36 (KHTML, like Gecko) Chrome/83.0.4103.61 Safari/537.36"
205.169.39.172 - - [18/Feb/2025:17:22:45 +0530] "GET /wp-content/plugins/contact-form-7/includes/swv/js/index.js?ver=6.0.3 HTTP/1.1" 200 3369 "http://www.freejobalerts.guru/" "Mozilla/5.0 (Windows NT 6.1; Win64; x64) AppleWebKit/537.36 (KHTML, like Gecko) Chrome/83.0.4103.61 Safari/537.36"
205.169.39.172 - - [18/Feb/2025:17:22:45 +0530] "GET /wp-content/plugins/contact-form-7/includes/js/index.js?ver=6.0.3 HTTP/1.1" 200 4008 "http://www.freejobalerts.guru/" "Mozilla/5.0 (Windows NT 6.1; Win64; x64) AppleWebKit/537.36 (KHTML, like Gecko) Chrome/83.0.4103.61 Safari/537.36"
205.169.39.172 - - [18/Feb/2025:17:22:45 +0530] "GET /wp-content/themes/generatepress/assets/js/menu.min.js?ver=3.5.1 HTTP/1.1" 200 1678 "http://www.freejobalerts.guru/" "Mozilla/5.0 (Windows NT 6.1; Win64; x64) AppleWebKit/537.36 (KHTML, like Gecko) Chrome/83.0.4103.61 Safari/537.36"
205.169.39.187 - - [18/Feb/2025:17:23:11 +0530] "GET / HTTP/1.1" 301 0 "-" "Mozilla/5.0 (Windows NT 6.1; Win64; x64) AppleWebKit/537.36 (KHTML, like Gecko) Chrome/83.0.4103.61 Safari/537.36"
205.169.39.187 - - [18/Feb/2025:17:23:44 +0530] "GET /wp-content/plugins/contextual-related-posts/css/rounded-thumbs.min.css?ver=3.6.2 HTTP/1.1" 200 454 "http://www.freejobalerts.guru/" "Mozilla/5.0 (Windows NT 10.0; Win64; x64) AppleWebKit/537.36 (KHTML, like Gecko) Chrome/79.0.3945.79 Safari/537.36"
205.169.39.187 - - [18/Feb/2025:17:23:44 +0530] "GET /wp-includes/js/dist/i18n.min.js?ver=5e580eb46a90c2b997e6 HTTP/1.1" 200 3667 "http://www.freejobalerts.guru/" "Mozilla/5.0 (Windows NT 10.0; Win64; x64) AppleWebKit/537.36 (KHTML, like Gecko) Chrome/79.0.3945.79 Safari/537.36"
205.169.39.139 - - [18/Feb/2025:17:28:53 +0530] "GET / HTTP/1.1" 200 12013 "-" "Mozilla/5.0 (Windows NT 6.1; Win64; x64) AppleWebKit/537.36 (KHTML, like Gecko) Chrome/83.0.4103.61 Safari/537.36"
205.169.39.139 - - [18/Feb/2025:17:28:54 +0530] "GET /wp-includes/js/dist/hooks.min.js?ver=4d63a3d491d11ffd8ac6 HTTP/1.1" 200 1571 "http://www.freejobalerts.guru/" "Mozilla/5.0 (Windows NT 6.1; Win64; x64) AppleWebKit/537.36 (KHTML, like Gecko) Chrome/83.0.4103.61 Safari/537.36"
205.169.39.139 - - [18/Feb/2025:17:28:54 +0530] "GET /wp-includes/js/dist/i18n.min.js?ver=5e580eb46a90c2b997e6 HTTP/1.1" 200 3542 "http://www.freejobalerts.guru/" "Mozilla/5.0 (Windows NT 6.1; Win64; x64) AppleWebKit/537.36 (KHTML, like Gecko) Chrome/83.0.4103.61 Safari/537.36"
205.169.39.139 - - [18/Feb/2025:17:28:54 +0530] "GET /wp-content/plugins/contact-form-7/includes/swv/js/index.js?ver=6.0.3 HTTP/1.1" 200 3369 "http://www.freejobalerts.guru/" "Mozilla/5.0 (Windows NT 6.1; Win64; x64) AppleWebKit/537.36 (KHTML, like Gecko) Chrome/83.0.4103.61 Safari/537.36"
205.169.39.139 - - [18/Feb/2025:17:28:55 +0530] "GET /wp-content/plugins/contact-form-7/includes/js/index.js?ver=6.0.3 HTTP/1.1" 200 4008 "http://www.freejobalerts.guru/" "Mozilla/5.0 (Windows NT 6.1; Win64; x64) AppleWebKit/537.36 (KHTML, like Gecko) Chrome/83.0.4103.61 Safari/537.36"
205.169.39.139 - - [18/Feb/2025:17:28:55 +0530] "GET /wp-content/themes/generatepress/assets/js/menu.min.js?ver=3.5.1 HTTP/1.1" 200 1678 "http://www.freejobalerts.guru/" "Mozilla/5.0 (Windows NT 6.1; Win64; x64) AppleWebKit/537.36 (KHTML, like Gecko) Chrome/83.0.4103.61 Safari/537.36"
205.169.39.139 - - [18/Feb/2025:17:28:55 +0530] "GET /wp-includes/js/imagesloaded.min.js?ver=5.0.0 HTTP/1.1" 200 1687 "http://www.freejobalerts.guru/" "Mozilla/5.0 (Windows NT 6.1; Win64; x64) AppleWebKit/537.36 (KHTML, like Gecko) Chrome/83.0.4103.61 Safari/537.36"
205.169.39.139 - - [18/Feb/2025:17:28:55 +0530] "GET /wp-includes/js/masonry.min.js?ver=4.2.2 HTTP/1.1" 200 7117 "http://www.freejobalerts.guru/" "Mozilla/5.0 (Windows NT 6.1; Win64; x64) AppleWebKit/537.36 (KHTML, like Gecko) Chrome/83.0.4103.61 Safari/537.36"
103.14.143.67 - - [18/Feb/2025:17:17:03 +0530] "HEAD / HTTP/1.1" 301 0 "-" "-"
103.14.143.67 - - [18/Feb/2025:17:17:10 +0530] "GET / HTTP/1.1" 301 0 "-" "Mozilla/5.0 (Windows NT 10.0; WOW64) AppleWebKit/537.36 (KHTML, like Gecko) Chrome/90.0.4430.72 Safari/537.36"
34.123.170.104 - - [18/Feb/2025:17:18:03 +0530] "GET / HTTP/1.1" 301 0 "-" "Mozilla/5.0 (X11; Linux x86_64) AppleWebKit/537.36 (KHTML, like Gecko) HeadlessChrome/125.0.6422.60 Safari/537.36"
34.72.176.129 - - [18/Feb/2025:17:18:04 +0530] "GET /wp-content/plugins/contact-form-7/includes/css/styles.css?ver=6.0.3 HTTP/1.1" 200 1016 "http://www.freejobalerts.guru/" "Mozilla/5.0 (X11; Linux x86_64) AppleWebKit/537.36 (KHTML, like Gecko) HeadlessChrome/125.0.6422.60 Safari/537.36"
34.72.176.129 - - [18/Feb/2025:17:18:04 +0530] "GET /wp-content/plugins/contextual-related-posts/css/rounded-thumbs.min.css?ver=3.6.2 HTTP/1.1" 200 454 "http://www.freejobalerts.guru/" "Mozilla/5.0 (X11; Linux x86_64) AppleWebKit/537.36 (KHTML, like Gecko) HeadlessChrome/125.0.6422.60 Safari/537.36"
205.169.39.57 - - [18/Feb/2025:17:18:11 +0530] "GET /wp-content/plugins/related-posts-thumbnails/assets/css/front.css?ver=4.2.1 HTTP/1.1" 200 1198 "-" "Mozilla/5.0 (Windows NT 10.0) AppleWebKit/537.36 (KHTML, like Gecko) Chrome/106.0.0.0 Safari/537.36"
