3.87.250.175 - - [19/Feb/2025:15:28:01 +0530] "GET /wp-content/plugins/contact-form-7/includes/js/index.js?ver=6.0.3 HTTP/1.1" 200 4236 "http://www.freejobalerts.guru/" "Mozilla/5.0 (Windows NT 10.0; Win64; x64) AppleWebKit/537.36 (KHTML, like Gecko) Chrome/103.0.5060.66 Safari/537.36 Edg/103.0.1264.44"
3.87.250.175 - - [19/Feb/2025:15:28:01 +0530] "GET /wp-includes/js/masonry.min.js?ver=4.2.2 HTTP/1.1" 200 7376 "http://www.freejobalerts.guru/" "Mozilla/5.0 (Windows NT 10.0; Win64; x64) AppleWebKit/537.36 (KHTML, like Gecko) Chrome/103.0.5060.66 Safari/537.36 Edg/103.0.1264.44"
193.41.206.202 - - [19/Feb/2025:15:28:26 +0530] "GET /composer.lock HTTP/1.1" 404 34893 "-" "-"
193.41.206.202 - - [19/Feb/2025:15:28:31 +0530] "GET /server.key HTTP/1.1" 404 34893 "-" "-"
193.41.206.202 - - [19/Feb/2025:15:28:35 +0530] "GET /dump.sh HTTP/1.1" 404 34893 "-" "-"
193.41.206.202 - - [19/Feb/2025:15:28:38 +0530] "GET /php5.ini HTTP/1.1" 404 34893 "-" "-"
193.41.206.202 - - [19/Feb/2025:15:28:41 +0530] "GET /config.php.bak HTTP/1.1" 404 34893 "-" "-"
193.41.206.202 - - [19/Feb/2025:15:28:46 +0530] "GET /src/app.js HTTP/1.1" 404 34893 "-" "-"
193.41.206.202 - - [19/Feb/2025:15:28:47 +0530] "GET /server-info HTTP/1.1" 404 34893 "-" "-"
193.41.206.202 - - [19/Feb/2025:15:28:52 +0530] "GET /docker.sh HTTP/1.1" 404 34893 "-" "-"
193.41.206.202 - - [19/Feb/2025:15:28:56 +0530] "GET /config.php.save HTTP/1.1" 404 34893 "-" "-"
193.41.206.202 - - [19/Feb/2025:15:28:57 +0530] "GET /config.ini.old HTTP/1.1" 404 34893 "-" "-"
193.41.206.202 - - [19/Feb/2025:15:28:59 +0530] "GET /~backup HTTP/1.1" 301 795 "-" "-"
2a06:98c0:3600::103 - - [19/Feb/2025:15:13:59 +0530] "GET /wordpress/wp-admin/setup-config.php HTTP/1.1" 301 0 "-" "Mozilla/5.0 (Windows NT 10.0; Win64; x64) AppleWebKit/537.36 (KHTML, like Gecko) Chrome/133.0.0.0 Safari/537.36"
162.55.100.32 - - [19/Feb/2025:15:24:21 +0530] "POST /wp-cron.php?doing_wp_cron=1739958861.4669229984283447265625 HTTP/1.1" 200 0 "-" "WordPress/6.7.2; https://www.freejobalerts.guru"
3.89.80.116 - - [19/Feb/2025:15:28:10 +0530] "GET / HTTP/1.1" 200 13765 "-" "Mozilla/5.0 (iPhone; CPU iPhone OS 12_2 like Mac OS X) AppleWebKit/605.1.15 (KHTML, like Gecko) Mobile/15E148"
3.89.80.116 - - [19/Feb/2025:15:28:17 +0530] "GET /wp-includes/css/dist/block-library/style.min.css?ver=6.7.2 HTTP/1.1" 200 15146 "http://www.freejobalerts.guru/" "Mozilla/5.0 (iPhone; CPU iPhone OS 12_2 like Mac OS X) AppleWebKit/605.1.15 (KHTML, like Gecko) Mobile/15E148"
3.89.80.116 - - [19/Feb/2025:15:28:17 +0530] "GET /wp-content/plugins/related-posts-thumbnails/assets/css/front.css?ver=4.2.1 HTTP/1.1" 200 1198 "http://www.freejobalerts.guru/" "Mozilla/5.0 (iPhone; CPU iPhone OS 12_2 like Mac OS X) AppleWebKit/605.1.15 (KHTML, like Gecko) Mobile/15E148"
3.89.80.116 - - [19/Feb/2025:15:28:18 +0530] "GET /wp-content/themes/generatepress/assets/css/main.min.css?ver=3.5.1 HTTP/1.1" 200 4670 "http://www.freejobalerts.guru/" "Mozilla/5.0 (iPhone; CPU iPhone OS 12_2 like Mac OS X) AppleWebKit/605.1.15 (KHTML, like Gecko) Mobile/15E148"
3.89.80.116 - - [19/Feb/2025:15:28:18 +0530] "GET /wp-includes/js/dist/hooks.min.js?ver=4d63a3d491d11ffd8ac6 HTTP/1.1" 200 1644 "http://www.freejobalerts.guru/" "Mozilla/5.0 (iPhone; CPU iPhone OS 12_2 like Mac OS X) AppleWebKit/605.1.15 (KHTML, like Gecko) Mobile/15E148"
3.89.80.116 - - [19/Feb/2025:15:28:18 +0530] "GET /wp-content/plugins/contact-form-7/includes/swv/js/index.js?ver=6.0.3 HTTP/1.1" 200 3522 "http://www.freejobalerts.guru/" "Mozilla/5.0 (iPhone; CPU iPhone OS 12_2 like Mac OS X) AppleWebKit/605.1.15 (KHTML, like Gecko) Mobile/15E148"
3.89.80.116 - - [19/Feb/2025:15:28:18 +0530] "GET /wp-content/themes/generatepress/assets/js/menu.min.js?ver=3.5.1 HTTP/1.1" 200 1828 "http://www.freejobalerts.guru/" "Mozilla/5.0 (iPhone; CPU iPhone OS 12_2 like Mac OS X) AppleWebKit/605.1.15 (KHTML, like Gecko) Mobile/15E148"
3.89.80.116 - - [19/Feb/2025:15:28:18 +0530] "GET /wp-includes/js/masonry.min.js?ver=4.2.2 HTTP/1.1" 200 7376 "http://www.freejobalerts.guru/" "Mozilla/5.0 (iPhone; CPU iPhone OS 12_2 like Mac OS X) AppleWebKit/605.1.15 (KHTML, like Gecko) Mobile/15E148"
3.89.80.116 - - [19/Feb/2025:15:28:18 +0530] "GET /wp-includes/js/wp-emoji-release.min.js?ver=6.7.2 HTTP/1.1" 200 5072 "http://www.freejobalerts.guru/" "Mozilla/5.0 (iPhone; CPU iPhone OS 12_2 like Mac OS X) AppleWebKit/605.1.15 (KHTML, like Gecko) Mobile/15E148"
162.55.100.32 - - [19/Feb/2025:15:23:19 +0530] "POST /wp-cron.php?doing_wp_cron=1739958799.6032800674438476562500 HTTP/1.1" 200 0 "-" "WordPress/6.7.2; https://www.freejobalerts.guru"
162.55.100.32 - - [19/Feb/2025:15:25:22 +0530] "POST /wp-cron.php?doing_wp_cron=1739958921.5252470970153808593750 HTTP/1.1" 200 0 "-" "WordPress/6.7.2; https://www.freejobalerts.guru"
162.55.100.32 - - [19/Feb/2025:15:26:23 +0530] "POST /wp-cron.php?doing_wp_cron=1739958983.1581759452819824218750 HTTP/1.1" 200 0 "-" "WordPress/6.7.2; https://www.freejobalerts.guru"
5.196.160.191 - - [19/Feb/2025:15:26:41 +0530] "GET / HTTP/1.1" 200 12345 "http://freejobalerts.guru" "Mozilla/5.0 (Windows NT 10.0; WOW64) AppleWebKit/537.36 (KHTML, like Gecko) Chrome/114.0.0.0 Safari/537.36"
3.87.250.175 - - [19/Feb/2025:15:27:59 +0530] "GET /wp-content/plugins/contact-form-7/includes/css/styles.css?ver=6.0.3 HTTP/1.1" 200 1016 "http://www.freejobalerts.guru/" "Mozilla/5.0 (Windows NT 10.0; Win64; x64) AppleWebKit/537.36 (KHTML, like Gecko) Chrome/103.0.5060.66 Safari/537.36 Edg/103.0.1264.44"
3.87.250.175 - - [19/Feb/2025:15:28:01 +0530] "GET /wp-includes/js/dist/i18n.min.js?ver=5e580eb46a90c2b997e6 HTTP/1.1" 200 3667 "http://www.freejobalerts.guru/" "Mozilla/5.0 (Windows NT 10.0; Win64; x64) AppleWebKit/537.36 (KHTML, like Gecko) Chrome/103.0.5060.66 Safari/537.36 Edg/103.0.1264.44"
3.87.250.175 - - [19/Feb/2025:15:28:01 +0530] "GET /wp-content/plugins/gp-premium/blog/functions/js/scripts.min.js?ver=2.0.2 HTTP/1.1" 200 608 "http://www.freejobalerts.guru/" "Mozilla/5.0 (Windows NT 10.0; Win64; x64) AppleWebKit/537.36 (KHTML, like Gecko) Chrome/103.0.5060.66 Safari/537.36 Edg/103.0.1264.44"
162.55.100.32 - - [19/Feb/2025:15:28:22 +0530] "POST /wp-cron.php?doing_wp_cron=1739959101.7102470397949218750000 HTTP/1.1" 200 0 "-" "WordPress/6.7.2; https://www.freejobalerts.guru"
5.196.160.191 - - [19/Feb/2025:15:26:49 +0530] "GET / HTTP/1.1" 200 12391 "http://www.freejobalerts.guru/" "Mozilla/5.0 (Windows NT 10.0; WOW64) AppleWebKit/537.36 (KHTML, like Gecko) Chrome/114.0.0.0 Safari/537.36"
3.87.250.175 - - [19/Feb/2025:15:27:59 +0530] "GET /wp-includes/css/dist/block-library/style.min.css?ver=6.7.2 HTTP/1.1" 200 15146 "http://www.freejobalerts.guru/" "Mozilla/5.0 (Windows NT 10.0; Win64; x64) AppleWebKit/537.36 (KHTML, like Gecko) Chrome/103.0.5060.66 Safari/537.36 Edg/103.0.1264.44"
3.87.250.175 - - [19/Feb/2025:15:28:01 +0530] "GET /wp-content/plugins/gp-premium/blog/functions/css/style.min.css?ver=2.0.2 HTTP/1.1" 200 1112 "http://www.freejobalerts.guru/" "Mozilla/5.0 (Windows NT 10.0; Win64; x64) AppleWebKit/537.36 (KHTML, like Gecko) Chrome/103.0.5060.66 Safari/537.36 Edg/103.0.1264.44"
3.89.80.116 - - [19/Feb/2025:15:28:03 +0530] "GET / HTTP/1.1" 301 0 "-" "Mozilla/5.0 (iPhone; CPU iPhone OS 12_2 like Mac OS X) AppleWebKit/605.1.15 (KHTML, like Gecko) Mobile/15E148"
54.89.230.129 - - [19/Feb/2025:15:28:21 +0530] "GET /favicon.ico HTTP/1.1" 404 1251 "-" "Mozilla/5.0 (Windows NT 6.3; WOW64; rv:38.0) Gecko/20100101 Firefox/38.0"
51.79.140.122 - - [19/Feb/2025:15:44:22 +0530] "GET / HTTP/1.1" 301 0 "-" "Mozilla/5.0 (Windows NT 10.0; Win64; x64) AppleWebKit/537.36 (KHTML, like Gecko) Chrome/78.0.3904.108 Safari/537.36"
51.79.140.122 - - [19/Feb/2025:15:44:28 +0530] "GET / HTTP/1.1" 200 56012 "-" "Mozilla/5.0 (Windows NT 10.0; Win64; x64) AppleWebKit/537.36 (KHTML, like Gecko) Chrome/78.0.3904.108 Safari/537.36"
51.79.140.122 - - [19/Feb/2025:15:44:29 +0530] "GET //wp-includes/wlwmanifest.xml HTTP/1.1" 200 170130 "-" "Mozilla/5.0 (Windows NT 10.0; Win64; x64) AppleWebKit/537.36 (KHTML, like Gecko) Chrome/78.0.3904.108 Safari/537.36"
51.79.140.122 - - [19/Feb/2025:15:44:30 +0530] "GET //xmlrpc.php?rsd HTTP/1.1" 200 846 "-" "Mozilla/5.0 (Windows NT 10.0; Win64; x64) AppleWebKit/537.36 (KHTML, like Gecko) Chrome/78.0.3904.108 Safari/537.36"
51.79.140.122 - - [19/Feb/2025:15:44:31 +0530] "GET //?author=1 HTTP/1.1" 301 0 "-" "Mozilla/5.0 (Windows NT 10.0; Win64; x64) AppleWebKit/537.36 (KHTML, like Gecko) Chrome/78.0.3904.108 Safari/537.36"
51.79.140.122 - - [19/Feb/2025:15:44:33 +0530] "GET //?author=2 HTTP/1.1" 301 0 "-" "Mozilla/5.0 (Windows NT 10.0; Win64; x64) AppleWebKit/537.36 (KHTML, like Gecko) Chrome/78.0.3904.108 Safari/537.36"
51.79.140.122 - - [19/Feb/2025:15:44:35 +0530] "GET //wp-json/wp/v2/users/ HTTP/1.1" 200 681 "-" "Mozilla/5.0 (Windows NT 10.0; Win64; x64) AppleWebKit/537.36 (KHTML, like Gecko) Chrome/78.0.3904.108 Safari/537.36"
51.79.140.122 - - [19/Feb/2025:15:44:36 +0530] "POST //xmlrpc.php HTTP/1.1" 200 401 "-" "Mozilla/5.0 (Windows NT 10.0; Win64; x64) AppleWebKit/537.36 (KHTML, like Gecko) Chrome/78.0.3904.108 Safari/537.36"
162.55.100.32 - - [19/Feb/2025:15:40:03 +0530] "POST /wp-cron.php?doing_wp_cron=1739959803.5046908855438232421875 HTTP/1.1" 200 0 "-" "WordPress/6.7.2; https://www.freejobalerts.guru"
162.55.100.32 - - [19/Feb/2025:15:44:26 +0530] "POST /wp-cron.php?doing_wp_cron=1739960065.1384289264678955078125 HTTP/1.1" 200 0 "-" "WordPress/6.7.2; https://www.freejobalerts.guru"
2a06:98c0:3600::103 - - [19/Feb/2025:15:40:01 +0530] "GET /wordpress/wp-admin/setup-config.php HTTP/1.1" 301 0 "-" "Mozilla/5.0 (Windows NT 10.0; Win64; x64) AppleWebKit/537.36 (KHTML, like Gecko) Chrome/133.0.0.0 Safari/537.36"
2a06:98c0:3600::103 - - [19/Feb/2025:15:39:00 +0530] "GET /wp-admin/setup-config.php HTTP/1.1" 409 1213 "-" "Mozilla/5.0 (Windows NT 10.0; Win64; x64) AppleWebKit/537.36 (KHTML, like Gecko) Chrome/133.0.0.0 Safari/537.36"
2a06:98c0:3600::103 - - [19/Feb/2025:16:03:30 +0530] "GET /wp-admin/setup-config.php HTTP/1.1" 409 1213 "-" "Mozilla/5.0 (Windows NT 10.0; Win64; x64) AppleWebKit/537.36 (KHTML, like Gecko) Chrome/133.0.0.0 Safari/537.36"
2a06:98c0:3600::103 - - [19/Feb/2025:16:05:11 +0530] "GET /wordpress/wp-admin/setup-config.php HTTP/1.1" 404 6953 "-" "Mozilla/5.0 (Windows NT 10.0; Win64; x64) AppleWebKit/537.36 (KHTML, like Gecko) Chrome/133.0.0.0 Safari/537.36"
2a06:98c0:3600::103 - - [19/Feb/2025:16:05:09 +0530] "GET /wordpress/wp-admin/setup-config.php HTTP/1.1" 301 0 "-" "Mozilla/5.0 (Windows NT 10.0; Win64; x64) AppleWebKit/537.36 (KHTML, like Gecko) Chrome/133.0.0.0 Safari/537.36"
162.55.100.32 - - [19/Feb/2025:17:18:19 +0530] "POST /wp-cron.php?doing_wp_cron=1739965698.5919399261474609375000 HTTP/1.1" 200 0 "-" "WordPress/6.7.2; https://www.freejobalerts.guru"
165.232.164.166 - - [19/Feb/2025:16:44:10 +0530] "GET /backend/.env HTTP/1.1" 404 9518 "-" "Mozilla/5.0 (Macintosh; Intel Mac OS X 10_10_1) AppleWebKit/537.36 (KHTML, like Gecko) Chrome/39.0.2171.95 Safari/537.36"
165.232.164.166 - - [19/Feb/2025:16:44:28 +0530] "GET /staging/.env HTTP/1.1" 404 9493 "-" "Mozilla/5.0 (Macintosh; Intel Mac OS X 10_10_1) AppleWebKit/537.36 (KHTML, like Gecko) Chrome/39.0.2171.95 Safari/537.36"
165.232.164.166 - - [19/Feb/2025:16:42:52 +0530] "GET /web/app_dev.php/_profiler HTTP/1.1" 404 10314 "-" "Mozilla/5.0 (Macintosh; Intel Mac OS X 10_10_1) AppleWebKit/537.36 (KHTML, like Gecko) Chrome/39.0.2171.95 Safari/537.36"
162.55.100.32 - - [19/Feb/2025:16:44:36 +0530] "POST /wp-cron.php?doing_wp_cron=1739963676.1126859188079833984375 HTTP/1.1" 200 0 "-" "WordPress/6.7.2; https://www.freejobalerts.guru"
165.232.164.166 - - [19/Feb/2025:16:45:40 +0530] "GET /phpinfo HTTP/1.1" 404 9493 "-" "Mozilla/5.0 (Macintosh; Intel Mac OS X 10_10_1) AppleWebKit/537.36 (KHTML, like Gecko) Chrome/39.0.2171.95 Safari/537.36"
165.232.164.166 - - [19/Feb/2025:16:43:01 +0530] "GET /_profiler/open?file=app/config/parameters.yml HTTP/1.1" 404 9493 "-" "Mozilla/5.0 (Macintosh; Intel Mac OS X 10_10_1) AppleWebKit/537.36 (KHTML, like Gecko) Chrome/39.0.2171.95 Safari/537.36"
165.232.164.166 - - [19/Feb/2025:16:43:30 +0530] "GET /_profiler/phpinfo HTTP/1.1" 404 9493 "-" "Mozilla/5.0 (Macintosh; Intel Mac OS X 10_10_1) AppleWebKit/537.36 (KHTML, like Gecko) Chrome/39.0.2171.95 Safari/537.36"
165.232.164.166 - - [19/Feb/2025:16:43:50 +0530] "GET /app_dev.php/_profiler HTTP/1.1" 404 9490 "-" "Mozilla/5.0 (Macintosh; Intel Mac OS X 10_10_1) AppleWebKit/537.36 (KHTML, like Gecko) Chrome/39.0.2171.95 Safari/537.36"
165.232.164.166 - - [19/Feb/2025:16:45:08 +0530] "GET /phpinfo.php HTTP/1.1" 404 9493 "-" "Mozilla/5.0 (Macintosh; Intel Mac OS X 10_10_1) AppleWebKit/537.36 (KHTML, like Gecko) Chrome/39.0.2171.95 Safari/537.36"
165.232.164.166 - - [19/Feb/2025:16:46:02 +0530] "GET /.env HTTP/1.1" 404 9493 "-" "Mozilla/5.0 (Macintosh; Intel Mac OS X 10_10_1) AppleWebKit/537.36 (KHTML, like Gecko) Chrome/39.0.2171.95 Safari/537.36"
2a06:98c0:3600::103 - - [19/Feb/2025:16:55:36 +0530] "GET /wp-admin/setup-config.php HTTP/1.1" 409 1213 "-" "Mozilla/5.0 (Windows NT 10.0; Win64; x64) AppleWebKit/537.36 (KHTML, like Gecko) Chrome/133.0.0.0 Safari/537.36"
165.232.164.166 - - [19/Feb/2025:16:42:22 +0530] "GET /web/app_dev.php/_profiler/open?file=app/config/parameters.yml HTTP/1.1" 200 0 "-" "Mozilla/5.0 (Macintosh; Intel Mac OS X 10_10_1) AppleWebKit/537.36 (KHTML, like Gecko) Chrome/39.0.2171.95 Safari/537.36"
165.232.164.166 - - [19/Feb/2025:16:43:25 +0530] "GET /app_dev.php/_profiler/open?file=app/config/parameters.yml HTTP/1.1" 404 10314 "-" "Mozilla/5.0 (Macintosh; Intel Mac OS X 10_10_1) AppleWebKit/537.36 (KHTML, like Gecko) Chrome/39.0.2171.95 Safari/537.36"
165.232.164.166 - - [19/Feb/2025:16:44:53 +0530] "GET /api/.env HTTP/1.1" 404 9493 "-" "Mozilla/5.0 (Macintosh; Intel Mac OS X 10_10_1) AppleWebKit/537.36 (KHTML, like Gecko) Chrome/39.0.2171.95 Safari/537.36"
17.241.219.32 - - [19/Feb/2025:16:52:41 +0530] "GET /robots.txt HTTP/1.1" 200 125 "-" "Mozilla/5.0 (Macintosh; Intel Mac OS X 10_15_7) AppleWebKit/605.1.15 (KHTML, like Gecko) Version/17.4 Safari/605.1.15 (Applebot/0.1; +http://www.apple.com/go/applebot)"
162.55.100.32 - - [19/Feb/2025:16:52:46 +0530] "POST /wp-cron.php?doing_wp_cron=1739964165.7747540473937988281250 HTTP/1.1" 200 0 "-" "WordPress/6.7.2; https://www.freejobalerts.guru"
17.241.219.32 - - [19/Feb/2025:16:52:42 +0530] "GET / HTTP/1.1" 301 0 "-" "Mozilla/5.0 (Macintosh; Intel Mac OS X 10_15_7) AppleWebKit/605.1.15 (KHTML, like Gecko) Version/17.4 Safari/605.1.15 (Applebot/0.1; +http://www.apple.com/go/applebot)"
2a06:98c0:3600::103 - - [19/Feb/2025:16:56:26 +0530] "GET /wordpress/wp-admin/setup-config.php HTTP/1.1" 200 0 "-" "Mozilla/5.0 (Windows NT 10.0; Win64; x64) AppleWebKit/537.36 (KHTML, like Gecko) Chrome/133.0.0.0 Safari/537.36"
2a06:98c0:3600::103 - - [19/Feb/2025:17:18:14 +0530] "GET /wordpress/wp-admin/setup-config.php HTTP/1.1" 301 0 "-" "Mozilla/5.0 (Windows NT 10.0; Win64; x64) AppleWebKit/537.36 (KHTML, like Gecko) Chrome/133.0.0.0 Safari/537.36"
162.55.100.32 - - [19/Feb/2025:16:45:22 +0530] "POST /wp-cron.php?doing_wp_cron=1739963721.4333589076995849609375 HTTP/1.1" 200 0 "-" "WordPress/6.7.2; https://www.freejobalerts.guru"
2a06:98c0:3600::103 - - [19/Feb/2025:16:29:12 +0530] "GET /wordpress/wp-admin/setup-config.php HTTP/1.1" 301 0 "-" "Mozilla/5.0 (Windows NT 10.0; Win64; x64) AppleWebKit/537.36 (KHTML, like Gecko) Chrome/133.0.0.0 Safari/537.36"
17.241.227.10 - - [19/Feb/2025:16:38:48 +0530] "GET /robots.txt HTTP/1.1" 200 125 "-" "Mozilla/5.0 (Macintosh; Intel Mac OS X 10_15_7) AppleWebKit/605.1.15 (KHTML, like Gecko) Version/17.4 Safari/605.1.15 (Applebot/0.1; +http://www.apple.com/go/applebot)"
17.241.227.10 - - [19/Feb/2025:16:38:48 +0530] "GET / HTTP/1.1" 200 13767 "-" "Mozilla/5.0 (Macintosh; Intel Mac OS X 10_15_7) AppleWebKit/605.1.15 (KHTML, like Gecko) Version/17.4 Safari/605.1.15 (Applebot/0.1; +http://www.apple.com/go/applebot)"
162.55.100.32 - - [19/Feb/2025:16:43:33 +0530] "POST /wp-cron.php?doing_wp_cron=1739963612.9302990436553955078125 HTTP/1.1" 200 0 "-" "WordPress/6.7.2; https://www.freejobalerts.guru"
2a06:98c0:3600::103 - - [19/Feb/2025:16:28:34 +0530] "GET /wp-admin/setup-config.php HTTP/1.1" 409 1213 "-" "Mozilla/5.0 (Windows NT 10.0; Win64; x64) AppleWebKit/537.36 (KHTML, like Gecko) Chrome/133.0.0.0 Safari/537.36"
162.55.100.32 - - [19/Feb/2025:16:38:53 +0530] "POST /wp-cron.php?doing_wp_cron=1739963332.9151039123535156250000 HTTP/1.1" 200 0 "-" "WordPress/6.7.2; https://www.freejobalerts.guru"
165.232.164.166 - - [19/Feb/2025:16:45:52 +0530] "GET /info.php HTTP/1.1" 404 9493 "-" "Mozilla/5.0 (Macintosh; Intel Mac OS X 10_10_1) AppleWebKit/537.36 (KHTML, like Gecko) Chrome/39.0.2171.95 Safari/537.36"
193.41.206.202 - - [19/Feb/2025:17:33:03 +0530] "GET /.env_example HTTP/1.1" 404 34833 "-" "-"
193.41.206.202 - - [19/Feb/2025:17:33:07 +0530] "GET /core/.env HTTP/1.1" 404 34833 "-" "-"
193.41.206.202 - - [19/Feb/2025:17:33:10 +0530] "GET /app/.env HTTP/1.1" 404 34833 "-" "-"
193.41.206.202 - - [19/Feb/2025:17:33:12 +0530] "GET /laravel/.env HTTP/1.1" 404 34833 "-" "-"
193.41.206.202 - - [19/Feb/2025:17:33:15 +0530] "GET /web/.env HTTP/1.1" 404 34833 "-" "-"
193.41.206.202 - - [19/Feb/2025:17:33:15 +0530] "GET /crm/.env HTTP/1.1" 404 34833 "-" "-"
193.41.206.202 - - [19/Feb/2025:17:33:19 +0530] "GET /backend/.env HTTP/1.1" 404 34833 "-" "-"
193.41.206.202 - - [19/Feb/2025:17:33:20 +0530] "GET /backend HTTP/1.1" 404 34833 "-" "-"
193.41.206.202 - - [19/Feb/2025:17:33:28 +0530] "GET /local/.env HTTP/1.1" 404 34833 "-" "-"
193.41.206.202 - - [19/Feb/2025:17:33:34 +0530] "GET /api/.env HTTP/1.1" 404 34833 "-" "-"
193.41.206.202 - - [19/Feb/2025:17:33:40 +0530] "GET /admin/.env HTTP/1.1" 404 34833 "-" "-"
193.41.206.202 - - [19/Feb/2025:17:33:46 +0530] "GET /application/.env HTTP/1.1" 404 34833 "-" "-"
193.41.206.202 - - [19/Feb/2025:17:34:06 +0530] "GET /env.bak HTTP/1.1" 404 34833 "-" "-"
193.41.206.202 - - [19/Feb/2025:17:34:15 +0530] "GET /phpinfo HTTP/1.1" 404 34833 "-" "-"
193.41.206.202 - - [19/Feb/2025:17:34:15 +0530] "GET /_profiler/phpinfo HTTP/1.1" 404 34833 "-" "-"
193.41.206.202 - - [19/Feb/2025:17:34:25 +0530] "GET /phpinfo.php HTTP/1.1" 404 34833 "-" "-"
193.41.206.202 - - [19/Feb/2025:17:34:34 +0530] "GET /.env.bak HTTP/1.1" 404 34833 "-" "-"
193.41.206.202 - - [19/Feb/2025:17:34:50 +0530] "GET /.env.backup HTTP/1.1" 404 34833 "-" "-"
193.41.206.202 - - [19/Feb/2025:17:35:10 +0530] "GET /.env_sample HTTP/1.1" 404 34833 "-" "-"
193.41.206.202 - - [19/Feb/2025:17:35:26 +0530] "GET /.env.old HTTP/1.1" 404 34833 "-" "-"
193.41.206.202 - - [19/Feb/2025:17:35:37 +0530] "GET /.env.www HTTP/1.1" 404 34833 "-" "-"
193.41.206.202 - - [19/Feb/2025:17:35:43 +0530] "GET /.docker/.env HTTP/1.1" 404 34833 "-" "-"
193.41.206.202 - - [19/Feb/2025:17:35:49 +0530] "GET /.env.dev HTTP/1.1" 404 34833 "-" "-"
193.41.206.202 - - [19/Feb/2025:17:35:56 +0530] "GET /.env.example HTTP/1.1" 404 34833 "-" "-"
193.41.206.202 - - [19/Feb/2025:17:36:12 +0530] "GET /config.env HTTP/1.1" 404 34833 "-" "-"
193.41.206.202 - - [19/Feb/2025:17:36:20 +0530] "GET /.environment HTTP/1.1" 404 34833 "-" "-"
193.41.206.202 - - [19/Feb/2025:17:36:23 +0530] "GET /.env.production HTTP/1.1" 404 34833 "-" "-"
193.41.206.202 - - [19/Feb/2025:17:36:25 +0530] "GET /.env.production.local HTTP/1.1" 404 34833 "-" "-"
193.41.206.202 - - [19/Feb/2025:17:36:31 +0530] "GET /.env.prod HTTP/1.1" 404 34833 "-" "-"
193.41.206.202 - - [19/Feb/2025:17:36:44 +0530] "GET /.env.test HTTP/1.1" 404 34833 "-" "-"
193.41.206.202 - - [19/Feb/2025:17:36:50 +0530] "GET /.env.sample.php HTTP/1.1" 404 34833 "-" "-"
193.41.206.202 - - [19/Feb/2025:17:37:00 +0530] "GET /.env.php HTTP/1.1" 404 34833 "-" "-"
193.41.206.202 - - [19/Feb/2025:17:37:08 +0530] "GET /.env1 HTTP/1.1" 404 34833 "-" "-"
162.55.100.32 - - [19/Feb/2025:17:37:31 +0530] "POST /wp-cron.php?doing_wp_cron=1739966851.3408970832824707031250 HTTP/1.1" 200 0 "-" "WordPress/6.7.2; https://www.freejobalerts.guru"
193.41.206.202 - - [19/Feb/2025:17:37:22 +0530] "GET /.venv HTTP/1.1" 404 34833 "-" "-"
193.41.206.202 - - [19/Feb/2025:17:37:33 +0530] "GET /env.prod.js HTTP/1.1" 404 34833 "-" "-"
193.41.206.202 - - [19/Feb/2025:17:37:39 +0530] "GET /config/settings.ini HTTP/1.1" 404 34833 "-" "-"
193.41.206.202 - - [19/Feb/2025:17:37:57 +0530] "GET /info HTTP/1.1" 404 34833 "-" "-"
193.41.206.202 - - [19/Feb/2025:17:38:02 +0530] "GET /env.test.js HTTP/1.1" 404 34833 "-" "-"
193.41.206.202 - - [19/Feb/2025:17:38:22 +0530] "GET /info.php HTTP/1.1" 404 34833 "-" "-"
193.41.206.202 - - [19/Feb/2025:17:38:41 +0530] "GET /portal/.env HTTP/1.1" 404 34833 "-" "-"
193.41.206.202 - - [19/Feb/2025:17:38:58 +0530] "GET /env/.env HTTP/1.1" 404 34833 "-" "-"
43.157.188.74 - - [19/Feb/2025:17:35:49 +0530] "GET / HTTP/1.1" 200 13767 "-" "Mozilla/5.0 (iPhone; CPU iPhone OS 13_2_3 like Mac OS X) AppleWebKit/605.1.15 (KHTML, like Gecko) Version/13.0.3 Mobile/15E148 Safari/604.1"
193.41.206.202 - - [19/Feb/2025:17:39:11 +0530] "GET /dev/.env HTTP/1.1" 404 34833 "-" "-"
193.41.206.202 - - [19/Feb/2025:17:39:26 +0530] "GET /new/.env HTTP/1.1" 404 34833 "-" "-"
193.41.206.202 - - [19/Feb/2025:17:39:49 +0530] "GET /new/.env.local HTTP/1.1" 404 34833 "-" "-"
193.41.206.202 - - [19/Feb/2025:17:40:01 +0530] "GET /new/.env.production HTTP/1.1" 404 34833 "-" "-"
193.41.206.202 - - [19/Feb/2025:17:40:10 +0530] "GET /new/.env.staging HTTP/1.1" 404 34833 "-" "-"
193.41.206.202 - - [19/Feb/2025:17:40:24 +0530] "GET /_phpinfo.php HTTP/1.1" 404 34833 "-" "-"
193.41.206.202 - - [19/Feb/2025:17:40:38 +0530] "GET /_profiler/phpinfo/info.php HTTP/1.1" 404 37413 "-" "-"
193.41.206.202 - - [19/Feb/2025:17:40:51 +0530] "GET /_profiler/phpinfo/phpinfo.php HTTP/1.1" 404 37413 "-" "-"
193.41.206.202 - - [19/Feb/2025:17:41:04 +0530] "GET /wp-config HTTP/1.1" 404 34833 "-" "-"
193.41.206.202 - - [19/Feb/2025:17:41:12 +0530] "GET /env.php HTTP/1.1" 404 34833 "-" "-"
193.41.206.202 - - [19/Feb/2025:17:32:56 +0530] "GET / HTTP/1.1" 301 0 "-" "-"
162.55.100.32 - - [19/Feb/2025:17:34:12 +0530] "POST /wp-cron.php?doing_wp_cron=1739966652.4028899669647216796875 HTTP/1.1" 200 0 "-" "WordPress/6.7.2; https://www.freejobalerts.guru"
162.55.100.32 - - [19/Feb/2025:17:36:28 +0530] "POST /wp-cron.php?doing_wp_cron=1739966788.0863389968872070312500 HTTP/1.1" 200 0 "-" "WordPress/6.7.2; https://www.freejobalerts.guru"
193.41.206.202 - - [19/Feb/2025:17:41:43 +0530] "GET /aws-secret.yaml HTTP/1.1" 404 34833 "-" "-"
162.55.100.32 - - [19/Feb/2025:17:42:21 +0530] "POST /wp-cron.php?doing_wp_cron=1739967141.5097050666809082031250 HTTP/1.1" 200 0 "-" "WordPress/6.7.2; https://www.freejobalerts.guru"
193.41.206.202 - - [19/Feb/2025:17:41:56 +0530] "GET /awstats/.env HTTP/1.1" 200 0 "-" "-"
193.41.206.202 - - [19/Feb/2025:17:42:56 +0530] "GET /cron/.env HTTP/1.1" 200 0 "-" "-"
193.41.206.202 - - [19/Feb/2025:17:44:11 +0530] "GET /docker/app/.env HTTP/1.1" 404 37413 "-" "-"
193.41.206.202 - - [19/Feb/2025:17:44:40 +0530] "GET /env.backup HTTP/1.1" 200 0 "-" "-"
162.55.100.32 - - [19/Feb/2025:17:45:31 +0530] "POST /wp-cron.php?doing_wp_cron=1739967331.1121520996093750000000 HTTP/1.1" 200 0 "-" "WordPress/6.7.2; https://www.freejobalerts.guru"
193.41.206.202 - - [19/Feb/2025:17:45:40 +0530] "GET /lara/info.php HTTP/1.1" 404 34833 "-" "-"
162.55.100.32 - - [19/Feb/2025:17:41:32 +0530] "POST /wp-cron.php?doing_wp_cron=1739967092.5228600502014160156250 HTTP/1.1" 200 0 "-" "WordPress/6.7.2; https://www.freejobalerts.guru"
162.55.100.32 - - [19/Feb/2025:17:39:40 +0530] "POST /wp-cron.php?doing_wp_cron=1739966976.2986400127410888671875 HTTP/1.1" 200 0 "-" "WordPress/6.7.2; https://www.freejobalerts.guru"
193.41.206.202 - - [19/Feb/2025:17:42:26 +0530] "GET /conf/.env HTTP/1.1" 404 34833 "-" "-"
162.55.100.32 - - [19/Feb/2025:17:44:33 +0530] "POST /wp-cron.php?doing_wp_cron=1739967272.8589329719543457031250 HTTP/1.1" 200 0 "-" "WordPress/6.7.2; https://www.freejobalerts.guru"
162.55.100.32 - - [19/Feb/2025:17:38:26 +0530] "POST /wp-cron.php?doing_wp_cron=1739966905.8036050796508789062500 HTTP/1.1" 200 0 "-" "WordPress/6.7.2; https://www.freejobalerts.guru"
162.55.100.32 - - [19/Feb/2025:17:43:35 +0530] "POST /wp-cron.php?doing_wp_cron=1739967215.0590450763702392578125 HTTP/1.1" 200 0 "-" "WordPress/6.7.2; https://www.freejobalerts.guru"
193.41.206.202 - - [19/Feb/2025:17:43:27 +0530] "GET /www/.env HTTP/1.1" 404 34833 "-" "-"
193.41.206.202 - - [19/Feb/2025:17:43:41 +0530] "GET /docker/.env HTTP/1.1" 200 0 "-" "-"
162.55.100.32 - - [19/Feb/2025:17:40:31 +0530] "POST /wp-cron.php?doing_wp_cron=1739967030.9069590568542480468750 HTTP/1.1" 200 0 "-" "WordPress/6.7.2; https://www.freejobalerts.guru"
2a06:98c0:3600::103 - - [19/Feb/2025:17:42:16 +0530] "GET /wordpress/wp-admin/setup-config.php HTTP/1.1" 200 0 "-" "Mozilla/5.0 (Windows NT 10.0; Win64; x64) AppleWebKit/537.36 (KHTML, like Gecko) Chrome/133.0.0.0 Safari/537.36"
193.41.206.202 - - [19/Feb/2025:17:45:10 +0530] "GET /xampp/phpinfo.php HTTP/1.1" 200 0 "-" "-"
162.55.100.32 - - [19/Feb/2025:17:50:24 +0530] "POST /wp-cron.php?doing_wp_cron=1739967624.0784280300140380859375 HTTP/1.1" 200 0 "-" "WordPress/6.7.2; https://www.freejobalerts.guru"
193.41.206.202 - - [19/Feb/2025:17:48:53 +0530] "GET /nginx/.env HTTP/1.1" 404 34833 "-" "-"
193.41.206.202 - - [19/Feb/2025:17:48:59 +0530] "GET /public/.env HTTP/1.1" 404 34833 "-" "-"
193.41.206.202 - - [19/Feb/2025:17:49:12 +0530] "GET /site/.env HTTP/1.1" 404 34833 "-" "-"
162.55.100.32 - - [19/Feb/2025:17:49:46 +0530] "POST /wp-cron.php?doing_wp_cron=1739967586.1690959930419921875000 HTTP/1.1" 200 0 "-" "WordPress/6.7.2; https://www.freejobalerts.guru"
2a06:98c0:3600::103 - - [19/Feb/2025:17:55:46 +0530] "GET /wp-admin/setup-config.php HTTP/1.1" 409 1213 "-" "Mozilla/5.0 (Windows NT 10.0; Win64; x64) AppleWebKit/537.36 (KHTML, like Gecko) Chrome/133.0.0.0 Safari/537.36"
162.55.100.32 - - [19/Feb/2025:17:47:24 +0530] "POST /wp-cron.php?doing_wp_cron=1739967444.5196230411529541015625 HTTP/1.1" 200 0 "-" "WordPress/6.7.2; https://www.freejobalerts.guru"
193.41.206.202 - - [19/Feb/2025:17:47:12 +0530] "GET /.vscode/.env HTTP/1.1" 404 34833 "-" "-"
193.41.206.202 - - [19/Feb/2025:17:47:39 +0530] "GET /js/.env HTTP/1.1" 404 34833 "-" "-"
193.41.206.202 - - [19/Feb/2025:17:47:50 +0530] "GET /laravel/core/.env HTTP/1.1" 404 37413 "-" "-"
193.41.206.202 - - [19/Feb/2025:17:48:01 +0530] "GET /mail/.env HTTP/1.1" 404 34833 "-" "-"
193.41.206.202 - - [19/Feb/2025:17:48:23 +0530] "GET /mailer/.env HTTP/1.1" 200 0 "-" "-"
162.55.100.32 - - [19/Feb/2025:17:46:25 +0530] "POST /wp-cron.php?doing_wp_cron=1739967385.1383559703826904296875 HTTP/1.1" 200 0 "-" "WordPress/6.7.2; https://www.freejobalerts.guru"
162.55.100.32 - - [19/Feb/2025:17:51:27 +0530] "POST /wp-cron.php?doing_wp_cron=1739967685.5588619709014892578125 HTTP/1.1" 200 0 "-" "WordPress/6.7.2; https://www.freejobalerts.guru"
193.41.206.202 - - [19/Feb/2025:17:46:11 +0530] "GET /lara/phpinfo.php HTTP/1.1" 404 25658 "-" "-"
193.41.206.202 - - [19/Feb/2025:17:49:25 +0530] "GET /.docker/laravel/app/.env HTTP/1.1" 404 37413 "-" "-"
193.41.206.202 - - [19/Feb/2025:17:49:42 +0530] "GET /laravel/.env.local HTTP/1.1" 404 34833 "-" "-"
193.41.206.202 - - [19/Feb/2025:17:49:49 +0530] "GET /laravel/.env.production HTTP/1.1" 404 34833 "-" "-"
193.41.206.202 - - [19/Feb/2025:17:50:04 +0530] "GET /laravel/.env.staging HTTP/1.1" 404 34833 "-" "-"
193.41.206.202 - - [19/Feb/2025:17:50:20 +0530] "GET /laravel/core/.env.local HTTP/1.1" 404 37413 "-" "-"
193.41.206.202 - - [19/Feb/2025:17:50:39 +0530] "GET /laravel/core/.env.production HTTP/1.1" 404 37413 "-" "-"
193.41.206.202 - - [19/Feb/2025:17:50:55 +0530] "GET /laravel/core/.env.staging HTTP/1.1" 404 37413 "-" "-"
193.41.206.202 - - [19/Feb/2025:17:51:08 +0530] "GET /main/.env HTTP/1.1" 404 34833 "-" "-"
193.41.206.202 - - [19/Feb/2025:17:51:32 +0530] "GET /.aws/credentials HTTP/1.1" 404 34833 "-" "-"
193.41.206.202 - - [19/Feb/2025:17:51:52 +0530] "GET /config.php HTTP/1.1" 404 34833 "-" "-"
193.41.206.202 - - [19/Feb/2025:17:52:13 +0530] "GET /sendgrid.json HTTP/1.1" 404 34833 "-" "-"
162.55.100.32 - - [19/Feb/2025:17:52:26 +0530] "POST /wp-cron.php?doing_wp_cron=1739967746.0016589164733886718750 HTTP/1.1" 200 0 "-" "WordPress/6.7.2; https://www.freejobalerts.guru"
193.41.206.202 - - [19/Feb/2025:17:52:22 +0530] "GET /bootstrap/cache/config.php HTTP/1.1" 404 37413 "-" "-"
193.41.206.202 - - [19/Feb/2025:17:52:32 +0530] "GET /storage/app/private/.env HTTP/1.1" 404 37413 "-" "-"
193.41.206.202 - - [19/Feb/2025:17:52:41 +0530] "GET /storage/logs/laravel.log HTTP/1.1" 404 37413 "-" "-"
193.41.206.202 - - [19/Feb/2025:17:52:56 +0530] "GET /composer.lock HTTP/1.1" 404 34833 "-" "-"
193.41.206.202 - - [19/Feb/2025:17:53:02 +0530] "GET /server.key HTTP/1.1" 404 34833 "-" "-"
193.41.206.202 - - [19/Feb/2025:17:53:14 +0530] "GET /dump.sh HTTP/1.1" 404 34833 "-" "-"
193.41.206.202 - - [19/Feb/2025:17:53:20 +0530] "GET /php5.ini HTTP/1.1" 404 34833 "-" "-"
193.41.206.202 - - [19/Feb/2025:17:53:29 +0530] "GET /config.php.bak HTTP/1.1" 404 34833 "-" "-"
193.41.206.202 - - [19/Feb/2025:17:53:31 +0530] "GET /src/app.js HTTP/1.1" 404 34833 "-" "-"
193.41.206.202 - - [19/Feb/2025:17:53:33 +0530] "GET /server-info HTTP/1.1" 404 34833 "-" "-"
193.41.206.202 - - [19/Feb/2025:17:53:37 +0530] "GET /docker.sh HTTP/1.1" 404 34833 "-" "-"
193.41.206.202 - - [19/Feb/2025:17:53:44 +0530] "GET /config.php.save HTTP/1.1" 404 34833 "-" "-"
193.41.206.202 - - [19/Feb/2025:17:53:46 +0530] "GET /config.ini.old HTTP/1.1" 404 34833 "-" "-"
193.41.206.202 - - [19/Feb/2025:17:53:49 +0530] "GET /~backup HTTP/1.1" 301 795 "-" "-"
193.41.206.202 - - [19/Feb/2025:17:46:41 +0530] "GET /laravel/info.php HTTP/1.1" 404 34833 "-" "-"
2a06:98c0:3600::103 - - [19/Feb/2025:17:58:01 +0530] "GET /wordpress/wp-admin/setup-config.php HTTP/1.1" 301 0 "-" "Mozilla/5.0 (Windows NT 10.0; Win64; x64) AppleWebKit/537.36 (KHTML, like Gecko) Chrome/133.0.0.0 Safari/537.36"
162.55.100.32 - - [19/Feb/2025:18:10:58 +0530] "POST /wp-cron.php?doing_wp_cron=1739968858.6441459655761718750000 HTTP/1.1" 200 0 "-" "WordPress/6.7.2; https://www.freejobalerts.guru"
94.156.177.103 - - [19/Feb/2025:18:10:54 +0530] "GET / HTTP/1.1" 301 0 "-" "Mozilla/5.0 (Windows NT 10.0; Win64; x64) AppleWebKit/537.36 (KHTML, like Gecko) Chrome/58.0.3029.110 Safari/537.36"
162.55.100.32 - - [19/Feb/2025:18:36:07 +0530] "POST /wp-cron.php?doing_wp_cron=1739970367.1957969665527343750000 HTTP/1.1" 200 0 "-" "WordPress/6.7.2; https://www.freejobalerts.guru"
162.55.100.32 - - [19/Feb/2025:18:37:22 +0530] "POST /wp-cron.php?doing_wp_cron=1739970441.0930309295654296875000 HTTP/1.1" 200 0 "-" "WordPress/6.7.2; https://www.freejobalerts.guru"
162.55.100.32 - - [19/Feb/2025:18:43:19 +0530] "POST /wp-cron.php?doing_wp_cron=1739970799.4490571022033691406250 HTTP/1.1" 200 0 "-" "WordPress/6.7.2; https://www.freejobalerts.guru"
165.232.164.166 - - [19/Feb/2025:18:36:13 +0530] "GET /web/app_dev.php/_profiler HTTP/1.1" 404 10314 "-" "Mozilla/5.0 (Macintosh; Intel Mac OS X 10_10_1) AppleWebKit/537.36 (KHTML, like Gecko) Chrome/39.0.2171.95 Safari/537.36"
162.55.100.32 - - [19/Feb/2025:18:36:24 +0530] "POST /wp-cron.php?doing_wp_cron=1739970383.9005448818206787109375 HTTP/1.1" 200 0 "-" "WordPress/6.7.2; https://www.freejobalerts.guru"
2a06:98c0:3600::103 - - [19/Feb/2025:18:23:47 +0530] "GET /wordpress/wp-admin/setup-config.php HTTP/1.1" 301 0 "-" "Mozilla/5.0 (Windows NT 10.0; Win64; x64) AppleWebKit/537.36 (KHTML, like Gecko) Chrome/133.0.0.0 Safari/537.36"
165.232.164.166 - - [19/Feb/2025:18:36:18 +0530] "GET /_profiler/open?file=app/config/parameters.yml HTTP/1.1" 404 9493 "-" "Mozilla/5.0 (Macintosh; Intel Mac OS X 10_10_1) AppleWebKit/537.36 (KHTML, like Gecko) Chrome/39.0.2171.95 Safari/537.36"
165.232.164.166 - - [19/Feb/2025:18:37:07 +0530] "GET /backend/.env HTTP/1.1" 404 9490 "-" "Mozilla/5.0 (Macintosh; Intel Mac OS X 10_10_1) AppleWebKit/537.36 (KHTML, like Gecko) Chrome/39.0.2171.95 Safari/537.36"
162.55.100.32 - - [19/Feb/2025:18:18:36 +0530] "POST /wp-cron.php?doing_wp_cron=1739969316.0954630374908447265625 HTTP/1.1" 200 0 "-" "WordPress/6.7.2; https://www.freejobalerts.guru"
165.232.164.166 - - [19/Feb/2025:18:36:03 +0530] "GET /web/app_dev.php/_profiler/open?file=app/config/parameters.yml HTTP/1.1" 404 10314 "-" "Mozilla/5.0 (Macintosh; Intel Mac OS X 10_10_1) AppleWebKit/537.36 (KHTML, like Gecko) Chrome/39.0.2171.95 Safari/537.36"
165.232.164.166 - - [19/Feb/2025:18:36:42 +0530] "GET /_profiler/phpinfo HTTP/1.1" 404 9493 "-" "Mozilla/5.0 (Macintosh; Intel Mac OS X 10_10_1) AppleWebKit/537.36 (KHTML, like Gecko) Chrome/39.0.2171.95 Safari/537.36"
165.232.164.166 - - [19/Feb/2025:18:37:26 +0530] "GET /phpinfo.php HTTP/1.1" 404 9493 "-" "Mozilla/5.0 (Macintosh; Intel Mac OS X 10_10_1) AppleWebKit/537.36 (KHTML, like Gecko) Chrome/39.0.2171.95 Safari/537.36"
2a06:98c0:3600::103 - - [19/Feb/2025:18:22:42 +0530] "GET /wordpress/wp-admin/setup-config.php HTTP/1.1" 200 0 "-" "Mozilla/5.0 (Windows NT 10.0; Win64; x64) AppleWebKit/537.36 (KHTML, like Gecko) Chrome/133.0.0.0 Safari/537.36"
162.55.100.32 - - [19/Feb/2025:18:22:41 +0530] "POST /wp-cron.php?doing_wp_cron=1739969560.4706399440765380859375 HTTP/1.1" 200 0 "-" "WordPress/6.7.2; https://www.freejobalerts.guru"
2a06:98c0:3600::103 - - [19/Feb/2025:18:23:23 +0530] "GET /wp-admin/setup-config.php HTTP/1.1" 409 1213 "-" "Mozilla/5.0 (Windows NT 10.0; Win64; x64) AppleWebKit/537.36 (KHTML, like Gecko) Chrome/133.0.0.0 Safari/537.36"
165.232.164.166 - - [19/Feb/2025:18:36:58 +0530] "GET /app_dev.php/_profiler HTTP/1.1" 404 9493 "-" "Mozilla/5.0 (Macintosh; Intel Mac OS X 10_10_1) AppleWebKit/537.36 (KHTML, like Gecko) Chrome/39.0.2171.95 Safari/537.36"
165.232.164.166 - - [19/Feb/2025:18:38:00 +0530] "GET /.env HTTP/1.1" 404 9493 "-" "Mozilla/5.0 (Macintosh; Intel Mac OS X 10_10_1) AppleWebKit/537.36 (KHTML, like Gecko) Chrome/39.0.2171.95 Safari/537.36"
45.143.142.107 - - [19/Feb/2025:18:18:31 +0530] "GET / HTTP/1.1" 301 0 "-" "Mozilla/5.0 (Macintosh; Intel Mac OS X 13_6) AppleWebKit/605.1.15 (KHTML, like Gecko) Version/17.0 Safari/605.1.15"
91.206.68.123 - - [19/Feb/2025:18:18:42 +0530] "GET / HTTP/1.1" 200 7152 "-" "Mozilla/5.0 (Macintosh; Intel Mac OS X 13_6) AppleWebKit/605.1.15 (KHTML, like Gecko) Version/17.0 Safari/605.1.15"
165.232.164.166 - - [19/Feb/2025:18:37:16 +0530] "GET /staging/.env HTTP/1.1" 404 9490 "-" "Mozilla/5.0 (Macintosh; Intel Mac OS X 10_10_1) AppleWebKit/537.36 (KHTML, like Gecko) Chrome/39.0.2171.95 Safari/537.36"
165.232.164.166 - - [19/Feb/2025:18:37:46 +0530] "GET /info.php HTTP/1.1" 404 9493 "-" "Mozilla/5.0 (Macintosh; Intel Mac OS X 10_10_1) AppleWebKit/537.36 (KHTML, like Gecko) Chrome/39.0.2171.95 Safari/537.36"
2a06:98c0:3600::103 - - [19/Feb/2025:18:22:38 +0530] "GET /wordpress/wp-admin/setup-config.php HTTP/1.1" 301 0 "-" "Mozilla/5.0 (Windows NT 10.0; Win64; x64) AppleWebKit/537.36 (KHTML, like Gecko) Chrome/133.0.0.0 Safari/537.36"
165.232.164.166 - - [19/Feb/2025:18:36:32 +0530] "GET /app_dev.php/_profiler/open?file=app/config/parameters.yml HTTP/1.1" 404 10314 "-" "Mozilla/5.0 (Macintosh; Intel Mac OS X 10_10_1) AppleWebKit/537.36 (KHTML, like Gecko) Chrome/39.0.2171.95 Safari/537.36"
165.232.164.166 - - [19/Feb/2025:18:37:19 +0530] "GET /api/.env HTTP/1.1" 404 9493 "-" "Mozilla/5.0 (Macintosh; Intel Mac OS X 10_10_1) AppleWebKit/537.36 (KHTML, like Gecko) Chrome/39.0.2171.95 Safari/537.36"
165.232.164.166 - - [19/Feb/2025:18:37:36 +0530] "GET /phpinfo HTTP/1.1" 404 9493 "-" "Mozilla/5.0 (Macintosh; Intel Mac OS X 10_10_1) AppleWebKit/537.36 (KHTML, like Gecko) Chrome/39.0.2171.95 Safari/537.36"
144.76.68.76 - - [19/Feb/2025:18:43:12 +0530] "GET /robots.txt HTTP/1.1" 200 125 "-" "serpstatbot/2.1 (advanced backlink tracking bot; https://serpstatbot.com/; abuse@serpstatbot.com)"
144.76.68.76 - - [19/Feb/2025:18:43:12 +0530] "GET / HTTP/1.1" 301 0 "-" "serpstatbot/2.1 (advanced backlink tracking bot; https://serpstatbot.com/; abuse@serpstatbot.com)"
162.55.100.32 - - [19/Feb/2025:18:49:49 +0530] "POST /wp-cron.php?doing_wp_cron=1739971189.7574319839477539062500 HTTP/1.1" 200 0 "-" "WordPress/6.7.2; https://www.freejobalerts.guru"
2a06:98c0:3600::103 - - [19/Feb/2025:18:49:46 +0530] "GET /wordpress/wp-admin/setup-config.php HTTP/1.1" 301 0 "-" "Mozilla/5.0 (Windows NT 10.0; Win64; x64) AppleWebKit/537.36 (KHTML, like Gecko) Chrome/133.0.0.0 Safari/537.36"
162.55.100.32 - - [19/Feb/2025:19:15:59 +0530] "POST /wp-cron.php?doing_wp_cron=1739972759.4048929214477539062500 HTTP/1.1" 200 0 "-" "WordPress/6.7.2; https://www.freejobalerts.guru"
2a06:98c0:3600::103 - - [19/Feb/2025:19:14:33 +0530] "GET /wordpress/wp-admin/setup-config.php HTTP/1.1" 200 0 "-" "Mozilla/5.0 (Windows NT 10.0; Win64; x64) AppleWebKit/537.36 (KHTML, like Gecko) Chrome/133.0.0.0 Safari/537.36"
2a06:98c0:3600::103 - - [19/Feb/2025:19:13:33 +0530] "GET /wp-admin/setup-config.php HTTP/1.1" 409 1213 "-" "Mozilla/5.0 (Windows NT 10.0; Win64; x64) AppleWebKit/537.36 (KHTML, like Gecko) Chrome/133.0.0.0 Safari/537.36"
144.76.68.76 - - [19/Feb/2025:19:15:58 +0530] "GET / HTTP/1.1" 301 0 "-" "serpstatbot/2.1 (advanced backlink tracking bot; https://serpstatbot.com/; abuse@serpstatbot.com)"
2a06:98c0:3600::103 - - [19/Feb/2025:19:39:57 +0530] "GET /wordpress/wp-admin/setup-config.php HTTP/1.1" 200 0 "-" "Mozilla/5.0 (Windows NT 10.0; Win64; x64) AppleWebKit/537.36 (KHTML, like Gecko) Chrome/133.0.0.0 Safari/537.36"
162.55.100.32 - - [19/Feb/2025:19:40:08 +0530] "POST /wp-cron.php?doing_wp_cron=1739974208.5393640995025634765625 HTTP/1.1" 200 0 "-" "WordPress/6.7.2; https://www.freejobalerts.guru"
198.244.164.27 - - [19/Feb/2025:20:09:43 +0530] "GET / HTTP/1.1" 301 0 "-" "Mozilla/5.0 (Windows NT 10.0; Win64; x64) AppleWebKit/537.36 (KHTML, like Gecko) Chrome/51.0.2704.106 Safari/537.36"
162.55.100.32 - - [19/Feb/2025:20:03:53 +0530] "POST /wp-cron.php?doing_wp_cron=1739975632.2728669643402099609375 HTTP/1.1" 200 0 "-" "WordPress/6.7.2; https://www.freejobalerts.guru"
2a06:98c0:3600::103 - - [19/Feb/2025:20:03:50 +0530] "GET /wordpress/wp-admin/setup-config.php HTTP/1.1" 301 0 "-" "Mozilla/5.0 (Windows NT 10.0; Win64; x64) AppleWebKit/537.36 (KHTML, like Gecko) Chrome/133.0.0.0 Safari/537.36"
144.76.68.76 - - [19/Feb/2025:19:47:20 +0530] "GET /robots.txt HTTP/1.1" 200 125 "-" "serpstatbot/2.1 (advanced backlink tracking bot; https://serpstatbot.com/; abuse@serpstatbot.com)"
144.76.68.76 - - [19/Feb/2025:19:47:20 +0530] "GET / HTTP/1.1" 200 13770 "-" "serpstatbot/2.1 (advanced backlink tracking bot; https://serpstatbot.com/; abuse@serpstatbot.com)"
162.55.100.32 - - [19/Feb/2025:19:47:24 +0530] "POST /wp-cron.php?doing_wp_cron=1739974644.0075690746307373046875 HTTP/1.1" 200 0 "-" "WordPress/6.7.2; https://www.freejobalerts.guru"
162.55.100.32 - - [19/Feb/2025:20:09:46 +0530] "POST /wp-cron.php?doing_wp_cron=1739975986.7758710384368896484375 HTTP/1.1" 200 0 "-" "WordPress/6.7.2; https://www.freejobalerts.guru"
198.244.164.27 - - [19/Feb/2025:20:09:53 +0530] "GET / HTTP/1.1" 200 0 "-" "Mozilla/5.0 (iPhone; CPU iPhone OS 14_6 like Mac OS X) AppleWebKit/605.1.15 (KHTML, like Gecko) Version/14.0.3 Mobile/15E148 Safari/604.1"
2a06:98c0:3600::103 - - [19/Feb/2025:20:30:31 +0530] "GET /wordpress/wp-admin/setup-config.php HTTP/1.1" 200 0 "-" "Mozilla/5.0 (Windows NT 10.0; Win64; x64) AppleWebKit/537.36 (KHTML, like Gecko) Chrome/133.0.0.0 Safari/537.36"
162.55.100.32 - - [19/Feb/2025:20:30:42 +0530] "POST /wp-cron.php?doing_wp_cron=1739977240.1043720245361328125000 HTTP/1.1" 200 0 "-" "WordPress/6.7.2; https://www.freejobalerts.guru"
49.51.33.159 - - [19/Feb/2025:20:39:28 +0530] "GET / HTTP/1.1" 200 0 "-" "Mozilla/5.0 (iPhone; CPU iPhone OS 13_2_3 like Mac OS X) AppleWebKit/605.1.15 (KHTML, like Gecko) Version/13.0.3 Mobile/15E148 Safari/604.1"
162.55.100.32 - - [19/Feb/2025:20:39:52 +0530] "POST /wp-cron.php?doing_wp_cron=1739977791.3894178867340087890625 HTTP/1.1" 200 0 "-" "WordPress/6.7.2; https://www.freejobalerts.guru"
162.55.100.32 - - [19/Feb/2025:21:00:04 +0530] "POST /wp-cron.php?doing_wp_cron=1739979003.8894169330596923828125 HTTP/1.1" 200 0 "-" "WordPress/6.7.2; https://www.freejobalerts.guru"
176.53.223.246 - - [19/Feb/2025:21:00:20 +0530] "GET /favicon.ico HTTP/1.1" 404 1251 "-" "Mozilla/5.0 (Windows NT 10.0; Win64; x64) AppleWebKit/537.36 (KHTML, like Gecko) Chrome/94.0.4606.61 Safari/537.36"
45.90.60.86 - - [19/Feb/2025:20:59:59 +0530] "GET / HTTP/1.1" 301 0 "-" "Mozilla/5.0 (Windows NT 10.0; Win64; x64) AppleWebKit/537.36 (KHTML, like Gecko) Chrome/94.0.4606.61 Safari/537.36"
173.244.56.148 - - [19/Feb/2025:21:05:15 +0530] "GET / HTTP/1.1" 200 13767 "-" "Mozilla/5.0 (Windows NT 10.0; Win64; x64) AppleWebKit/537.36 (KHTML, like Gecko) Chrome/84.0.4147.89 Safari/537.36"
2a06:98c0:3600::103 - - [19/Feb/2025:20:55:35 +0530] "GET /wordpress/wp-admin/setup-config.php HTTP/1.1" 200 0 "-" "Mozilla/5.0 (Windows NT 10.0; Win64; x64) AppleWebKit/537.36 (KHTML, like Gecko) Chrome/133.0.0.0 Safari/537.36"
2a06:98c0:3600::103 - - [19/Feb/2025:20:55:31 +0530] "GET /wp-admin/setup-config.php HTTP/1.1" 409 1213 "-" "Mozilla/5.0 (Windows NT 10.0; Win64; x64) AppleWebKit/537.36 (KHTML, like Gecko) Chrome/133.0.0.0 Safari/537.36"
162.55.100.32 - - [19/Feb/2025:20:55:31 +0530] "POST /wp-cron.php?doing_wp_cron=1739978731.7015390396118164062500 HTTP/1.1" 200 0 "-" "WordPress/6.7.2; https://www.freejobalerts.guru"
176.53.218.255 - - [19/Feb/2025:21:00:06 +0530] "GET / HTTP/1.1" 200 13767 "-" "Mozilla/5.0 (Windows NT 10.0; Win64; x64) AppleWebKit/537.36 (KHTML, like Gecko) Chrome/94.0.4606.61 Safari/537.36"
162.55.100.32 - - [19/Feb/2025:21:04:33 +0530] "POST /wp-cron.php?doing_wp_cron=1739979273.4971261024475097656250 HTTP/1.1" 200 0 "-" "WordPress/6.7.2; https://www.freejobalerts.guru"
162.55.100.32 - - [19/Feb/2025:21:05:23 +0530] "POST /wp-cron.php?doing_wp_cron=1739979323.1001279354095458984375 HTTP/1.1" 200 0 "-" "WordPress/6.7.2; https://www.freejobalerts.guru"
46.4.33.48 - - [19/Feb/2025:20:53:22 +0530] "GET / HTTP/1.1" 200 0 "-" "Mozilla/5.0 (Windows; U; Windows NT 5.1; ru; rv:1.9.0.1) Gecko/2008070208"
176.53.218.218 - - [19/Feb/2025:21:00:07 +0530] "GET / HTTP/1.1" 301 0 "-" "Mozilla/5.0 (Windows NT 10.0; Win64; x64) AppleWebKit/537.36 (KHTML, like Gecko) Chrome/94.0.4606.61 Safari/537.36"
157.245.70.112 - - [19/Feb/2025:20:39:56 +0530] "GET / HTTP/1.1" 200 13773 "-" "Mozilla/5.0 (Windows NT 10.0; Win64; x64; rv:65.0) Gecko/20100101 Firefox/65.0"
157.245.70.112 - - [19/Feb/2025:20:40:44 +0530] "GET /favicon.ico HTTP/1.1" 404 1251 "-" "Mozilla/5.0 (Windows NT 10.0; Win64; x64; rv:65.0) Gecko/20100101 Firefox/65.0"
2a06:98c0:3600::103 - - [19/Feb/2025:20:55:31 +0530] "GET /wordpress/wp-admin/setup-config.php HTTP/1.1" 301 0 "-" "Mozilla/5.0 (Windows NT 10.0; Win64; x64) AppleWebKit/537.36 (KHTML, like Gecko) Chrome/133.0.0.0 Safari/537.36"
157.245.70.112 - - [19/Feb/2025:20:39:56 +0530] "GET / HTTP/1.1" 200 13773 "-" "Mozilla/5.0 (Windows NT 10.0; Win64; x64; rv:65.0) Gecko/20100101 Firefox/65.0"
157.245.70.112 - - [19/Feb/2025:20:40:31 +0530] "GET /favicon.ico HTTP/1.1" 404 1251 "-" "Mozilla/5.0 (Windows NT 10.0; Win64; x64; rv:65.0) Gecko/20100101 Firefox/65.0"
173.244.56.148 - - [19/Feb/2025:21:04:30 +0530] "GET / HTTP/1.1" 301 0 "-" "Mozilla/5.0 (Windows NT 10.0; Win64; x64) AppleWebKit/537.36 (KHTML, like Gecko) Chrome/84.0.4147.89 Safari/537.36"
162.55.100.32 - - [19/Feb/2025:21:21:47 +0530] "POST /wp-cron.php?doing_wp_cron=1739980307.3043999671936035156250 HTTP/1.1" 200 0 "-" "WordPress/6.7.2; https://www.freejobalerts.guru"
2a06:98c0:3600::103 - - [19/Feb/2025:21:21:40 +0530] "GET /wordpress/wp-admin/setup-config.php HTTP/1.1" 200 0 "-" "Mozilla/5.0 (Windows NT 10.0; Win64; x64) AppleWebKit/537.36 (KHTML, like Gecko) Chrome/133.0.0.0 Safari/537.36"
66.70.240.184 - - [19/Feb/2025:21:20:42 +0530] "GET /wp-includes/css/dist/block-library/style.min.css?ver=6.7.2 HTTP/1.1" 200 114706 "-" "Mozilla/5.0 (X11; Ubuntu; Linux x86_64; rv:130.0) Gecko/20100101 Firefox/130.0"
193.41.206.72 - - [19/Feb/2025:21:26:36 +0530] "GET / HTTP/1.1" 301 0 "-" "-"
162.55.100.32 - - [19/Feb/2025:21:26:39 +0530] "POST /wp-cron.php?doing_wp_cron=1739980597.6760311126708984375000 HTTP/1.1" 200 0 "-" "WordPress/6.7.2; https://www.freejobalerts.guru"
162.55.100.32 - - [19/Feb/2025:21:48:00 +0530] "POST /wp-cron.php?doing_wp_cron=1739981879.2660059928894042968750 HTTP/1.1" 200 0 "-" "WordPress/6.7.2; https://www.freejobalerts.guru"
2a06:98c0:3600::103 - - [19/Feb/2025:21:47:51 +0530] "GET /wordpress/wp-admin/setup-config.php HTTP/1.1" 200 0 "-" "Mozilla/5.0 (Windows NT 10.0; Win64; x64) AppleWebKit/537.36 (KHTML, like Gecko) Chrome/133.0.0.0 Safari/537.36"
157.245.69.116 - - [19/Feb/2025:21:58:08 +0530] "GET / HTTP/1.1" 200 13758 "-" "Mozilla/5.0 (Windows NT 10.0; Win64; x64; rv:65.0) Gecko/20100101 Firefox/65.0"
157.245.69.116 - - [19/Feb/2025:21:58:20 +0530] "GET /favicon.ico HTTP/1.1" 404 1251 "-" "Mozilla/5.0 (Windows NT 10.0; Win64; x64; rv:65.0) Gecko/20100101 Firefox/65.0"
157.245.70.112 - - [19/Feb/2025:21:58:04 +0530] "GET / HTTP/1.1" 301 0 "-" "Mozilla/5.0 (Windows NT 10.0; Win64; x64; rv:65.0) Gecko/20100101 Firefox/65.0"
157.245.70.112 - - [19/Feb/2025:21:58:10 +0530] "GET / HTTP/1.1" 200 13767 "http://freejobalerts.guru/" "Mozilla/5.0 (Windows NT 10.0; Win64; x64; rv:65.0) Gecko/20100101 Firefox/65.0"
157.245.70.112 - - [19/Feb/2025:21:58:19 +0530] "GET /favicon.ico HTTP/1.1" 404 1251 "-" "Mozilla/5.0 (Windows NT 10.0; Win64; x64; rv:65.0) Gecko/20100101 Firefox/65.0"
2a06:98c0:3600::103 - - [19/Feb/2025:22:14:10 +0530] "GET /wp-admin/setup-config.php HTTP/1.1" 409 1213 "-" "Mozilla/5.0 (Windows NT 10.0; Win64; x64) AppleWebKit/537.36 (KHTML, like Gecko) Chrome/133.0.0.0 Safari/537.36"
2a06:98c0:3600::103 - - [19/Feb/2025:22:14:08 +0530] "GET /wordpress/wp-admin/setup-config.php HTTP/1.1" 404 10305 "-" "Mozilla/5.0 (Windows NT 10.0; Win64; x64) AppleWebKit/537.36 (KHTML, like Gecko) Chrome/133.0.0.0 Safari/537.36"
2a06:98c0:3600::103 - - [19/Feb/2025:22:14:05 +0530] "GET /wordpress/wp-admin/setup-config.php HTTP/1.1" 301 0 "-" "Mozilla/5.0 (Windows NT 10.0; Win64; x64) AppleWebKit/537.36 (KHTML, like Gecko) Chrome/133.0.0.0 Safari/537.36"
2a06:98c0:3600::103 - - [19/Feb/2025:22:37:09 +0530] "GET /wp-admin/setup-config.php HTTP/1.1" 409 1213 "-" "Mozilla/5.0 (Windows NT 10.0; Win64; x64) AppleWebKit/537.36 (KHTML, like Gecko) Chrome/133.0.0.0 Safari/537.36"
162.55.100.32 - - [19/Feb/2025:22:38:41 +0530] "POST /wp-cron.php?doing_wp_cron=1739984921.3672111034393310546875 HTTP/1.1" 200 0 "-" "WordPress/6.7.2; https://www.freejobalerts.guru"
2a06:98c0:3600::103 - - [19/Feb/2025:22:38:37 +0530] "GET /wordpress/wp-admin/setup-config.php HTTP/1.1" 301 0 "-" "Mozilla/5.0 (Windows NT 10.0; Win64; x64) AppleWebKit/537.36 (KHTML, like Gecko) Chrome/133.0.0.0 Safari/537.36"
2a06:98c0:3600::103 - - [19/Feb/2025:23:08:20 +0530] "GET /wordpress/wp-admin/setup-config.php HTTP/1.1" 301 0 "-" "Mozilla/5.0 (Windows NT 10.0; Win64; x64) AppleWebKit/537.36 (KHTML, like Gecko) Chrome/133.0.0.0 Safari/537.36"
2a06:98c0:3600::103 - - [19/Feb/2025:23:07:51 +0530] "GET /wp-admin/setup-config.php HTTP/1.1" 409 1213 "-" "Mozilla/5.0 (Windows NT 10.0; Win64; x64) AppleWebKit/537.36 (KHTML, like Gecko) Chrome/133.0.0.0 Safari/537.36"
199.45.154.146 - - [19/Feb/2025:23:05:31 +0530] "GET / HTTP/1.1" 200 0 "-" "Mozilla/5.0 (compatible; CensysInspect/1.1; +https://about.censys.io/)"
162.55.100.32 - - [19/Feb/2025:23:08:21 +0530] "POST /wp-cron.php?doing_wp_cron=1739986701.1086521148681640625000 HTTP/1.1" 200 0 "-" "WordPress/6.7.2; https://www.freejobalerts.guru"
2a06:98c0:3600::103 - - [19/Feb/2025:23:08:21 +0530] "GET /wordpress/wp-admin/setup-config.php HTTP/1.1" 404 10339 "-" "Mozilla/5.0 (Windows NT 10.0; Win64; x64) AppleWebKit/537.36 (KHTML, like Gecko) Chrome/133.0.0.0 Safari/537.36"
43.135.183.82 - - [19/Feb/2025:23:39:19 +0530] "GET / HTTP/1.1" 200 14256 "http://freejobalerts.guru" "Mozilla/5.0 (iPhone; CPU iPhone OS 13_2_3 like Mac OS X) AppleWebKit/605.1.15 (KHTML, like Gecko) Version/13.0.3 Mobile/15E148 Safari/604.1"
2a06:98c0:3600::103 - - [19/Feb/2025:23:35:37 +0530] "GET /wordpress/wp-admin/setup-config.php HTTP/1.1" 404 6953 "-" "Mozilla/5.0 (Windows NT 10.0; Win64; x64) AppleWebKit/537.36 (KHTML, like Gecko) Chrome/133.0.0.0 Safari/537.36"
2a06:98c0:3600::103 - - [19/Feb/2025:23:35:34 +0530] "GET /wordpress/wp-admin/setup-config.php HTTP/1.1" 301 0 "-" "Mozilla/5.0 (Windows NT 10.0; Win64; x64) AppleWebKit/537.36 (KHTML, like Gecko) Chrome/133.0.0.0 Safari/537.36"
43.135.183.82 - - [19/Feb/2025:23:39:17 +0530] "GET / HTTP/1.1" 301 0 "-" "Mozilla/5.0 (iPhone; CPU iPhone OS 13_2_3 like Mac OS X) AppleWebKit/605.1.15 (KHTML, like Gecko) Version/13.0.3 Mobile/15E148 Safari/604.1"
2a06:98c0:3600::103 - - [19/Feb/2025:23:33:47 +0530] "GET /wp-admin/setup-config.php HTTP/1.1" 409 1213 "-" "Mozilla/5.0 (Windows NT 10.0; Win64; x64) AppleWebKit/537.36 (KHTML, like Gecko) Chrome/133.0.0.0 Safari/537.36"
162.55.100.32 - - [19/Feb/2025:23:35:36 +0530] "POST /wp-cron.php?doing_wp_cron=1739988336.1870050430297851562500 HTTP/1.1" 200 0 "-" "WordPress/6.7.2; https://www.freejobalerts.guru"
162.55.100.32 - - [20/Feb/2025:00:01:31 +0530] "POST /wp-cron.php?doing_wp_cron=1739989891.4054329395294189453125 HTTP/1.1" 200 0 "-" "WordPress/6.7.2; https://www.freejobalerts.guru"
2a06:98c0:3600::103 - - [20/Feb/2025:00:01:31 +0530] "GET /wordpress/wp-admin/setup-config.php HTTP/1.1" 404 10295 "-" "Mozilla/5.0 (Windows NT 10.0; Win64; x64) AppleWebKit/537.36 (KHTML, like Gecko) Chrome/133.0.0.0 Safari/537.36"
2a06:98c0:3600::103 - - [20/Feb/2025:00:01:29 +0530] "GET /wordpress/wp-admin/setup-config.php HTTP/1.1" 301 0 "-" "Mozilla/5.0 (Windows NT 10.0; Win64; x64) AppleWebKit/537.36 (KHTML, like Gecko) Chrome/133.0.0.0 Safari/537.36"
