129.227.97.104 - - [19/Feb/2025:03:44:23 +0530] "GET /wp-content/plugins/contact-form-7/includes/swv/js/index.js?ver=6.0.3 HTTP/1.1" 200 3522 "http://www.freejobalerts.sarkariyojanaguru.xyz/" "Mozilla/5.0 (iPhone; CPU iPhone OS 18_1_1 like Mac OS X) AppleWebKit/605.1.15 (KHTML, like Gecko) Version/18.1.1 Mobile/15E148 Safari/604.1"
129.227.97.104 - - [19/Feb/2025:03:44:24 +0530] "GET /wp-content/plugins/gp-premium/blog/functions/js/scripts.min.js?ver=2.0.2 HTTP/1.1" 200 608 "http://www.freejobalerts.sarkariyojanaguru.xyz/" "Mozilla/5.0 (iPhone; CPU iPhone OS 18_1_1 like Mac OS X) AppleWebKit/605.1.15 (KHTML, like Gecko) Version/18.1.1 Mobile/15E148 Safari/604.1"
162.55.100.32 - - [19/Feb/2025:03:48:58 +0530] "POST /wp-cron.php?doing_wp_cron=1739917138.9437949657440185546875 HTTP/1.1" 200 0 "-" "WordPress/6.7.2; https://www.freejobalerts.guru"
54.196.247.85 - - [19/Feb/2025:03:48:58 +0530] "GET //www.freejobalerts.guru/wp-includes/js/masonry.min.js HTTP/1.1" 301 0 "-" "Mozilla/5.0 (Windows NT 6.0) AppleWebKit/535.2 (KHTML, like Gecko) Chrome/15.0.874.120 Safari/535.2"
89.104.110.204 - - [19/Feb/2025:03:51:51 +0530] "GET /favicon.ico HTTP/1.1" 404 1251 "-" "Mozilla/5.0 (Windows NT 10.0; Win64; x64) AppleWebKit/537.36 (KHTML, like Gecko) Chrome/94.0.4606.61 Safari/537.36"
162.55.100.32 - - [19/Feb/2025:04:42:37 +0530] "POST /wp-cron.php?doing_wp_cron=1739920357.6644830703735351562500 HTTP/1.1" 200 0 "-" "WordPress/6.7.2; https://www.freejobalerts.guru"
217.182.186.43 - - [19/Feb/2025:04:47:09 +0530] "GET /favicon.ico HTTP/1.1" 404 1251 "-" "Mozilla/5.0 (X11; Ubuntu; Linux x86_64; rv:130.0) Gecko/20100101 Firefox/130.0"
37.59.165.80 - - [19/Feb/2025:04:47:12 +0530] "GET /favicon.ico HTTP/1.1" 404 1251 "-" "Mozilla/5.0 (X11; Ubuntu; Linux x86_64; rv:130.0) Gecko/20100101 Firefox/130.0"
162.55.100.32 - - [19/Feb/2025:05:02:23 +0530] "POST /wp-cron.php?doing_wp_cron=1739921543.8565750122070312500000 HTTP/1.1" 200 0 "-" "WordPress/6.7.2; https://www.freejobalerts.guru"
129.227.97.104 - - [19/Feb/2025:03:44:21 +0530] "GET / HTTP/1.1" 200 13248 "-" "Mozilla/5.0 (iPhone; CPU iPhone OS 18_1_1 like Mac OS X) AppleWebKit/605.1.15 (KHTML, like Gecko) Version/18.1.1 Mobile/15E148 Safari/604.1"
129.227.97.104 - - [19/Feb/2025:03:44:23 +0530] "GET /wp-content/plugins/gp-premium/blog/functions/css/style.min.css?ver=2.0.2 HTTP/1.1" 200 1112 "http://www.freejobalerts.sarkariyojanaguru.xyz/" "Mozilla/5.0 (iPhone; CPU iPhone OS 18_1_1 like Mac OS X) AppleWebKit/605.1.15 (KHTML, like Gecko) Version/18.1.1 Mobile/15E148 Safari/604.1"
129.227.97.104 - - [19/Feb/2025:03:44:23 +0530] "GET /wp-content/plugins/contact-form-7/includes/js/index.js?ver=6.0.3 HTTP/1.1" 200 4236 "http://www.freejobalerts.sarkariyojanaguru.xyz/" "Mozilla/5.0 (iPhone; CPU iPhone OS 18_1_1 like Mac OS X) AppleWebKit/605.1.15 (KHTML, like Gecko) Version/18.1.1 Mobile/15E148 Safari/604.1"
129.227.97.104 - - [19/Feb/2025:03:44:27 +0530] "GET /favicon.ico HTTP/1.1" 404 1251 "http://www.freejobalerts.sarkariyojanaguru.xyz/" "Mozilla/5.0 (iPhone; CPU iPhone OS 18_1_1 like Mac OS X) AppleWebKit/605.1.15 (KHTML, like Gecko) Version/18.1.1 Mobile/15E148 Safari/604.1"
54.196.247.85 - - [19/Feb/2025:03:48:58 +0530] "GET /wp-emoji-release.min.js HTTP/1.1" 404 9518 "-" "Mozilla/5.0 (iPhone; CPU iPhone OS 12_4 like Mac OS X) AppleWebKit/605.1.15 (KHTML, like Gecko) Mobile/15E148 MicroMessenger/7.0.4(0x17000428) NetType/WIFI Language/zh_CN"
54.196.247.85 - - [19/Feb/2025:03:49:01 +0530] "GET //www.freejobalerts.guru/wp-content/plugins/contact-form-7/includes/js/index.js HTTP/1.1" 301 0 "-" "Mozilla/5.0 (Linux; Android 9; SM-N950F) AppleWebKit/537.36 (KHTML, like Gecko) Chrome/76.0.3809.89 Mobile Safari/537.36"
2a06:98c0:3600::103 - - [19/Feb/2025:03:51:22 +0530] "GET /wordpress/wp-admin/setup-config.php HTTP/1.1" 301 0 "-" "Mozilla/5.0 (Windows NT 10.0; Win64; x64) AppleWebKit/537.36 (KHTML, like Gecko) Chrome/133.0.0.0 Safari/537.36"
89.104.101.29 - - [19/Feb/2025:03:51:51 +0530] "GET / HTTP/1.1" 200 13242 "-" "Mozilla/5.0 (Windows NT 10.0; Win64; x64) AppleWebKit/537.36 (KHTML, like Gecko) Chrome/94.0.4606.61 Safari/537.36"
176.53.216.65 - - [19/Feb/2025:03:51:51 +0530] "GET /favicon.ico HTTP/1.1" 404 1251 "-" "Mozilla/5.0 (Windows NT 10.0; Win64; x64) AppleWebKit/537.36 (KHTML, like Gecko) Chrome/94.0.4606.61 Safari/537.36"
2a06:98c0:3600::103 - - [19/Feb/2025:04:13:08 +0530] "GET /wordpress/wp-admin/setup-config.php HTTP/1.1" 404 10339 "-" "Mozilla/5.0 (Windows NT 10.0; Win64; x64) AppleWebKit/537.36 (KHTML, like Gecko) Chrome/133.0.0.0 Safari/537.36"
2a06:98c0:3600::103 - - [19/Feb/2025:04:14:02 +0530] "GET /wp-admin/setup-config.php HTTP/1.1" 409 1213 "-" "Mozilla/5.0 (Windows NT 10.0; Win64; x64) AppleWebKit/537.36 (KHTML, like Gecko) Chrome/133.0.0.0 Safari/537.36"
45.74.51.70 - - [19/Feb/2025:04:42:37 +0530] "GET / HTTP/1.1" 301 0 "-" "Mozilla/5.0 (compatible; MSIE 10.0; Windows NT 6.1; Trident/6.0)"
2a06:98c0:3600::103 - - [19/Feb/2025:05:02:23 +0530] "GET /wordpress/wp-admin/setup-config.php HTTP/1.1" 404 10339 "-" "Mozilla/5.0 (Windows NT 10.0; Win64; x64) AppleWebKit/537.36 (KHTML, like Gecko) Chrome/133.0.0.0 Safari/537.36"
2a06:98c0:3600::103 - - [19/Feb/2025:05:26:45 +0530] "GET /wordpress/wp-admin/setup-config.php HTTP/1.1" 301 0 "-" "Mozilla/5.0 (Windows NT 10.0; Win64; x64) AppleWebKit/537.36 (KHTML, like Gecko) Chrome/133.0.0.0 Safari/537.36"
162.55.100.32 - - [19/Feb/2025:05:55:20 +0530] "POST /wp-cron.php?doing_wp_cron=1739924720.2954220771789550781250 HTTP/1.1" 200 0 "-" "WordPress/6.7.2; https://www.freejobalerts.guru"
2a06:98c0:3600::103 - - [19/Feb/2025:06:18:03 +0530] "GET /wordpress/wp-admin/setup-config.php HTTP/1.1" 301 0 "-" "Mozilla/5.0 (Windows NT 10.0; Win64; x64) AppleWebKit/537.36 (KHTML, like Gecko) Chrome/133.0.0.0 Safari/537.36"
2a06:98c0:3600::103 - - [19/Feb/2025:05:53:49 +0530] "GET /wordpress/wp-admin/setup-config.php HTTP/1.1" 301 0 "-" "Mozilla/5.0 (Windows NT 10.0; Win64; x64) AppleWebKit/537.36 (KHTML, like Gecko) Chrome/133.0.0.0 Safari/537.36"
49.51.33.159 - - [19/Feb/2025:05:39:02 +0530] "GET / HTTP/1.1" 301 0 "-" "Mozilla/5.0 (iPhone; CPU iPhone OS 13_2_3 like Mac OS X) AppleWebKit/605.1.15 (KHTML, like Gecko) Version/13.0.3 Mobile/15E148 Safari/604.1"
89.104.100.76 - - [19/Feb/2025:05:39:48 +0530] "GET / HTTP/1.1" 200 13248 "-" "Mozilla/5.0 (Windows NT 10.0; Win64; x64) AppleWebKit/537.36 (KHTML, like Gecko) Chrome/94.0.4606.61 Safari/537.36"
2a06:98c0:3600::103 - - [19/Feb/2025:05:52:40 +0530] "GET /wp-admin/setup-config.php HTTP/1.1" 409 1213 "-" "Mozilla/5.0 (Windows NT 10.0; Win64; x64) AppleWebKit/537.36 (KHTML, like Gecko) Chrome/133.0.0.0 Safari/537.36"
162.55.100.32 - - [19/Feb/2025:05:53:49 +0530] "POST /wp-cron.php?doing_wp_cron=1739924629.4034819602966308593750 HTTP/1.1" 200 0 "-" "WordPress/6.7.2; https://www.freejobalerts.guru"
2a06:98c0:3600::103 - - [19/Feb/2025:05:53:49 +0530] "GET /wordpress/wp-admin/setup-config.php HTTP/1.1" 404 10339 "-" "Mozilla/5.0 (Windows NT 10.0; Win64; x64) AppleWebKit/537.36 (KHTML, like Gecko) Chrome/133.0.0.0 Safari/537.36"
2a06:98c0:3600::103 - - [19/Feb/2025:06:16:32 +0530] "GET /wp-admin/setup-config.php HTTP/1.1" 409 1213 "-" "Mozilla/5.0 (Windows NT 10.0; Win64; x64) AppleWebKit/537.36 (KHTML, like Gecko) Chrome/133.0.0.0 Safari/537.36"
162.55.100.32 - - [19/Feb/2025:05:39:48 +0530] "POST /wp-cron.php?doing_wp_cron=1739923788.1723821163177490234375 HTTP/1.1" 200 0 "-" "WordPress/6.7.2; https://www.freejobalerts.guru"
45.90.63.33 - - [19/Feb/2025:05:39:48 +0530] "GET /favicon.ico HTTP/1.1" 404 1251 "-" "Mozilla/5.0 (Windows NT 10.0; Win64; x64) AppleWebKit/537.36 (KHTML, like Gecko) Chrome/94.0.4606.61 Safari/537.36"
43.163.206.70 - - [19/Feb/2025:05:55:19 +0530] "GET / HTTP/1.1" 200 13242 "-" "Mozilla/5.0 (iPhone; CPU iPhone OS 13_2_3 like Mac OS X) AppleWebKit/605.1.15 (KHTML, like Gecko) Version/13.0.3 Mobile/15E148 Safari/604.1"
2a06:98c0:3600::103 - - [19/Feb/2025:05:26:40 +0530] "GET /wp-admin/setup-config.php HTTP/1.1" 409 1213 "-" "Mozilla/5.0 (Windows NT 10.0; Win64; x64) AppleWebKit/537.36 (KHTML, like Gecko) Chrome/133.0.0.0 Safari/537.36"
2a06:98c0:3600::103 - - [19/Feb/2025:06:18:03 +0530] "GET /wordpress/wp-admin/setup-config.php HTTP/1.1" 404 10295 "-" "Mozilla/5.0 (Windows NT 10.0; Win64; x64) AppleWebKit/537.36 (KHTML, like Gecko) Chrome/133.0.0.0 Safari/537.36"
2a06:98c0:3600::103 - - [19/Feb/2025:05:26:45 +0530] "GET /wordpress/wp-admin/setup-config.php HTTP/1.1" 404 10295 "-" "Mozilla/5.0 (Windows NT 10.0; Win64; x64) AppleWebKit/537.36 (KHTML, like Gecko) Chrome/133.0.0.0 Safari/537.36"
162.55.100.32 - - [19/Feb/2025:05:39:03 +0530] "POST /wp-cron.php?doing_wp_cron=1739923742.9414119720458984375000 HTTP/1.1" 200 0 "-" "WordPress/6.7.2; https://www.freejobalerts.guru"
49.51.33.159 - - [19/Feb/2025:05:39:04 +0530] "GET / HTTP/1.1" 200 13242 "http://freejobalerts.guru" "Mozilla/5.0 (iPhone; CPU iPhone OS 13_2_3 like Mac OS X) AppleWebKit/605.1.15 (KHTML, like Gecko) Version/13.0.3 Mobile/15E148 Safari/604.1"
54.196.247.85 - - [19/Feb/2025:06:23:52 +0530] "GET //www.freejobalerts.guru/wp-content/plugins/contact-form-7/includes/swv/js/index.js HTTP/1.1" 301 0 "-" "Mozilla/5.0 (Linux; Android 9; Redmi Note 7 Pro) AppleWebKit/537.36 (KHTML, like Gecko) Chrome/76.0.3809.111 Mobile Safari/537.36"
54.196.247.85 - - [19/Feb/2025:06:23:52 +0530] "GET //www.freejobalerts.guru/wp-includes/js/dist/hooks.min.js HTTP/1.1" 301 0 "-" "Opera/9.80 (J2ME/MIDP; Opera Mini/5.0.16823/1428; U; en) Presto/2.2.0"
54.196.247.85 - - [19/Feb/2025:06:23:52 +0530] "GET //www.freejobalerts.guru/wp-content/plugins/gp-premium/blog/functions/js/scripts.min.js HTTP/1.1" 301 0 "-" "Mozilla/5.0 (iPhone; CPU iPhone OS 12_1_4 like Mac OS X) AppleWebKit/605.1.15 (KHTML, like Gecko) Mobile/16D57"
54.196.247.85 - - [19/Feb/2025:06:23:52 +0530] "GET //www.freejobalerts.guru/wp-includes/js/dist/i18n.min.js HTTP/1.1" 301 0 "-" "Mozilla/5.0 (Linux; Android 7.1.1; Coolpad 3632A Build/NMF26F) AppleWebKit/537.36 (KHTML, like Gecko) Chrome/59.0.3071.125 Mobile Safari/537.36"
54.196.247.85 - - [19/Feb/2025:06:23:52 +0530] "GET //www.freejobalerts.guru/wp-includes/js/dist/i18n.min.js HTTP/1.1" 301 0 "-" "Mozilla/5.0 (Windows NT 6.2) AppleWebKit/536.6 (KHTML, like Gecko) Chrome/20.0.1090.0 Safari/536.6"
54.196.247.85 - - [19/Feb/2025:06:23:52 +0530] "GET //www.freejobalerts.guru/wp-content/themes/generatepress/assets/js/classList.min.js HTTP/1.1" 301 0 "-" "Mozilla/5.0 (Windows; U; Windows NT 5.2; en-US) AppleWebKit/537.36 (KHTML, like Gecko) Chrome/57.0.2987.108 Safari/537.36 UCBrowser/12.13.0.1207"
158.69.25.39 - - [19/Feb/2025:06:39:32 +0530] "GET / HTTP/1.1" 200 13242 "-" "Mozilla/5.0 (Windows NT 10.0; Win64; x64) AppleWebKit/537.36 (KHTML, like Gecko) Chrome/118.0.0.0 Safari/537.36"
156.248.90.51 - - [19/Feb/2025:07:00:13 +0530] "HEAD / HTTP/1.1" 301 0 "-" "Mozilla/5.0 (Macintosh; Intel Mac OS X 10_15_7) AppleWebKit/537.36 (KHTML, like Gecko) Chrome/107.0.0.0 Safari/537.36"
132.255.133.168 - - [19/Feb/2025:07:00:14 +0530] "GET / HTTP/1.1" 301 0 "-" "Mozilla/5.0 (Macintosh; Intel Mac OS X 10_15_7) AppleWebKit/537.36 (KHTML, like Gecko) Chrome/107.0.0.0 Safari/537.36"
144.126.197.64 - - [19/Feb/2025:07:03:43 +0530] "GET /favicon.ico HTTP/1.1" 404 1251 "http://www.freejobalerts.sarkariyojanaguru.xyz/" "Mozilla/5.0 (compatible)"
2a06:98c0:3600::103 - - [19/Feb/2025:07:06:10 +0530] "GET /wordpress/wp-admin/setup-config.php HTTP/1.1" 404 10295 "-" "Mozilla/5.0 (Windows NT 10.0; Win64; x64) AppleWebKit/537.36 (KHTML, like Gecko) Chrome/133.0.0.0 Safari/537.36"
185.220.101.35 - - [19/Feb/2025:07:32:42 +0530] "GET / HTTP/1.1" 200 13242 "http://freejobalerts.guru/" "Mozilla/5.0 (iPhone; CPU iPhone OS 17_4_1 like Mac OS X) AppleWebKit/605.1.15 (KHTML, like Gecko) Version/17.4.1 Mobile/15E148 Safari/604.1"
209.141.59.132 - - [19/Feb/2025:07:40:22 +0530] "GET /ads.txt HTTP/1.1" 301 0 "-" "Mozilla/5.0 (Windows NT 10.0; Win64; x64) AppleWebKit/537.36 (KHTML, like Gecko) Chrome/131.0.0.0 Safari/537.36"
45.250.255.14 - - [19/Feb/2025:07:41:51 +0530] "GET /wp-content/themes/generatepress/assets/css/main.min.css?ver=3.5.1 HTTP/1.1" 200 4670 "http://www.freejobalerts.guru/" "Mozilla/5.0 (iPhone; CPU iPhone OS 17_4_1 like Mac OS X) AppleWebKit/605.1.15 (KHTML, like Gecko) Version/17.4.1 Mobile/15E148 Safari/604.1"
45.250.255.14 - - [19/Feb/2025:07:41:51 +0530] "GET /wp-includes/css/dist/block-library/style.min.css?ver=6.7.2 HTTP/1.1" 200 15146 "http://www.freejobalerts.guru/" "Mozilla/5.0 (iPhone; CPU iPhone OS 17_4_1 like Mac OS X) AppleWebKit/605.1.15 (KHTML, like Gecko) Version/17.4.1 Mobile/15E148 Safari/604.1"
45.250.255.14 - - [19/Feb/2025:07:42:15 +0530] "GET /wp-content/plugins/contextual-related-posts/css/rounded-thumbs.min.css?ver=3.6.2 HTTP/1.1" 200 454 "http://www.freejobalerts.guru/" "Mozilla/5.0 (iPhone; CPU iPhone OS 17_4_1 like Mac OS X) AppleWebKit/605.1.15 (KHTML, like Gecko) Version/17.4.1 Mobile/15E148 Safari/604.1"
54.196.247.85 - - [19/Feb/2025:06:23:52 +0530] "GET /wp-emoji-release.min.js HTTP/1.1" 404 9493 "-" "Opera/9.80 (S60; SymbOS; Opera Mobi/499; U; ru) Presto/2.4.18 Version/10.00"
54.196.247.85 - - [19/Feb/2025:06:23:52 +0530] "GET /wp-emoji-release.min.js HTTP/1.1" 404 9462 "-" "Mozilla/5.0 (Macintosh; Intel Mac OS X 10_14_3) AppleWebKit/537.36 (KHTML, like Gecko) Chrome/77.0.3844.0 Safari/537.36"
54.196.247.85 - - [19/Feb/2025:06:23:52 +0530] "GET //www.freejobalerts.guru/wp-content/themes/generatepress/assets/js/menu.min.js HTTP/1.1" 301 0 "-" "Mozilla/5.0 (Windows NT 6.1; WOW64) AppleWebKit/537.36 (KHTML, like Gecko) Chrome/69.0.3947.100 Safari/537.36"
54.196.247.85 - - [19/Feb/2025:06:23:52 +0530] "GET //www.freejobalerts.guru/wp-content/plugins/contact-form-7/includes/js/index.js HTTP/1.1" 301 0 "-" "Mozilla/5.0 (X11; U; Linux i686; en-US; rv:1.8.0.7) Gecko/20060909 Firefox/1.5.0.7 MG(Novarra-Vision/6.9)"
2a06:98c0:3600::103 - - [19/Feb/2025:06:40:53 +0530] "GET /wordpress/wp-admin/setup-config.php HTTP/1.1" 404 10339 "-" "Mozilla/5.0 (Windows NT 10.0; Win64; x64) AppleWebKit/537.36 (KHTML, like Gecko) Chrome/133.0.0.0 Safari/537.36"
44.202.126.12 - - [19/Feb/2025:07:00:18 +0530] "GET /favicon.png HTTP/1.1" 404 9462 "-" "Mozilla/5.0 (Macintosh; Intel Mac OS X 10_15_7) AppleWebKit/537.36 (KHTML, like Gecko) Chrome/107.0.0.0 Safari/537.36"
162.55.100.32 - - [19/Feb/2025:07:03:43 +0530] "POST /wp-cron.php?doing_wp_cron=1739928823.7011930942535400390625 HTTP/1.1" 200 0 "-" "WordPress/6.7.2; https://www.freejobalerts.guru"
3.71.3.152 - - [19/Feb/2025:07:20:41 +0530] "GET / HTTP/1.1" 301 0 "-" "Mozilla/5.0 (iPhone; CPU iPhone OS 17_4_1 like Mac OS X) AppleWebKit/605.1.15 (KHTML, like Gecko) Version/17.4.1 Mobile/15E148 Safari/604.1"
162.55.100.32 - - [19/Feb/2025:07:29:47 +0530] "POST /wp-cron.php?doing_wp_cron=1739930387.9718589782714843750000 HTTP/1.1" 200 0 "-" "WordPress/6.7.2; https://www.freejobalerts.guru"
162.55.100.32 - - [19/Feb/2025:07:32:41 +0530] "POST /wp-cron.php?doing_wp_cron=1739930561.9064319133758544921875 HTTP/1.1" 200 0 "-" "WordPress/6.7.2; https://www.freejobalerts.guru"
104.255.169.115 - - [19/Feb/2025:07:32:43 +0530] "GET / HTTP/1.1" 200 13248 "http://freejobalerts.guru/" "Mozilla/5.0 (iPhone; CPU iPhone OS 17_4_1 like Mac OS X) AppleWebKit/605.1.15 (KHTML, like Gecko) Version/17.4.1 Mobile/15E148 Safari/604.1"
162.55.100.32 - - [19/Feb/2025:07:40:22 +0530] "POST /wp-cron.php?doing_wp_cron=1739931021.9758260250091552734375 HTTP/1.1" 200 0 "-" "WordPress/6.7.2; https://www.freejobalerts.guru"
45.250.255.14 - - [19/Feb/2025:07:41:45 +0530] "GET / HTTP/1.1" 200 13254 "http://freejobalerts.guru/" "Mozilla/5.0 (iPhone; CPU iPhone OS 17_4_1 like Mac OS X) AppleWebKit/605.1.15 (KHTML, like Gecko) Version/17.4.1 Mobile/15E148 Safari/604.1"
45.250.255.14 - - [19/Feb/2025:07:41:50 +0530] "GET /wp-content/plugins/contact-form-7/includes/css/styles.css?ver=6.0.3 HTTP/1.1" 200 1016 "http://www.freejobalerts.guru/" "Mozilla/5.0 (iPhone; CPU iPhone OS 17_4_1 like Mac OS X) AppleWebKit/605.1.15 (KHTML, like Gecko) Version/17.4.1 Mobile/15E148 Safari/604.1"
45.250.255.14 - - [19/Feb/2025:07:41:55 +0530] "GET /wp-includes/js/dist/hooks.min.js?ver=4d63a3d491d11ffd8ac6 HTTP/1.1" 200 1644 "http://www.freejobalerts.guru/" "Mozilla/5.0 (iPhone; CPU iPhone OS 17_4_1 like Mac OS X) AppleWebKit/605.1.15 (KHTML, like Gecko) Version/17.4.1 Mobile/15E148 Safari/604.1"
45.250.255.14 - - [19/Feb/2025:07:41:58 +0530] "GET /wp-content/plugins/contact-form-7/includes/swv/js/index.js?ver=6.0.3 HTTP/1.1" 200 3522 "http://www.freejobalerts.guru/" "Mozilla/5.0 (iPhone; CPU iPhone OS 17_4_1 like Mac OS X) AppleWebKit/605.1.15 (KHTML, like Gecko) Version/17.4.1 Mobile/15E148 Safari/604.1"
52.87.191.33 - - [19/Feb/2025:07:43:20 +0530] "GET / HTTP/1.1" 200 13254 "-" "Mozilla/5.0 (Macintosh; Intel Mac OS X 10_15_7) AppleWebKit/537.36 (KHTML, like Gecko) Chrome/107.0.0.0 Safari/537.36"
88.217.180.91 - - [19/Feb/2025:07:24:48 +0530] "GET / HTTP/1.1" 301 0 "-" "Mozilla/5.0 (iPhone; CPU iPhone OS 17_6_1 like Mac OS X) AppleWebKit/605.1.15 (KHTML, like Gecko) Version/17.6 Mobile/15E148 Safari/604.1"
209.141.59.132 - - [19/Feb/2025:07:40:21 +0530] "GET / HTTP/1.1" 200 13248 "-" "Mozilla/5.0 (Windows NT 10.0; Win64; x64) AppleWebKit/537.36 (KHTML, like Gecko) Chrome/131.0.0.0 Safari/537.36"
209.141.59.132 - - [19/Feb/2025:07:40:22 +0530] "GET /ads.txt HTTP/1.1" 404 9462 "http://freejobalerts.guru/ads.txt" "Mozilla/5.0 (Windows NT 10.0; Win64; x64) AppleWebKit/537.36 (KHTML, like Gecko) Chrome/131.0.0.0 Safari/537.36"
45.250.255.14 - - [19/Feb/2025:07:41:51 +0530] "GET /wp-content/plugins/gp-premium/blog/functions/css/style.min.css?ver=2.0.2 HTTP/1.1" 200 1112 "http://www.freejobalerts.guru/" "Mozilla/5.0 (iPhone; CPU iPhone OS 17_4_1 like Mac OS X) AppleWebKit/605.1.15 (KHTML, like Gecko) Version/17.4.1 Mobile/15E148 Safari/604.1"
45.250.255.14 - - [19/Feb/2025:07:42:15 +0530] "GET /wp-content/themes/generatepress/assets/css/main.min.css?ver=3.5.1 HTTP/1.1" 200 4670 "http://www.freejobalerts.guru/" "Mozilla/5.0 (iPhone; CPU iPhone OS 17_4_1 like Mac OS X) AppleWebKit/605.1.15 (KHTML, like Gecko) Version/17.4.1 Mobile/15E148 Safari/604.1"
45.250.255.14 - - [19/Feb/2025:07:42:15 +0530] "GET /wp-content/plugins/contact-form-7/includes/css/styles.css?ver=6.0.3 HTTP/1.1" 200 1016 "http://www.freejobalerts.guru/" "Mozilla/5.0 (iPhone; CPU iPhone OS 17_4_1 like Mac OS X) AppleWebKit/605.1.15 (KHTML, like Gecko) Version/17.4.1 Mobile/15E148 Safari/604.1"
45.250.255.14 - - [19/Feb/2025:07:42:20 +0530] "GET /wp-content/plugins/contact-form-7/includes/js/index.js?ver=6.0.3 HTTP/1.1" 200 4236 "http://www.freejobalerts.guru/" "Mozilla/5.0 (iPhone; CPU iPhone OS 17_4_1 like Mac OS X) AppleWebKit/605.1.15 (KHTML, like Gecko) Version/17.4.1 Mobile/15E148 Safari/604.1"
45.250.255.14 - - [19/Feb/2025:07:42:22 +0530] "GET /wp-includes/js/masonry.min.js?ver=4.2.2 HTTP/1.1" 200 7376 "http://www.freejobalerts.guru/" "Mozilla/5.0 (iPhone; CPU iPhone OS 17_4_1 like Mac OS X) AppleWebKit/605.1.15 (KHTML, like Gecko) Version/17.4.1 Mobile/15E148 Safari/604.1"
61.79.198.49 - - [19/Feb/2025:06:26:13 +0530] "GET / HTTP/1.1" 200 13242 "-" "Mozilla/5.0 (Windows NT 10.0; Win64; x64) AppleWebKit/537.36 (KHTML, Gecko) Chrome/58.0.3029.110 Safari/537.3"
43.135.138.128 - - [19/Feb/2025:06:35:17 +0530] "GET / HTTP/1.1" 200 13248 "-" "Mozilla/5.0 (iPhone; CPU iPhone OS 13_2_3 like Mac OS X) AppleWebKit/605.1.15 (KHTML, like Gecko) Version/13.0.3 Mobile/15E148 Safari/604.1"
2a06:98c0:3600::103 - - [19/Feb/2025:06:42:24 +0530] "GET /wp-admin/setup-config.php HTTP/1.1" 409 1213 "-" "Mozilla/5.0 (Windows NT 10.0; Win64; x64) AppleWebKit/537.36 (KHTML, like Gecko) Chrome/133.0.0.0 Safari/537.36"
88.217.180.91 - - [19/Feb/2025:07:20:43 +0530] "GET / HTTP/1.1" 301 0 "-" "Mozilla/5.0 (iPhone; CPU iPhone OS 17_4_1 like Mac OS X) AppleWebKit/605.1.15 (KHTML, like Gecko) Version/17.4.1 Mobile/15E148 Safari/604.1"
212.102.63.76 - - [19/Feb/2025:07:20:44 +0530] "GET / HTTP/1.1" 301 0 "-" "Mozilla/5.0 (Windows NT 10.0; Win64; x64) AppleWebKit/537.36 (KHTML, like Gecko) Chrome/126.0.0.0 Safari/537.36 Edg/126.0.0.0"
66.165.225.110 - - [19/Feb/2025:07:22:35 +0530] "GET /robots.txt HTTP/1.1" 200 126 "-" "CuteStat (+https://www.cutestat.com/bot)"
51.254.0.0 - - [19/Feb/2025:07:30:07 +0530] "GET /favicon.ico HTTP/1.1" 404 1251 "-" "Mozilla/5.0 (X11; Ubuntu; Linux x86_64; rv:130.0) Gecko/20100101 Firefox/130.0"
162.55.100.32 - - [19/Feb/2025:07:35:04 +0530] "POST /wp-cron.php?doing_wp_cron=1739930704.8846600055694580078125 HTTP/1.1" 200 0 "-" "WordPress/6.7.2; https://www.freejobalerts.guru"
45.250.255.14 - - [19/Feb/2025:07:42:15 +0530] "GET /wp-content/plugins/related-posts-thumbnails/assets/css/front.css?ver=4.2.1 HTTP/1.1" 200 1198 "http://www.freejobalerts.guru/" "Mozilla/5.0 (iPhone; CPU iPhone OS 17_4_1 like Mac OS X) AppleWebKit/605.1.15 (KHTML, like Gecko) Version/17.4.1 Mobile/15E148 Safari/604.1"
45.250.255.14 - - [19/Feb/2025:07:42:15 +0530] "GET /wp-content/plugins/gp-premium/blog/functions/css/style.min.css?ver=2.0.2 HTTP/1.1" 200 1112 "http://www.freejobalerts.guru/" "Mozilla/5.0 (iPhone; CPU iPhone OS 17_4_1 like Mac OS X) AppleWebKit/605.1.15 (KHTML, like Gecko) Version/17.4.1 Mobile/15E148 Safari/604.1"
45.250.255.14 - - [19/Feb/2025:07:42:20 +0530] "GET /wp-content/themes/generatepress/assets/js/menu.min.js?ver=3.5.1 HTTP/1.1" 200 1828 "http://www.freejobalerts.guru/" "Mozilla/5.0 (iPhone; CPU iPhone OS 17_4_1 like Mac OS X) AppleWebKit/605.1.15 (KHTML, like Gecko) Version/17.4.1 Mobile/15E148 Safari/604.1"
44.203.136.34 - - [19/Feb/2025:07:43:22 +0530] "GET /favicon.png HTTP/1.1" 404 9487 "-" "Mozilla/5.0 (Macintosh; Intel Mac OS X 10_15_7) AppleWebKit/537.36 (KHTML, like Gecko) Chrome/107.0.0.0 Safari/537.36"
54.196.247.85 - - [19/Feb/2025:06:23:52 +0530] "GET //www.freejobalerts.guru/wp-content/themes/generatepress/assets/js/classList.min.js HTTP/1.1" 301 0 "-" "MobileSafari/600.1.4 CFNetwork/711.1.12 Darwin/14.0.0"
54.196.247.85 - - [19/Feb/2025:06:23:52 +0530] "GET //www.freejobalerts.guru/wp-content/plugins/contact-form-7/includes/js/index.js HTTP/1.1" 301 0 "-" "Mozilla/5.0 (X11; Linux x86_64) AppleWebKit/537.36 (KHTML, like Gecko) Chrome/43.0.2357.93 Safari/537.36"
54.196.247.85 - - [19/Feb/2025:06:23:52 +0530] "GET //www.freejobalerts.guru/wp-includes/js/imagesloaded.min.js HTTP/1.1" 301 0 "-" "Mozilla/5.0 (Macintosh; U; Intel Mac OS X 10_6_3; en-us; Silk/1.0.13.81_10003810) AppleWebKit/533.16 (KHTML, like Gecko) Version/5.0 Safari/533.16 Silk-Accelerated=true"
61.79.198.49 - - [19/Feb/2025:06:26:11 +0530] "GET / HTTP/1.1" 301 0 "-" "Mozilla/5.0 (Windows NT 10.0; Win64; x64) AppleWebKit/537.36 (KHTML, Gecko) Chrome/58.0.3029.110 Safari/537.3"
162.55.100.32 - - [19/Feb/2025:06:38:49 +0530] "POST /wp-cron.php?doing_wp_cron=1739927329.1016309261322021484375 HTTP/1.1" 200 0 "-" "WordPress/6.7.2; https://www.freejobalerts.guru"
186.179.59.183 - - [19/Feb/2025:07:00:14 +0530] "GET / HTTP/1.1" 301 0 "-" "Mozilla/5.0 (Macintosh; Intel Mac OS X 10_15_7) AppleWebKit/537.36 (KHTML, like Gecko) Chrome/107.0.0.0 Safari/537.36"
132.255.133.168 - - [19/Feb/2025:07:00:17 +0530] "GET /favicon.ico HTTP/1.1" 404 1251 "-" "Mozilla/5.0 (Macintosh; Intel Mac OS X 10_15_7) AppleWebKit/537.36 (KHTML, like Gecko) Chrome/107.0.0.0 Safari/537.36"
2a06:98c0:3600::103 - - [19/Feb/2025:07:06:09 +0530] "GET /wordpress/wp-admin/setup-config.php HTTP/1.1" 301 0 "-" "Mozilla/5.0 (Windows NT 10.0; Win64; x64) AppleWebKit/537.36 (KHTML, like Gecko) Chrome/133.0.0.0 Safari/537.36"
87.236.176.183 - - [19/Feb/2025:07:22:02 +0530] "GET / HTTP/1.1" 200 13248 "-" "Mozilla/5.0 (compatible; InternetMeasurement/1.0; +https://internet-measurement.com/)"
162.55.100.32 - - [19/Feb/2025:07:41:46 +0530] "POST /wp-cron.php?doing_wp_cron=1739931106.7880060672760009765625 HTTP/1.1" 200 0 "-" "WordPress/6.7.2; https://www.freejobalerts.guru"
45.250.255.14 - - [19/Feb/2025:07:42:10 +0530] "GET / HTTP/1.1" 200 13248 "http://freejobalerts.guru/" "Mozilla/5.0 (iPhone; CPU iPhone OS 17_4_1 like Mac OS X) AppleWebKit/605.1.15 (KHTML, like Gecko) Version/17.4.1 Mobile/15E148 Safari/604.1"
45.250.255.14 - - [19/Feb/2025:07:42:13 +0530] "GET /wp-includes/css/dist/block-library/style.min.css?ver=6.7.2 HTTP/1.1" 200 15146 "http://www.freejobalerts.guru/" "Mozilla/5.0 (iPhone; CPU iPhone OS 17_4_1 like Mac OS X) AppleWebKit/605.1.15 (KHTML, like Gecko) Version/17.4.1 Mobile/15E148 Safari/604.1"
45.250.255.14 - - [19/Feb/2025:07:42:15 +0530] "GET /wp-includes/js/dist/hooks.min.js?ver=4d63a3d491d11ffd8ac6 HTTP/1.1" 200 1644 "http://www.freejobalerts.guru/" "Mozilla/5.0 (iPhone; CPU iPhone OS 17_4_1 like Mac OS X) AppleWebKit/605.1.15 (KHTML, like Gecko) Version/17.4.1 Mobile/15E148 Safari/604.1"
45.250.255.14 - - [19/Feb/2025:07:42:18 +0530] "GET /wp-content/plugins/contact-form-7/includes/swv/js/index.js?ver=6.0.3 HTTP/1.1" 200 3522 "http://www.freejobalerts.guru/" "Mozilla/5.0 (iPhone; CPU iPhone OS 17_4_1 like Mac OS X) AppleWebKit/605.1.15 (KHTML, like Gecko) Version/17.4.1 Mobile/15E148 Safari/604.1"
45.250.255.14 - - [19/Feb/2025:07:42:21 +0530] "GET /wp-includes/js/imagesloaded.min.js?ver=5.0.0 HTTP/1.1" 200 1801 "http://www.freejobalerts.guru/" "Mozilla/5.0 (iPhone; CPU iPhone OS 17_4_1 like Mac OS X) AppleWebKit/605.1.15 (KHTML, like Gecko) Version/17.4.1 Mobile/15E148 Safari/604.1"
64.43.109.206 - - [19/Feb/2025:07:43:21 +0530] "GET /favicon.png HTTP/1.1" 301 0 "-" "Mozilla/5.0 (Macintosh; Intel Mac OS X 10_15_7) AppleWebKit/537.36 (KHTML, like Gecko) Chrome/107.0.0.0 Safari/537.36"
54.196.247.85 - - [19/Feb/2025:06:23:52 +0530] "GET //www.freejobalerts.guru/wp-includes/js/imagesloaded.min.js HTTP/1.1" 301 0 "-" "Mozilla/5.0 (Macintosh; Intel Mac OS X 10_13_6) AppleWebKit/537.36 (KHTML, like Gecko) Chrome/71.0.3542.0 Safari/537.36"
142.93.32.242 - - [19/Feb/2025:06:38:48 +0530] "GET / HTTP/1.1" 301 0 "-" "Mozilla/5.0 (compatible)"
2a06:98c0:3600::103 - - [19/Feb/2025:06:40:52 +0530] "GET /wordpress/wp-admin/setup-config.php HTTP/1.1" 301 0 "-" "Mozilla/5.0 (Windows NT 10.0; Win64; x64) AppleWebKit/537.36 (KHTML, like Gecko) Chrome/133.0.0.0 Safari/537.36"
3.87.183.232 - - [19/Feb/2025:07:00:15 +0530] "GET / HTTP/1.1" 301 0 "-" "Mozilla/5.0 (Macintosh; Intel Mac OS X 10_15_7) AppleWebKit/537.36 (KHTML, like Gecko) Chrome/107.0.0.0 Safari/537.36"
2a06:98c0:3600::103 - - [19/Feb/2025:07:05:28 +0530] "GET /wp-admin/setup-config.php HTTP/1.1" 409 1213 "-" "Mozilla/5.0 (Windows NT 10.0; Win64; x64) AppleWebKit/537.36 (KHTML, like Gecko) Chrome/133.0.0.0 Safari/537.36"
2a06:98c0:3600::103 - - [19/Feb/2025:07:29:48 +0530] "GET /wordpress/wp-admin/setup-config.php HTTP/1.1" 404 10295 "-" "Mozilla/5.0 (Windows NT 10.0; Win64; x64) AppleWebKit/537.36 (KHTML, like Gecko) Chrome/133.0.0.0 Safari/537.36"
212.102.63.74 - - [19/Feb/2025:07:32:41 +0530] "GET / HTTP/1.1" 200 13248 "http://freejobalerts.guru/" "Mozilla/5.0 (Windows NT 10.0; Win64; x64) AppleWebKit/537.36 (KHTML, like Gecko) Chrome/126.0.0.0 Safari/537.36 Edg/126.0.0.0"
45.250.255.14 - - [19/Feb/2025:07:41:55 +0530] "GET /wp-includes/js/dist/i18n.min.js?ver=5e580eb46a90c2b997e6 HTTP/1.1" 200 3667 "http://www.freejobalerts.guru/" "Mozilla/5.0 (iPhone; CPU iPhone OS 17_4_1 like Mac OS X) AppleWebKit/605.1.15 (KHTML, like Gecko) Version/17.4.1 Mobile/15E148 Safari/604.1"
45.250.255.14 - - [19/Feb/2025:07:42:17 +0530] "GET /wp-includes/js/dist/i18n.min.js?ver=5e580eb46a90c2b997e6 HTTP/1.1" 200 3667 "http://www.freejobalerts.guru/" "Mozilla/5.0 (iPhone; CPU iPhone OS 17_4_1 like Mac OS X) AppleWebKit/605.1.15 (KHTML, like Gecko) Version/17.4.1 Mobile/15E148 Safari/604.1"
45.250.255.14 - - [19/Feb/2025:07:42:22 +0530] "GET /wp-content/plugins/gp-premium/blog/functions/js/scripts.min.js?ver=2.0.2 HTTP/1.1" 200 608 "http://www.freejobalerts.guru/" "Mozilla/5.0 (iPhone; CPU iPhone OS 17_4_1 like Mac OS X) AppleWebKit/605.1.15 (KHTML, like Gecko) Version/17.4.1 Mobile/15E148 Safari/604.1"
66.180.147.61 - - [19/Feb/2025:07:43:16 +0530] "HEAD / HTTP/1.1" 301 0 "-" "Mozilla/5.0 (Macintosh; Intel Mac OS X 10_15_7) AppleWebKit/537.36 (KHTML, like Gecko) Chrome/107.0.0.0 Safari/537.36"
209.127.111.88 - - [19/Feb/2025:07:43:18 +0530] "GET / HTTP/1.1" 301 0 "-" "Mozilla/5.0 (Macintosh; Intel Mac OS X 10_15_7) AppleWebKit/537.36 (KHTML, like Gecko) Chrome/107.0.0.0 Safari/537.36"
44.212.57.230 - - [19/Feb/2025:07:43:21 +0530] "GET /favicon.ico HTTP/1.1" 404 1251 "-" "Mozilla/5.0 (Macintosh; Intel Mac OS X 10_15_7) AppleWebKit/537.36 (KHTML, like Gecko) Chrome/107.0.0.0 Safari/537.36"
44.212.57.230 - - [19/Feb/2025:07:43:22 +0530] "GET /favicon.png HTTP/1.1" 404 9462 "-" "Mozilla/5.0 (Macintosh; Intel Mac OS X 10_15_7) AppleWebKit/537.36 (KHTML, like Gecko) Chrome/107.0.0.0 Safari/537.36"
54.196.247.85 - - [19/Feb/2025:06:23:52 +0530] "GET //www.freejobalerts.guru/wp-includes/js/dist/hooks.min.js HTTP/1.1" 301 0 "-" "Mozilla/5.0 (Macintosh; Intel Mac OS X 10_14_6) AppleWebKit/537.36 (KHTML, like Gecko) Chrome/75.0.3770.142 Safari/537.36 OPR/62.0.3331.119"
162.55.100.32 - - [19/Feb/2025:06:35:21 +0530] "POST /wp-cron.php?doing_wp_cron=1739927121.7301349639892578125000 HTTP/1.1" 200 0 "-" "WordPress/6.7.2; https://www.freejobalerts.guru"
54.88.220.249 - - [19/Feb/2025:07:00:15 +0530] "GET / HTTP/1.1" 200 13248 "-" "Mozilla/5.0 (Macintosh; Intel Mac OS X 10_15_7) AppleWebKit/537.36 (KHTML, like Gecko) Chrome/107.0.0.0 Safari/537.36"
34.234.11.9 - - [19/Feb/2025:07:00:18 +0530] "GET /favicon.ico HTTP/1.1" 404 1251 "-" "Mozilla/5.0 (Macintosh; Intel Mac OS X 10_15_7) AppleWebKit/537.36 (KHTML, like Gecko) Chrome/107.0.0.0 Safari/537.36"
34.234.11.9 - - [19/Feb/2025:07:00:19 +0530] "GET /favicon.png HTTP/1.1" 404 9462 "-" "Mozilla/5.0 (Macintosh; Intel Mac OS X 10_15_7) AppleWebKit/537.36 (KHTML, like Gecko) Chrome/107.0.0.0 Safari/537.36"
188.165.87.96 - - [19/Feb/2025:07:17:29 +0530] "GET / HTTP/1.1" 200 51266 "-" "Mozilla/5.0 (X11; Ubuntu; Linux x86_64; rv:130.0) Gecko/20100101 Firefox/130.0"
66.165.225.107 - - [19/Feb/2025:07:22:34 +0530] "GET /robots.txt HTTP/1.1" 301 0 "-" "CuteStat (+https://www.cutestat.com/bot)"
66.165.225.107 - - [19/Feb/2025:07:22:36 +0530] "GET / HTTP/1.1" 301 0 "-" "CuteStat (+https://www.cutestat.com/bot)"
2a06:98c0:3600::103 - - [19/Feb/2025:07:29:43 +0530] "GET /wp-admin/setup-config.php HTTP/1.1" 409 1213 "-" "Mozilla/5.0 (Windows NT 10.0; Win64; x64) AppleWebKit/537.36 (KHTML, like Gecko) Chrome/133.0.0.0 Safari/537.36"
43.153.35.128 - - [19/Feb/2025:07:35:04 +0530] "GET / HTTP/1.1" 200 13254 "-" "Mozilla/5.0 (iPhone; CPU iPhone OS 13_2_3 like Mac OS X) AppleWebKit/605.1.15 (KHTML, like Gecko) Version/13.0.3 Mobile/15E148 Safari/604.1"
185.220.101.191 - - [19/Feb/2025:07:38:01 +0530] "GET /favicon.ico HTTP/1.1" 404 1251 "http://freejobalerts.guru/" "Mozilla/5.0 (iPhone; CPU iPhone OS 17_4_1 like Mac OS X) AppleWebKit/605.1.15 (KHTML, like Gecko) Version/17.4.1 Mobile/15E148 Safari/604.1"
3.82.129.119 - - [19/Feb/2025:07:43:19 +0530] "GET / HTTP/1.1" 301 0 "-" "Mozilla/5.0 (Macintosh; Intel Mac OS X 10_15_7) AppleWebKit/537.36 (KHTML, like Gecko) Chrome/107.0.0.0 Safari/537.36"
162.55.100.32 - - [19/Feb/2025:07:43:21 +0530] "POST /wp-cron.php?doing_wp_cron=1739931201.4992649555206298828125 HTTP/1.1" 200 0 "-" "WordPress/6.7.2; https://www.freejobalerts.guru"
54.196.247.85 - - [19/Feb/2025:06:23:52 +0530] "GET //www.freejobalerts.guru/wp-content/plugins/gp-premium/blog/functions/js/scripts.min.js HTTP/1.1" 301 0 "-" "Mozilla/5.0 (X11; Linux i686; rv:16.0) Gecko/20100101 Firefox/16.0"
54.196.247.85 - - [19/Feb/2025:06:23:52 +0530] "GET //www.freejobalerts.guru/wp-content/plugins/contact-form-7/includes/swv/js/index.js HTTP/1.1" 301 0 "-" "Mozilla/5.0 (Linux; Android 7.1.1; Moto E (4) Plus) AppleWebKit/537.36 (KHTML, like Gecko) Chrome/76.0.3809.111 Mobile Safari/537.36"
162.55.100.32 - - [19/Feb/2025:06:26:12 +0530] "POST /wp-cron.php?doing_wp_cron=1739926572.8087890148162841796875 HTTP/1.1" 200 0 "-" "WordPress/6.7.2; https://www.freejobalerts.guru"
162.55.100.32 - - [19/Feb/2025:06:39:24 +0530] "POST /wp-cron.php?doing_wp_cron=1739927364.4307649135589599609375 HTTP/1.1" 200 0 "-" "WordPress/6.7.2; https://www.freejobalerts.guru"
158.69.25.39 - - [19/Feb/2025:06:39:24 +0530] "GET / HTTP/1.1" 301 0 "-" "Mozilla/5.0 (Windows NT 10.0; Win64; x64) AppleWebKit/537.36 (KHTML, like Gecko) Chrome/118.0.0.0 Safari/537.36"
162.55.100.32 - - [19/Feb/2025:06:40:53 +0530] "POST /wp-cron.php?doing_wp_cron=1739927453.1514580249786376953125 HTTP/1.1" 200 0 "-" "WordPress/6.7.2; https://www.freejobalerts.guru"
144.126.197.64 - - [19/Feb/2025:07:03:42 +0530] "GET / HTTP/1.1" 200 13256 "-" "Mozilla/5.0 (compatible)"
162.55.100.32 - - [19/Feb/2025:07:22:34 +0530] "POST /wp-cron.php?doing_wp_cron=1739929954.5352520942687988281250 HTTP/1.1" 200 0 "-" "WordPress/6.7.2; https://www.freejobalerts.guru"
66.165.225.108 - - [19/Feb/2025:07:22:36 +0530] "GET / HTTP/1.1" 200 12013 "http://freejobalerts.guru/" "CuteStat (+https://www.cutestat.com/bot)"
188.165.87.101 - - [19/Feb/2025:07:23:10 +0530] "GET / HTTP/1.1" 200 51266 "-" "Mozilla/5.0 (X11; Ubuntu; Linux x86_64; rv:130.0) Gecko/20100101 Firefox/130.0"
51.254.0.11 - - [19/Feb/2025:07:24:07 +0530] "GET /favicon.ico HTTP/1.1" 404 1251 "-" "Mozilla/5.0 (X11; Ubuntu; Linux x86_64; rv:130.0) Gecko/20100101 Firefox/130.0"
88.217.180.91 - - [19/Feb/2025:07:27:29 +0530] "GET /favicon.ico HTTP/1.1" 404 1251 "-" "Mozilla/5.0 (iPhone; CPU iPhone OS 17_4_1 like Mac OS X) AppleWebKit/605.1.15 (KHTML, like Gecko) Version/17.4.1 Mobile/15E148 Safari/604.1"
2a06:98c0:3600::103 - - [19/Feb/2025:07:29:47 +0530] "GET /wordpress/wp-admin/setup-config.php HTTP/1.1" 301 0 "-" "Mozilla/5.0 (Windows NT 10.0; Win64; x64) AppleWebKit/537.36 (KHTML, like Gecko) Chrome/133.0.0.0 Safari/537.36"
45.250.255.14 - - [19/Feb/2025:07:41:51 +0530] "GET /wp-content/plugins/related-posts-thumbnails/assets/css/front.css?ver=4.2.1 HTTP/1.1" 200 1198 "http://www.freejobalerts.guru/" "Mozilla/5.0 (iPhone; CPU iPhone OS 17_4_1 like Mac OS X) AppleWebKit/605.1.15 (KHTML, like Gecko) Version/17.4.1 Mobile/15E148 Safari/604.1"
45.250.255.14 - - [19/Feb/2025:07:41:51 +0530] "GET /wp-content/plugins/contextual-related-posts/css/rounded-thumbs.min.css?ver=3.6.2 HTTP/1.1" 200 454 "http://www.freejobalerts.guru/" "Mozilla/5.0 (iPhone; CPU iPhone OS 17_4_1 like Mac OS X) AppleWebKit/605.1.15 (KHTML, like Gecko) Version/17.4.1 Mobile/15E148 Safari/604.1"
156.255.6.130 - - [19/Feb/2025:07:43:19 +0530] "GET / HTTP/1.1" 301 0 "-" "Mozilla/5.0 (Macintosh; Intel Mac OS X 10_15_7) AppleWebKit/537.36 (KHTML, like Gecko) Chrome/107.0.0.0 Safari/537.36"
2a06:98c0:3600::103 - - [19/Feb/2025:07:53:25 +0530] "GET /wordpress/wp-admin/setup-config.php HTTP/1.1" 301 0 "-" "Mozilla/5.0 (Windows NT 10.0; Win64; x64) AppleWebKit/537.36 (KHTML, like Gecko) Chrome/133.0.0.0 Safari/537.36"
2a06:98c0:3600::103 - - [19/Feb/2025:07:53:25 +0530] "GET /wordpress/wp-admin/setup-config.php HTTP/1.1" 404 10305 "-" "Mozilla/5.0 (Windows NT 10.0; Win64; x64) AppleWebKit/537.36 (KHTML, like Gecko) Chrome/133.0.0.0 Safari/537.36"
162.55.100.32 - - [19/Feb/2025:07:55:13 +0530] "POST /wp-cron.php?doing_wp_cron=1739931913.4605560302734375000000 HTTP/1.1" 200 0 "-" "WordPress/6.7.2; https://www.freejobalerts.guru"
2a06:98c0:3600::103 - - [19/Feb/2025:08:19:23 +0530] "GET /wp-admin/setup-config.php HTTP/1.1" 409 1213 "-" "Mozilla/5.0 (Windows NT 10.0; Win64; x64) AppleWebKit/537.36 (KHTML, like Gecko) Chrome/133.0.0.0 Safari/537.36"
2a06:98c0:3600::103 - - [19/Feb/2025:08:41:04 +0530] "GET /wordpress/wp-admin/setup-config.php HTTP/1.1" 301 0 "-" "Mozilla/5.0 (Windows NT 10.0; Win64; x64) AppleWebKit/537.36 (KHTML, like Gecko) Chrome/133.0.0.0 Safari/537.36"
2a06:98c0:3600::103 - - [19/Feb/2025:07:53:02 +0530] "GET /wp-admin/setup-config.php HTTP/1.1" 409 1213 "-" "Mozilla/5.0 (Windows NT 10.0; Win64; x64) AppleWebKit/537.36 (KHTML, like Gecko) Chrome/133.0.0.0 Safari/537.36"
43.130.37.243 - - [19/Feb/2025:07:55:14 +0530] "GET / HTTP/1.1" 200 13242 "http://freejobalerts.guru" "Mozilla/5.0 (iPhone; CPU iPhone OS 13_2_3 like Mac OS X) AppleWebKit/605.1.15 (KHTML, like Gecko) Version/13.0.3 Mobile/15E148 Safari/604.1"
2a06:98c0:3600::103 - - [19/Feb/2025:08:41:32 +0530] "GET /wp-admin/setup-config.php HTTP/1.1" 409 1213 "-" "Mozilla/5.0 (Windows NT 10.0; Win64; x64) AppleWebKit/537.36 (KHTML, like Gecko) Chrome/133.0.0.0 Safari/537.36"
2a06:98c0:3600::103 - - [19/Feb/2025:08:18:23 +0530] "GET /wordpress/wp-admin/setup-config.php HTTP/1.1" 404 10339 "-" "Mozilla/5.0 (Windows NT 10.0; Win64; x64) AppleWebKit/537.36 (KHTML, like Gecko) Chrome/133.0.0.0 Safari/537.36"
162.55.100.32 - - [19/Feb/2025:07:53:25 +0530] "POST /wp-cron.php?doing_wp_cron=1739931805.2010400295257568359375 HTTP/1.1" 200 0 "-" "WordPress/6.7.2; https://www.freejobalerts.guru"
162.55.100.32 - - [19/Feb/2025:08:18:22 +0530] "POST /wp-cron.php?doing_wp_cron=1739933302.5387289524078369140625 HTTP/1.1" 200 0 "-" "WordPress/6.7.2; https://www.freejobalerts.guru"
2a06:98c0:3600::103 - - [19/Feb/2025:08:41:05 +0530] "GET /wordpress/wp-admin/setup-config.php HTTP/1.1" 404 10295 "-" "Mozilla/5.0 (Windows NT 10.0; Win64; x64) AppleWebKit/537.36 (KHTML, like Gecko) Chrome/133.0.0.0 Safari/537.36"
43.130.37.243 - - [19/Feb/2025:07:55:12 +0530] "GET / HTTP/1.1" 301 0 "-" "Mozilla/5.0 (iPhone; CPU iPhone OS 13_2_3 like Mac OS X) AppleWebKit/605.1.15 (KHTML, like Gecko) Version/13.0.3 Mobile/15E148 Safari/604.1"
2a06:98c0:3600::103 - - [19/Feb/2025:08:18:21 +0530] "GET /wordpress/wp-admin/setup-config.php HTTP/1.1" 301 0 "-" "Mozilla/5.0 (Windows NT 10.0; Win64; x64) AppleWebKit/537.36 (KHTML, like Gecko) Chrome/133.0.0.0 Safari/537.36"
2a06:98c0:3600::103 - - [19/Feb/2025:09:04:55 +0530] "GET /wordpress/wp-admin/setup-config.php HTTP/1.1" 301 0 "-" "Mozilla/5.0 (Windows NT 10.0; Win64; x64) AppleWebKit/537.36 (KHTML, like Gecko) Chrome/133.0.0.0 Safari/537.36"
2a06:98c0:3600::103 - - [19/Feb/2025:09:04:57 +0530] "GET /wordpress/wp-admin/setup-config.php HTTP/1.1" 404 6953 "-" "Mozilla/5.0 (Windows NT 10.0; Win64; x64) AppleWebKit/537.36 (KHTML, like Gecko) Chrome/133.0.0.0 Safari/537.36"
2a06:98c0:3600::103 - - [19/Feb/2025:09:31:09 +0530] "GET /wordpress/wp-admin/setup-config.php HTTP/1.1" 301 0 "-" "Mozilla/5.0 (Windows NT 10.0; Win64; x64) AppleWebKit/537.36 (KHTML, like Gecko) Chrome/133.0.0.0 Safari/537.36"
2a06:98c0:3600::103 - - [19/Feb/2025:09:30:22 +0530] "GET /wp-admin/setup-config.php HTTP/1.1" 409 1213 "-" "Mozilla/5.0 (Windows NT 10.0; Win64; x64) AppleWebKit/537.36 (KHTML, like Gecko) Chrome/133.0.0.0 Safari/537.36"
35.214.251.228 - - [19/Feb/2025:09:59:43 +0530] "GET /.env HTTP/1.1" 404 9462 "-" "python-requests/2.32.3"
162.55.100.32 - - [19/Feb/2025:10:53:53 +0530] "POST /wp-cron.php?doing_wp_cron=1739942632.9182059764862060546875 HTTP/1.1" 200 0 "-" "WordPress/6.7.2; https://www.freejobalerts.guru"
34.218.241.189 - - [19/Feb/2025:10:54:00 +0530] "GET /wp-content/plugins/related-posts-thumbnails/assets/css/front.css?ver=4.2.1 HTTP/1.1" 200 1198 "http://www.freejobalerts.guru/" "Mozilla/5.0 (Windows NT 10.0; Win64; x64; rv:109.0) Gecko/20100101 Firefox/109.0"
34.218.241.189 - - [19/Feb/2025:10:54:01 +0530] "GET /wp-content/plugins/gp-premium/blog/functions/css/style.min.css?ver=2.0.2 HTTP/1.1" 200 1112 "http://www.freejobalerts.guru/" "Mozilla/5.0 (Windows NT 10.0; Win64; x64; rv:109.0) Gecko/20100101 Firefox/109.0"
2a06:98c0:3600::103 - - [19/Feb/2025:10:37:45 +0530] "GET /wp-admin/setup-config.php HTTP/1.1" 409 1213 "-" "Mozilla/5.0 (Windows NT 10.0; Win64; x64) AppleWebKit/537.36 (KHTML, like Gecko) Chrome/133.0.0.0 Safari/537.36"
34.218.241.189 - - [19/Feb/2025:10:54:00 +0530] "GET /wp-content/plugins/contextual-related-posts/css/rounded-thumbs.min.css?ver=3.6.2 HTTP/1.1" 200 454 "http://www.freejobalerts.guru/" "Mozilla/5.0 (Windows NT 10.0; Win64; x64; rv:109.0) Gecko/20100101 Firefox/109.0"
34.218.241.189 - - [19/Feb/2025:10:54:00 +0530] "GET /wp-content/themes/generatepress/assets/css/main.min.css?ver=3.5.1 HTTP/1.1" 200 4670 "http://www.freejobalerts.guru/" "Mozilla/5.0 (Windows NT 10.0; Win64; x64; rv:109.0) Gecko/20100101 Firefox/109.0"
34.218.241.189 - - [19/Feb/2025:10:54:01 +0530] "GET /wp-includes/js/dist/i18n.min.js?ver=5e580eb46a90c2b997e6 HTTP/1.1" 200 3667 "http://www.freejobalerts.guru/" "Mozilla/5.0 (Windows NT 10.0; Win64; x64; rv:109.0) Gecko/20100101 Firefox/109.0"
34.218.241.189 - - [19/Feb/2025:10:54:01 +0530] "GET /wp-content/plugins/contact-form-7/includes/swv/js/index.js?ver=6.0.3 HTTP/1.1" 200 3522 "http://www.freejobalerts.guru/" "Mozilla/5.0 (Windows NT 10.0; Win64; x64; rv:109.0) Gecko/20100101 Firefox/109.0"
34.218.241.189 - - [19/Feb/2025:10:54:01 +0530] "GET /wp-includes/js/masonry.min.js?ver=4.2.2 HTTP/1.1" 200 7376 "http://www.freejobalerts.guru/" "Mozilla/5.0 (Windows NT 10.0; Win64; x64; rv:109.0) Gecko/20100101 Firefox/109.0"
45.84.139.200 - - [19/Feb/2025:11:01:42 +0530] "GET / HTTP/1.1" 301 0 "-" "Mozilla/5.0 (Windows NT 10.0; Win64; x64) AppleWebKit/537.36 (KHTML, like Gecko) Chrome/97.0.4692.71 Safari/537.36"
2a06:98c0:3600::103 - - [19/Feb/2025:11:03:36 +0530] "GET /wordpress/wp-admin/setup-config.php HTTP/1.1" 301 0 "-" "Mozilla/5.0 (Windows NT 10.0; Win64; x64) AppleWebKit/537.36 (KHTML, like Gecko) Chrome/133.0.0.0 Safari/537.36"
162.55.100.32 - - [19/Feb/2025:09:51:57 +0530] "POST /wp-cron.php?doing_wp_cron=1739938916.9566829204559326171875 HTTP/1.1" 200 0 "-" "WordPress/6.7.2; https://www.freejobalerts.guru"
2a06:98c0:3600::103 - - [19/Feb/2025:09:51:55 +0530] "GET /wordpress/wp-admin/setup-config.php HTTP/1.1" 301 0 "-" "Mozilla/5.0 (Windows NT 10.0; Win64; x64) AppleWebKit/537.36 (KHTML, like Gecko) Chrome/133.0.0.0 Safari/537.36"
162.55.100.32 - - [19/Feb/2025:10:15:38 +0530] "POST /wp-cron.php?doing_wp_cron=1739940338.5317940711975097656250 HTTP/1.1" 200 0 "-" "WordPress/6.7.2; https://www.freejobalerts.guru"
2a06:98c0:3600::103 - - [19/Feb/2025:10:15:39 +0530] "GET /wordpress/wp-admin/setup-config.php HTTP/1.1" 404 10295 "-" "Mozilla/5.0 (Windows NT 10.0; Win64; x64) AppleWebKit/537.36 (KHTML, like Gecko) Chrome/133.0.0.0 Safari/537.36"
162.55.100.32 - - [19/Feb/2025:09:38:12 +0530] "POST /wp-cron.php?doing_wp_cron=1739938092.6013629436492919921875 HTTP/1.1" 200 0 "-" "WordPress/6.7.2; https://www.freejobalerts.guru"
34.218.241.189 - - [19/Feb/2025:10:53:45 +0530] "GET / HTTP/1.1" 301 0 "-" "Mozilla/5.0 (Windows NT 10.0; Win64; x64; rv:109.0) Gecko/20100101 Firefox/109.0"
162.55.100.32 - - [19/Feb/2025:10:07:47 +0530] "POST /wp-cron.php?doing_wp_cron=1739939867.2843461036682128906250 HTTP/1.1" 200 0 "-" "WordPress/6.7.2; https://www.freejobalerts.guru"
94.247.172.129 - - [19/Feb/2025:10:07:43 +0530] "GET / HTTP/1.1" 200 7152 "-" "Mozilla/5.0 (Macintosh; Intel Mac OS X 10_9_2)"
162.55.100.32 - - [19/Feb/2025:10:17:25 +0530] "POST /wp-cron.php?doing_wp_cron=1739940445.8828771114349365234375 HTTP/1.1" 200 0 "-" "WordPress/6.7.2; https://www.freejobalerts.guru"
2a06:98c0:3600::103 - - [19/Feb/2025:10:39:59 +0530] "GET /wordpress/wp-admin/setup-config.php HTTP/1.1" 301 0 "-" "Mozilla/5.0 (Windows NT 10.0; Win64; x64) AppleWebKit/537.36 (KHTML, like Gecko) Chrome/133.0.0.0 Safari/537.36"
34.218.241.189 - - [19/Feb/2025:10:54:00 +0530] "GET /wp-content/plugins/contact-form-7/includes/css/styles.css?ver=6.0.3 HTTP/1.1" 200 1016 "http://www.freejobalerts.guru/" "Mozilla/5.0 (Windows NT 10.0; Win64; x64; rv:109.0) Gecko/20100101 Firefox/109.0"
34.218.241.189 - - [19/Feb/2025:10:54:01 +0530] "GET /wp-content/plugins/contact-form-7/includes/js/index.js?ver=6.0.3 HTTP/1.1" 200 4236 "http://www.freejobalerts.guru/" "Mozilla/5.0 (Windows NT 10.0; Win64; x64; rv:109.0) Gecko/20100101 Firefox/109.0"
2a06:98c0:3600::103 - - [19/Feb/2025:09:30:10 +0530] "GET /wordpress/wp-admin/setup-config.php HTTP/1.1" 301 0 "-" "Mozilla/5.0 (Windows NT 10.0; Win64; x64) AppleWebKit/537.36 (KHTML, like Gecko) Chrome/133.0.0.0 Safari/537.36"
2a06:98c0:3600::103 - - [19/Feb/2025:09:31:10 +0530] "GET /wordpress/wp-admin/setup-config.php HTTP/1.1" 404 10295 "-" "Mozilla/5.0 (Windows NT 10.0; Win64; x64) AppleWebKit/537.36 (KHTML, like Gecko) Chrome/133.0.0.0 Safari/537.36"
2a06:98c0:3600::103 - - [19/Feb/2025:09:51:57 +0530] "GET /wordpress/wp-admin/setup-config.php HTTP/1.1" 404 10295 "-" "Mozilla/5.0 (Windows NT 10.0; Win64; x64) AppleWebKit/537.36 (KHTML, like Gecko) Chrome/133.0.0.0 Safari/537.36"
2a06:98c0:3600::103 - - [19/Feb/2025:09:52:53 +0530] "GET /wp-admin/setup-config.php HTTP/1.1" 409 1213 "-" "Mozilla/5.0 (Windows NT 10.0; Win64; x64) AppleWebKit/537.36 (KHTML, like Gecko) Chrome/133.0.0.0 Safari/537.36"
35.214.251.228 - - [19/Feb/2025:09:59:43 +0530] "GET /.env HTTP/1.1" 301 0 "-" "python-requests/2.32.3"
2a06:98c0:3600::103 - - [19/Feb/2025:10:15:33 +0530] "GET /wp-admin/setup-config.php HTTP/1.1" 409 1213 "-" "Mozilla/5.0 (Windows NT 10.0; Win64; x64) AppleWebKit/537.36 (KHTML, like Gecko) Chrome/133.0.0.0 Safari/537.36"
44.239.149.248 - - [19/Feb/2025:10:54:07 +0530] "GET /favicon.ico HTTP/1.1" 404 1251 "-" "curl/7.58.0"
162.55.100.32 - - [19/Feb/2025:11:01:47 +0530] "POST /wp-cron.php?doing_wp_cron=1739943107.5834729671478271484375 HTTP/1.1" 200 0 "-" "WordPress/6.7.2; https://www.freejobalerts.guru"
162.55.100.32 - - [19/Feb/2025:09:31:09 +0530] "POST /wp-cron.php?doing_wp_cron=1739937669.5012381076812744140625 HTTP/1.1" 200 0 "-" "WordPress/6.7.2; https://www.freejobalerts.guru"
98.84.104.229 - - [19/Feb/2025:09:38:12 +0530] "GET / HTTP/1.1" 301 0 "-" "Mozilla/5.0 (Windows NT 10.0; Win64; x64) AppleWebKit/537.36 (KHTML, like Gecko) Chrome/130.0.0.0 Safari/537.36"
2a06:98c0:3600::103 - - [19/Feb/2025:10:15:38 +0530] "GET /wordpress/wp-admin/setup-config.php HTTP/1.1" 301 0 "-" "Mozilla/5.0 (Windows NT 10.0; Win64; x64) AppleWebKit/537.36 (KHTML, like Gecko) Chrome/133.0.0.0 Safari/537.36"
64.43.108.247 - - [19/Feb/2025:10:17:25 +0530] "GET / HTTP/1.1" 301 0 "-" "Mozilla/5.0 (Windows NT 10.0; WOW64) AppleWebKit/537.36 (KHTML, like Gecko) Chrome/108.0.0.0 Safari/537.36"
2a06:98c0:3600::103 - - [19/Feb/2025:10:40:02 +0530] "GET /wordpress/wp-admin/setup-config.php HTTP/1.1" 404 6953 "-" "Mozilla/5.0 (Windows NT 10.0; Win64; x64) AppleWebKit/537.36 (KHTML, like Gecko) Chrome/133.0.0.0 Safari/537.36"
34.218.241.189 - - [19/Feb/2025:10:53:56 +0530] "GET / HTTP/1.1" 200 13790 "-" "Mozilla/5.0 (Windows NT 10.0; Win64; x64; rv:109.0) Gecko/20100101 Firefox/109.0"
34.218.241.189 - - [19/Feb/2025:10:54:01 +0530] "GET /wp-includes/js/dist/hooks.min.js?ver=4d63a3d491d11ffd8ac6 HTTP/1.1" 200 1644 "http://www.freejobalerts.guru/" "Mozilla/5.0 (Windows NT 10.0; Win64; x64; rv:109.0) Gecko/20100101 Firefox/109.0"
34.218.241.189 - - [19/Feb/2025:10:54:01 +0530] "GET /wp-includes/js/imagesloaded.min.js?ver=5.0.0 HTTP/1.1" 200 1801 "http://www.freejobalerts.guru/" "Mozilla/5.0 (Windows NT 10.0; Win64; x64; rv:109.0) Gecko/20100101 Firefox/109.0"
45.84.139.200 - - [19/Feb/2025:11:01:51 +0530] "GET / HTTP/1.1" 200 13758 "-" "Mozilla/5.0 (Windows NT 10.0; Win64; x64) AppleWebKit/537.36 (KHTML, like Gecko) Chrome/97.0.4692.71 Safari/537.36"
162.55.100.32 - - [19/Feb/2025:11:03:40 +0530] "POST /wp-cron.php?doing_wp_cron=1739943220.6599819660186767578125 HTTP/1.1" 200 0 "-" "WordPress/6.7.2; https://www.freejobalerts.guru"
162.55.100.32 - - [19/Feb/2025:09:59:43 +0530] "POST /wp-cron.php?doing_wp_cron=1739939383.2008090019226074218750 HTTP/1.1" 200 0 "-" "WordPress/6.7.2; https://www.freejobalerts.guru"
34.218.241.189 - - [19/Feb/2025:10:54:00 +0530] "GET /wp-includes/css/dist/block-library/style.min.css?ver=6.7.2 HTTP/1.1" 200 15146 "http://www.freejobalerts.guru/" "Mozilla/5.0 (Windows NT 10.0; Win64; x64; rv:109.0) Gecko/20100101 Firefox/109.0"
34.218.241.189 - - [19/Feb/2025:10:54:01 +0530] "GET /wp-content/themes/generatepress/assets/js/menu.min.js?ver=3.5.1 HTTP/1.1" 200 1828 "http://www.freejobalerts.guru/" "Mozilla/5.0 (Windows NT 10.0; Win64; x64; rv:109.0) Gecko/20100101 Firefox/109.0"
34.218.241.189 - - [19/Feb/2025:10:54:01 +0530] "GET /wp-content/plugins/gp-premium/blog/functions/js/scripts.min.js?ver=2.0.2 HTTP/1.1" 200 608 "http://www.freejobalerts.guru/" "Mozilla/5.0 (Windows NT 10.0; Win64; x64; rv:109.0) Gecko/20100101 Firefox/109.0"
34.218.241.189 - - [19/Feb/2025:10:54:01 +0530] "GET /wp-includes/js/wp-emoji-release.min.js?ver=6.7.2 HTTP/1.1" 200 5072 "http://www.freejobalerts.guru/" "Mozilla/5.0 (Windows NT 10.0; Win64; x64; rv:109.0) Gecko/20100101 Firefox/109.0"
162.55.100.32 - - [19/Feb/2025:11:27:22 +0530] "POST /wp-cron.php?doing_wp_cron=1739944642.0128479003906250000000 HTTP/1.1" 200 0 "-" "WordPress/6.7.2; https://www.freejobalerts.guru"
107.155.39.178 - - [19/Feb/2025:11:18:42 +0530] "GET / HTTP/1.1" 200 12345 "http://freejobalerts.guru" "Mozilla/5.0 (Windows NT 10.0; Win64; x64) AppleWebKit/537.36 (KHTML, like Gecko) Chrome/90.0.4430.212 Safari/537.36"
107.155.39.178 - - [19/Feb/2025:11:18:50 +0530] "GET / HTTP/1.1" 200 12400 "http://freejobalerts.guru" "Mozilla/5.0+(compatible;+Googlebot/2.1;++http://www.google.com/bot.html)"
156.59.175.137 - - [19/Feb/2025:11:24:31 +0530] "GET /wp-content/themes/generatepress/assets/js/menu.min.js?ver=3.5.1 HTTP/1.1" 200 1828 "http://www.freejobalerts.guru/" "Mozilla/5.0 (Windows NT 10.0; Win64; x64) AppleWebKit/537.36 (KHTML, like Gecko) Chrome/122.0.0.0 Safari/537.36"
156.59.175.131 - - [19/Feb/2025:11:24:26 +0530] "GET /wp-includes/css/dist/block-library/style.min.css?ver=6.7.2 HTTP/1.1" 200 15146 "http://www.freejobalerts.guru/" "Mozilla/5.0 (Windows NT 10.0; Win64; x64) AppleWebKit/537.36 (KHTML, like Gecko) Chrome/122.0.0.0 Safari/537.36"
156.59.175.137 - - [19/Feb/2025:11:24:30 +0530] "GET /wp-includes/js/dist/i18n.min.js?ver=5e580eb46a90c2b997e6 HTTP/1.1" 200 3667 "http://www.freejobalerts.guru/" "Mozilla/5.0 (Windows NT 10.0; Win64; x64) AppleWebKit/537.36 (KHTML, like Gecko) Chrome/122.0.0.0 Safari/537.36"
