2a06:98c0:3600::103 - - [17/Feb/2025:13:40:15 +0530] "GET /wp-admin/setup-config.php HTTP/1.1" 409 1213 "-" "Mozilla/5.0 (Windows NT 10.0; Win64; x64) AppleWebKit/537.36 (KHTML, like Gecko) Chrome/132.0.0.0 Safari/537.36"
170.247.220.235 - - [17/Feb/2025:13:55:20 +0530] "HEAD / HTTP/1.1" 301 0 "-" "Mozilla/5.0 (Macintosh; Intel Mac OS X 10_15_7) AppleWebKit/537.36 (KHTML, like Gecko) Chrome/107.0.0.0 Safari/537.36"
2a06:98c0:3600::103 - - [17/Feb/2025:13:40:10 +0530] "GET /wordpress/wp-admin/setup-config.php HTTP/1.1" 404 12967 "-" "Mozilla/5.0 (Windows NT 10.0; Win64; x64) AppleWebKit/537.36 (KHTML, like Gecko) Chrome/132.0.0.0 Safari/537.36"
75.101.192.100 - - [17/Feb/2025:13:55:23 +0530] "GET / HTTP/1.1" 200 17136 "-" "Mozilla/5.0 (Macintosh; Intel Mac OS X 10_15_7) AppleWebKit/537.36 (KHTML, like Gecko) Chrome/107.0.0.0 Safari/537.36"
209.127.98.13 - - [17/Feb/2025:13:55:22 +0530] "GET / HTTP/1.1" 301 0 "-" "Mozilla/5.0 (Macintosh; Intel Mac OS X 10_15_7) AppleWebKit/537.36 (KHTML, like Gecko) Chrome/107.0.0.0 Safari/537.36"
140.228.21.193 - - [17/Feb/2025:13:59:08 +0530] "GET /wp-content/themes/gp-marketer-free/style.css?ver=1739330580 HTTP/1.1" 200 1015 "http://entertainline.guru/" "Mozilla/5.0 (X11; Linux x86_64) AppleWebKit/537.36 (KHTML, like Gecko) HeadlessChrome/89.0.4389.90 Safari/537.36"
140.228.21.193 - - [17/Feb/2025:13:59:08 +0530] "GET /wp-content/plugins/gp-premium/menu-plus/functions/js/offside.min.js?ver=2.4.1 HTTP/1.1" 200 2173 "http://entertainline.guru/" "Mozilla/5.0 (X11; Linux x86_64) AppleWebKit/537.36 (KHTML, like Gecko) HeadlessChrome/89.0.4389.90 Safari/537.36"
140.228.21.193 - - [17/Feb/2025:13:59:08 +0530] "GET /wp-content/themes/generatepress/assets/css/main.min.css?ver=3.5.1 HTTP/1.1" 200 4670 "http://entertainline.guru/" "Mozilla/5.0 (X11; Linux x86_64) AppleWebKit/537.36 (KHTML, like Gecko) HeadlessChrome/89.0.4389.90 Safari/537.36"
140.228.21.193 - - [17/Feb/2025:13:59:08 +0530] "GET /wp-content/plugins/gp-premium/blog/functions/css/featured-images.min.css?ver=2.4.1 HTTP/1.1" 200 487 "http://entertainline.guru/" "Mozilla/5.0 (X11; Linux x86_64) AppleWebKit/537.36 (KHTML, like Gecko) HeadlessChrome/89.0.4389.90 Safari/537.36"
140.228.21.193 - - [17/Feb/2025:13:59:08 +0530] "GET /wp-includes/js/dist/hooks.min.js?ver=4d63a3d491d11ffd8ac6 HTTP/1.1" 200 1644 "http://entertainline.guru/" "Mozilla/5.0 (X11; Linux x86_64) AppleWebKit/537.36 (KHTML, like Gecko) HeadlessChrome/89.0.4389.90 Safari/537.36"
2a06:98c0:3600::103 - - [17/Feb/2025:14:02:20 +0530] "GET /wp-admin/setup-config.php HTTP/1.1" 409 1213 "-" "Mozilla/5.0 (Windows NT 10.0; Win64; x64) AppleWebKit/537.36 (KHTML, like Gecko) Chrome/132.0.0.0 Safari/537.36"
140.228.21.193 - - [17/Feb/2025:13:59:08 +0530] "GET /wp-content/plugins/contact-form-7/includes/css/styles.css?ver=6.0.3 HTTP/1.1" 200 1016 "http://entertainline.guru/" "Mozilla/5.0 (X11; Linux x86_64) AppleWebKit/537.36 (KHTML, like Gecko) HeadlessChrome/89.0.4389.90 Safari/537.36"
140.228.21.193 - - [17/Feb/2025:13:59:08 +0530] "GET /wp-content/plugins/gp-premium/menu-plus/functions/css/navigation-branding-flex.min.css?ver=2.4.1 HTTP/1.1" 200 615 "http://entertainline.guru/" "Mozilla/5.0 (X11; Linux x86_64) AppleWebKit/537.36 (KHTML, like Gecko) HeadlessChrome/89.0.4389.90 Safari/537.36"
2a06:98c0:3600::103 - - [17/Feb/2025:14:23:37 +0530] "GET /wordpress/wp-admin/setup-config.php HTTP/1.1" 200 0 "-" "Mozilla/5.0 (Windows NT 10.0; Win64; x64) AppleWebKit/537.36 (KHTML, like Gecko) Chrome/132.0.0.0 Safari/537.36"
140.228.21.193 - - [17/Feb/2025:13:59:07 +0530] "GET / HTTP/1.1" 200 17189 "-" "Mozilla/5.0 (X11; Linux x86_64) AppleWebKit/537.36 (KHTML, like Gecko) HeadlessChrome/89.0.4389.90 Safari/537.36"
140.228.21.193 - - [17/Feb/2025:13:59:08 +0530] "GET /wp-includes/css/dist/block-library/style.min.css?ver=6.7.2 HTTP/1.1" 200 15146 "http://entertainline.guru/" "Mozilla/5.0 (X11; Linux x86_64) AppleWebKit/537.36 (KHTML, like Gecko) HeadlessChrome/89.0.4389.90 Safari/537.36"
140.228.21.193 - - [17/Feb/2025:13:59:09 +0530] "GET /wp-content/plugins/gp-premium/menu-plus/functions/css/offside.min.css?ver=2.4.1 HTTP/1.1" 200 1493 "http://entertainline.guru/" "Mozilla/5.0 (X11; Linux x86_64) AppleWebKit/537.36 (KHTML, like Gecko) HeadlessChrome/89.0.4389.90 Safari/537.36"
162.55.100.32 - - [17/Feb/2025:14:08:44 +0530] "POST /xmlrpc.php HTTP/1.1" 200 0 "http://entertainline.guru" "Mozilla/5.0 (Windows NT 11.0; Win64; x64) AppleWebKit/537.36 (KHTML, like Gecko) Chrome/126.0.0.0 Safari/537.36"
45.77.101.143 - - [17/Feb/2025:14:20:50 +0530] "POST /xmlrpc.php HTTP/1.1" 200 0 "http://entertainline.guru" "Mozilla/5.0 (Macintosh; Intel Mac OS X 13_3) AppleWebKit/537.36 (KHTML, like Gecko) Chrome/126.0.0.0 Safari/537.36"
2a06:98c0:3600::103 - - [17/Feb/2025:14:00:16 +0530] "GET /wordpress/wp-admin/setup-config.php HTTP/1.1" 404 12967 "-" "Mozilla/5.0 (Windows NT 10.0; Win64; x64) AppleWebKit/537.36 (KHTML, like Gecko) Chrome/132.0.0.0 Safari/537.36"
140.228.21.193 - - [17/Feb/2025:13:59:08 +0530] "GET /wp-content/uploads/generatepress/style.min.css?ver=1739527775 HTTP/1.1" 200 2268 "http://entertainline.guru/" "Mozilla/5.0 (X11; Linux x86_64) AppleWebKit/537.36 (KHTML, like Gecko) HeadlessChrome/89.0.4389.90 Safari/537.36"
212.192.24.22 - - [17/Feb/2025:14:33:05 +0530] "POST /wp-login.php HTTP/1.1" 302 0 "http://entertainline.guru" "Mozilla/5.0 (Macintosh; Intel Mac OS X 10_15_7) AppleWebKit/537.36 (KHTML, like Gecko) Chrome/126.0.0.0 Safari/537.36"
212.192.24.22 - - [17/Feb/2025:14:33:04 +0530] "POST /xmlrpc.php HTTP/1.1" 200 186 "http://entertainline.guru" "Mozilla/5.0 (Macintosh; Intel Mac OS X 14_6) AppleWebKit/605.1.15 (KHTML, like Gecko) Version/17.5 Safari/605.1.15"
34.46.107.224 - - [17/Feb/2025:14:45:21 +0530] "POST /wp-login.php HTTP/1.1" 302 0 "http://entertainline.guru" "Mozilla/5.0 (Macintosh; Intel Mac OS X 13.3; rv:126.0) Gecko/20100101 Firefox/126.0"
2a06:98c0:3600::103 - - [17/Feb/2025:14:50:21 +0530] "GET /wp-admin/setup-config.php HTTP/1.1" 409 1213 "-" "Mozilla/5.0 (Windows NT 10.0; Win64; x64) AppleWebKit/537.36 (KHTML, like Gecko) Chrome/132.0.0.0 Safari/537.36"
162.55.100.32 - - [17/Feb/2025:14:45:21 +0530] "POST /wp-cron.php?doing_wp_cron=1739783721.1815609931945800781250 HTTP/1.1" 200 0 "-" "WordPress/6.7.2; https://entertainline.guru"
34.46.107.224 - - [17/Feb/2025:14:45:20 +0530] "POST /xmlrpc.php HTTP/1.1" 200 186 "http://entertainline.guru" "Mozilla/5.0 (Macintosh; Intel Mac OS X 10_15_7) AppleWebKit/537.36 (KHTML, like Gecko) Chrome/112.0.5615.138 Safari/537.36"
2a06:98c0:3600::103 - - [17/Feb/2025:14:49:18 +0530] "GET /wordpress/wp-admin/setup-config.php HTTP/1.1" 404 12967 "-" "Mozilla/5.0 (Windows NT 10.0; Win64; x64) AppleWebKit/537.36 (KHTML, like Gecko) Chrome/132.0.0.0 Safari/537.36"
103.148.164.166 - - [17/Feb/2025:14:57:32 +0530] "POST /wp-login.php HTTP/1.1" 302 0 "http://entertainline.guru" "Mozilla/5.0 (Macintosh; Intel Mac OS X 10_15_7; rv:127.0) Gecko/20100101 Firefox/127.0"
2a06:98c0:3600::103 - - [17/Feb/2025:15:13:31 +0530] "GET /wordpress/wp-admin/setup-config.php HTTP/1.1" 404 12967 "-" "Mozilla/5.0 (Windows NT 10.0; Win64; x64) AppleWebKit/537.36 (KHTML, like Gecko) Chrome/132.0.0.0 Safari/537.36"
208.74.149.212 - - [17/Feb/2025:15:09:55 +0530] "POST /wp-login.php HTTP/1.1" 302 0 "http://entertainline.guru" "Mozilla/5.0 (Macintosh; Intel Mac OS X 13_3) AppleWebKit/537.36 (KHTML, like Gecko) Chrome/126.0.0.0 Safari/537.36 Edg/126.0.0.0"
2a06:98c0:3600::103 - - [17/Feb/2025:15:11:59 +0530] "GET /wp-admin/setup-config.php HTTP/1.1" 409 1213 "-" "Mozilla/5.0 (Windows NT 10.0; Win64; x64) AppleWebKit/537.36 (KHTML, like Gecko) Chrome/132.0.0.0 Safari/537.36"
103.148.164.166 - - [17/Feb/2025:14:57:31 +0530] "POST /xmlrpc.php HTTP/1.1" 200 186 "http://entertainline.guru" "Mozilla/5.0 (Macintosh; Intel Mac OS X 10_15_7) AppleWebKit/537.36 (KHTML, like Gecko) Chrome/112.0.5615.138 Safari/537.36"
208.74.149.212 - - [17/Feb/2025:15:09:53 +0530] "POST /xmlrpc.php HTTP/1.1" 200 186 "http://entertainline.guru" "Mozilla/5.0 (Macintosh; Intel Mac OS X 14_4_1) AppleWebKit/605.1.15 (KHTML, like Gecko) Version/17.3.1 Safari/605.1.15"
192.53.122.188 - - [17/Feb/2025:15:22:14 +0530] "POST /xmlrpc.php HTTP/1.1" 200 186 "http://entertainline.guru" "Mozilla/5.0 (Macintosh; Intel Mac OS X 14.3) AppleWebKit/614.31.14 (KHTML, like Gecko) Version/17.0.96 Safari/614.31.14"
192.53.122.188 - - [17/Feb/2025:15:22:15 +0530] "POST /wp-login.php HTTP/1.1" 302 0 "http://entertainline.guru" "Mozilla/5.0 (Macintosh; Intel Mac OS X 14.3) AppleWebKit/614.31.14 (KHTML, like Gecko) Version/17.0.96 Safari/614.31.14"
194.58.88.75 - - [17/Feb/2025:15:34:30 +0530] "POST /xmlrpc.php HTTP/1.1" 200 186 "http://entertainline.guru" "Mozilla/5.0 (Windows NT 10.0; Win64; x64) AppleWebKit/537.36 (KHTML, like Gecko) Chrome/112.0.5615.138 Safari/537.36"
2a06:98c0:3600::103 - - [17/Feb/2025:15:33:17 +0530] "GET /wp-admin/setup-config.php HTTP/1.1" 409 1213 "-" "Mozilla/5.0 (Windows NT 10.0; Win64; x64) AppleWebKit/537.36 (KHTML, like Gecko) Chrome/132.0.0.0 Safari/537.36"
2a06:98c0:3600::103 - - [17/Feb/2025:15:33:46 +0530] "GET /wordpress/wp-admin/setup-config.php HTTP/1.1" 404 12967 "-" "Mozilla/5.0 (Windows NT 10.0; Win64; x64) AppleWebKit/537.36 (KHTML, like Gecko) Chrome/132.0.0.0 Safari/537.36"
194.58.88.75 - - [17/Feb/2025:15:34:30 +0530] "POST /wp-login.php HTTP/1.1" 302 0 "http://entertainline.guru" "Mozilla/5.0 (Windows NT 11.0; Win64; x64; rv:126.0) Gecko/20100101 Firefox/126.0"
2a06:98c0:3600::103 - - [17/Feb/2025:16:02:41 +0530] "GET /wp-admin/setup-config.php HTTP/1.1" 409 1213 "-" "Mozilla/5.0 (Windows NT 10.0; Win64; x64) AppleWebKit/537.36 (KHTML, like Gecko) Chrome/132.0.0.0 Safari/537.36"
193.148.16.60 - - [17/Feb/2025:16:05:52 +0530] "GET /wp-json/oembed/1.0/embed?url=http://entertainline.guru HTTP/1.1" 404 73 "-" "Mozilla/5.0 (Windows NT 10.0; Win64; x64) AppleWebKit/537.36 (KHTML, like Gecko) Chrome/78.0.3904.108 Safari/537.36"
193.148.16.60 - - [17/Feb/2025:16:05:52 +0530] "POST /xmlrpc.php HTTP/1.1" 200 401 "-" "Mozilla/5.0 (Windows NT 10.0; Win64; x64) AppleWebKit/537.36 (KHTML, like Gecko) Chrome/78.0.3904.108 Safari/537.36"
193.148.16.60 - - [17/Feb/2025:16:05:42 +0530] "GET / HTTP/1.1" 200 84890 "-" "Mozilla/5.0 (Windows NT 10.0; Win64; x64) AppleWebKit/537.36 (KHTML, like Gecko) Chrome/78.0.3904.108 Safari/537.36"
193.148.16.60 - - [17/Feb/2025:16:05:46 +0530] "GET /?author=1 HTTP/1.1" 301 0 "-" "Mozilla/5.0 (Windows NT 10.0; Win64; x64) AppleWebKit/537.36 (KHTML, like Gecko) Chrome/78.0.3904.108 Safari/537.36"
193.148.16.60 - - [17/Feb/2025:16:05:47 +0530] "GET /?author=2 HTTP/1.1" 200 56158 "-" "Mozilla/5.0 (Windows NT 10.0; Win64; x64) AppleWebKit/537.36 (KHTML, like Gecko) Chrome/78.0.3904.108 Safari/537.36"
193.148.16.60 - - [17/Feb/2025:16:05:48 +0530] "GET /wp-json/wp/v2/users/ HTTP/1.1" 200 8007 "-" "Mozilla/5.0 (Windows NT 10.0; Win64; x64) AppleWebKit/537.36 (KHTML, like Gecko) Chrome/78.0.3904.108 Safari/537.36"
162.0.215.103 - - [17/Feb/2025:15:58:47 +0530] "POST /wp-login.php HTTP/1.1" 302 0 "http://entertainline.guru" "Mozilla/5.0 (Windows NT 10.0; Win64; x64; rv:129.0) Gecko/20100101 Firefox/129.0"
162.55.100.32 - - [17/Feb/2025:16:00:29 +0530] "POST /wp-cron.php?doing_wp_cron=1739788229.9702200889587402343750 HTTP/1.1" 200 0 "-" "WordPress/6.7.2; https://entertainline.guru"
2a06:98c0:3600::103 - - [17/Feb/2025:16:00:20 +0530] "GET /wordpress/wp-admin/setup-config.php HTTP/1.1" 404 4477 "-" "Mozilla/5.0 (Windows NT 10.0; Win64; x64) AppleWebKit/537.36 (KHTML, like Gecko) Chrome/132.0.0.0 Safari/537.36"
2a06:98c0:3600::103 - - [17/Feb/2025:16:03:03 +0530] "GET /wordpress/wp-admin/setup-config.php HTTP/1.1" 404 12967 "-" "Mozilla/5.0 (Windows NT 10.0; Win64; x64) AppleWebKit/537.36 (KHTML, like Gecko) Chrome/132.0.0.0 Safari/537.36"
162.0.215.103 - - [17/Feb/2025:15:58:40 +0530] "POST /xmlrpc.php HTTP/1.1" 200 186 "http://entertainline.guru" "Mozilla/5.0 (Macintosh; Intel Mac OS X 10_15_7) AppleWebKit/537.36 (KHTML, like Gecko) Chrome/112.0.5615.138 Safari/537.36"
209.127.99.213 - - [17/Feb/2025:16:04:41 +0530] "GET / HTTP/1.1" 301 0 "-" "Mozilla/5.0 (Windows NT 10.0; WOW64) AppleWebKit/537.36 (KHTML, like Gecko) Chrome/108.0.0.0 Safari/537.36"
2a06:98c0:3600::103 - - [17/Feb/2025:16:24:09 +0530] "GET /wp-admin/setup-config.php HTTP/1.1" 409 1213 "-" "Mozilla/5.0 (Windows NT 10.0; Win64; x64) AppleWebKit/537.36 (KHTML, like Gecko) Chrome/132.0.0.0 Safari/537.36"
167.99.72.159 - - [17/Feb/2025:16:23:09 +0530] "POST /xmlrpc.php HTTP/1.1" 200 0 "http://entertainline.guru" "Mozilla/5.0 (Windows NT 10.0; Win64; x64; rv:129.0) Gecko/20100101 Firefox/129.0"
2a06:98c0:3600::103 - - [17/Feb/2025:16:26:11 +0530] "GET /wordpress/wp-admin/setup-config.php HTTP/1.1" 404 4477 "-" "Mozilla/5.0 (Windows NT 10.0; Win64; x64) AppleWebKit/537.36 (KHTML, like Gecko) Chrome/132.0.0.0 Safari/537.36"
162.55.100.32 - - [17/Feb/2025:16:35:46 +0530] "POST /wp-login.php HTTP/1.1" 302 0 "http://entertainline.guru" "Mozilla/5.0 (Windows NT 10.0; Win64; x64; rv:125.0.1) Gecko/20100101 Firefox/125.0.1"
162.55.100.32 - - [17/Feb/2025:16:35:41 +0530] "POST /xmlrpc.php HTTP/1.1" 200 210 "http://entertainline.guru" "Mozilla/5.0 (Macintosh; Intel Mac OS X 10_15_7) AppleWebKit/537.36 (KHTML, like Gecko) Chrome/126.0.0.0 Safari/537.36"
2a06:98c0:3600::103 - - [17/Feb/2025:16:47:00 +0530] "GET /wp-admin/setup-config.php HTTP/1.1" 409 1213 "-" "Mozilla/5.0 (Windows NT 10.0; Win64; x64) AppleWebKit/537.36 (KHTML, like Gecko) Chrome/132.0.0.0 Safari/537.36"
180.235.149.185 - - [17/Feb/2025:16:48:00 +0530] "POST /xmlrpc.php HTTP/1.1" 200 186 "http://entertainline.guru" "Mozilla/5.0 (Windows NT 10.0; Win64; x64) AppleWebKit/537.36 (KHTML, like Gecko) Chrome/115.0.5790.102 Safari/537.36"
167.71.207.196 - - [17/Feb/2025:16:38:43 +0530] "GET /wp-login.php HTTP/1.1" 200 0 "-" "Mozilla/5.0"
162.55.100.32 - - [17/Feb/2025:16:46:32 +0530] "POST /wp-cron.php?doing_wp_cron=1739790992.0648050308227539062500 HTTP/1.1" 200 0 "-" "WordPress/6.7.2; https://entertainline.guru"
2a06:98c0:3600::103 - - [17/Feb/2025:16:46:31 +0530] "GET /wordpress/wp-admin/setup-config.php HTTP/1.1" 404 12967 "-" "Mozilla/5.0 (Windows NT 10.0; Win64; x64) AppleWebKit/537.36 (KHTML, like Gecko) Chrome/132.0.0.0 Safari/537.36"
180.235.149.185 - - [17/Feb/2025:16:48:01 +0530] "POST /wp-login.php HTTP/1.1" 302 0 "http://entertainline.guru" "Mozilla/5.0 (Windows NT 10.0; Win64; x64) AppleWebKit/537.36 (KHTML, like Gecko) Chrome/113.0.5672.126 Safari/537.36 Edg/113.0.1774.50"
2a06:98c0:3600::103 - - [17/Feb/2025:17:09:29 +0530] "GET /wp-admin/setup-config.php HTTP/1.1" 409 1213 "-" "Mozilla/5.0 (Windows NT 10.0; Win64; x64) AppleWebKit/537.36 (KHTML, like Gecko) Chrome/132.0.0.0 Safari/537.36"
198.54.114.73 - - [17/Feb/2025:17:25:06 +0530] "POST /xmlrpc.php HTTP/1.1" 200 186 "http://entertainline.guru" "Mozilla/5.0 (Macintosh; Intel Mac OS X 10.15; rv:126.0) Gecko/20100101 Firefox/126.0"
198.54.114.73 - - [17/Feb/2025:17:25:07 +0530] "POST /wp-login.php HTTP/1.1" 302 0 "http://entertainline.guru" "Mozilla/5.0 (Macintosh; Intel Mac OS X 10_15_7) AppleWebKit/537.36 (KHTML, like Gecko) Chrome/115.0.5790.102 Safari/537.36"
2a06:98c0:3600::103 - - [17/Feb/2025:17:10:49 +0530] "GET /wordpress/wp-admin/setup-config.php HTTP/1.1" 404 12967 "-" "Mozilla/5.0 (Windows NT 10.0; Win64; x64) AppleWebKit/537.36 (KHTML, like Gecko) Chrome/132.0.0.0 Safari/537.36"
49.51.183.75 - - [17/Feb/2025:17:33:50 +0530] "GET / HTTP/1.1" 301 0 "-" "Mozilla/5.0 (iPhone; CPU iPhone OS 13_2_3 like Mac OS X) AppleWebKit/605.1.15 (KHTML, like Gecko) Version/13.0.3 Mobile/15E148 Safari/604.1"
2a06:98c0:3600::103 - - [17/Feb/2025:17:34:17 +0530] "GET /wp-admin/setup-config.php HTTP/1.1" 409 1213 "-" "Mozilla/5.0 (Windows NT 10.0; Win64; x64) AppleWebKit/537.36 (KHTML, like Gecko) Chrome/132.0.0.0 Safari/537.36"
43.156.109.53 - - [17/Feb/2025:17:31:47 +0530] "GET / HTTP/1.1" 200 17136 "-" "Mozilla/5.0 (iPhone; CPU iPhone OS 13_2_3 like Mac OS X) AppleWebKit/605.1.15 (KHTML, like Gecko) Version/13.0.3 Mobile/15E148 Safari/604.1"
2a06:98c0:3600::103 - - [17/Feb/2025:17:33:26 +0530] "GET /wordpress/wp-admin/setup-config.php HTTP/1.1" 404 12967 "-" "Mozilla/5.0 (Windows NT 10.0; Win64; x64) AppleWebKit/537.36 (KHTML, like Gecko) Chrome/132.0.0.0 Safari/537.36"
49.51.183.75 - - [17/Feb/2025:17:33:52 +0530] "GET / HTTP/1.1" 200 17136 "http://www.entertainline.guru" "Mozilla/5.0 (iPhone; CPU iPhone OS 13_2_3 like Mac OS X) AppleWebKit/605.1.15 (KHTML, like Gecko) Version/13.0.3 Mobile/15E148 Safari/604.1"
195.201.142.91 - - [17/Feb/2025:18:41:56 +0530] "POST /xmlrpc.php HTTP/1.1" 200 0 "http://entertainline.guru" "Mozilla/5.0 (Windows NT 10.0; Win64; x64) AppleWebKit/537.36 (KHTML, like Gecko) Chrome/113.0.5672.93 Safari/537.36"
2a06:98c0:3600::103 - - [17/Feb/2025:18:17:55 +0530] "GET /wp-admin/setup-config.php HTTP/1.1" 409 1213 "-" "Mozilla/5.0 (Windows NT 10.0; Win64; x64) AppleWebKit/537.36 (KHTML, like Gecko) Chrome/132.0.0.0 Safari/537.36"
5.182.209.76 - - [17/Feb/2025:18:16:03 +0530] "POST /wp-login.php HTTP/1.1" 302 0 "http://entertainline.guru" "Mozilla/5.0 (Macintosh; Intel Mac OS X 10_15_7) AppleWebKit/537.36 (KHTML, like Gecko) Chrome/114.0.5735.134 Safari/537.36"
2a06:98c0:3600::103 - - [17/Feb/2025:18:17:59 +0530] "GET /wordpress/wp-admin/setup-config.php HTTP/1.1" 404 12967 "-" "Mozilla/5.0 (Windows NT 10.0; Win64; x64) AppleWebKit/537.36 (KHTML, like Gecko) Chrome/132.0.0.0 Safari/537.36"
2a06:98c0:3600::103 - - [17/Feb/2025:18:40:35 +0530] "GET /wordpress/wp-admin/setup-config.php HTTP/1.1" 200 0 "-" "Mozilla/5.0 (Windows NT 10.0; Win64; x64) AppleWebKit/537.36 (KHTML, like Gecko) Chrome/132.0.0.0 Safari/537.36"
2a06:98c0:3600::103 - - [17/Feb/2025:17:55:26 +0530] "GET /wordpress/wp-admin/setup-config.php HTTP/1.1" 404 12967 "-" "Mozilla/5.0 (Windows NT 10.0; Win64; x64) AppleWebKit/537.36 (KHTML, like Gecko) Chrome/132.0.0.0 Safari/537.36"
2a06:98c0:3600::103 - - [17/Feb/2025:17:56:24 +0530] "GET /wp-admin/setup-config.php HTTP/1.1" 409 1213 "-" "Mozilla/5.0 (Windows NT 10.0; Win64; x64) AppleWebKit/537.36 (KHTML, like Gecko) Chrome/132.0.0.0 Safari/537.36"
5.182.209.76 - - [17/Feb/2025:18:16:02 +0530] "POST /xmlrpc.php HTTP/1.1" 200 186 "http://entertainline.guru" "Mozilla/5.0 (Windows NT 10.0; Win64; x64; rv:125.0.1) Gecko/20100101 Firefox/125.0.1"
144.202.96.154 - - [17/Feb/2025:19:08:21 +0530] "POST /xmlrpc.php HTTP/1.1" 200 186 "http://entertainline.guru" "Mozilla/5.0 (Macintosh; Intel Mac OS X 13.3; rv:126.0) Gecko/20100101 Firefox/126.0"
2a06:98c0:3600::103 - - [17/Feb/2025:19:02:13 +0530] "GET /wp-admin/setup-config.php HTTP/1.1" 409 1213 "-" "Mozilla/5.0 (Windows NT 10.0; Win64; x64) AppleWebKit/537.36 (KHTML, like Gecko) Chrome/133.0.0.0 Safari/537.36"
45.141.76.143 - - [17/Feb/2025:19:21:40 +0530] "POST /xmlrpc.php HTTP/1.1" 200 186 "http://entertainline.guru" "Mozilla/5.0 (Macintosh; Intel Mac OS X 13_3) AppleWebKit/537.36 (KHTML, like Gecko) Chrome/126.0.0.0 Safari/537.36 Edg/126.0.0.0"
144.202.96.154 - - [17/Feb/2025:19:08:22 +0530] "POST /wp-login.php HTTP/1.1" 302 0 "http://entertainline.guru" "Mozilla/5.0 (Macintosh; Intel Mac OS X 13_3) AppleWebKit/537.36 (KHTML, like Gecko) Chrome/126.0.0.0 Safari/537.36"
2a06:98c0:3600::103 - - [17/Feb/2025:19:03:23 +0530] "GET /wordpress/wp-admin/setup-config.php HTTP/1.1" 404 12982 "-" "Mozilla/5.0 (Windows NT 10.0; Win64; x64) AppleWebKit/537.36 (KHTML, like Gecko) Chrome/133.0.0.0 Safari/537.36"
45.141.76.143 - - [17/Feb/2025:19:21:41 +0530] "POST /wp-login.php HTTP/1.1" 302 0 "http://entertainline.guru" "Mozilla/5.0 (Macintosh; Intel Mac OS X 14.5) AppleWebKit/618.3.5 (KHTML, like Gecko) Version/17.4 Safari/618.3.5"
162.55.100.32 - - [17/Feb/2025:19:43:57 +0530] "POST /wp-cron.php?doing_wp_cron=1739801637.2838330268859863281250 HTTP/1.1" 200 0 "-" "WordPress/6.7.2; https://entertainline.guru"
136.243.92.92 - - [17/Feb/2025:19:35:14 +0530] "POST /xmlrpc.php HTTP/1.1" 200 210 "http://entertainline.guru" "Mozilla/5.0 (Macintosh; Intel Mac OS X 14.3) AppleWebKit/614.31.14 (KHTML, like Gecko) Version/17.0.96 Safari/614.31.14"
217.154.82.33 - - [17/Feb/2025:19:43:56 +0530] "GET /wp-aa.php HTTP/1.1" 404 12989 "-" "Mozilla/5.0 (Macintosh; Intel Mac OS X 10_15_5) AppleWebKit/605.1.15 (KHTML, like Gecko) Version/13.1.1 Safari/605.1.15"
2a06:98c0:3600::103 - - [17/Feb/2025:19:24:34 +0530] "GET /wp-admin/setup-config.php HTTP/1.1" 409 1213 "-" "Mozilla/5.0 (Windows NT 10.0; Win64; x64) AppleWebKit/537.36 (KHTML, like Gecko) Chrome/133.0.0.0 Safari/537.36"
167.86.84.217 - - [17/Feb/2025:19:48:49 +0530] "POST /xmlrpc.php HTTP/1.1" 200 186 "http://entertainline.guru" "Mozilla/5.0 (Macintosh; Intel Mac OS X 13_3) AppleWebKit/537.36 (KHTML, like Gecko) Chrome/126.0.0.0 Safari/537.36"
167.86.84.217 - - [17/Feb/2025:19:48:51 +0530] "POST /wp-login.php HTTP/1.1" 302 0 "http://entertainline.guru" "Mozilla/5.0 (Macintosh; Intel Mac OS X 10_15_7; rv:127.0) Gecko/20100101 Firefox/127.0"
2a06:98c0:3600::103 - - [17/Feb/2025:19:24:58 +0530] "GET /wordpress/wp-admin/setup-config.php HTTP/1.1" 404 12967 "-" "Mozilla/5.0 (Windows NT 10.0; Win64; x64) AppleWebKit/537.36 (KHTML, like Gecko) Chrome/133.0.0.0 Safari/537.36"
136.243.92.92 - - [17/Feb/2025:19:35:15 +0530] "POST /wp-login.php HTTP/1.1" 302 0 "http://entertainline.guru" "Mozilla/5.0 (Macintosh; Intel Mac OS X 10_15_7; rv:129.0) Gecko/20100101 Firefox/129.0"
2a06:98c0:3600::103 - - [17/Feb/2025:19:46:54 +0530] "GET /wordpress/wp-admin/setup-config.php HTTP/1.1" 404 12967 "-" "Mozilla/5.0 (Windows NT 10.0; Win64; x64) AppleWebKit/537.36 (KHTML, like Gecko) Chrome/133.0.0.0 Safari/537.36"
2a06:98c0:3600::103 - - [17/Feb/2025:19:48:20 +0530] "GET /wp-admin/setup-config.php HTTP/1.1" 409 1213 "-" "Mozilla/5.0 (Windows NT 10.0; Win64; x64) AppleWebKit/537.36 (KHTML, like Gecko) Chrome/133.0.0.0 Safari/537.36"
2a06:98c0:3600::103 - - [17/Feb/2025:20:09:16 +0530] "GET /wp-admin/setup-config.php HTTP/1.1" 200 0 "-" "Mozilla/5.0 (Windows NT 10.0; Win64; x64) AppleWebKit/537.36 (KHTML, like Gecko) Chrome/133.0.0.0 Safari/537.36"
162.215.134.163 - - [17/Feb/2025:20:31:12 +0530] "POST /xmlrpc.php HTTP/1.1" 200 186 "http://entertainline.guru" "Mozilla/5.0 (Windows NT 10.0; Win64; x64) AppleWebKit/537.36 (KHTML, like Gecko) Chrome/113.0.5672.126 Safari/537.36 Edg/113.0.1774.50"
162.215.134.163 - - [17/Feb/2025:20:31:14 +0530] "POST /wp-login.php HTTP/1.1" 302 0 "http://entertainline.guru" "Mozilla/5.0 (Windows NT 10.0; Win64; x64) AppleWebKit/537.36 (KHTML, like Gecko) Chrome/126.0.0.0 Safari/537.36 Edg/126.0.0.0"
162.55.100.32 - - [17/Feb/2025:20:17:38 +0530] "POST /xmlrpc.php HTTP/1.1" 200 0 "http://entertainline.guru" "Mozilla/5.0 (Macintosh; Intel Mac OS X 14_6) AppleWebKit/605.1.15 (KHTML, like Gecko) Version/17.5 Safari/605.1.15"
2a06:98c0:3600::103 - - [17/Feb/2025:20:33:30 +0530] "GET /wordpress/wp-admin/setup-config.php HTTP/1.1" 404 12962 "-" "Mozilla/5.0 (Windows NT 10.0; Win64; x64) AppleWebKit/537.36 (KHTML, like Gecko) Chrome/133.0.0.0 Safari/537.36"
2a06:98c0:3600::103 - - [17/Feb/2025:20:32:01 +0530] "GET /wp-admin/setup-config.php HTTP/1.1" 409 1213 "-" "Mozilla/5.0 (Windows NT 10.0; Win64; x64) AppleWebKit/537.36 (KHTML, like Gecko) Chrome/133.0.0.0 Safari/537.36"
162.55.100.32 - - [17/Feb/2025:20:46:10 +0530] "POST /wp-cron.php?doing_wp_cron=1739805370.2214920520782470703125 HTTP/1.1" 200 0 "-" "WordPress/6.7.2; https://entertainline.guru"
51.178.81.248 - - [17/Feb/2025:20:45:40 +0530] "POST /xmlrpc.php HTTP/1.1" 200 0 "http://entertainline.guru" "Mozilla/5.0 (Macintosh; Intel Mac OS X 13_3) AppleWebKit/537.36 (KHTML, like Gecko) Chrome/126.0.0.0 Safari/537.36"
49.51.72.236 - - [17/Feb/2025:20:39:17 +0530] "GET / HTTP/1.1" 503 807 "-" "Mozilla/5.0 (iPhone; CPU iPhone OS 13_2_3 like Mac OS X) AppleWebKit/605.1.15 (KHTML, like Gecko) Version/13.0.3 Mobile/15E148 Safari/604.1"
2a06:98c0:3600::103 - - [17/Feb/2025:20:55:53 +0530] "GET /wp-admin/setup-config.php HTTP/1.1" 409 1213 "-" "Mozilla/5.0 (Windows NT 10.0; Win64; x64) AppleWebKit/537.36 (KHTML, like Gecko) Chrome/133.0.0.0 Safari/537.36"
2a06:98c0:3600::103 - - [17/Feb/2025:20:55:39 +0530] "GET /wordpress/wp-admin/setup-config.php HTTP/1.1" 404 12962 "-" "Mozilla/5.0 (Windows NT 10.0; Win64; x64) AppleWebKit/537.36 (KHTML, like Gecko) Chrome/133.0.0.0 Safari/537.36"
208.74.149.212 - - [17/Feb/2025:21:00:10 +0530] "POST /xmlrpc.php HTTP/1.1" 200 186 "http://entertainline.guru" "Mozilla/5.0 (Macintosh; Intel Mac OS X 10_15_7; rv:129.0) Gecko/20100101 Firefox/129.0"
208.74.149.212 - - [17/Feb/2025:21:00:19 +0530] "POST /wp-login.php HTTP/1.1" 302 0 "http://entertainline.guru" "Mozilla/5.0 (Macintosh; Intel Mac OS X 10_15_7; rv:125.0.1) Gecko/20100101 Firefox/125.0.1"
34.85.146.97 - - [17/Feb/2025:21:15:19 +0530] "GET / HTTP/1.1" 200 88652 "-" "Go-http-client/1.1"
2a06:98c0:3600::103 - - [17/Feb/2025:21:34:39 +0530] "GET /wp-admin/setup-config.php HTTP/1.1" 409 1213 "-" "Mozilla/5.0 (Windows NT 10.0; Win64; x64) AppleWebKit/537.36 (KHTML, like Gecko) Chrome/133.0.0.0 Safari/537.36"
2a06:98c0:3600::103 - - [17/Feb/2025:21:20:28 +0530] "GET /wp-admin/setup-config.php HTTP/1.1" 409 1213 "-" "Mozilla/5.0 (Windows NT 10.0; Win64; x64) AppleWebKit/537.36 (KHTML, like Gecko) Chrome/133.0.0.0 Safari/537.36"
2a06:98c0:3600::103 - - [17/Feb/2025:21:21:25 +0530] "GET /wordpress/wp-admin/setup-config.php HTTP/1.1" 404 12962 "-" "Mozilla/5.0 (Windows NT 10.0; Win64; x64) AppleWebKit/537.36 (KHTML, like Gecko) Chrome/133.0.0.0 Safari/537.36"
82.165.201.138 - - [17/Feb/2025:21:29:05 +0530] "POST /wp-login.php HTTP/1.1" 302 0 "http://entertainline.guru" "Mozilla/5.0 (Macintosh; Intel Mac OS X 13_3) AppleWebKit/537.36 (KHTML, like Gecko) Chrome/126.0.0.0 Safari/537.36 Edg/126.0.0.0"
13.115.179.1 - - [17/Feb/2025:21:56:38 +0530] "POST /wp-login.php HTTP/1.1" 302 0 "http://entertainline.guru" "Mozilla/5.0 (Windows NT 10.0; Win64; x64) AppleWebKit/537.36 (KHTML, like Gecko) Chrome/113.0.5672.126 Safari/537.36 Edg/113.0.1774.50"
162.55.100.32 - - [17/Feb/2025:21:56:38 +0530] "POST /wp-cron.php?doing_wp_cron=1739809598.3181550502777099609375 HTTP/1.1" 200 0 "-" "WordPress/6.7.2; https://entertainline.guru"
2a06:98c0:3600::103 - - [17/Feb/2025:21:58:00 +0530] "GET /wp-admin/setup-config.php HTTP/1.1" 409 1213 "-" "Mozilla/5.0 (Windows NT 10.0; Win64; x64) AppleWebKit/537.36 (KHTML, like Gecko) Chrome/133.0.0.0 Safari/537.36"
13.115.179.1 - - [17/Feb/2025:21:56:37 +0530] "POST /xmlrpc.php HTTP/1.1" 200 186 "http://entertainline.guru" "Mozilla/5.0 (Windows NT 10.0; Win64; x64; rv:125.0.1) Gecko/20100101 Firefox/125.0.1"
82.165.201.138 - - [17/Feb/2025:21:29:04 +0530] "POST /xmlrpc.php HTTP/1.1" 200 186 "http://entertainline.guru" "Mozilla/5.0 (Windows NT 10.0; Win64; x64) AppleWebKit/537.36 (KHTML, like Gecko) Chrome/115.0.5790.102 Safari/537.36"
2a06:98c0:3600::103 - - [17/Feb/2025:21:35:04 +0530] "GET /wordpress/wp-admin/setup-config.php HTTP/1.1" 404 12962 "-" "Mozilla/5.0 (Windows NT 10.0; Win64; x64) AppleWebKit/537.36 (KHTML, like Gecko) Chrome/133.0.0.0 Safari/537.36"
34.235.135.202 - - [17/Feb/2025:22:05:39 +0530] "GET / HTTP/1.1" 200 9323 "-" "Mozilla/5.0 (X11; Linux x86_64) AppleWebKit/537.36 (KHTML, like Gecko) Chrome/129.0.0.0 Safari/537.36"
139.59.80.181 - - [17/Feb/2025:22:10:41 +0530] "GET / HTTP/1.1" 200 88652 "-" "Mozilla/5.0 (Windows NT 10.0; Win64; x64) AppleWebKit/537.36 (KHTML, like Gecko) Chrome/89.0.4389.114 Safari/537.36"
139.59.80.181 - - [17/Feb/2025:22:10:42 +0530] "GET /?author=1 HTTP/1.1" 301 0 "-" "Mozilla/5.0 (Windows NT 10.0; Win64; x64) AppleWebKit/537.36 (KHTML, like Gecko) Chrome/89.0.4389.114 Safari/537.36"
139.59.80.181 - - [17/Feb/2025:22:10:42 +0530] "GET /?author=2 HTTP/1.1" 200 56620 "-" "Mozilla/5.0 (Windows NT 10.0; Win64; x64) AppleWebKit/537.36 (KHTML, like Gecko) Chrome/89.0.4389.114 Safari/537.36"
139.59.80.181 - - [17/Feb/2025:22:10:43 +0530] "GET /?author=3 HTTP/1.1" 404 52558 "-" "Mozilla/5.0 (Windows NT 10.0; Win64; x64) AppleWebKit/537.36 (KHTML, like Gecko) Chrome/89.0.4389.114 Safari/537.36"
139.59.80.181 - - [17/Feb/2025:22:10:43 +0530] "GET /wp-json/wp/v2/users/ HTTP/1.1" 200 8007 "-" "Mozilla/5.0 (Windows NT 10.0; Win64; x64) AppleWebKit/537.36 (KHTML, like Gecko) Chrome/89.0.4389.114 Safari/537.36"
139.59.80.181 - - [17/Feb/2025:22:10:44 +0530] "GET /wp-json/oembed/1.0/embed?url=http://entertainline.guru HTTP/1.1" 404 73 "-" "Mozilla/5.0 (Windows NT 10.0; Win64; x64) AppleWebKit/537.36 (KHTML, like Gecko) Chrome/89.0.4389.114 Safari/537.36"
139.59.80.181 - - [17/Feb/2025:22:10:44 +0530] "POST /xmlrpc.php HTTP/1.1" 200 403 "-" "Mozilla/5.0 (Windows NT 10.0; Win64; x64) AppleWebKit/537.36 (KHTML, like Gecko) Chrome/89.0.4389.114 Safari/537.36"
139.59.80.181 - - [17/Feb/2025:22:10:44 +0530] "POST /xmlrpc.php HTTP/1.1" 200 401 "-" "Mozilla/5.0 (Windows NT 10.0; Win64; x64) AppleWebKit/537.36 (KHTML, like Gecko) Chrome/89.0.4389.114 Safari/537.36"
139.59.80.181 - - [17/Feb/2025:22:10:44 +0530] "POST /xmlrpc.php HTTP/1.1" 200 403 "-" "Mozilla/5.0 (Windows NT 10.0; Win64; x64) AppleWebKit/537.36 (KHTML, like Gecko) Chrome/89.0.4389.114 Safari/537.36"
139.59.80.181 - - [17/Feb/2025:22:10:45 +0530] "POST /xmlrpc.php HTTP/1.1" 200 401 "-" "Mozilla/5.0 (Windows NT 10.0; Win64; x64) AppleWebKit/537.36 (KHTML, like Gecko) Chrome/89.0.4389.114 Safari/537.36"
139.59.80.181 - - [17/Feb/2025:22:10:45 +0530] "POST /xmlrpc.php HTTP/1.1" 200 401 "-" "Mozilla/5.0 (Windows NT 10.0; Win64; x64) AppleWebKit/537.36 (KHTML, like Gecko) Chrome/89.0.4389.114 Safari/537.36"
139.59.80.181 - - [17/Feb/2025:22:10:45 +0530] "POST /xmlrpc.php HTTP/1.1" 200 401 "-" "Mozilla/5.0 (Windows NT 10.0; Win64; x64) AppleWebKit/537.36 (KHTML, like Gecko) Chrome/89.0.4389.114 Safari/537.36"
139.59.80.181 - - [17/Feb/2025:22:10:46 +0530] "POST /xmlrpc.php HTTP/1.1" 200 401 "-" "Mozilla/5.0 (Windows NT 10.0; Win64; x64) AppleWebKit/537.36 (KHTML, like Gecko) Chrome/89.0.4389.114 Safari/537.36"
139.59.80.181 - - [17/Feb/2025:22:10:48 +0530] "POST /xmlrpc.php HTTP/1.1" 200 401 "-" "Mozilla/5.0 (Windows NT 10.0; Win64; x64) AppleWebKit/537.36 (KHTML, like Gecko) Chrome/89.0.4389.114 Safari/537.36"
139.59.80.181 - - [17/Feb/2025:22:10:51 +0530] "POST /xmlrpc.php HTTP/1.1" 200 401 "-" "Mozilla/5.0 (Windows NT 10.0; Win64; x64) AppleWebKit/537.36 (KHTML, like Gecko) Chrome/89.0.4389.114 Safari/537.36"
139.59.80.181 - - [17/Feb/2025:22:10:55 +0530] "POST /xmlrpc.php HTTP/1.1" 200 401 "-" "Mozilla/5.0 (Windows NT 10.0; Win64; x64) AppleWebKit/537.36 (KHTML, like Gecko) Chrome/89.0.4389.114 Safari/537.36"
139.59.80.181 - - [17/Feb/2025:22:11:00 +0530] "POST /xmlrpc.php HTTP/1.1" 200 401 "-" "Mozilla/5.0 (Windows NT 10.0; Win64; x64) AppleWebKit/537.36 (KHTML, like Gecko) Chrome/89.0.4389.114 Safari/537.36"
139.59.80.181 - - [17/Feb/2025:22:11:05 +0530] "POST /xmlrpc.php HTTP/1.1" 200 401 "-" "Mozilla/5.0 (Windows NT 10.0; Win64; x64) AppleWebKit/537.36 (KHTML, like Gecko) Chrome/89.0.4389.114 Safari/537.36"
139.59.80.181 - - [17/Feb/2025:22:11:17 +0530] "POST /xmlrpc.php HTTP/1.1" 200 401 "-" "Mozilla/5.0 (Windows NT 10.0; Win64; x64) AppleWebKit/537.36 (KHTML, like Gecko) Chrome/89.0.4389.114 Safari/537.36"
162.0.229.136 - - [17/Feb/2025:22:10:16 +0530] "POST /xmlrpc.php HTTP/1.1" 200 186 "http://entertainline.guru" "Mozilla/5.0 (Macintosh; Intel Mac OS X 13_3) AppleWebKit/537.36 (KHTML, like Gecko) Chrome/126.0.0.0 Safari/537.36"
162.0.229.136 - - [17/Feb/2025:22:10:20 +0530] "POST /wp-login.php HTTP/1.1" 302 0 "http://entertainline.guru" "Mozilla/5.0 (Macintosh; Intel Mac OS X 13.3; rv:126.0) Gecko/20100101 Firefox/126.0"
139.59.80.181 - - [17/Feb/2025:22:11:31 +0530] "POST /xmlrpc.php HTTP/1.1" 200 401 "-" "Mozilla/5.0 (Windows NT 10.0; Win64; x64) AppleWebKit/537.36 (KHTML, like Gecko) Chrome/89.0.4389.114 Safari/537.36"
139.59.80.181 - - [17/Feb/2025:22:11:36 +0530] "POST /xmlrpc.php HTTP/1.1" 200 401 "-" "Mozilla/5.0 (Windows NT 10.0; Win64; x64) AppleWebKit/537.36 (KHTML, like Gecko) Chrome/89.0.4389.114 Safari/537.36"
139.59.80.181 - - [17/Feb/2025:22:11:46 +0530] "POST /xmlrpc.php HTTP/1.1" 200 401 "-" "Mozilla/5.0 (Windows NT 10.0; Win64; x64) AppleWebKit/537.36 (KHTML, like Gecko) Chrome/89.0.4389.114 Safari/537.36"
139.59.80.181 - - [17/Feb/2025:22:12:01 +0530] "POST /xmlrpc.php HTTP/1.1" 200 401 "-" "Mozilla/5.0 (Windows NT 10.0; Win64; x64) AppleWebKit/537.36 (KHTML, like Gecko) Chrome/89.0.4389.114 Safari/537.36"
139.59.80.181 - - [17/Feb/2025:22:12:06 +0530] "POST /xmlrpc.php HTTP/1.1" 200 401 "-" "Mozilla/5.0 (Windows NT 10.0; Win64; x64) AppleWebKit/537.36 (KHTML, like Gecko) Chrome/89.0.4389.114 Safari/537.36"
139.59.80.181 - - [17/Feb/2025:22:12:16 +0530] "POST /xmlrpc.php HTTP/1.1" 200 401 "-" "Mozilla/5.0 (Windows NT 10.0; Win64; x64) AppleWebKit/537.36 (KHTML, like Gecko) Chrome/89.0.4389.114 Safari/537.36"
139.59.80.181 - - [17/Feb/2025:22:12:31 +0530] "POST /xmlrpc.php HTTP/1.1" 200 401 "-" "Mozilla/5.0 (Windows NT 10.0; Win64; x64) AppleWebKit/537.36 (KHTML, like Gecko) Chrome/89.0.4389.114 Safari/537.36"
139.59.80.181 - - [17/Feb/2025:22:12:46 +0530] "POST /xmlrpc.php HTTP/1.1" 200 401 "-" "Mozilla/5.0 (Windows NT 10.0; Win64; x64) AppleWebKit/537.36 (KHTML, like Gecko) Chrome/89.0.4389.114 Safari/537.36"
139.59.80.181 - - [17/Feb/2025:22:12:50 +0530] "POST /xmlrpc.php HTTP/1.1" 200 401 "-" "Mozilla/5.0 (Windows NT 10.0; Win64; x64) AppleWebKit/537.36 (KHTML, like Gecko) Chrome/89.0.4389.114 Safari/537.36"
139.59.80.181 - - [17/Feb/2025:22:13:01 +0530] "POST /xmlrpc.php HTTP/1.1" 200 401 "-" "Mozilla/5.0 (Windows NT 10.0; Win64; x64) AppleWebKit/537.36 (KHTML, like Gecko) Chrome/89.0.4389.114 Safari/537.36"
139.59.80.181 - - [17/Feb/2025:22:13:05 +0530] "POST /xmlrpc.php HTTP/1.1" 200 401 "-" "Mozilla/5.0 (Windows NT 10.0; Win64; x64) AppleWebKit/537.36 (KHTML, like Gecko) Chrome/89.0.4389.114 Safari/537.36"
139.59.80.181 - - [17/Feb/2025:22:13:16 +0530] "POST /xmlrpc.php HTTP/1.1" 200 401 "-" "Mozilla/5.0 (Windows NT 10.0; Win64; x64) AppleWebKit/537.36 (KHTML, like Gecko) Chrome/89.0.4389.114 Safari/537.36"
139.59.80.181 - - [17/Feb/2025:22:13:21 +0530] "POST /xmlrpc.php HTTP/1.1" 200 401 "-" "Mozilla/5.0 (Windows NT 10.0; Win64; x64) AppleWebKit/537.36 (KHTML, like Gecko) Chrome/89.0.4389.114 Safari/537.36"
139.59.80.181 - - [17/Feb/2025:22:13:31 +0530] "POST /xmlrpc.php HTTP/1.1" 200 401 "-" "Mozilla/5.0 (Windows NT 10.0; Win64; x64) AppleWebKit/537.36 (KHTML, like Gecko) Chrome/89.0.4389.114 Safari/537.36"
139.59.80.181 - - [17/Feb/2025:22:13:36 +0530] "POST /xmlrpc.php HTTP/1.1" 200 401 "-" "Mozilla/5.0 (Windows NT 10.0; Win64; x64) AppleWebKit/537.36 (KHTML, like Gecko) Chrome/89.0.4389.114 Safari/537.36"
139.59.80.181 - - [17/Feb/2025:22:13:46 +0530] "POST /xmlrpc.php HTTP/1.1" 200 401 "-" "Mozilla/5.0 (Windows NT 10.0; Win64; x64) AppleWebKit/537.36 (KHTML, like Gecko) Chrome/89.0.4389.114 Safari/537.36"
139.59.80.181 - - [17/Feb/2025:22:14:01 +0530] "POST /xmlrpc.php HTTP/1.1" 200 401 "-" "Mozilla/5.0 (Windows NT 10.0; Win64; x64) AppleWebKit/537.36 (KHTML, like Gecko) Chrome/89.0.4389.114 Safari/537.36"
139.59.80.181 - - [17/Feb/2025:22:14:06 +0530] "POST /xmlrpc.php HTTP/1.1" 200 401 "-" "Mozilla/5.0 (Windows NT 10.0; Win64; x64) AppleWebKit/537.36 (KHTML, like Gecko) Chrome/89.0.4389.114 Safari/537.36"
139.59.80.181 - - [17/Feb/2025:22:14:16 +0530] "POST /xmlrpc.php HTTP/1.1" 200 401 "-" "Mozilla/5.0 (Windows NT 10.0; Win64; x64) AppleWebKit/537.36 (KHTML, like Gecko) Chrome/89.0.4389.114 Safari/537.36"
139.59.80.181 - - [17/Feb/2025:22:14:31 +0530] "POST /xmlrpc.php HTTP/1.1" 200 401 "-" "Mozilla/5.0 (Windows NT 10.0; Win64; x64) AppleWebKit/537.36 (KHTML, like Gecko) Chrome/89.0.4389.114 Safari/537.36"
139.59.80.181 - - [17/Feb/2025:22:14:36 +0530] "POST /xmlrpc.php HTTP/1.1" 200 401 "-" "Mozilla/5.0 (Windows NT 10.0; Win64; x64) AppleWebKit/537.36 (KHTML, like Gecko) Chrome/89.0.4389.114 Safari/537.36"
139.59.80.181 - - [17/Feb/2025:22:14:46 +0530] "POST /xmlrpc.php HTTP/1.1" 200 401 "-" "Mozilla/5.0 (Windows NT 10.0; Win64; x64) AppleWebKit/537.36 (KHTML, like Gecko) Chrome/89.0.4389.114 Safari/537.36"
139.59.80.181 - - [17/Feb/2025:22:15:01 +0530] "POST /xmlrpc.php HTTP/1.1" 200 401 "-" "Mozilla/5.0 (Windows NT 10.0; Win64; x64) AppleWebKit/537.36 (KHTML, like Gecko) Chrome/89.0.4389.114 Safari/537.36"
139.59.80.181 - - [17/Feb/2025:22:15:16 +0530] "POST /xmlrpc.php HTTP/1.1" 200 401 "-" "Mozilla/5.0 (Windows NT 10.0; Win64; x64) AppleWebKit/537.36 (KHTML, like Gecko) Chrome/89.0.4389.114 Safari/537.36"
139.59.80.181 - - [17/Feb/2025:22:15:31 +0530] "POST /xmlrpc.php HTTP/1.1" 200 401 "-" "Mozilla/5.0 (Windows NT 10.0; Win64; x64) AppleWebKit/537.36 (KHTML, like Gecko) Chrome/89.0.4389.114 Safari/537.36"
139.59.80.181 - - [17/Feb/2025:22:15:46 +0530] "POST /xmlrpc.php HTTP/1.1" 200 401 "-" "Mozilla/5.0 (Windows NT 10.0; Win64; x64) AppleWebKit/537.36 (KHTML, like Gecko) Chrome/89.0.4389.114 Safari/537.36"
133.242.131.226 - - [17/Feb/2025:22:23:30 +0530] "POST /wp-login.php HTTP/1.1" 302 0 "http://entertainline.guru" "Mozilla/5.0 (Windows NT 10.0; Win64; x64) AppleWebKit/537.36 (KHTML, like Gecko) Chrome/126.0.0.0 Safari/537.36 Edg/126.0.0.0"
2a06:98c0:3600::103 - - [17/Feb/2025:22:22:22 +0530] "GET /wordpress/wp-admin/setup-config.php HTTP/1.1" 404 12962 "-" "Mozilla/5.0 (Windows NT 10.0; Win64; x64) AppleWebKit/537.36 (KHTML, like Gecko) Chrome/133.0.0.0 Safari/537.36"
2a06:98c0:3600::103 - - [17/Feb/2025:22:23:01 +0530] "GET /wp-admin/setup-config.php HTTP/1.1" 409 1213 "-" "Mozilla/5.0 (Windows NT 10.0; Win64; x64) AppleWebKit/537.36 (KHTML, like Gecko) Chrome/133.0.0.0 Safari/537.36"
133.242.131.226 - - [17/Feb/2025:22:23:30 +0530] "POST /xmlrpc.php HTTP/1.1" 200 186 "http://entertainline.guru" "Mozilla/5.0 (Macintosh; Intel Mac OS X 10_15_7; rv:128.0) Gecko/20100101 Firefox/128.0"
104.234.171.132 - - [17/Feb/2025:22:37:13 +0530] "POST /xmlrpc.php HTTP/1.1" 200 186 "http://entertainline.guru" "Mozilla/5.0 (Windows NT 10.0; Win64; x64) AppleWebKit/537.36 (KHTML, like Gecko) Chrome/115.0.5790.102 Safari/537.36"
104.234.171.132 - - [17/Feb/2025:22:37:14 +0530] "POST /wp-login.php HTTP/1.1" 302 0 "http://entertainline.guru" "Mozilla/5.0 (Macintosh; Intel Mac OS X 10_15_7) AppleWebKit/537.36 (KHTML, like Gecko) Chrome/112.0.5615.138 Safari/537.36"
159.223.89.171 - - [17/Feb/2025:22:44:11 +0530] "GET / HTTP/1.1" 200 88652 "-" "Mozilla/5.0 (Windows NT 10.0; Win64; x64) AppleWebKit/537.36 (KHTML, like Gecko) Chrome/78.0.3904.108 Safari/537.36"
159.223.89.171 - - [17/Feb/2025:22:44:13 +0530] "GET /?author=1 HTTP/1.1" 301 0 "-" "Mozilla/5.0 (Windows NT 10.0; Win64; x64) AppleWebKit/537.36 (KHTML, like Gecko) Chrome/78.0.3904.108 Safari/537.36"
159.223.89.171 - - [17/Feb/2025:22:44:13 +0530] "GET /?author=2 HTTP/1.1" 200 56620 "-" "Mozilla/5.0 (Windows NT 10.0; Win64; x64) AppleWebKit/537.36 (KHTML, like Gecko) Chrome/78.0.3904.108 Safari/537.36"
159.223.89.171 - - [17/Feb/2025:22:44:13 +0530] "GET /wp-json/wp/v2/users/ HTTP/1.1" 200 8007 "-" "Mozilla/5.0 (Windows NT 10.0; Win64; x64) AppleWebKit/537.36 (KHTML, like Gecko) Chrome/78.0.3904.108 Safari/537.36"
159.223.89.171 - - [17/Feb/2025:22:44:14 +0530] "GET /wp-json/oembed/1.0/embed?url=http://entertainline.guru HTTP/1.1" 404 73 "-" "Mozilla/5.0 (Windows NT 10.0; Win64; x64) AppleWebKit/537.36 (KHTML, like Gecko) Chrome/78.0.3904.108 Safari/537.36"
159.223.89.171 - - [17/Feb/2025:22:44:14 +0530] "POST /xmlrpc.php HTTP/1.1" 200 403 "-" "Mozilla/5.0 (Windows NT 10.0; Win64; x64) AppleWebKit/537.36 (KHTML, like Gecko) Chrome/78.0.3904.108 Safari/537.36"
159.223.89.171 - - [17/Feb/2025:22:44:14 +0530] "POST /xmlrpc.php HTTP/1.1" 200 401 "-" "Mozilla/5.0 (Windows NT 10.0; Win64; x64) AppleWebKit/537.36 (KHTML, like Gecko) Chrome/78.0.3904.108 Safari/537.36"
159.223.89.171 - - [17/Feb/2025:22:44:15 +0530] "POST /xmlrpc.php HTTP/1.1" 200 403 "-" "Mozilla/5.0 (Windows NT 10.0; Win64; x64) AppleWebKit/537.36 (KHTML, like Gecko) Chrome/78.0.3904.108 Safari/537.36"
159.223.89.171 - - [17/Feb/2025:22:44:15 +0530] "POST /xmlrpc.php HTTP/1.1" 200 401 "-" "Mozilla/5.0 (Windows NT 10.0; Win64; x64) AppleWebKit/537.36 (KHTML, like Gecko) Chrome/78.0.3904.108 Safari/537.36"
159.223.89.171 - - [17/Feb/2025:22:44:16 +0530] "POST /xmlrpc.php HTTP/1.1" 200 401 "-" "Mozilla/5.0 (Windows NT 10.0; Win64; x64) AppleWebKit/537.36 (KHTML, like Gecko) Chrome/78.0.3904.108 Safari/537.36"
159.223.89.171 - - [17/Feb/2025:22:44:16 +0530] "POST /xmlrpc.php HTTP/1.1" 200 401 "-" "Mozilla/5.0 (Windows NT 10.0; Win64; x64) AppleWebKit/537.36 (KHTML, like Gecko) Chrome/78.0.3904.108 Safari/537.36"
159.223.89.171 - - [17/Feb/2025:22:44:17 +0530] "POST /xmlrpc.php HTTP/1.1" 200 401 "-" "Mozilla/5.0 (Windows NT 10.0; Win64; x64) AppleWebKit/537.36 (KHTML, like Gecko) Chrome/78.0.3904.108 Safari/537.36"
159.223.89.171 - - [17/Feb/2025:22:44:17 +0530] "POST /xmlrpc.php HTTP/1.1" 200 401 "-" "Mozilla/5.0 (Windows NT 10.0; Win64; x64) AppleWebKit/537.36 (KHTML, like Gecko) Chrome/78.0.3904.108 Safari/537.36"
159.223.89.171 - - [17/Feb/2025:22:44:19 +0530] "POST /xmlrpc.php HTTP/1.1" 200 401 "-" "Mozilla/5.0 (Windows NT 10.0; Win64; x64) AppleWebKit/537.36 (KHTML, like Gecko) Chrome/78.0.3904.108 Safari/537.36"
159.223.89.171 - - [17/Feb/2025:22:44:22 +0530] "POST /xmlrpc.php HTTP/1.1" 200 401 "-" "Mozilla/5.0 (Windows NT 10.0; Win64; x64) AppleWebKit/537.36 (KHTML, like Gecko) Chrome/78.0.3904.108 Safari/537.36"
159.223.89.171 - - [17/Feb/2025:22:44:26 +0530] "POST /xmlrpc.php HTTP/1.1" 200 401 "-" "Mozilla/5.0 (Windows NT 10.0; Win64; x64) AppleWebKit/537.36 (KHTML, like Gecko) Chrome/78.0.3904.108 Safari/537.36"
159.223.89.171 - - [17/Feb/2025:22:44:31 +0530] "POST /xmlrpc.php HTTP/1.1" 200 401 "-" "Mozilla/5.0 (Windows NT 10.0; Win64; x64) AppleWebKit/537.36 (KHTML, like Gecko) Chrome/78.0.3904.108 Safari/537.36"
159.223.89.171 - - [17/Feb/2025:22:44:34 +0530] "POST /xmlrpc.php HTTP/1.1" 200 401 "-" "Mozilla/5.0 (Windows NT 10.0; Win64; x64) AppleWebKit/537.36 (KHTML, like Gecko) Chrome/78.0.3904.108 Safari/537.36"
159.223.89.171 - - [17/Feb/2025:22:44:46 +0530] "POST /xmlrpc.php HTTP/1.1" 200 401 "-" "Mozilla/5.0 (Windows NT 10.0; Win64; x64) AppleWebKit/537.36 (KHTML, like Gecko) Chrome/78.0.3904.108 Safari/537.36"
159.223.89.171 - - [17/Feb/2025:22:44:51 +0530] "POST /xmlrpc.php HTTP/1.1" 200 401 "-" "Mozilla/5.0 (Windows NT 10.0; Win64; x64) AppleWebKit/537.36 (KHTML, like Gecko) Chrome/78.0.3904.108 Safari/537.36"
159.223.89.171 - - [17/Feb/2025:22:45:01 +0530] "POST /xmlrpc.php HTTP/1.1" 200 401 "-" "Mozilla/5.0 (Windows NT 10.0; Win64; x64) AppleWebKit/537.36 (KHTML, like Gecko) Chrome/78.0.3904.108 Safari/537.36"
159.223.89.171 - - [17/Feb/2025:22:45:05 +0530] "POST /xmlrpc.php HTTP/1.1" 200 401 "-" "Mozilla/5.0 (Windows NT 10.0; Win64; x64) AppleWebKit/537.36 (KHTML, like Gecko) Chrome/78.0.3904.108 Safari/537.36"
159.223.89.171 - - [17/Feb/2025:22:45:16 +0530] "POST /xmlrpc.php HTTP/1.1" 200 401 "-" "Mozilla/5.0 (Windows NT 10.0; Win64; x64) AppleWebKit/537.36 (KHTML, like Gecko) Chrome/78.0.3904.108 Safari/537.36"
159.223.89.171 - - [17/Feb/2025:22:45:21 +0530] "POST /xmlrpc.php HTTP/1.1" 200 401 "-" "Mozilla/5.0 (Windows NT 10.0; Win64; x64) AppleWebKit/537.36 (KHTML, like Gecko) Chrome/78.0.3904.108 Safari/537.36"
159.223.89.171 - - [17/Feb/2025:22:45:31 +0530] "POST /xmlrpc.php HTTP/1.1" 200 401 "-" "Mozilla/5.0 (Windows NT 10.0; Win64; x64) AppleWebKit/537.36 (KHTML, like Gecko) Chrome/78.0.3904.108 Safari/537.36"
159.223.89.171 - - [17/Feb/2025:22:45:36 +0530] "POST /xmlrpc.php HTTP/1.1" 200 401 "-" "Mozilla/5.0 (Windows NT 10.0; Win64; x64) AppleWebKit/537.36 (KHTML, like Gecko) Chrome/78.0.3904.108 Safari/537.36"
159.223.89.171 - - [17/Feb/2025:22:45:46 +0530] "POST /xmlrpc.php HTTP/1.1" 200 401 "-" "Mozilla/5.0 (Windows NT 10.0; Win64; x64) AppleWebKit/537.36 (KHTML, like Gecko) Chrome/78.0.3904.108 Safari/537.36"
159.223.89.171 - - [17/Feb/2025:22:45:50 +0530] "POST /xmlrpc.php HTTP/1.1" 200 401 "-" "Mozilla/5.0 (Windows NT 10.0; Win64; x64) AppleWebKit/537.36 (KHTML, like Gecko) Chrome/78.0.3904.108 Safari/537.36"
159.223.89.171 - - [17/Feb/2025:22:46:01 +0530] "POST /xmlrpc.php HTTP/1.1" 200 401 "-" "Mozilla/5.0 (Windows NT 10.0; Win64; x64) AppleWebKit/537.36 (KHTML, like Gecko) Chrome/78.0.3904.108 Safari/537.36"
159.223.89.171 - - [17/Feb/2025:22:46:05 +0530] "POST /xmlrpc.php HTTP/1.1" 200 401 "-" "Mozilla/5.0 (Windows NT 10.0; Win64; x64) AppleWebKit/537.36 (KHTML, like Gecko) Chrome/78.0.3904.108 Safari/537.36"
159.223.89.171 - - [17/Feb/2025:22:46:16 +0530] "POST /xmlrpc.php HTTP/1.1" 200 401 "-" "Mozilla/5.0 (Windows NT 10.0; Win64; x64) AppleWebKit/537.36 (KHTML, like Gecko) Chrome/78.0.3904.108 Safari/537.36"
159.223.89.171 - - [17/Feb/2025:22:46:20 +0530] "POST /xmlrpc.php HTTP/1.1" 200 401 "-" "Mozilla/5.0 (Windows NT 10.0; Win64; x64) AppleWebKit/537.36 (KHTML, like Gecko) Chrome/78.0.3904.108 Safari/537.36"
159.223.89.171 - - [17/Feb/2025:22:46:31 +0530] "POST /xmlrpc.php HTTP/1.1" 200 401 "-" "Mozilla/5.0 (Windows NT 10.0; Win64; x64) AppleWebKit/537.36 (KHTML, like Gecko) Chrome/78.0.3904.108 Safari/537.36"
159.223.89.171 - - [17/Feb/2025:22:46:36 +0530] "POST /xmlrpc.php HTTP/1.1" 200 401 "-" "Mozilla/5.0 (Windows NT 10.0; Win64; x64) AppleWebKit/537.36 (KHTML, like Gecko) Chrome/78.0.3904.108 Safari/537.36"
159.223.89.171 - - [17/Feb/2025:22:46:46 +0530] "POST /xmlrpc.php HTTP/1.1" 200 401 "-" "Mozilla/5.0 (Windows NT 10.0; Win64; x64) AppleWebKit/537.36 (KHTML, like Gecko) Chrome/78.0.3904.108 Safari/537.36"
159.223.89.171 - - [17/Feb/2025:22:46:49 +0530] "POST /xmlrpc.php HTTP/1.1" 200 401 "-" "Mozilla/5.0 (Windows NT 10.0; Win64; x64) AppleWebKit/537.36 (KHTML, like Gecko) Chrome/78.0.3904.108 Safari/537.36"
159.223.89.171 - - [17/Feb/2025:22:46:54 +0530] "POST /xmlrpc.php HTTP/1.1" 200 401 "-" "Mozilla/5.0 (Windows NT 10.0; Win64; x64) AppleWebKit/537.36 (KHTML, like Gecko) Chrome/78.0.3904.108 Safari/537.36"
159.223.89.171 - - [17/Feb/2025:22:47:01 +0530] "POST /xmlrpc.php HTTP/1.1" 200 401 "-" "Mozilla/5.0 (Windows NT 10.0; Win64; x64) AppleWebKit/537.36 (KHTML, like Gecko) Chrome/78.0.3904.108 Safari/537.36"
159.223.89.171 - - [17/Feb/2025:22:47:06 +0530] "POST /xmlrpc.php HTTP/1.1" 200 401 "-" "Mozilla/5.0 (Windows NT 10.0; Win64; x64) AppleWebKit/537.36 (KHTML, like Gecko) Chrome/78.0.3904.108 Safari/537.36"
159.223.89.171 - - [17/Feb/2025:22:47:16 +0530] "POST /xmlrpc.php HTTP/1.1" 200 401 "-" "Mozilla/5.0 (Windows NT 10.0; Win64; x64) AppleWebKit/537.36 (KHTML, like Gecko) Chrome/78.0.3904.108 Safari/537.36"
159.223.89.171 - - [17/Feb/2025:22:47:20 +0530] "POST /xmlrpc.php HTTP/1.1" 200 401 "-" "Mozilla/5.0 (Windows NT 10.0; Win64; x64) AppleWebKit/537.36 (KHTML, like Gecko) Chrome/78.0.3904.108 Safari/537.36"
159.223.89.171 - - [17/Feb/2025:22:47:32 +0530] "POST /xmlrpc.php HTTP/1.1" 200 401 "-" "Mozilla/5.0 (Windows NT 10.0; Win64; x64) AppleWebKit/537.36 (KHTML, like Gecko) Chrome/78.0.3904.108 Safari/537.36"
159.223.89.171 - - [17/Feb/2025:22:47:37 +0530] "POST /xmlrpc.php HTTP/1.1" 200 401 "-" "Mozilla/5.0 (Windows NT 10.0; Win64; x64) AppleWebKit/537.36 (KHTML, like Gecko) Chrome/78.0.3904.108 Safari/537.36"
159.223.89.171 - - [17/Feb/2025:22:47:46 +0530] "POST /xmlrpc.php HTTP/1.1" 200 401 "-" "Mozilla/5.0 (Windows NT 10.0; Win64; x64) AppleWebKit/537.36 (KHTML, like Gecko) Chrome/78.0.3904.108 Safari/537.36"
159.223.89.171 - - [17/Feb/2025:22:47:49 +0530] "POST /xmlrpc.php HTTP/1.1" 200 401 "-" "Mozilla/5.0 (Windows NT 10.0; Win64; x64) AppleWebKit/537.36 (KHTML, like Gecko) Chrome/78.0.3904.108 Safari/537.36"
159.223.89.171 - - [17/Feb/2025:22:47:53 +0530] "POST /xmlrpc.php HTTP/1.1" 200 401 "-" "Mozilla/5.0 (Windows NT 10.0; Win64; x64) AppleWebKit/537.36 (KHTML, like Gecko) Chrome/78.0.3904.108 Safari/537.36"
159.223.89.171 - - [17/Feb/2025:22:48:01 +0530] "POST /xmlrpc.php HTTP/1.1" 200 401 "-" "Mozilla/5.0 (Windows NT 10.0; Win64; x64) AppleWebKit/537.36 (KHTML, like Gecko) Chrome/78.0.3904.108 Safari/537.36"
159.223.89.171 - - [17/Feb/2025:22:48:05 +0530] "POST /xmlrpc.php HTTP/1.1" 200 401 "-" "Mozilla/5.0 (Windows NT 10.0; Win64; x64) AppleWebKit/537.36 (KHTML, like Gecko) Chrome/78.0.3904.108 Safari/537.36"
159.223.89.171 - - [17/Feb/2025:22:48:16 +0530] "POST /xmlrpc.php HTTP/1.1" 200 401 "-" "Mozilla/5.0 (Windows NT 10.0; Win64; x64) AppleWebKit/537.36 (KHTML, like Gecko) Chrome/78.0.3904.108 Safari/537.36"
159.223.89.171 - - [17/Feb/2025:22:48:20 +0530] "POST /xmlrpc.php HTTP/1.1" 200 401 "-" "Mozilla/5.0 (Windows NT 10.0; Win64; x64) AppleWebKit/537.36 (KHTML, like Gecko) Chrome/78.0.3904.108 Safari/537.36"
159.223.89.171 - - [17/Feb/2025:22:48:31 +0530] "POST /xmlrpc.php HTTP/1.1" 200 401 "-" "Mozilla/5.0 (Windows NT 10.0; Win64; x64) AppleWebKit/537.36 (KHTML, like Gecko) Chrome/78.0.3904.108 Safari/537.36"
159.223.89.171 - - [17/Feb/2025:22:48:36 +0530] "POST /xmlrpc.php HTTP/1.1" 200 401 "-" "Mozilla/5.0 (Windows NT 10.0; Win64; x64) AppleWebKit/537.36 (KHTML, like Gecko) Chrome/78.0.3904.108 Safari/537.36"
159.223.89.171 - - [17/Feb/2025:22:48:46 +0530] "POST /xmlrpc.php HTTP/1.1" 200 401 "-" "Mozilla/5.0 (Windows NT 10.0; Win64; x64) AppleWebKit/537.36 (KHTML, like Gecko) Chrome/78.0.3904.108 Safari/537.36"
159.223.89.171 - - [17/Feb/2025:22:48:50 +0530] "POST /xmlrpc.php HTTP/1.1" 200 401 "-" "Mozilla/5.0 (Windows NT 10.0; Win64; x64) AppleWebKit/537.36 (KHTML, like Gecko) Chrome/78.0.3904.108 Safari/537.36"
159.223.89.171 - - [17/Feb/2025:22:49:01 +0530] "POST /xmlrpc.php HTTP/1.1" 200 401 "-" "Mozilla/5.0 (Windows NT 10.0; Win64; x64) AppleWebKit/537.36 (KHTML, like Gecko) Chrome/78.0.3904.108 Safari/537.36"
159.223.89.171 - - [17/Feb/2025:22:49:06 +0530] "POST /xmlrpc.php HTTP/1.1" 200 401 "-" "Mozilla/5.0 (Windows NT 10.0; Win64; x64) AppleWebKit/537.36 (KHTML, like Gecko) Chrome/78.0.3904.108 Safari/537.36"
